����JFIF��H�H����Exif��MM�*���� ��3����V�����3������3�(��������������������3�����403WebShell
403Webshell
Server IP : 162.0.232.25  /  Your IP : 3.140.188.174
Web Server : LiteSpeed
System : Linux premium276.web-hosting.com 4.18.0-513.11.1.lve.el8.x86_64 #1 SMP Thu Jan 18 16:21:02 UTC 2024 x86_64
User : kwacuqig ( 988)
PHP Version : 8.2.26
Disable Function : NONE
MySQL : OFF  |  cURL : ON  |  WGET : ON  |  Perl : ON  |  Python : ON  |  Sudo : OFF  |  Pkexec : OFF
Directory :  /home/kwacuqig/access-logs/

Upload File :
current_dir [ Writeable ] document_root [ Writeable ]

 

Command :


[ Back ]     

Current File : /home/kwacuqig/access-logs/vandyfxmw.net.kwachamusic.com-ssl_log
43.153.107.22 - - [03/Jan/2025:07:15:17 -0500] "GET / HTTP/1.1" 200 6182 "http://vandyfxmw.net" "Mozilla/5.0 (iPhone; CPU iPhone OS 13_2_3 like Mac OS X) AppleWebKit/605.1.15 (KHTML, like Gecko) Version/13.0.3 Mobile/15E148 Safari/604.1"
66.249.73.130 - - [03/Jan/2025:07:18:29 -0500] "GET /Register/ HTTP/1.1" 200 2980 "-" "Mozilla/5.0 (Linux; Android 6.0.1; Nexus 5X Build/MMB29P) AppleWebKit/537.36 (KHTML, like Gecko) Chrome/131.0.6778.139 Mobile Safari/537.36 (compatible; Googlebot/2.1; +http://www.google.com/bot.html)"
66.249.73.130 - - [03/Jan/2025:07:18:33 -0500] "GET /Login/index-html/ HTTP/1.1" 200 2977 "-" "Mozilla/5.0 (Linux; Android 6.0.1; Nexus 5X Build/MMB29P) AppleWebKit/537.36 (KHTML, like Gecko) Chrome/131.0.6778.139 Mobile Safari/537.36 (compatible; Googlebot/2.1; +http://www.google.com/bot.html)"
66.249.73.130 - - [03/Jan/2025:07:18:37 -0500] "GET /js/common-bundle.js?ts=20240710110557 HTTP/1.1" 404 60 "https://vandyfxmw.net/Login/index-html/" "Mozilla/5.0 (Linux; Android 6.0.1; Nexus 5X Build/MMB29P) AppleWebKit/537.36 (KHTML, like Gecko) Chrome/131.0.6778.139 Mobile Safari/537.36 (compatible; Googlebot/2.1; +http://www.google.com/bot.html)"
66.249.73.131 - - [03/Jan/2025:07:18:37 -0500] "GET /js/a18f59d323d5007fede3dd6a3dcabb00-bundle.js?ts=20240710110557 HTTP/1.1" 404 60 "https://vandyfxmw.net/Login/index-html/" "Mozilla/5.0 (Linux; Android 6.0.1; Nexus 5X Build/MMB29P) AppleWebKit/537.36 (KHTML, like Gecko) Chrome/131.0.6778.139 Mobile Safari/537.36 (compatible; Googlebot/2.1; +http://www.google.com/bot.html)"
66.249.73.131 - - [03/Jan/2025:07:18:37 -0500] "GET /css/common-bundle.css?ts=20240710110557 HTTP/1.1" 404 60 "https://vandyfxmw.net/Login/index-html/" "Mozilla/5.0 (Linux; Android 6.0.1; Nexus 5X Build/MMB29P) AppleWebKit/537.36 (KHTML, like Gecko) Chrome/131.0.6778.139 Mobile Safari/537.36 (compatible; Googlebot/2.1; +http://www.google.com/bot.html)"
66.249.73.131 - - [03/Jan/2025:07:18:38 -0500] "GET /css/a18f59d323d5007fede3dd6a3dcabb00-bundle.css?ts=20240710110557 HTTP/1.1" 404 60 "https://vandyfxmw.net/Login/index-html/" "Mozilla/5.0 (Linux; Android 6.0.1; Nexus 5X Build/MMB29P) AppleWebKit/537.36 (KHTML, like Gecko) Chrome/131.0.6778.139 Mobile Safari/537.36 (compatible; Googlebot/2.1; +http://www.google.com/bot.html)"
66.249.73.130 - - [03/Jan/2025:07:18:38 -0500] "GET /css/common-bundle.css?ts=20240710110557 HTTP/1.1" 404 60 "https://vandyfxmw.net/Register/" "Mozilla/5.0 (Linux; Android 6.0.1; Nexus 5X Build/MMB29P) AppleWebKit/537.36 (KHTML, like Gecko) Chrome/131.0.6778.139 Mobile Safari/537.36 (compatible; Googlebot/2.1; +http://www.google.com/bot.html)"
66.249.73.131 - - [03/Jan/2025:07:18:38 -0500] "GET /js/common-bundle.js?ts=20240710110557 HTTP/1.1" 404 60 "https://vandyfxmw.net/Register/" "Mozilla/5.0 (Linux; Android 6.0.1; Nexus 5X Build/MMB29P) AppleWebKit/537.36 (KHTML, like Gecko) Chrome/131.0.6778.139 Mobile Safari/537.36 (compatible; Googlebot/2.1; +http://www.google.com/bot.html)"
66.249.73.131 - - [03/Jan/2025:07:18:38 -0500] "GET /css/a18f59feb977006d49a41ca08a9435a1-bundle.css?ts=20240710110557 HTTP/1.1" 404 60 "https://vandyfxmw.net/Register/" "Mozilla/5.0 (Linux; Android 6.0.1; Nexus 5X Build/MMB29P) AppleWebKit/537.36 (KHTML, like Gecko) Chrome/131.0.6778.139 Mobile Safari/537.36 (compatible; Googlebot/2.1; +http://www.google.com/bot.html)"
66.249.73.130 - - [03/Jan/2025:07:18:38 -0500] "GET /js/a18f59feb977006d49a41ca08a9435a1-bundle.js?ts=20240710110557 HTTP/1.1" 404 60 "https://vandyfxmw.net/Register/" "Mozilla/5.0 (Linux; Android 6.0.1; Nexus 5X Build/MMB29P) AppleWebKit/537.36 (KHTML, like Gecko) Chrome/131.0.6778.139 Mobile Safari/537.36 (compatible; Googlebot/2.1; +http://www.google.com/bot.html)"
66.249.73.131 - - [03/Jan/2025:07:18:38 -0500] "GET /js/a18f59d323d5007fede3dd6a3dcabb00-bundle.js?ts=20240710110557 HTTP/1.1" 404 60 "https://vandyfxmw.net/Login/index-html/" "Mozilla/5.0 (Linux; Android 6.0.1; Nexus 5X Build/MMB29P) AppleWebKit/537.36 (KHTML, like Gecko) Chrome/131.0.6778.139 Mobile Safari/537.36 (compatible; Googlebot/2.1; +http://www.google.com/bot.html)"
66.249.73.131 - - [03/Jan/2025:07:18:38 -0500] "GET /css/common-bundle.css?ts=20240710110557 HTTP/1.1" 404 60 "https://vandyfxmw.net/Login/index-html/" "Mozilla/5.0 (Linux; Android 6.0.1; Nexus 5X Build/MMB29P) AppleWebKit/537.36 (KHTML, like Gecko) Chrome/131.0.6778.139 Mobile Safari/537.36 (compatible; Googlebot/2.1; +http://www.google.com/bot.html)"
66.249.73.130 - - [03/Jan/2025:07:18:39 -0500] "GET /css/a18f59d323d5007fede3dd6a3dcabb00-bundle.css?ts=20240710110557 HTTP/1.1" 404 60 "https://vandyfxmw.net/Login/index-html/" "Mozilla/5.0 (Linux; Android 6.0.1; Nexus 5X Build/MMB29P) AppleWebKit/537.36 (KHTML, like Gecko) Chrome/131.0.6778.139 Mobile Safari/537.36 (compatible; Googlebot/2.1; +http://www.google.com/bot.html)"
66.249.73.130 - - [03/Jan/2025:07:18:39 -0500] "GET /css/a18f59feb977006d49a41ca08a9435a1-bundle.css?ts=20240710110557 HTTP/1.1" 404 60 "https://vandyfxmw.net/Register/" "Mozilla/5.0 (Linux; Android 6.0.1; Nexus 5X Build/MMB29P) AppleWebKit/537.36 (KHTML, like Gecko) Chrome/131.0.6778.139 Mobile Safari/537.36 (compatible; Googlebot/2.1; +http://www.google.com/bot.html)"
66.249.73.131 - - [03/Jan/2025:07:18:39 -0500] "GET /gallery/logo_twitter_white-ts1699865142%201-ts1699952700.svg?ts=1720598758 HTTP/1.1" 404 60 "https://vandyfxmw.net/Login/index-html/" "Mozilla/5.0 (Linux; Android 6.0.1; Nexus 5X Build/MMB29P) AppleWebKit/537.36 (KHTML, like Gecko) Chrome/131.0.6778.139 Mobile Safari/537.36 (compatible; Googlebot/2.1; +http://www.google.com/bot.html)"
66.249.73.130 - - [03/Jan/2025:07:18:40 -0500] "GET /gallery/logo_twitter_white-ts1699865142%201-ts1699952700.svg?ts=1720598758 HTTP/1.1" 404 60 "https://vandyfxmw.net/Register/" "Mozilla/5.0 (Linux; Android 6.0.1; Nexus 5X Build/MMB29P) AppleWebKit/537.36 (KHTML, like Gecko) Chrome/131.0.6778.139 Mobile Safari/537.36 (compatible; Googlebot/2.1; +http://www.google.com/bot.html)"
66.249.73.130 - - [03/Jan/2025:07:18:40 -0500] "GET /gallery/logo_twitter_white-ts1699865142%201-ts1699952700.svg?ts=1720598758 HTTP/1.1" 404 60 "https://vandyfxmw.net/Register/" "Mozilla/5.0 (Linux; Android 6.0.1; Nexus 5X Build/MMB29P) AppleWebKit/537.36 (KHTML, like Gecko) Chrome/131.0.6778.139 Mobile Safari/537.36 (compatible; Googlebot/2.1; +http://www.google.com/bot.html)"
66.249.73.130 - - [03/Jan/2025:07:19:04 -0500] "GET /Contact/ HTTP/1.1" 200 3528 "-" "Mozilla/5.0 (Linux; Android 6.0.1; Nexus 5X Build/MMB29P) AppleWebKit/537.36 (KHTML, like Gecko) Chrome/131.0.6778.139 Mobile Safari/537.36 (compatible; Googlebot/2.1; +http://www.google.com/bot.html)"
66.249.73.131 - - [03/Jan/2025:07:19:09 -0500] "GET /css/a18f5bcfdee20042ffb64f2c688f328a-bundle.css?ts=20240710110557 HTTP/1.1" 404 60 "https://vandyfxmw.net/Contact/" "Mozilla/5.0 (Linux; Android 6.0.1; Nexus 5X Build/MMB29P) AppleWebKit/537.36 (KHTML, like Gecko) Chrome/131.0.6778.139 Mobile Safari/537.36 (compatible; Googlebot/2.1; +http://www.google.com/bot.html)"
66.249.73.131 - - [03/Jan/2025:07:19:10 -0500] "GET /js/a18f5bcfdee20042ffb64f2c688f328a-bundle.js?ts=20240710110557 HTTP/1.1" 404 60 "https://vandyfxmw.net/Contact/" "Mozilla/5.0 (Linux; Android 6.0.1; Nexus 5X Build/MMB29P) AppleWebKit/537.36 (KHTML, like Gecko) Chrome/131.0.6778.139 Mobile Safari/537.36 (compatible; Googlebot/2.1; +http://www.google.com/bot.html)"
66.249.73.131 - - [03/Jan/2025:07:19:10 -0500] "GET /css/a18f5bcfdee20042ffb64f2c688f328a-bundle.css?ts=20240710110557 HTTP/1.1" 404 60 "https://vandyfxmw.net/Contact/" "Mozilla/5.0 (Linux; Android 6.0.1; Nexus 5X Build/MMB29P) AppleWebKit/537.36 (KHTML, like Gecko) Chrome/131.0.6778.139 Mobile Safari/537.36 (compatible; Googlebot/2.1; +http://www.google.com/bot.html)"
66.249.73.130 - - [03/Jan/2025:07:19:10 -0500] "GET /gallery/logo_twitter_white-ts1699865142%201-ts1699952700.svg?ts=1720598759 HTTP/1.1" 404 60 "https://vandyfxmw.net/Contact/" "Mozilla/5.0 (Linux; Android 6.0.1; Nexus 5X Build/MMB29P) AppleWebKit/537.36 (KHTML, like Gecko) Chrome/131.0.6778.139 Mobile Safari/537.36 (compatible; Googlebot/2.1; +http://www.google.com/bot.html)"
66.249.73.132 - - [03/Jan/2025:07:21:46 -0500] "GET /Gift-Card/ HTTP/1.1" 200 4754 "-" "Mozilla/5.0 (Linux; Android 6.0.1; Nexus 5X Build/MMB29P) AppleWebKit/537.36 (KHTML, like Gecko) Chrome/131.0.6778.139 Mobile Safari/537.36 (compatible; Googlebot/2.1; +http://www.google.com/bot.html)"
66.249.73.130 - - [03/Jan/2025:07:21:49 -0500] "GET /js/a18f5975e6f000d2cf9845e3eb752b55-bundle.js?ts=20240710110557 HTTP/1.1" 404 60 "https://vandyfxmw.net/Gift-Card/" "Mozilla/5.0 (Linux; Android 6.0.1; Nexus 5X Build/MMB29P) AppleWebKit/537.36 (KHTML, like Gecko) Chrome/131.0.6778.139 Mobile Safari/537.36 (compatible; Googlebot/2.1; +http://www.google.com/bot.html)"
66.249.73.131 - - [03/Jan/2025:07:21:49 -0500] "GET /css/a18f5975e6f000d2cf9845e3eb752b55-bundle.css?ts=20240710110557 HTTP/1.1" 404 60 "https://vandyfxmw.net/Gift-Card/" "Mozilla/5.0 (Linux; Android 6.0.1; Nexus 5X Build/MMB29P) AppleWebKit/537.36 (KHTML, like Gecko) Chrome/131.0.6778.139 Mobile Safari/537.36 (compatible; Googlebot/2.1; +http://www.google.com/bot.html)"
39.42.213.137 - - [03/Jan/2025:07:24:47 -0500] "GET / HTTP/1.1" 200 5066 "-" "Mozilla/5.0 (Windows NT 10.0; Win64; x64) AppleWebKit/537.36 (KHTML, like Gecko) Chrome/131.0.0.0 Safari/537.36"
39.42.213.137 - - [03/Jan/2025:07:24:48 -0500] "GET /js/common-bundle.js?ts=20240710110557 HTTP/1.1" 404 60 "https://vandyfxmw.net/" "Mozilla/5.0 (Windows NT 10.0; Win64; x64) AppleWebKit/537.36 (KHTML, like Gecko) Chrome/131.0.0.0 Safari/537.36"
39.42.213.137 - - [03/Jan/2025:07:24:48 -0500] "GET /js/a188dda851df00d03fbe9110eacd609d-bundle.js?ts=20240710110557 HTTP/1.1" 404 60 "https://vandyfxmw.net/" "Mozilla/5.0 (Windows NT 10.0; Win64; x64) AppleWebKit/537.36 (KHTML, like Gecko) Chrome/131.0.0.0 Safari/537.36"
39.42.213.137 - - [03/Jan/2025:07:24:48 -0500] "GET /css/common-bundle.css?ts=20240710110557 HTTP/1.1" 404 60 "https://vandyfxmw.net/" "Mozilla/5.0 (Windows NT 10.0; Win64; x64) AppleWebKit/537.36 (KHTML, like Gecko) Chrome/131.0.0.0 Safari/537.36"
39.42.213.137 - - [03/Jan/2025:07:24:52 -0500] "GET /gallery/logo-dark.svg?ts=1720598757 HTTP/1.1" 404 60 "https://vandyfxmw.net/" "Mozilla/5.0 (Windows NT 10.0; Win64; x64) AppleWebKit/537.36 (KHTML, like Gecko) Chrome/131.0.0.0 Safari/537.36"
39.42.213.137 - - [03/Jan/2025:07:24:52 -0500] "GET /css/a188dda851df00d03fbe9110eacd609d-bundle.css?ts=20240710110557 HTTP/1.1" 404 60 "https://vandyfxmw.net/" "Mozilla/5.0 (Windows NT 10.0; Win64; x64) AppleWebKit/537.36 (KHTML, like Gecko) Chrome/131.0.0.0 Safari/537.36"
39.42.213.137 - - [03/Jan/2025:07:24:52 -0500] "GET /gallery_gen/06df455238b7be890d19b7ba3dffaafe_630x683_274x266_1182x1182_crop.png?ts=1720598757 HTTP/1.1" 404 60 "https://vandyfxmw.net/" "Mozilla/5.0 (Windows NT 10.0; Win64; x64) AppleWebKit/537.36 (KHTML, like Gecko) Chrome/131.0.0.0 Safari/537.36"
39.42.213.137 - - [03/Jan/2025:07:24:52 -0500] "GET /gallery_gen/4bf349ac59d1c43d4749fd01251c072a_fit.png?ts=1720598757 HTTP/1.1" 404 60 "https://vandyfxmw.net/" "Mozilla/5.0 (Windows NT 10.0; Win64; x64) AppleWebKit/537.36 (KHTML, like Gecko) Chrome/131.0.0.0 Safari/537.36"
39.42.213.137 - - [03/Jan/2025:07:24:52 -0500] "GET /gallery_gen/d7a69527b2f1869a7189a2f2de56532f_406x146_fit.png?ts=1720598757 HTTP/1.1" 404 60 "https://vandyfxmw.net/" "Mozilla/5.0 (Windows NT 10.0; Win64; x64) AppleWebKit/537.36 (KHTML, like Gecko) Chrome/131.0.0.0 Safari/537.36"
39.42.213.137 - - [03/Jan/2025:07:24:52 -0500] "GET /gallery_gen/715f65882a7f3281451d35e2f681abc6_fit.png?ts=1720598757 HTTP/1.1" 404 60 "https://vandyfxmw.net/" "Mozilla/5.0 (Windows NT 10.0; Win64; x64) AppleWebKit/537.36 (KHTML, like Gecko) Chrome/131.0.0.0 Safari/537.36"
39.42.213.137 - - [03/Jan/2025:07:24:53 -0500] "GET /gallery_gen/2097d9ec3d1988a39edae4127719ec04_fit.png?ts=1720598757 HTTP/1.1" 404 60 "https://vandyfxmw.net/" "Mozilla/5.0 (Windows NT 10.0; Win64; x64) AppleWebKit/537.36 (KHTML, like Gecko) Chrome/131.0.0.0 Safari/537.36"
39.42.213.137 - - [03/Jan/2025:07:24:53 -0500] "GET /gallery_gen/fcf7e513ec9541702eac72887eae964c_fit.png?ts=1720598757 HTTP/1.1" 404 60 "https://vandyfxmw.net/" "Mozilla/5.0 (Windows NT 10.0; Win64; x64) AppleWebKit/537.36 (KHTML, like Gecko) Chrome/131.0.0.0 Safari/537.36"
39.42.213.137 - - [03/Jan/2025:07:24:53 -0500] "GET /gallery_gen/8f2767f27cd54d719393364a394fb64e_630x630_fit.png?ts=1720598757 HTTP/1.1" 404 60 "https://vandyfxmw.net/" "Mozilla/5.0 (Windows NT 10.0; Win64; x64) AppleWebKit/537.36 (KHTML, like Gecko) Chrome/131.0.0.0 Safari/537.36"
39.42.213.137 - - [03/Jan/2025:07:24:53 -0500] "GET /gallery_gen/0ea49374f6f55e4e4081ad7c22147fe4_630x630_fit.png?ts=1720598757 HTTP/1.1" 404 60 "https://vandyfxmw.net/" "Mozilla/5.0 (Windows NT 10.0; Win64; x64) AppleWebKit/537.36 (KHTML, like Gecko) Chrome/131.0.0.0 Safari/537.36"
39.42.213.137 - - [03/Jan/2025:07:24:53 -0500] "GET /gallery/logo_twitter_white-ts1699865142%201-ts1699952700.svg?ts=1720598757 HTTP/1.1" 404 60 "https://vandyfxmw.net/" "Mozilla/5.0 (Windows NT 10.0; Win64; x64) AppleWebKit/537.36 (KHTML, like Gecko) Chrome/131.0.0.0 Safari/537.36"
39.42.213.137 - - [03/Jan/2025:07:24:54 -0500] "GET /favicon.ico HTTP/1.1" 404 1251 "https://vandyfxmw.net/" "Mozilla/5.0 (Windows NT 10.0; Win64; x64) AppleWebKit/537.36 (KHTML, like Gecko) Chrome/131.0.0.0 Safari/537.36"
66.249.73.236 - - [03/Jan/2025:07:26:55 -0500] "GET /129188538 HTTP/1.1" 404 60 "-" "Mozilla/5.0 (Linux; Android 6.0.1; Nexus 5X Build/MMB29P) AppleWebKit/537.36 (KHTML, like Gecko) Chrome/131.0.6778.139 Mobile Safari/537.36 (compatible; Googlebot/2.1; +http://www.google.com/bot.html)"
24.144.85.210 - - [03/Jan/2025:07:49:21 -0500] "GET / HTTP/1.1" 200 6182 "-" "Mozilla/5.0 (compatible)"
24.144.85.210 - - [03/Jan/2025:07:49:21 -0500] "GET /favicon.ico HTTP/1.1" 404 1251 "https://vandyfxmw.net/" "Mozilla/5.0 (compatible)"
66.249.73.236 - - [03/Jan/2025:08:02:50 -0500] "GET /111177678 HTTP/1.1" 404 60 "-" "Mozilla/5.0 (compatible; Googlebot/2.1; +http://www.google.com/bot.html)"
66.249.73.236 - - [03/Jan/2025:08:02:50 -0500] "GET /111177678 HTTP/1.1" 404 60 "-" "Mozilla/5.0 (Linux; Android 6.0.1; Nexus 5X Build/MMB29P) AppleWebKit/537.36 (KHTML, like Gecko) Chrome/131.0.6778.139 Mobile Safari/537.36 (compatible; Googlebot/2.1; +http://www.google.com/bot.html)"
66.249.73.237 - - [03/Jan/2025:08:04:24 -0500] "GET /112645788 HTTP/1.1" 404 60 "-" "Mozilla/5.0 (Linux; Android 6.0.1; Nexus 5X Build/MMB29P) AppleWebKit/537.36 (KHTML, like Gecko) Chrome/131.0.6778.139 Mobile Safari/537.36 (compatible; Googlebot/2.1; +http://www.google.com/bot.html)"
66.249.73.236 - - [03/Jan/2025:08:12:15 -0500] "GET /71352354 HTTP/1.1" 404 60 "-" "Mozilla/5.0 (Linux; Android 6.0.1; Nexus 5X Build/MMB29P) AppleWebKit/537.36 (KHTML, like Gecko) Chrome/131.0.6778.139 Mobile Safari/537.36 (compatible; Googlebot/2.1; +http://www.google.com/bot.html)"
124.226.222.66 - - [03/Jan/2025:08:14:23 -0500] "GET / HTTP/1.1" 200 6179 "http://www.vandyfxmw.net" "Mozilla/5.0 (iPhone; CPU iPhone OS 13_2_3 like Mac OS X) AppleWebKit/605.1.15 (KHTML, like Gecko) Version/13.0.3 Mobile/15E148 Safari/604.1"
66.249.73.132 - - [03/Jan/2025:08:16:57 -0500] "GET /mhryp/o854739.html HTTP/1.1" 404 60 "-" "Mozilla/5.0 (Linux; Android 6.0.1; Nexus 5X Build/MMB29P) AppleWebKit/537.36 (KHTML, like Gecko) Chrome/131.0.6778.139 Mobile Safari/537.36 (compatible; Googlebot/2.1; +http://www.google.com/bot.html)"
66.249.73.235 - - [03/Jan/2025:08:19:40 -0500] "GET /122731416 HTTP/1.1" 404 60 "-" "Mozilla/5.0 (Linux; Android 6.0.1; Nexus 5X Build/MMB29P) AppleWebKit/537.36 (KHTML, like Gecko) Chrome/131.0.6778.139 Mobile Safari/537.36 (compatible; Googlebot/2.1; +http://www.google.com/bot.html)"
66.249.73.130 - - [03/Jan/2025:08:29:22 -0500] "GET /9133828 HTTP/1.1" 404 60 "-" "Mozilla/5.0 (compatible; Googlebot/2.1; +http://www.google.com/bot.html)"
66.249.73.235 - - [03/Jan/2025:08:46:03 -0500] "GET /18187410 HTTP/1.1" 404 60 "-" "Mozilla/5.0 (Linux; Android 6.0.1; Nexus 5X Build/MMB29P) AppleWebKit/537.36 (KHTML, like Gecko) Chrome/131.0.6778.139 Mobile Safari/537.36 (compatible; Googlebot/2.1; +http://www.google.com/bot.html)"
66.249.73.130 - - [03/Jan/2025:08:48:12 -0500] "GET /11784468 HTTP/1.1" 404 60 "-" "Mozilla/5.0 (compatible; Googlebot/2.1; +http://www.google.com/bot.html)"
66.249.73.236 - - [03/Jan/2025:08:49:47 -0500] "GET /xmbon/l2021954.html HTTP/1.1" 404 60 "-" "Mozilla/5.0 (Linux; Android 6.0.1; Nexus 5X Build/MMB29P) AppleWebKit/537.36 (KHTML, like Gecko) Chrome/131.0.6778.139 Mobile Safari/537.36 (compatible; Googlebot/2.1; +http://www.google.com/bot.html)"
66.249.73.235 - - [03/Jan/2025:08:49:57 -0500] "GET /ddzfl/q1678733.html HTTP/1.1" 404 60 "-" "Mozilla/5.0 (Linux; Android 6.0.1; Nexus 5X Build/MMB29P) AppleWebKit/537.36 (KHTML, like Gecko) Chrome/131.0.6778.139 Mobile Safari/537.36 (compatible; Googlebot/2.1; +http://www.google.com/bot.html)"
66.249.73.130 - - [03/Jan/2025:08:53:05 -0500] "GET /11444903 HTTP/1.1" 404 60 "-" "Mozilla/5.0 (Linux; Android 6.0.1; Nexus 5X Build/MMB29P) AppleWebKit/537.36 (KHTML, like Gecko) Chrome/131.0.6778.139 Mobile Safari/537.36 (compatible; Googlebot/2.1; +http://www.google.com/bot.html)"
66.249.73.236 - - [03/Jan/2025:08:54:11 -0500] "GET /qhjlb/l664052.html HTTP/1.1" 404 60 "-" "Mozilla/5.0 (Linux; Android 6.0.1; Nexus 5X Build/MMB29P) AppleWebKit/537.36 (KHTML, like Gecko) Chrome/131.0.6778.139 Mobile Safari/537.36 (compatible; Googlebot/2.1; +http://www.google.com/bot.html)"
66.249.73.235 - - [03/Jan/2025:08:58:49 -0500] "GET /104340750 HTTP/1.1" 404 60 "-" "Mozilla/5.0 (compatible; Googlebot/2.1; +http://www.google.com/bot.html)"
66.249.73.235 - - [03/Jan/2025:08:58:49 -0500] "GET /104340750 HTTP/1.1" 404 60 "-" "Mozilla/5.0 (Linux; Android 6.0.1; Nexus 5X Build/MMB29P) AppleWebKit/537.36 (KHTML, like Gecko) Chrome/131.0.6778.139 Mobile Safari/537.36 (compatible; Googlebot/2.1; +http://www.google.com/bot.html)"
66.249.73.235 - - [03/Jan/2025:09:12:25 -0500] "GET /115836318 HTTP/1.1" 404 60 "-" "Mozilla/5.0 (Linux; Android 6.0.1; Nexus 5X Build/MMB29P) AppleWebKit/537.36 (KHTML, like Gecko) Chrome/131.0.6778.139 Mobile Safari/537.36 (compatible; Googlebot/2.1; +http://www.google.com/bot.html)"
66.249.73.130 - - [03/Jan/2025:09:14:23 -0500] "GET /10590854 HTTP/1.1" 404 60 "-" "Mozilla/5.0 (compatible; Googlebot/2.1; +http://www.google.com/bot.html)"
66.249.73.236 - - [03/Jan/2025:09:15:35 -0500] "GET /120123678 HTTP/1.1" 404 60 "-" "Mozilla/5.0 (compatible; Googlebot/2.1; +http://www.google.com/bot.html)"
66.249.73.235 - - [03/Jan/2025:09:15:35 -0500] "GET /120123678 HTTP/1.1" 404 60 "-" "Mozilla/5.0 (Linux; Android 6.0.1; Nexus 5X Build/MMB29P) AppleWebKit/537.36 (KHTML, like Gecko) Chrome/131.0.6778.139 Mobile Safari/537.36 (compatible; Googlebot/2.1; +http://www.google.com/bot.html)"
157.173.122.176 - - [03/Jan/2025:09:18:57 -0500] "GET / HTTP/1.1" 200 6189 "-" "Mozilla/5.0 (Windows NT 10.0; Win64; x64) AppleWebKit/537.36 (KHTML, like Gecko) Chrome/91.0.4472.114 Safari/537.36 Edg/91.0.864.54"
66.249.73.131 - - [03/Jan/2025:09:25:12 -0500] "GET /11742292 HTTP/1.1" 404 60 "-" "Mozilla/5.0 (compatible; Googlebot/2.1; +http://www.google.com/bot.html)"
66.249.73.130 - - [03/Jan/2025:09:38:00 -0500] "GET /9420706 HTTP/1.1" 404 60 "-" "Mozilla/5.0 (compatible; Googlebot/2.1; +http://www.google.com/bot.html)"
66.249.73.235 - - [03/Jan/2025:09:47:15 -0500] "GET /qwabt/z3019536.html HTTP/1.1" 404 60 "-" "Mozilla/5.0 (compatible; Googlebot/2.1; +http://www.google.com/bot.html)"
66.249.73.236 - - [03/Jan/2025:09:51:58 -0500] "GET /kumzk/p448880.html HTTP/1.1" 404 60 "-" "Mozilla/5.0 (Linux; Android 6.0.1; Nexus 5X Build/MMB29P) AppleWebKit/537.36 (KHTML, like Gecko) Chrome/131.0.6778.139 Mobile Safari/537.36 (compatible; Googlebot/2.1; +http://www.google.com/bot.html)"
66.249.73.236 - - [03/Jan/2025:09:52:11 -0500] "GET /kumzk/p448880.html HTTP/1.1" 404 60 "-" "Mozilla/5.0 (Linux; Android 6.0.1; Nexus 5X Build/MMB29P) AppleWebKit/537.36 (KHTML, like Gecko) Chrome/131.0.6778.139 Mobile Safari/537.36 (compatible; Googlebot/2.1; +http://www.google.com/bot.html)"
66.249.73.235 - - [03/Jan/2025:09:58:55 -0500] "GET /121521018 HTTP/1.1" 404 60 "-" "Mozilla/5.0 (compatible; Googlebot/2.1; +http://www.google.com/bot.html)"
66.249.73.237 - - [03/Jan/2025:10:02:39 -0500] "GET /78349092 HTTP/1.1" 404 60 "-" "Mozilla/5.0 (Linux; Android 6.0.1; Nexus 5X Build/MMB29P) AppleWebKit/537.36 (KHTML, like Gecko) Chrome/131.0.6778.139 Mobile Safari/537.36 (compatible; Googlebot/2.1; +http://www.google.com/bot.html)"
66.249.73.237 - - [03/Jan/2025:10:05:07 -0500] "GET /32201676 HTTP/1.1" 404 60 "-" "Mozilla/5.0 (compatible; Googlebot/2.1; +http://www.google.com/bot.html)"
66.249.73.235 - - [03/Jan/2025:10:18:07 -0500] "GET /104385144 HTTP/1.1" 404 60 "-" "Mozilla/5.0 (compatible; Googlebot/2.1; +http://www.google.com/bot.html)"
66.249.73.236 - - [03/Jan/2025:10:23:43 -0500] "GET /23662656 HTTP/1.1" 404 60 "-" "Mozilla/5.0 (Linux; Android 6.0.1; Nexus 5X Build/MMB29P) AppleWebKit/537.36 (KHTML, like Gecko) Chrome/131.0.6778.139 Mobile Safari/537.36 (compatible; Googlebot/2.1; +http://www.google.com/bot.html)"
66.249.73.132 - - [03/Jan/2025:10:38:14 -0500] "GET /9249952 HTTP/1.1" 404 60 "-" "Mozilla/5.0 (compatible; Googlebot/2.1; +http://www.google.com/bot.html)"
66.249.73.236 - - [03/Jan/2025:10:40:41 -0500] "GET /59481558 HTTP/1.1" 404 60 "-" "Mozilla/5.0 (Linux; Android 6.0.1; Nexus 5X Build/MMB29P) AppleWebKit/537.36 (KHTML, like Gecko) Chrome/131.0.6778.139 Mobile Safari/537.36 (compatible; Googlebot/2.1; +http://www.google.com/bot.html)"
66.249.73.131 - - [03/Jan/2025:10:40:56 -0500] "GET /axbqu/q568481.html HTTP/1.1" 404 60 "-" "Mozilla/5.0 (compatible; Googlebot/2.1; +http://www.google.com/bot.html)"
66.249.73.130 - - [03/Jan/2025:10:42:29 -0500] "GET /9796408 HTTP/1.1" 404 60 "-" "Mozilla/5.0 (Linux; Android 6.0.1; Nexus 5X Build/MMB29P) AppleWebKit/537.36 (KHTML, like Gecko) Chrome/131.0.6778.139 Mobile Safari/537.36 (compatible; Googlebot/2.1; +http://www.google.com/bot.html)"
66.249.73.237 - - [03/Jan/2025:10:43:50 -0500] "GET /14616444 HTTP/1.1" 404 60 "-" "Mozilla/5.0 (compatible; Googlebot/2.1; +http://www.google.com/bot.html)"
66.249.73.132 - - [03/Jan/2025:10:47:11 -0500] "GET /10309770 HTTP/1.1" 404 60 "-" "Mozilla/5.0 (Linux; Android 6.0.1; Nexus 5X Build/MMB29P) AppleWebKit/537.36 (KHTML, like Gecko) Chrome/131.0.6778.139 Mobile Safari/537.36 (compatible; Googlebot/2.1; +http://www.google.com/bot.html)"
66.249.73.236 - - [03/Jan/2025:10:57:58 -0500] "GET /24130200 HTTP/1.1" 404 60 "-" "Mozilla/5.0 (Linux; Android 6.0.1; Nexus 5X Build/MMB29P) AppleWebKit/537.36 (KHTML, like Gecko) Chrome/131.0.6778.139 Mobile Safari/537.36 (compatible; Googlebot/2.1; +http://www.google.com/bot.html)"
154.194.21.83 - - [03/Jan/2025:11:08:58 -0500] "GET / HTTP/1.1" 200 6179 "-" "Mozilla/5.0 (Windows NT 10.0; Win64; x64) AppleWebKit/537.36 (KHTML, like Gecko) Chrome/129.0.0.0 Safari/537.36"
66.249.73.236 - - [03/Jan/2025:11:11:05 -0500] "GET /89938278 HTTP/1.1" 404 60 "-" "Mozilla/5.0 (compatible; Googlebot/2.1; +http://www.google.com/bot.html)"
66.249.73.235 - - [03/Jan/2025:11:12:40 -0500] "GET /115507248 HTTP/1.1" 404 60 "-" "Mozilla/5.0 (Linux; Android 6.0.1; Nexus 5X Build/MMB29P) AppleWebKit/537.36 (KHTML, like Gecko) Chrome/131.0.6778.139 Mobile Safari/537.36 (compatible; Googlebot/2.1; +http://www.google.com/bot.html)"
66.249.73.235 - - [03/Jan/2025:11:12:41 -0500] "GET /12334290 HTTP/1.1" 404 60 "-" "Mozilla/5.0 (Linux; Android 6.0.1; Nexus 5X Build/MMB29P) AppleWebKit/537.36 (KHTML, like Gecko) Chrome/131.0.6778.139 Mobile Safari/537.36 (compatible; Googlebot/2.1; +http://www.google.com/bot.html)"
66.249.73.235 - - [03/Jan/2025:11:33:31 -0500] "GET /64610976 HTTP/1.1" 404 60 "-" "Mozilla/5.0 (Linux; Android 6.0.1; Nexus 5X Build/MMB29P) AppleWebKit/537.36 (KHTML, like Gecko) Chrome/131.0.6778.139 Mobile Safari/537.36 (compatible; Googlebot/2.1; +http://www.google.com/bot.html)"
66.249.73.237 - - [03/Jan/2025:11:47:49 -0500] "GET /89827398 HTTP/1.1" 404 60 "-" "Mozilla/5.0 (Linux; Android 6.0.1; Nexus 5X Build/MMB29P) AppleWebKit/537.36 (KHTML, like Gecko) Chrome/131.0.6778.139 Mobile Safari/537.36 (compatible; Googlebot/2.1; +http://www.google.com/bot.html)"
66.249.73.236 - - [03/Jan/2025:11:48:51 -0500] "GET /37091568 HTTP/1.1" 404 60 "-" "Mozilla/5.0 (Linux; Android 6.0.1; Nexus 5X Build/MMB29P) AppleWebKit/537.36 (KHTML, like Gecko) Chrome/131.0.6778.139 Mobile Safari/537.36 (compatible; Googlebot/2.1; +http://www.google.com/bot.html)"
66.249.73.236 - - [03/Jan/2025:11:49:27 -0500] "GET /50532786 HTTP/1.1" 404 60 "-" "Mozilla/5.0 (Linux; Android 6.0.1; Nexus 5X Build/MMB29P) AppleWebKit/537.36 (KHTML, like Gecko) Chrome/131.0.6778.139 Mobile Safari/537.36 (compatible; GoogleOther)"
66.249.73.236 - - [03/Jan/2025:11:49:43 -0500] "GET /38637798 HTTP/1.1" 404 60 "-" "Mozilla/5.0 (Linux; Android 6.0.1; Nexus 5X Build/MMB29P) AppleWebKit/537.36 (KHTML, like Gecko) Chrome/131.0.6778.139 Mobile Safari/537.36 (compatible; GoogleOther)"
66.249.73.237 - - [03/Jan/2025:11:50:15 -0500] "GET /63756360 HTTP/1.1" 404 60 "-" "Mozilla/5.0 (compatible; Googlebot/2.1; +http://www.google.com/bot.html)"
66.249.73.130 - - [03/Jan/2025:12:10:34 -0500] "GET /9659147 HTTP/1.1" 404 60 "-" "Mozilla/5.0 (Linux; Android 6.0.1; Nexus 5X Build/MMB29P) AppleWebKit/537.36 (KHTML, like Gecko) Chrome/131.0.6778.139 Mobile Safari/537.36 (compatible; Googlebot/2.1; +http://www.google.com/bot.html)"
66.249.73.236 - - [03/Jan/2025:12:11:55 -0500] "GET /121087620 HTTP/1.1" 404 60 "-" "Mozilla/5.0 (Linux; Android 6.0.1; Nexus 5X Build/MMB29P) AppleWebKit/537.36 (KHTML, like Gecko) Chrome/131.0.6778.139 Mobile Safari/537.36 (compatible; Googlebot/2.1; +http://www.google.com/bot.html)"
66.249.73.235 - - [03/Jan/2025:12:15:47 -0500] "GET /110665698 HTTP/1.1" 404 60 "-" "Mozilla/5.0 (Linux; Android 6.0.1; Nexus 5X Build/MMB29P) AppleWebKit/537.36 (KHTML, like Gecko) Chrome/131.0.6778.139 Mobile Safari/537.36 (compatible; Googlebot/2.1; +http://www.google.com/bot.html)"
66.249.73.130 - - [03/Jan/2025:12:16:56 -0500] "GET /11247655 HTTP/1.1" 404 60 "-" "Mozilla/5.0 (compatible; Googlebot/2.1; +http://www.google.com/bot.html)"
66.249.73.235 - - [03/Jan/2025:12:27:25 -0500] "GET /55054632 HTTP/1.1" 404 60 "-" "Mozilla/5.0 (Linux; Android 6.0.1; Nexus 5X Build/MMB29P) AppleWebKit/537.36 (KHTML, like Gecko) Chrome/131.0.6778.139 Mobile Safari/537.36 (compatible; Googlebot/2.1; +http://www.google.com/bot.html)"
66.249.73.130 - - [03/Jan/2025:12:36:07 -0500] "GET /11285481 HTTP/1.1" 404 60 "-" "Mozilla/5.0 (compatible; Googlebot/2.1; +http://www.google.com/bot.html)"
66.249.73.236 - - [03/Jan/2025:12:37:17 -0500] "GET /61502556 HTTP/1.1" 404 60 "-" "Mozilla/5.0 (compatible; Googlebot/2.1; +http://www.google.com/bot.html)"
66.249.73.235 - - [03/Jan/2025:12:38:49 -0500] "GET /76172946 HTTP/1.1" 404 60 "-" "Mozilla/5.0 (Linux; Android 6.0.1; Nexus 5X Build/MMB29P) AppleWebKit/537.36 (KHTML, like Gecko) Chrome/131.0.6778.139 Mobile Safari/537.36 (compatible; Googlebot/2.1; +http://www.google.com/bot.html)"
66.249.73.235 - - [03/Jan/2025:13:14:25 -0500] "GET /54436014 HTTP/1.1" 404 60 "-" "Mozilla/5.0 (Linux; Android 6.0.1; Nexus 5X Build/MMB29P) AppleWebKit/537.36 (KHTML, like Gecko) Chrome/131.0.6778.139 Mobile Safari/537.36 (compatible; Googlebot/2.1; +http://www.google.com/bot.html)"
66.249.73.237 - - [03/Jan/2025:13:18:15 -0500] "GET /63993072 HTTP/1.1" 404 60 "-" "Mozilla/5.0 (Linux; Android 6.0.1; Nexus 5X Build/MMB29P) AppleWebKit/537.36 (KHTML, like Gecko) Chrome/131.0.6778.139 Mobile Safari/537.36 (compatible; GoogleOther)"
66.249.73.236 - - [03/Jan/2025:13:18:27 -0500] "GET /32302434 HTTP/1.1" 404 60 "-" "Mozilla/5.0 (Linux; Android 6.0.1; Nexus 5X Build/MMB29P) AppleWebKit/537.36 (KHTML, like Gecko) Chrome/131.0.6778.139 Mobile Safari/537.36 (compatible; Googlebot/2.1; +http://www.google.com/bot.html)"
66.249.73.236 - - [03/Jan/2025:13:20:17 -0500] "GET /38389620 HTTP/1.1" 404 60 "-" "Mozilla/5.0 (Linux; Android 6.0.1; Nexus 5X Build/MMB29P) AppleWebKit/537.36 (KHTML, like Gecko) Chrome/131.0.6778.139 Mobile Safari/537.36 (compatible; GoogleOther)"
66.249.73.130 - - [03/Jan/2025:13:33:22 -0500] "GET /axbqu/q568481.html HTTP/1.1" 404 60 "-" "Mozilla/5.0 (compatible; Googlebot/2.1; +http://www.google.com/bot.html)"
80.85.247.231 - - [03/Jan/2025:13:34:26 -0500] "GET / HTTP/1.1" 200 6182 "-" "Mozilla/5.0 (Windows NT 10.0; Win64; x64) AppleWebKit/537.36 (KHTML, like Gecko) Chrome/120.0.0.0 Safari/537.36"
80.85.247.231 - - [03/Jan/2025:13:34:27 -0500] "GET /Contact/ HTTP/1.1" 200 4323 "-" "Mozilla/5.0 (Windows NT 10.0; Win64; x64) AppleWebKit/537.36 (KHTML, like Gecko) Chrome/120.0.0.0 Safari/537.36"
113.161.243.133 - - [03/Jan/2025:13:34:31 -0500] "POST /Contact/ HTTP/1.1" 200 4323 "-" "Mozilla/5.0 (Windows NT 10.0; Win64; x64) AppleWebKit/537.36 (KHTML, like Gecko) Chrome/120.0.0.0 Safari/537.36"
113.161.243.133 - - [03/Jan/2025:13:34:32 -0500] "POST /Contact/ HTTP/1.1" 200 4323 "-" "Mozilla/5.0 (Windows NT 10.0; Win64; x64) AppleWebKit/537.36 (KHTML, like Gecko) Chrome/120.0.0.0 Safari/537.36"
80.85.247.231 - - [03/Jan/2025:13:34:33 -0500] "GET /Contact/ HTTP/1.1" 200 4323 "-" "Mozilla/5.0 (Windows NT 10.0; Win64; x64) AppleWebKit/537.36 (KHTML, like Gecko) Chrome/120.0.0.0 Safari/537.36"
113.161.243.133 - - [03/Jan/2025:13:34:35 -0500] "POST /Contact/ HTTP/1.1" 200 4323 "-" "Mozilla/5.0 (Windows NT 10.0; Win64; x64) AppleWebKit/537.36 (KHTML, like Gecko) Chrome/120.0.0.0 Safari/537.36"
113.161.243.133 - - [03/Jan/2025:13:34:36 -0500] "POST /Contact/ HTTP/1.1" 200 4323 "-" "Mozilla/5.0 (Windows NT 10.0; Win64; x64) AppleWebKit/537.36 (KHTML, like Gecko) Chrome/120.0.0.0 Safari/537.36"
80.85.247.231 - - [03/Jan/2025:13:34:37 -0500] "GET /Login/index.html HTTP/1.1" 200 1039 "-" "Mozilla/5.0 (Windows NT 10.0; Win64; x64) AppleWebKit/537.36 (KHTML, like Gecko) Chrome/120.0.0.0 Safari/537.36"
113.161.243.133 - - [03/Jan/2025:13:34:38 -0500] "POST /Login/index.html HTTP/1.1" 200 1039 "-" "Mozilla/5.0 (Windows NT 10.0; Win64; x64) AppleWebKit/537.36 (KHTML, like Gecko) Chrome/120.0.0.0 Safari/537.36"
113.161.243.133 - - [03/Jan/2025:13:34:40 -0500] "POST /Login/index.html HTTP/1.1" 200 1039 "-" "Mozilla/5.0 (Windows NT 10.0; Win64; x64) AppleWebKit/537.36 (KHTML, like Gecko) Chrome/120.0.0.0 Safari/537.36"
80.85.247.231 - - [03/Jan/2025:13:34:41 -0500] "GET /register/index.html HTTP/1.1" 200 1253 "-" "Mozilla/5.0 (Windows NT 10.0; Win64; x64) AppleWebKit/537.36 (KHTML, like Gecko) Chrome/120.0.0.0 Safari/537.36"
113.161.243.133 - - [03/Jan/2025:13:34:42 -0500] "POST /register/index.html HTTP/1.1" 200 1253 "-" "Mozilla/5.0 (Windows NT 10.0; Win64; x64) AppleWebKit/537.36 (KHTML, like Gecko) Chrome/120.0.0.0 Safari/537.36"
113.161.243.133 - - [03/Jan/2025:13:34:43 -0500] "POST /register/index.html HTTP/1.1" 200 1253 "-" "Mozilla/5.0 (Windows NT 10.0; Win64; x64) AppleWebKit/537.36 (KHTML, like Gecko) Chrome/120.0.0.0 Safari/537.36"
66.249.73.130 - - [03/Jan/2025:13:42:32 -0500] "GET /11209146 HTTP/1.1" 404 60 "-" "Mozilla/5.0 (Linux; Android 6.0.1; Nexus 5X Build/MMB29P) AppleWebKit/537.36 (KHTML, like Gecko) Chrome/131.0.6778.139 Mobile Safari/537.36 (compatible; Googlebot/2.1; +http://www.google.com/bot.html)"
66.249.73.235 - - [03/Jan/2025:13:45:59 -0500] "GET /30251658 HTTP/1.1" 404 60 "-" "Mozilla/5.0 (compatible; Googlebot/2.1; +http://www.google.com/bot.html)"
66.249.73.236 - - [03/Jan/2025:13:53:40 -0500] "GET /100385232 HTTP/1.1" 404 60 "-" "Mozilla/5.0 (compatible; Googlebot/2.1; +http://www.google.com/bot.html)"
66.249.73.235 - - [03/Jan/2025:13:58:48 -0500] "GET /119844798 HTTP/1.1" 404 60 "-" "Mozilla/5.0 (Linux; Android 6.0.1; Nexus 5X Build/MMB29P) AppleWebKit/537.36 (KHTML, like Gecko) Chrome/131.0.6778.139 Mobile Safari/537.36 (compatible; Googlebot/2.1; +http://www.google.com/bot.html)"
66.249.73.235 - - [03/Jan/2025:13:58:55 -0500] "GET /13730160 HTTP/1.1" 404 60 "-" "Mozilla/5.0 (compatible; Googlebot/2.1; +http://www.google.com/bot.html)"
66.249.73.132 - - [03/Jan/2025:14:14:22 -0500] "GET /9249952 HTTP/1.1" 404 60 "-" "Mozilla/5.0 (compatible; Googlebot/2.1; +http://www.google.com/bot.html)"
66.249.73.235 - - [03/Jan/2025:14:16:19 -0500] "GET /129208530 HTTP/1.1" 404 60 "-" "Mozilla/5.0 (compatible; Googlebot/2.1; +http://www.google.com/bot.html)"
66.249.73.235 - - [03/Jan/2025:14:19:32 -0500] "GET /19822428 HTTP/1.1" 404 60 "-" "Mozilla/5.0 (compatible; Googlebot/2.1; +http://www.google.com/bot.html)"
66.249.73.236 - - [03/Jan/2025:14:21:36 -0500] "GET /117602040 HTTP/1.1" 404 60 "-" "Mozilla/5.0 (Linux; Android 6.0.1; Nexus 5X Build/MMB29P) AppleWebKit/537.36 (KHTML, like Gecko) Chrome/131.0.6778.139 Mobile Safari/537.36 (compatible; Googlebot/2.1; +http://www.google.com/bot.html)"
66.249.73.131 - - [03/Jan/2025:14:30:23 -0500] "GET /9727307 HTTP/1.1" 404 60 "-" "Mozilla/5.0 (compatible; Googlebot/2.1; +http://www.google.com/bot.html)"
66.249.73.131 - - [03/Jan/2025:14:45:43 -0500] "GET /10832370 HTTP/1.1" 404 60 "-" "Mozilla/5.0 (compatible; Googlebot/2.1; +http://www.google.com/bot.html)"
66.249.73.237 - - [03/Jan/2025:14:47:35 -0500] "GET /25394442 HTTP/1.1" 404 60 "-" "Mozilla/5.0 (Linux; Android 6.0.1; Nexus 5X Build/MMB29P) AppleWebKit/537.36 (KHTML, like Gecko) Chrome/131.0.6778.139 Mobile Safari/537.36 (compatible; Googlebot/2.1; +http://www.google.com/bot.html)"
66.249.73.132 - - [03/Jan/2025:14:47:54 -0500] "GET /10753868 HTTP/1.1" 404 60 "-" "Mozilla/5.0 (Linux; Android 6.0.1; Nexus 5X Build/MMB29P) AppleWebKit/537.36 (KHTML, like Gecko) Chrome/131.0.6778.139 Mobile Safari/537.36 (compatible; Googlebot/2.1; +http://www.google.com/bot.html)"
66.249.73.237 - - [03/Jan/2025:14:55:22 -0500] "GET /78349092 HTTP/1.1" 404 60 "-" "Mozilla/5.0 (Linux; Android 6.0.1; Nexus 5X Build/MMB29P) AppleWebKit/537.36 (KHTML, like Gecko) Chrome/131.0.6778.139 Mobile Safari/537.36 (compatible; Googlebot/2.1; +http://www.google.com/bot.html)"
66.249.73.236 - - [03/Jan/2025:14:57:12 -0500] "GET /vqozj/d2164660.html HTTP/1.1" 404 60 "-" "Mozilla/5.0 (Linux; Android 6.0.1; Nexus 5X Build/MMB29P) AppleWebKit/537.36 (KHTML, like Gecko) Chrome/131.0.6778.139 Mobile Safari/537.36 (compatible; Googlebot/2.1; +http://www.google.com/bot.html)"
20.15.133.165 - - [03/Jan/2025:15:02:30 -0500] "GET /robots.txt HTTP/1.1" 200 67 "-" "Mozilla/5.0 AppleWebKit/537.36 (KHTML, like Gecko; compatible; bingbot/2.0; +http://www.bing.com/bingbot.htm) Chrome/116.0.1938.76 Safari/537.36"
20.15.133.191 - - [03/Jan/2025:15:02:37 -0500] "GET /tcxko/x319928.html HTTP/1.1" 404 60 "-" "Mozilla/5.0 AppleWebKit/537.36 (KHTML, like Gecko; compatible; bingbot/2.0; +http://www.bing.com/bingbot.htm) Chrome/116.0.1938.76 Safari/537.36"
54.36.149.43 - - [03/Jan/2025:15:03:34 -0500] "GET /robots.txt HTTP/1.1" 200 67 "-" "Mozilla/5.0 (compatible; AhrefsBot/7.0; +http://ahrefs.com/robot/)"
66.249.65.34 - - [03/Jan/2025:15:08:42 -0500] "GET /11156015 HTTP/1.1" 404 60 "-" "Mozilla/5.0 (Linux; Android 6.0.1; Nexus 5X Build/MMB29P) AppleWebKit/537.36 (KHTML, like Gecko) Chrome/131.0.6778.139 Mobile Safari/537.36 (compatible; Googlebot/2.1; +http://www.google.com/bot.html)"
43.157.22.57 - - [03/Jan/2025:15:11:13 -0500] "GET / HTTP/1.1" 200 6179 "http://www.vandyfxmw.net" "Mozilla/5.0 (iPhone; CPU iPhone OS 13_2_3 like Mac OS X) AppleWebKit/605.1.15 (KHTML, like Gecko) Version/13.0.3 Mobile/15E148 Safari/604.1"
66.249.73.235 - - [03/Jan/2025:15:16:42 -0500] "GET /65014848 HTTP/1.1" 404 60 "-" "Mozilla/5.0 (Linux; Android 6.0.1; Nexus 5X Build/MMB29P) AppleWebKit/537.36 (KHTML, like Gecko) Chrome/131.0.6778.139 Mobile Safari/537.36 (compatible; Googlebot/2.1; +http://www.google.com/bot.html)"
66.249.73.235 - - [03/Jan/2025:15:17:17 -0500] "GET /17690970 HTTP/1.1" 404 60 "-" "Mozilla/5.0 (Linux; Android 6.0.1; Nexus 5X Build/MMB29P) AppleWebKit/537.36 (KHTML, like Gecko) Chrome/131.0.6778.139 Mobile Safari/537.36 (compatible; Googlebot/2.1; +http://www.google.com/bot.html)"
66.249.73.236 - - [03/Jan/2025:15:23:08 -0500] "GET /17187852 HTTP/1.1" 404 60 "-" "Mozilla/5.0 (Linux; Android 6.0.1; Nexus 5X Build/MMB29P) AppleWebKit/537.36 (KHTML, like Gecko) Chrome/131.0.6778.139 Mobile Safari/537.36 (compatible; Googlebot/2.1; +http://www.google.com/bot.html)"
66.249.73.236 - - [03/Jan/2025:15:30:21 -0500] "GET /35833836 HTTP/1.1" 404 60 "-" "Mozilla/5.0 (Linux; Android 6.0.1; Nexus 5X Build/MMB29P) AppleWebKit/537.36 (KHTML, like Gecko) Chrome/131.0.6778.139 Mobile Safari/537.36 (compatible; Googlebot/2.1; +http://www.google.com/bot.html)"
66.249.73.236 - - [03/Jan/2025:15:36:02 -0500] "GET /56285904 HTTP/1.1" 404 60 "-" "Mozilla/5.0 (Linux; Android 6.0.1; Nexus 5X Build/MMB29P) AppleWebKit/537.36 (KHTML, like Gecko) Chrome/131.0.6778.139 Mobile Safari/537.36 (compatible; Googlebot/2.1; +http://www.google.com/bot.html)"
66.249.73.236 - - [03/Jan/2025:15:40:36 -0500] "GET /18979068 HTTP/1.1" 404 60 "-" "Mozilla/5.0 (compatible; Googlebot/2.1; +http://www.google.com/bot.html)"
66.249.73.236 - - [03/Jan/2025:15:53:43 -0500] "GET /72578670 HTTP/1.1" 404 60 "-" "Mozilla/5.0 (compatible; Googlebot/2.1; +http://www.google.com/bot.html)"
66.249.73.236 - - [03/Jan/2025:15:54:44 -0500] "GET /12334290 HTTP/1.1" 404 60 "-" "Mozilla/5.0 (Linux; Android 6.0.1; Nexus 5X Build/MMB29P) AppleWebKit/537.36 (KHTML, like Gecko) Chrome/131.0.6778.139 Mobile Safari/537.36 (compatible; Googlebot/2.1; +http://www.google.com/bot.html)"
66.249.73.130 - - [03/Jan/2025:15:57:40 -0500] "GET /9047888 HTTP/1.1" 404 60 "-" "Mozilla/5.0 (compatible; Googlebot/2.1; +http://www.google.com/bot.html)"
66.249.73.132 - - [03/Jan/2025:15:57:41 -0500] "GET /9047888 HTTP/1.1" 404 60 "-" "Mozilla/5.0 (Linux; Android 6.0.1; Nexus 5X Build/MMB29P) AppleWebKit/537.36 (KHTML, like Gecko) Chrome/131.0.6778.139 Mobile Safari/537.36 (compatible; Googlebot/2.1; +http://www.google.com/bot.html)"
66.249.73.235 - - [03/Jan/2025:16:07:07 -0500] "GET /12753408 HTTP/1.1" 404 60 "-" "Mozilla/5.0 (Linux; Android 6.0.1; Nexus 5X Build/MMB29P) AppleWebKit/537.36 (KHTML, like Gecko) Chrome/131.0.6778.139 Mobile Safari/537.36 (compatible; Googlebot/2.1; +http://www.google.com/bot.html)"
66.249.73.237 - - [03/Jan/2025:16:07:07 -0500] "GET /12753408 HTTP/1.1" 404 60 "-" "Mozilla/5.0 (compatible; Googlebot/2.1; +http://www.google.com/bot.html)"
66.249.73.236 - - [03/Jan/2025:16:20:00 -0500] "GET /ctpti/z1679522.html HTTP/1.1" 404 60 "-" "Mozilla/5.0 (Linux; Android 6.0.1; Nexus 5X Build/MMB29P) AppleWebKit/537.36 (KHTML, like Gecko) Chrome/131.0.6778.139 Mobile Safari/537.36 (compatible; Googlebot/2.1; +http://www.google.com/bot.html)"
66.249.73.235 - - [03/Jan/2025:16:29:10 -0500] "GET /103656864 HTTP/1.1" 404 60 "-" "Mozilla/5.0 (Linux; Android 6.0.1; Nexus 5X Build/MMB29P) AppleWebKit/537.36 (KHTML, like Gecko) Chrome/131.0.6778.139 Mobile Safari/537.36 (compatible; Googlebot/2.1; +http://www.google.com/bot.html)"
66.249.73.132 - - [03/Jan/2025:16:32:11 -0500] "GET /11784468 HTTP/1.1" 404 60 "-" "Mozilla/5.0 (compatible; Googlebot/2.1; +http://www.google.com/bot.html)"
66.249.73.235 - - [03/Jan/2025:16:36:33 -0500] "GET /121576122 HTTP/1.1" 404 60 "-" "Mozilla/5.0 (Linux; Android 6.0.1; Nexus 5X Build/MMB29P) AppleWebKit/537.36 (KHTML, like Gecko) Chrome/131.0.6778.139 Mobile Safari/537.36 (compatible; Googlebot/2.1; +http://www.google.com/bot.html)"
66.249.73.236 - - [03/Jan/2025:16:39:06 -0500] "GET /119433114 HTTP/1.1" 404 60 "-" "Mozilla/5.0 (Linux; Android 6.0.1; Nexus 5X Build/MMB29P) AppleWebKit/537.36 (KHTML, like Gecko) Chrome/131.0.6778.139 Mobile Safari/537.36 (compatible; Googlebot/2.1; +http://www.google.com/bot.html)"
66.249.73.131 - - [03/Jan/2025:16:43:33 -0500] "GET /9506706 HTTP/1.1" 404 60 "-" "Mozilla/5.0 (compatible; Googlebot/2.1; +http://www.google.com/bot.html)"
66.249.73.237 - - [03/Jan/2025:16:50:12 -0500] "GET /83168046 HTTP/1.1" 404 60 "-" "Mozilla/5.0 (Linux; Android 6.0.1; Nexus 5X Build/MMB29P) AppleWebKit/537.36 (KHTML, like Gecko) Chrome/131.0.6778.139 Mobile Safari/537.36 (compatible; Googlebot/2.1; +http://www.google.com/bot.html)"
66.249.73.235 - - [03/Jan/2025:16:51:05 -0500] "GET /tnwal/d2319854.html HTTP/1.1" 404 60 "-" "Mozilla/5.0 (Linux; Android 6.0.1; Nexus 5X Build/MMB29P) AppleWebKit/537.36 (KHTML, like Gecko) Chrome/131.0.6778.139 Mobile Safari/537.36 (compatible; Googlebot/2.1; +http://www.google.com/bot.html)"
66.249.73.236 - - [03/Jan/2025:16:53:35 -0500] "GET /lkpej/d1895690.html HTTP/1.1" 404 60 "-" "Mozilla/5.0 (Linux; Android 6.0.1; Nexus 5X Build/MMB29P) AppleWebKit/537.36 (KHTML, like Gecko) Chrome/131.0.6778.139 Mobile Safari/537.36 (compatible; Googlebot/2.1; +http://www.google.com/bot.html)"
66.249.73.235 - - [03/Jan/2025:16:59:18 -0500] "GET /11170638 HTTP/1.1" 404 60 "-" "Mozilla/5.0 (compatible; Googlebot/2.1; +http://www.google.com/bot.html)"
66.249.73.236 - - [03/Jan/2025:17:07:18 -0500] "GET /13883544 HTTP/1.1" 404 60 "-" "Mozilla/5.0 (compatible; Googlebot/2.1; +http://www.google.com/bot.html)"
66.249.73.237 - - [03/Jan/2025:17:10:12 -0500] "GET /gawvo/c2723321.html HTTP/1.1" 404 60 "-" "Mozilla/5.0 (Linux; Android 6.0.1; Nexus 5X Build/MMB29P) AppleWebKit/537.36 (KHTML, like Gecko) Chrome/131.0.6778.139 Mobile Safari/537.36 (compatible; Googlebot/2.1; +http://www.google.com/bot.html)"
66.249.73.236 - - [03/Jan/2025:17:10:16 -0500] "GET /12114546 HTTP/1.1" 404 60 "-" "Mozilla/5.0 (compatible; Googlebot/2.1; +http://www.google.com/bot.html)"
66.249.73.235 - - [03/Jan/2025:17:10:16 -0500] "GET /12114546 HTTP/1.1" 404 60 "-" "Mozilla/5.0 (Linux; Android 6.0.1; Nexus 5X Build/MMB29P) AppleWebKit/537.36 (KHTML, like Gecko) Chrome/131.0.6778.139 Mobile Safari/537.36 (compatible; Googlebot/2.1; +http://www.google.com/bot.html)"
66.249.73.132 - - [03/Jan/2025:17:18:18 -0500] "GET /9020723 HTTP/1.1" 404 60 "-" "Mozilla/5.0 (Linux; Android 6.0.1; Nexus 5X Build/MMB29P) AppleWebKit/537.36 (KHTML, like Gecko) Chrome/131.0.6778.139 Mobile Safari/537.36 (compatible; Googlebot/2.1; +http://www.google.com/bot.html)"
66.249.73.235 - - [03/Jan/2025:17:29:10 -0500] "GET /kexwu/h1383026.html HTTP/1.1" 404 60 "-" "Mozilla/5.0 (Linux; Android 6.0.1; Nexus 5X Build/MMB29P) AppleWebKit/537.36 (KHTML, like Gecko) Chrome/131.0.6778.139 Mobile Safari/537.36 (compatible; Googlebot/2.1; +http://www.google.com/bot.html)"
66.249.73.236 - - [03/Jan/2025:17:31:16 -0500] "GET /obrca/e3055785.html HTTP/1.1" 404 60 "-" "Mozilla/5.0 (Linux; Android 6.0.1; Nexus 5X Build/MMB29P) AppleWebKit/537.36 (KHTML, like Gecko) Chrome/131.0.6778.139 Mobile Safari/537.36 (compatible; Googlebot/2.1; +http://www.google.com/bot.html)"
66.249.73.236 - - [03/Jan/2025:17:38:19 -0500] "GET /grsdy/d812218.html HTTP/1.1" 404 60 "-" "Mozilla/5.0 (Linux; Android 6.0.1; Nexus 5X Build/MMB29P) AppleWebKit/537.36 (KHTML, like Gecko) Chrome/131.0.6778.139 Mobile Safari/537.36 (compatible; Googlebot/2.1; +http://www.google.com/bot.html)"
66.249.73.131 - - [03/Jan/2025:17:39:45 -0500] "GET /11277987 HTTP/1.1" 404 60 "-" "Mozilla/5.0 (Linux; Android 6.0.1; Nexus 5X Build/MMB29P) AppleWebKit/537.36 (KHTML, like Gecko) Chrome/131.0.6778.139 Mobile Safari/537.36 (compatible; Googlebot/2.1; +http://www.google.com/bot.html)"
52.53.195.81 - - [03/Jan/2025:17:45:17 -0500] "GET / HTTP/1.1" 200 6182 "-" "Mozilla/5.0 (X11; Linux x86_64) AppleWebKit/537.36 (KHTML, like Gecko) Chrome/51.0.2704.103 Safari/537.36"
66.249.73.131 - - [03/Jan/2025:17:47:42 -0500] "GET /10173932 HTTP/1.1" 404 60 "-" "Mozilla/5.0 (Linux; Android 6.0.1; Nexus 5X Build/MMB29P) AppleWebKit/537.36 (KHTML, like Gecko) Chrome/131.0.6778.139 Mobile Safari/537.36 (compatible; Googlebot/2.1; +http://www.google.com/bot.html)"
66.249.73.131 - - [03/Jan/2025:17:53:30 -0500] "GET /11285481 HTTP/1.1" 404 60 "-" "Mozilla/5.0 (compatible; Googlebot/2.1; +http://www.google.com/bot.html)"
66.249.73.236 - - [03/Jan/2025:17:56:32 -0500] "GET /rdqlz/z2762630.html HTTP/1.1" 404 60 "-" "Mozilla/5.0 (Linux; Android 6.0.1; Nexus 5X Build/MMB29P) AppleWebKit/537.36 (KHTML, like Gecko) Chrome/131.0.6778.139 Mobile Safari/537.36 (compatible; Googlebot/2.1; +http://www.google.com/bot.html)"
66.249.73.237 - - [03/Jan/2025:17:58:57 -0500] "GET /105077808 HTTP/1.1" 404 60 "-" "Mozilla/5.0 (Linux; Android 6.0.1; Nexus 5X Build/MMB29P) AppleWebKit/537.36 (KHTML, like Gecko) Chrome/131.0.6778.139 Mobile Safari/537.36 (compatible; Googlebot/2.1; +http://www.google.com/bot.html)"
66.249.73.237 - - [03/Jan/2025:18:01:18 -0500] "GET /116586480 HTTP/1.1" 404 60 "-" "Mozilla/5.0 (compatible; Googlebot/2.1; +http://www.google.com/bot.html)"
66.249.73.235 - - [03/Jan/2025:18:07:50 -0500] "GET /7986030 HTTP/1.1" 404 60 "-" "Mozilla/5.0 (compatible; Googlebot/2.1; +http://www.google.com/bot.html)"
66.249.73.235 - - [03/Jan/2025:18:20:41 -0500] "GET /115013538 HTTP/1.1" 404 60 "-" "Mozilla/5.0 (Linux; Android 6.0.1; Nexus 5X Build/MMB29P) AppleWebKit/537.36 (KHTML, like Gecko) Chrome/131.0.6778.139 Mobile Safari/537.36 (compatible; Googlebot/2.1; +http://www.google.com/bot.html)"
66.249.73.237 - - [03/Jan/2025:18:35:43 -0500] "GET /100590948 HTTP/1.1" 404 60 "-" "Mozilla/5.0 (compatible; Googlebot/2.1; +http://www.google.com/bot.html)"
66.249.73.235 - - [03/Jan/2025:18:49:39 -0500] "GET /121087620 HTTP/1.1" 404 60 "-" "Mozilla/5.0 (Linux; Android 6.0.1; Nexus 5X Build/MMB29P) AppleWebKit/537.36 (KHTML, like Gecko) Chrome/131.0.6778.139 Mobile Safari/537.36 (compatible; Googlebot/2.1; +http://www.google.com/bot.html)"
66.249.73.235 - - [03/Jan/2025:18:54:50 -0500] "GET /111310104 HTTP/1.1" 404 60 "-" "Mozilla/5.0 (compatible; Googlebot/2.1; +http://www.google.com/bot.html)"
66.249.73.236 - - [03/Jan/2025:18:55:12 -0500] "GET /42732168 HTTP/1.1" 404 60 "-" "Mozilla/5.0 (compatible; Googlebot/2.1; +http://www.google.com/bot.html)"
66.249.73.235 - - [03/Jan/2025:18:55:23 -0500] "GET /129188538 HTTP/1.1" 404 60 "-" "Mozilla/5.0 (Linux; Android 6.0.1; Nexus 5X Build/MMB29P) AppleWebKit/537.36 (KHTML, like Gecko) Chrome/131.0.6778.139 Mobile Safari/537.36 (compatible; Googlebot/2.1; +http://www.google.com/bot.html)"
66.249.73.236 - - [03/Jan/2025:18:58:08 -0500] "GET /105289068 HTTP/1.1" 404 60 "-" "Mozilla/5.0 (Linux; Android 6.0.1; Nexus 5X Build/MMB29P) AppleWebKit/537.36 (KHTML, like Gecko) Chrome/131.0.6778.139 Mobile Safari/537.36 (compatible; Googlebot/2.1; +http://www.google.com/bot.html)"
66.249.73.236 - - [03/Jan/2025:19:07:43 -0500] "GET /115507248 HTTP/1.1" 404 60 "-" "Mozilla/5.0 (Linux; Android 6.0.1; Nexus 5X Build/MMB29P) AppleWebKit/537.36 (KHTML, like Gecko) Chrome/131.0.6778.139 Mobile Safari/537.36 (compatible; Googlebot/2.1; +http://www.google.com/bot.html)"
66.249.73.235 - - [03/Jan/2025:19:31:35 -0500] "GET /81798090 HTTP/1.1" 404 60 "-" "Mozilla/5.0 (compatible; Googlebot/2.1; +http://www.google.com/bot.html)"
66.249.73.237 - - [03/Jan/2025:19:33:59 -0500] "GET /hujpv/d1335234.html HTTP/1.1" 404 60 "-" "Mozilla/5.0 (Linux; Android 6.0.1; Nexus 5X Build/MMB29P) AppleWebKit/537.36 (KHTML, like Gecko) Chrome/131.0.6778.139 Mobile Safari/537.36 (compatible; Googlebot/2.1; +http://www.google.com/bot.html)"
66.249.73.235 - - [03/Jan/2025:19:38:28 -0500] "GET /ivsio/l1760628.html HTTP/1.1" 404 60 "-" "Mozilla/5.0 (Linux; Android 6.0.1; Nexus 5X Build/MMB29P) AppleWebKit/537.36 (KHTML, like Gecko) Chrome/131.0.6778.139 Mobile Safari/537.36 (compatible; Googlebot/2.1; +http://www.google.com/bot.html)"
66.249.73.236 - - [03/Jan/2025:19:38:43 -0500] "GET /27583944 HTTP/1.1" 404 60 "-" "Mozilla/5.0 (compatible; Googlebot/2.1; +http://www.google.com/bot.html)"
66.249.73.235 - - [03/Jan/2025:19:43:47 -0500] "GET /121521018 HTTP/1.1" 404 60 "-" "Mozilla/5.0 (Linux; Android 6.0.1; Nexus 5X Build/MMB29P) AppleWebKit/537.36 (KHTML, like Gecko) Chrome/131.0.6778.139 Mobile Safari/537.36 (compatible; Googlebot/2.1; +http://www.google.com/bot.html)"
66.249.73.130 - - [03/Jan/2025:19:50:39 -0500] "GET /11560995 HTTP/1.1" 404 60 "-" "Mozilla/5.0 (compatible; Googlebot/2.1; +http://www.google.com/bot.html)"
66.249.73.235 - - [03/Jan/2025:19:52:31 -0500] "GET /123564612 HTTP/1.1" 404 60 "-" "Mozilla/5.0 (Linux; Android 6.0.1; Nexus 5X Build/MMB29P) AppleWebKit/537.36 (KHTML, like Gecko) Chrome/131.0.6778.139 Mobile Safari/537.36 (compatible; Googlebot/2.1; +http://www.google.com/bot.html)"
66.249.73.236 - - [03/Jan/2025:19:53:52 -0500] "GET /105166134 HTTP/1.1" 404 60 "-" "Mozilla/5.0 (Linux; Android 6.0.1; Nexus 5X Build/MMB29P) AppleWebKit/537.36 (KHTML, like Gecko) Chrome/131.0.6778.139 Mobile Safari/537.36 (compatible; Googlebot/2.1; +http://www.google.com/bot.html)"
66.249.73.130 - - [03/Jan/2025:19:58:51 -0500] "GET /11444903 HTTP/1.1" 404 60 "-" "Mozilla/5.0 (Linux; Android 6.0.1; Nexus 5X Build/MMB29P) AppleWebKit/537.36 (KHTML, like Gecko) Chrome/131.0.6778.139 Mobile Safari/537.36 (compatible; Googlebot/2.1; +http://www.google.com/bot.html)"
66.249.73.236 - - [03/Jan/2025:20:16:52 -0500] "GET /44485836 HTTP/1.1" 404 60 "-" "Mozilla/5.0 (compatible; Googlebot/2.1; +http://www.google.com/bot.html)"
