66.249.74.74 - - [03/Jan/2025:17:48:16 -0500] "GET /index.php?6594759.shtml HTTP/1.1" 200 3412 "-" "Mozilla/5.0 (Linux; Android 6.0.1; Nexus 5X Build/MMB29P) AppleWebKit/537.36 (KHTML, like Gecko) Chrome/131.0.6778.139 Mobile Safari/537.36 (compatible; Googlebot/2.1; +http://www.google.com/bot.html)"
66.249.74.73 - - [03/Jan/2025:17:54:14 -0500] "GET /index.php?8645757.shtml HTTP/1.1" 200 3412 "-" "Mozilla/5.0 (Linux; Android 6.0.1; Nexus 5X Build/MMB29P) AppleWebKit/537.36 (KHTML, like Gecko) Chrome/131.0.6778.139 Mobile Safari/537.36 (compatible; Googlebot/2.1; +http://www.google.com/bot.html)"
138.246.253.24 - - [03/Jan/2025:17:55:27 -0500] "GET /robots.txt HTTP/1.1" 404 1251 "-" "Mozilla/5.0 (Windows NT 10.0; Win64; x64) AppleWebKit/537.36 (KHTML, like Gecko) Chrome/103.0.5060.134 Safari/537.36"
66.249.74.73 - - [03/Jan/2025:17:56:21 -0500] "GET /index.php?9384204.shtml HTTP/1.1" 200 3412 "-" "Mozilla/5.0 (Linux; Android 6.0.1; Nexus 5X Build/MMB29P) AppleWebKit/537.36 (KHTML, like Gecko) Chrome/131.0.6778.139 Mobile Safari/537.36 (compatible; Googlebot/2.1; +http://www.google.com/bot.html)"
66.249.74.75 - - [03/Jan/2025:17:59:37 -0500] "GET /index.php?8125113.shtml HTTP/1.1" 200 3412 "-" "Mozilla/5.0 (Linux; Android 6.0.1; Nexus 5X Build/MMB29P) AppleWebKit/537.36 (KHTML, like Gecko) Chrome/131.0.6778.139 Mobile Safari/537.36 (compatible; Googlebot/2.1; +http://www.google.com/bot.html)"
66.249.74.74 - - [03/Jan/2025:18:09:42 -0500] "GET /index.php?8039217.shtml HTTP/1.1" 200 3412 "-" "Mozilla/5.0 (Linux; Android 6.0.1; Nexus 5X Build/MMB29P) AppleWebKit/537.36 (KHTML, like Gecko) Chrome/131.0.6778.139 Mobile Safari/537.36 (compatible; Googlebot/2.1; +http://www.google.com/bot.html)"
66.249.74.73 - - [03/Jan/2025:18:16:56 -0500] "GET /index.php?8076282.shtml HTTP/1.1" 200 3413 "-" "Mozilla/5.0 (Linux; Android 6.0.1; Nexus 5X Build/MMB29P) AppleWebKit/537.36 (KHTML, like Gecko) Chrome/131.0.6778.139 Mobile Safari/537.36 (compatible; Googlebot/2.1; +http://www.google.com/bot.html)"
66.249.74.73 - - [03/Jan/2025:18:17:49 -0500] "GET /index.php?8119539.shtml HTTP/1.1" 200 3412 "-" "Mozilla/5.0 (compatible; Googlebot/2.1; +http://www.google.com/bot.html)"
124.225.164.130 - - [03/Jan/2025:18:17:55 -0500] "GET / HTTP/1.1" 200 4202 "http://skilltainment.org" "Mozilla/5.0 (iPhone; CPU iPhone OS 13_2_3 like Mac OS X) AppleWebKit/605.1.15 (KHTML, like Gecko) Version/13.0.3 Mobile/15E148 Safari/604.1"
66.249.74.75 - - [03/Jan/2025:18:18:24 -0500] "GET /index.php?8320860.shtml HTTP/1.1" 200 3413 "-" "Mozilla/5.0 (Linux; Android 6.0.1; Nexus 5X Build/MMB29P) AppleWebKit/537.36 (KHTML, like Gecko) Chrome/131.0.6778.139 Mobile Safari/537.36 (compatible; Googlebot/2.1; +http://www.google.com/bot.html)"
66.249.74.73 - - [03/Jan/2025:18:28:37 -0500] "GET /index.php?10106448.shtml HTTP/1.1" 200 3412 "-" "Mozilla/5.0 (compatible; Googlebot/2.1; +http://www.google.com/bot.html)"
52.167.144.228 - - [03/Jan/2025:18:31:30 -0500] "GET /?pfygi/m1069223.html HTTP/1.1" 200 3412 "-" "Mozilla/5.0 AppleWebKit/537.36 (KHTML, like Gecko; compatible; bingbot/2.0; +http://www.bing.com/bingbot.htm) Chrome/116.0.1938.76 Safari/537.36"
66.249.74.74 - - [03/Jan/2025:18:51:50 -0500] "GET /index.php?11023290.shtml HTTP/1.1" 200 3412 "-" "Mozilla/5.0 (Linux; Android 6.0.1; Nexus 5X Build/MMB29P) AppleWebKit/537.36 (KHTML, like Gecko) Chrome/131.0.6778.139 Mobile Safari/537.36 (compatible; Googlebot/2.1; +http://www.google.com/bot.html)"
66.249.74.73 - - [03/Jan/2025:18:53:24 -0500] "GET /index.php?12400575.shtml HTTP/1.1" 200 3413 "-" "Mozilla/5.0 (Linux; Android 6.0.1; Nexus 5X Build/MMB29P) AppleWebKit/537.36 (KHTML, like Gecko) Chrome/131.0.6778.139 Mobile Safari/537.36 (compatible; GoogleOther)"
66.249.74.74 - - [03/Jan/2025:18:55:31 -0500] "GET /index.php?10370292.shtml HTTP/1.1" 200 3412 "-" "Mozilla/5.0 (Linux; Android 6.0.1; Nexus 5X Build/MMB29P) AppleWebKit/537.36 (KHTML, like Gecko) Chrome/131.0.6778.139 Mobile Safari/537.36 (compatible; Googlebot/2.1; +http://www.google.com/bot.html)"
66.249.74.73 - - [03/Jan/2025:18:57:31 -0500] "GET /index.php?5507961.shtml HTTP/1.1" 200 3413 "-" "Mozilla/5.0 (Linux; Android 6.0.1; Nexus 5X Build/MMB29P) AppleWebKit/537.36 (KHTML, like Gecko) Chrome/131.0.6778.139 Mobile Safari/537.36 (compatible; Googlebot/2.1; +http://www.google.com/bot.html)"
66.249.74.74 - - [03/Jan/2025:19:04:55 -0500] "GET /index.php?8974746.shtml HTTP/1.1" 200 3412 "-" "Mozilla/5.0 (compatible; Googlebot/2.1; +http://www.google.com/bot.html)"
66.249.74.73 - - [03/Jan/2025:19:09:51 -0500] "GET /index.php?8190819.shtml HTTP/1.1" 200 3412 "-" "Mozilla/5.0 (Linux; Android 6.0.1; Nexus 5X Build/MMB29P) AppleWebKit/537.36 (KHTML, like Gecko) Chrome/131.0.6778.139 Mobile Safari/537.36 (compatible; GoogleOther)"
66.249.74.75 - - [03/Jan/2025:19:12:15 -0500] "GET /index.php?6094314.shtml HTTP/1.1" 200 3412 "-" "Mozilla/5.0 (compatible; Googlebot/2.1; +http://www.google.com/bot.html)"
66.249.74.74 - - [03/Jan/2025:19:12:52 -0500] "GET /index.php?3474510.shtml HTTP/1.1" 200 3412 "-" "Mozilla/5.0 (compatible; Googlebot/2.1; +http://www.google.com/bot.html)"
51.8.102.181 - - [03/Jan/2025:19:15:05 -0500] "GET /robots.txt HTTP/1.1" 404 1251 "-" "Mozilla/5.0 AppleWebKit/537.36 (KHTML, like Gecko); compatible; OAI-SearchBot/1.0; +https://openai.com/searchbot"
51.8.102.37 - - [03/Jan/2025:19:15:05 -0500] "GET /robots.txt HTTP/1.1" 404 1251 "-" "Mozilla/5.0 AppleWebKit/537.36 (KHTML, like Gecko); compatible; OAI-SearchBot/1.0; +https://openai.com/searchbot"
66.249.74.73 - - [03/Jan/2025:19:18:54 -0500] "GET /index.php?8974746.shtml HTTP/1.1" 200 3412 "-" "Mozilla/5.0 (Linux; Android 6.0.1; Nexus 5X Build/MMB29P) AppleWebKit/537.36 (KHTML, like Gecko) Chrome/131.0.6778.139 Mobile Safari/537.36 (compatible; Googlebot/2.1; +http://www.google.com/bot.html)"
66.249.74.73 - - [03/Jan/2025:19:18:57 -0500] "GET /index.php?6094314.shtml HTTP/1.1" 200 3412 "-" "Mozilla/5.0 (Linux; Android 6.0.1; Nexus 5X Build/MMB29P) AppleWebKit/537.36 (KHTML, like Gecko) Chrome/131.0.6778.139 Mobile Safari/537.36 (compatible; Googlebot/2.1; +http://www.google.com/bot.html)"
66.249.74.75 - - [03/Jan/2025:19:20:18 -0500] "GET /index.php?6599838.shtml HTTP/1.1" 200 3412 "-" "Mozilla/5.0 (Linux; Android 6.0.1; Nexus 5X Build/MMB29P) AppleWebKit/537.36 (KHTML, like Gecko) Chrome/131.0.6778.139 Mobile Safari/537.36 (compatible; Googlebot/2.1; +http://www.google.com/bot.html)"
40.77.167.7 - - [03/Jan/2025:19:31:40 -0500] "GET /?hlcbx/v935514.html HTTP/1.1" 200 3412 "-" "Mozilla/5.0 AppleWebKit/537.36 (KHTML, like Gecko; compatible; bingbot/2.0; +http://www.bing.com/bingbot.htm) Chrome/116.0.1938.76 Safari/537.36"
66.249.74.74 - - [03/Jan/2025:19:50:05 -0500] "GET /index.php?10290828.shtml HTTP/1.1" 200 3412 "-" "Mozilla/5.0 (Linux; Android 6.0.1; Nexus 5X Build/MMB29P) AppleWebKit/537.36 (KHTML, like Gecko) Chrome/131.0.6778.139 Mobile Safari/537.36 (compatible; Googlebot/2.1; +http://www.google.com/bot.html)"
66.249.74.73 - - [03/Jan/2025:19:50:44 -0500] "GET /index.php?10752198.shtml HTTP/1.1" 200 3412 "-" "Mozilla/5.0 (Linux; Android 6.0.1; Nexus 5X Build/MMB29P) AppleWebKit/537.36 (KHTML, like Gecko) Chrome/131.0.6778.139 Mobile Safari/537.36 (compatible; Googlebot/2.1; +http://www.google.com/bot.html)"
66.249.74.73 - - [03/Jan/2025:19:54:32 -0500] "GET /index.php?11655606.shtml HTTP/1.1" 200 3413 "-" "Mozilla/5.0 (Linux; Android 6.0.1; Nexus 5X Build/MMB29P) AppleWebKit/537.36 (KHTML, like Gecko) Chrome/131.0.6778.139 Mobile Safari/537.36 (compatible; Googlebot/2.1; +http://www.google.com/bot.html)"
66.249.74.74 - - [03/Jan/2025:19:57:15 -0500] "GET /index.php?9596817.shtml HTTP/1.1" 200 3412 "-" "Mozilla/5.0 (Linux; Android 6.0.1; Nexus 5X Build/MMB29P) AppleWebKit/537.36 (KHTML, like Gecko) Chrome/131.0.6778.139 Mobile Safari/537.36 (compatible; Googlebot/2.1; +http://www.google.com/bot.html)"
66.249.74.73 - - [03/Jan/2025:20:03:23 -0500] "GET /index.php?9576027.shtml HTTP/1.1" 200 3413 "-" "Mozilla/5.0 (Linux; Android 6.0.1; Nexus 5X Build/MMB29P) AppleWebKit/537.36 (KHTML, like Gecko) Chrome/131.0.6778.139 Mobile Safari/537.36 (compatible; Googlebot/2.1; +http://www.google.com/bot.html)"
66.249.74.73 - - [03/Jan/2025:20:07:29 -0500] "GET /index.php?11320236.shtml HTTP/1.1" 200 3412 "-" "Mozilla/5.0 (Linux; Android 6.0.1; Nexus 5X Build/MMB29P) AppleWebKit/537.36 (KHTML, like Gecko) Chrome/131.0.6778.139 Mobile Safari/537.36 (compatible; Googlebot/2.1; +http://www.google.com/bot.html)"
66.249.74.74 - - [03/Jan/2025:20:14:23 -0500] "GET /index.php?4939536.shtml HTTP/1.1" 200 3413 "-" "Mozilla/5.0 (Linux; Android 6.0.1; Nexus 5X Build/MMB29P) AppleWebKit/537.36 (KHTML, like Gecko) Chrome/131.0.6778.139 Mobile Safari/537.36 (compatible; Googlebot/2.1; +http://www.google.com/bot.html)"
66.249.74.73 - - [03/Jan/2025:20:15:52 -0500] "GET /index.php?10562652.shtml HTTP/1.1" 200 3412 "-" "Mozilla/5.0 (Linux; Android 6.0.1; Nexus 5X Build/MMB29P) AppleWebKit/537.36 (KHTML, like Gecko) Chrome/131.0.6778.139 Mobile Safari/537.36 (compatible; Googlebot/2.1; +http://www.google.com/bot.html)"
66.249.74.74 - - [03/Jan/2025:20:16:34 -0500] "GET /index.php?4348278.shtml HTTP/1.1" 200 3412 "-" "Mozilla/5.0 (Linux; Android 6.0.1; Nexus 5X Build/MMB29P) AppleWebKit/537.36 (KHTML, like Gecko) Chrome/131.0.6778.139 Mobile Safari/537.36 (compatible; Googlebot/2.1; +http://www.google.com/bot.html)"
66.249.74.75 - - [03/Jan/2025:20:26:31 -0500] "GET /index.php?4611135.shtml HTTP/1.1" 200 3413 "-" "Mozilla/5.0 (Linux; Android 6.0.1; Nexus 5X Build/MMB29P) AppleWebKit/537.36 (KHTML, like Gecko) Chrome/131.0.6778.139 Mobile Safari/537.36 (compatible; Googlebot/2.1; +http://www.google.com/bot.html)"
66.249.74.74 - - [03/Jan/2025:20:31:01 -0500] "GET /index.php?4464558.shtml HTTP/1.1" 200 3413 "-" "Mozilla/5.0 (Linux; Android 6.0.1; Nexus 5X Build/MMB29P) AppleWebKit/537.36 (KHTML, like Gecko) Chrome/131.0.6778.139 Mobile Safari/537.36 (compatible; Googlebot/2.1; +http://www.google.com/bot.html)"
66.249.74.73 - - [03/Jan/2025:20:34:46 -0500] "GET /index.php?11941056.shtml HTTP/1.1" 200 3412 "-" "Mozilla/5.0 (Linux; Android 6.0.1; Nexus 5X Build/MMB29P) AppleWebKit/537.36 (KHTML, like Gecko) Chrome/131.0.6778.139 Mobile Safari/537.36 (compatible; Googlebot/2.1; +http://www.google.com/bot.html)"
66.249.74.73 - - [03/Jan/2025:20:35:53 -0500] "GET /index.php?12346728.shtml HTTP/1.1" 200 3412 "-" "Mozilla/5.0 (compatible; Googlebot/2.1; +http://www.google.com/bot.html)"
66.249.74.75 - - [03/Jan/2025:20:36:34 -0500] "GET /index.php?7454625.shtml HTTP/1.1" 200 3413 "-" "Mozilla/5.0 (Linux; Android 6.0.1; Nexus 5X Build/MMB29P) AppleWebKit/537.36 (KHTML, like Gecko) Chrome/131.0.6778.139 Mobile Safari/537.36 (compatible; Googlebot/2.1; +http://www.google.com/bot.html)"
66.249.74.75 - - [03/Jan/2025:20:38:38 -0500] "GET /index.php?6477975.shtml HTTP/1.1" 200 3412 "-" "Mozilla/5.0 (Linux; Android 6.0.1; Nexus 5X Build/MMB29P) AppleWebKit/537.36 (KHTML, like Gecko) Chrome/131.0.6778.139 Mobile Safari/537.36 (compatible; Googlebot/2.1; +http://www.google.com/bot.html)"
66.249.74.75 - - [03/Jan/2025:20:41:15 -0500] "GET /index.php?6184491.shtml HTTP/1.1" 200 3412 "-" "Mozilla/5.0 (Linux; Android 6.0.1; Nexus 5X Build/MMB29P) AppleWebKit/537.36 (KHTML, like Gecko) Chrome/131.0.6778.139 Mobile Safari/537.36 (compatible; Googlebot/2.1; +http://www.google.com/bot.html)"
66.249.74.74 - - [03/Jan/2025:20:49:39 -0500] "GET /index.php?6452634.shtml HTTP/1.1" 200 3412 "-" "Mozilla/5.0 (compatible; Googlebot/2.1; +http://www.google.com/bot.html)"
40.77.167.46 - - [03/Jan/2025:21:04:28 -0500] "GET /?bcspl/m2840603.html HTTP/1.1" 200 3413 "-" "Mozilla/5.0 AppleWebKit/537.36 (KHTML, like Gecko; compatible; bingbot/2.0; +http://www.bing.com/bingbot.htm) Chrome/116.0.1938.76 Safari/537.36"
40.77.167.20 - - [03/Jan/2025:21:06:55 -0500] "GET /?wbuoi/e2022713.html HTTP/1.1" 200 3413 "-" "Mozilla/5.0 AppleWebKit/537.36 (KHTML, like Gecko; compatible; bingbot/2.0; +http://www.bing.com/bingbot.htm) Chrome/116.0.1938.76 Safari/537.36"
66.249.74.74 - - [03/Jan/2025:21:13:23 -0500] "GET /index.php?5507961.shtml HTTP/1.1" 200 3412 "-" "Mozilla/5.0 (Linux; Android 6.0.1; Nexus 5X Build/MMB29P) AppleWebKit/537.36 (KHTML, like Gecko) Chrome/131.0.6778.139 Mobile Safari/537.36 (compatible; Googlebot/2.1; +http://www.google.com/bot.html)"
66.249.74.73 - - [03/Jan/2025:21:22:35 -0500] "GET /index.php?11558808.shtml HTTP/1.1" 200 3413 "-" "Mozilla/5.0 (compatible; Googlebot/2.1; +http://www.google.com/bot.html)"
66.249.74.74 - - [03/Jan/2025:21:22:48 -0500] "GET /index.php?11598915.shtml HTTP/1.1" 200 3413 "-" "Mozilla/5.0 (Linux; Android 6.0.1; Nexus 5X Build/MMB29P) AppleWebKit/537.36 (KHTML, like Gecko) Chrome/131.0.6778.139 Mobile Safari/537.36 (compatible; Googlebot/2.1; +http://www.google.com/bot.html)"
66.249.74.73 - - [03/Jan/2025:21:24:34 -0500] "GET /index.php?7759215.shtml HTTP/1.1" 200 3413 "-" "Mozilla/5.0 (Linux; Android 6.0.1; Nexus 5X Build/MMB29P) AppleWebKit/537.36 (KHTML, like Gecko) Chrome/131.0.6778.139 Mobile Safari/537.36 (compatible; Googlebot/2.1; +http://www.google.com/bot.html)"
66.249.74.74 - - [03/Jan/2025:21:27:12 -0500] "GET /index.php?9282093.shtml HTTP/1.1" 200 3412 "-" "Mozilla/5.0 (Linux; Android 6.0.1; Nexus 5X Build/MMB29P) AppleWebKit/537.36 (KHTML, like Gecko) Chrome/131.0.6778.139 Mobile Safari/537.36 (compatible; Googlebot/2.1; +http://www.google.com/bot.html)"
185.213.155.134 - - [03/Jan/2025:21:39:28 -0500] "GET /index.php?8547192.shtml= HTTP/1.1" 200 3412 "-" "Mozilla/5.0 (Windows NT 10.0; Win64; x64) AppleWebKit/537.36 (KHTML, like Gecko) Chrome/125.0.0.0 Safari/537.36"
185.213.155.134 - - [03/Jan/2025:21:39:36 -0500] "GET /index.php?8547192.shtml=&8547192.shtml=%27 HTTP/1.1" 200 3412 "-" "Mozilla/5.0 (Windows NT 10.0; Win64; x64) AppleWebKit/537.36 (KHTML, like Gecko) Chrome/125.0.0.0 Safari/537.36"
185.213.155.134 - - [03/Jan/2025:21:39:44 -0500] "GET /index.php?8547192.shtml=%27 HTTP/1.1" 200 3412 "-" "Mozilla/5.0 (Windows NT 10.0; Win64; x64) AppleWebKit/537.36 (KHTML, like Gecko) Chrome/125.0.0.0 Safari/537.36"
66.249.74.73 - - [03/Jan/2025:21:49:28 -0500] "GET /robots.txt HTTP/1.1" 404 1251 "-" "Mozilla/5.0 (compatible; Googlebot/2.1; +http://www.google.com/bot.html)"
66.249.74.73 - - [03/Jan/2025:21:49:28 -0500] "GET /index.php?5588700.shtml HTTP/1.1" 200 3413 "-" "Mozilla/5.0 (Linux; Android 6.0.1; Nexus 5X Build/MMB29P) AppleWebKit/537.36 (KHTML, like Gecko) Chrome/131.0.6778.139 Mobile Safari/537.36 (compatible; Googlebot/2.1; +http://www.google.com/bot.html)"
66.249.74.73 - - [03/Jan/2025:21:53:01 -0500] "GET /index.php?5303034.shtml HTTP/1.1" 200 3412 "-" "Mozilla/5.0 (Linux; Android 6.0.1; Nexus 5X Build/MMB29P) AppleWebKit/537.36 (KHTML, like Gecko) Chrome/131.0.6778.139 Mobile Safari/537.36 (compatible; Googlebot/2.1; +http://www.google.com/bot.html)"
66.249.74.74 - - [03/Jan/2025:21:53:45 -0500] "GET /index.php?7965897.shtml HTTP/1.1" 200 3412 "-" "Mozilla/5.0 (Linux; Android 6.0.1; Nexus 5X Build/MMB29P) AppleWebKit/537.36 (KHTML, like Gecko) Chrome/131.0.6778.139 Mobile Safari/537.36 (compatible; Googlebot/2.1; +http://www.google.com/bot.html)"
66.249.74.74 - - [03/Jan/2025:21:54:28 -0500] "GET /index.php?12236985.shtml HTTP/1.1" 200 3412 "-" "Mozilla/5.0 (Linux; Android 6.0.1; Nexus 5X Build/MMB29P) AppleWebKit/537.36 (KHTML, like Gecko) Chrome/131.0.6778.139 Mobile Safari/537.36 (compatible; Googlebot/2.1; +http://www.google.com/bot.html)"
66.249.74.73 - - [03/Jan/2025:21:59:42 -0500] "GET /index.php?10157397.shtml HTTP/1.1" 200 3412 "-" "Mozilla/5.0 (Linux; Android 6.0.1; Nexus 5X Build/MMB29P) AppleWebKit/537.36 (KHTML, like Gecko) Chrome/131.0.6778.139 Mobile Safari/537.36 (compatible; Googlebot/2.1; +http://www.google.com/bot.html)"
66.249.74.75 - - [03/Jan/2025:22:01:22 -0500] "GET /index.php?5057262.shtml HTTP/1.1" 200 3412 "-" "Mozilla/5.0 (Linux; Android 6.0.1; Nexus 5X Build/MMB29P) AppleWebKit/537.36 (KHTML, like Gecko) Chrome/131.0.6778.139 Mobile Safari/537.36 (compatible; Googlebot/2.1; +http://www.google.com/bot.html)"
40.77.167.136 - - [03/Jan/2025:22:06:20 -0500] "GET /index.php?pazrs/g2773439.html HTTP/1.1" 200 3412 "-" "Mozilla/5.0 AppleWebKit/537.36 (KHTML, like Gecko; compatible; bingbot/2.0; +http://www.bing.com/bingbot.htm) Chrome/116.0.1938.76 Safari/537.36"
66.249.74.73 - - [03/Jan/2025:22:08:28 -0500] "GET /index.php?6200121.shtml HTTP/1.1" 200 3412 "-" "Mozilla/5.0 (Linux; Android 6.0.1; Nexus 5X Build/MMB29P) AppleWebKit/537.36 (KHTML, like Gecko) Chrome/131.0.6778.139 Mobile Safari/537.36 (compatible; Googlebot/2.1; +http://www.google.com/bot.html)"
66.249.74.74 - - [03/Jan/2025:22:16:59 -0500] "GET /index.php?6752007.shtml HTTP/1.1" 200 3412 "-" "Mozilla/5.0 (Linux; Android 6.0.1; Nexus 5X Build/MMB29P) AppleWebKit/537.36 (KHTML, like Gecko) Chrome/131.0.6778.139 Mobile Safari/537.36 (compatible; Googlebot/2.1; +http://www.google.com/bot.html)"
66.249.74.73 - - [03/Jan/2025:22:25:14 -0500] "GET /index.php?9151638.shtml HTTP/1.1" 200 3412 "-" "Mozilla/5.0 (Linux; Android 6.0.1; Nexus 5X Build/MMB29P) AppleWebKit/537.36 (KHTML, like Gecko) Chrome/131.0.6778.139 Mobile Safari/537.36 (compatible; Googlebot/2.1; +http://www.google.com/bot.html)"
66.249.74.73 - - [03/Jan/2025:22:33:56 -0500] "GET /index.php?11762256.shtml HTTP/1.1" 200 3412 "-" "Mozilla/5.0 (compatible; Googlebot/2.1; +http://www.google.com/bot.html)"
85.215.201.6 - - [03/Jan/2025:22:36:47 -0500] "GET /index.php?8051745.shtml=%27nvOpzp;%20AND%201=1%20OR%20(%3C%27%22%3EiKO)), HTTP/1.1" 200 3413 "-" "-"
66.249.74.75 - - [03/Jan/2025:22:39:21 -0500] "GET /index.php?6439650.shtml HTTP/1.1" 200 3412 "-" "Mozilla/5.0 (Linux; Android 6.0.1; Nexus 5X Build/MMB29P) AppleWebKit/537.36 (KHTML, like Gecko) Chrome/131.0.6778.139 Mobile Safari/537.36 (compatible; Googlebot/2.1; +http://www.google.com/bot.html)"
66.249.74.75 - - [03/Jan/2025:22:42:23 -0500] "GET /index.php?7543521.shtml HTTP/1.1" 200 3412 "-" "Mozilla/5.0 (Linux; Android 6.0.1; Nexus 5X Build/MMB29P) AppleWebKit/537.36 (KHTML, like Gecko) Chrome/131.0.6778.139 Mobile Safari/537.36 (compatible; Googlebot/2.1; +http://www.google.com/bot.html)"
66.249.74.74 - - [03/Jan/2025:22:46:38 -0500] "GET /index.php?4465911.shtml HTTP/1.1" 200 3412 "-" "Mozilla/5.0 (Linux; Android 6.0.1; Nexus 5X Build/MMB29P) AppleWebKit/537.36 (KHTML, like Gecko) Chrome/131.0.6778.139 Mobile Safari/537.36 (compatible; Googlebot/2.1; +http://www.google.com/bot.html)"
66.249.74.73 - - [03/Jan/2025:22:50:48 -0500] "GET /index.php?4197759.shtml HTTP/1.1" 200 3412 "-" "Mozilla/5.0 (Linux; Android 6.0.1; Nexus 5X Build/MMB29P) AppleWebKit/537.36 (KHTML, like Gecko) Chrome/131.0.6778.139 Mobile Safari/537.36 (compatible; GoogleOther)"
66.249.74.74 - - [03/Jan/2025:22:50:53 -0500] "GET /index.php?11557428.shtml HTTP/1.1" 200 3412 "-" "Mozilla/5.0 (Linux; Android 6.0.1; Nexus 5X Build/MMB29P) AppleWebKit/537.36 (KHTML, like Gecko) Chrome/131.0.6778.139 Mobile Safari/537.36 (compatible; Googlebot/2.1; +http://www.google.com/bot.html)"
66.249.74.74 - - [03/Jan/2025:22:51:47 -0500] "GET /index.php?8580645.shtml HTTP/1.1" 200 3412 "-" "Mozilla/5.0 (Linux; Android 6.0.1; Nexus 5X Build/MMB29P) AppleWebKit/537.36 (KHTML, like Gecko) Chrome/131.0.6778.139 Mobile Safari/537.36 (compatible; GoogleOther)"
66.249.74.75 - - [03/Jan/2025:22:52:41 -0500] "GET /index.php?6092562.shtml HTTP/1.1" 200 3412 "-" "Mozilla/5.0 (compatible; Googlebot/2.1; +http://www.google.com/bot.html)"
66.249.74.74 - - [03/Jan/2025:22:59:46 -0500] "GET /index.php?4654251.shtml HTTP/1.1" 200 3412 "-" "Mozilla/5.0 (compatible; Googlebot/2.1; +http://www.google.com/bot.html)"
66.249.74.74 - - [03/Jan/2025:23:01:25 -0500] "GET /index.php?9574218.shtml HTTP/1.1" 200 3412 "-" "Mozilla/5.0 (Linux; Android 6.0.1; Nexus 5X Build/MMB29P) AppleWebKit/537.36 (KHTML, like Gecko) Chrome/131.0.6778.139 Mobile Safari/537.36 (compatible; Googlebot/2.1; +http://www.google.com/bot.html)"
66.249.74.75 - - [03/Jan/2025:23:04:04 -0500] "GET /index.php?4296915.shtml HTTP/1.1" 200 3412 "-" "Mozilla/5.0 (Linux; Android 6.0.1; Nexus 5X Build/MMB29P) AppleWebKit/537.36 (KHTML, like Gecko) Chrome/131.0.6778.139 Mobile Safari/537.36 (compatible; Googlebot/2.1; +http://www.google.com/bot.html)"
66.249.74.73 - - [03/Jan/2025:23:06:02 -0500] "GET /index.php?10955361.shtml HTTP/1.1" 200 3413 "-" "Mozilla/5.0 (Linux; Android 6.0.1; Nexus 5X Build/MMB29P) AppleWebKit/537.36 (KHTML, like Gecko) Chrome/131.0.6778.139 Mobile Safari/537.36 (compatible; Googlebot/2.1; +http://www.google.com/bot.html)"
66.249.74.74 - - [03/Jan/2025:23:06:49 -0500] "GET /index.php?7358430.shtml HTTP/1.1" 200 3412 "-" "Mozilla/5.0 (Linux; Android 6.0.1; Nexus 5X Build/MMB29P) AppleWebKit/537.36 (KHTML, like Gecko) Chrome/131.0.6778.139 Mobile Safari/537.36 (compatible; Googlebot/2.1; +http://www.google.com/bot.html)"
66.249.74.73 - - [03/Jan/2025:23:06:59 -0500] "GET /index.php?7263693.shtml HTTP/1.1" 200 3412 "-" "Mozilla/5.0 (compatible; Googlebot/2.1; +http://www.google.com/bot.html)"
207.46.13.150 - - [03/Jan/2025:23:15:25 -0500] "GET /index.php?vtnyn/s2098283.html HTTP/1.1" 200 3412 "-" "Mozilla/5.0 AppleWebKit/537.36 (KHTML, like Gecko; compatible; bingbot/2.0; +http://www.bing.com/bingbot.htm) Chrome/116.0.1938.76 Safari/537.36"
66.249.74.75 - - [03/Jan/2025:23:17:14 -0500] "GET /index.php?5339634.shtml HTTP/1.1" 200 3412 "-" "Mozilla/5.0 (Linux; Android 6.0.1; Nexus 5X Build/MMB29P) AppleWebKit/537.36 (KHTML, like Gecko) Chrome/131.0.6778.139 Mobile Safari/537.36 (compatible; GoogleOther)"
66.249.74.73 - - [03/Jan/2025:23:17:18 -0500] "GET /index.php?3660237.shtml HTTP/1.1" 200 3412 "-" "Mozilla/5.0 (Linux; Android 6.0.1; Nexus 5X Build/MMB29P) AppleWebKit/537.36 (KHTML, like Gecko) Chrome/131.0.6778.139 Mobile Safari/537.36 (compatible; Googlebot/2.1; +http://www.google.com/bot.html)"
129.226.213.145 - - [03/Jan/2025:23:18:25 -0500] "GET / HTTP/1.1" 200 4202 "http://skilltainment.org" "Mozilla/5.0 (iPhone; CPU iPhone OS 13_2_3 like Mac OS X) AppleWebKit/605.1.15 (KHTML, like Gecko) Version/13.0.3 Mobile/15E148 Safari/604.1"
66.249.74.73 - - [03/Jan/2025:23:32:46 -0500] "GET /index.php?12173058.shtml HTTP/1.1" 200 3412 "-" "Mozilla/5.0 (compatible; Googlebot/2.1; +http://www.google.com/bot.html)"
66.249.74.74 - - [03/Jan/2025:23:41:29 -0500] "GET /index.php?3955131.shtml HTTP/1.1" 200 3412 "-" "Mozilla/5.0 (Linux; Android 6.0.1; Nexus 5X Build/MMB29P) AppleWebKit/537.36 (KHTML, like Gecko) Chrome/131.0.6778.139 Mobile Safari/537.36 (compatible; Googlebot/2.1; +http://www.google.com/bot.html)"
66.249.74.74 - - [03/Jan/2025:23:57:52 -0500] "GET /index.php?11466792.shtml HTTP/1.1" 200 3413 "-" "Mozilla/5.0 (Linux; Android 6.0.1; Nexus 5X Build/MMB29P) AppleWebKit/537.36 (KHTML, like Gecko) Chrome/131.0.6778.139 Mobile Safari/537.36 (compatible; Googlebot/2.1; +http://www.google.com/bot.html)"
207.46.13.150 - - [04/Jan/2025:00:04:41 -0500] "GET /?cueeo/s3136359.html HTTP/1.1" 200 3412 "-" "Mozilla/5.0 (Windows NT 10.0; Win64; x64) AppleWebKit/537.36 (KHTML, like Gecko) Chrome/112.0.0.0 Safari/537.36 Edg/112.0.1722.68"
66.249.74.74 - - [04/Jan/2025:00:08:03 -0500] "GET /favicon.ico HTTP/1.1" 404 1251 "-" "Googlebot-Image/1.0"
66.249.74.75 - - [04/Jan/2025:00:19:12 -0500] "GET /index.php?8277201.shtml HTTP/1.1" 200 3412 "-" "Mozilla/5.0 (Linux; Android 6.0.1; Nexus 5X Build/MMB29P) AppleWebKit/537.36 (KHTML, like Gecko) Chrome/131.0.6778.139 Mobile Safari/537.36 (compatible; GoogleOther)"
66.249.74.75 - - [04/Jan/2025:00:49:52 -0500] "GET /index.php?10855824.shtml HTTP/1.1" 200 3413 "-" "Mozilla/5.0 (Linux; Android 6.0.1; Nexus 5X Build/MMB29P) AppleWebKit/537.36 (KHTML, like Gecko) Chrome/131.0.6778.139 Mobile Safari/537.36 (compatible; Googlebot/2.1; +http://www.google.com/bot.html)"
66.249.74.75 - - [04/Jan/2025:00:54:28 -0500] "GET /index.php?7649712.shtml HTTP/1.1" 200 3412 "-" "Mozilla/5.0 (Linux; Android 6.0.1; Nexus 5X Build/MMB29P) AppleWebKit/537.36 (KHTML, like Gecko) Chrome/131.0.6778.139 Mobile Safari/537.36 (compatible; GoogleOther)"
66.249.74.74 - - [04/Jan/2025:01:12:50 -0500] "GET /index.php?8117577.shtml HTTP/1.1" 200 3413 "-" "Mozilla/5.0 (Linux; Android 6.0.1; Nexus 5X Build/MMB29P) AppleWebKit/537.36 (KHTML, like Gecko) Chrome/131.0.6778.139 Mobile Safari/537.36 (compatible; Googlebot/2.1; +http://www.google.com/bot.html)"
157.55.39.193 - - [04/Jan/2025:01:17:12 -0500] "GET /?cueeo/s3136359.html HTTP/1.1" 200 3412 "-" "Mozilla/5.0 (Windows NT 10.0; Win64; x64) AppleWebKit/537.36 (KHTML, like Gecko) Chrome/112.0.0.0 Safari/537.36 Edg/112.0.1722.68"
66.249.74.74 - - [04/Jan/2025:01:35:49 -0500] "GET /index.php?6573018.shtml HTTP/1.1" 200 3412 "-" "Mozilla/5.0 (Linux; Android 6.0.1; Nexus 5X Build/MMB29P) AppleWebKit/537.36 (KHTML, like Gecko) Chrome/131.0.6778.139 Mobile Safari/537.36 (compatible; Googlebot/2.1; +http://www.google.com/bot.html)"
66.249.74.75 - - [04/Jan/2025:01:37:52 -0500] "GET /index.php?6950349.shtml HTTP/1.1" 200 3413 "-" "Mozilla/5.0 (Linux; Android 6.0.1; Nexus 5X Build/MMB29P) AppleWebKit/537.36 (KHTML, like Gecko) Chrome/131.0.6778.139 Mobile Safari/537.36 (compatible; Googlebot/2.1; +http://www.google.com/bot.html)"
66.249.74.74 - - [04/Jan/2025:01:41:26 -0500] "GET /index.php?10849545.shtml HTTP/1.1" 200 3413 "-" "Mozilla/5.0 (Linux; Android 6.0.1; Nexus 5X Build/MMB29P) AppleWebKit/537.36 (KHTML, like Gecko) Chrome/131.0.6778.139 Mobile Safari/537.36 (compatible; Googlebot/2.1; +http://www.google.com/bot.html)"
120.188.7.253 - - [04/Jan/2025:01:41:48 -0500] "GET / HTTP/1.1" 200 3412 "-" "Mozilla/5.0 (Windows NT 10.0; Win64; x64) AppleWebKit/537.36 (KHTML, like Gecko) Chrome/131.0.0.0 Safari/537.36"
120.188.7.253 - - [04/Jan/2025:01:41:51 -0500] "GET / HTTP/1.1" 200 3412 "-" "Mozilla/5.0 (Windows NT 10.0; Win64; x64) AppleWebKit/537.36 (KHTML, like Gecko) Chrome/131.0.0.0 Safari/537.36"
120.188.7.253 - - [04/Jan/2025:01:41:51 -0500] "GET /css/bootstrap.min7359.css?ver=1.2.0 HTTP/1.1" 200 20931 "https://skilltainment.org/" "Mozilla/5.0 (Windows NT 10.0; Win64; x64) AppleWebKit/537.36 (KHTML, like Gecko) Chrome/131.0.0.0 Safari/537.36"
120.188.7.253 - - [04/Jan/2025:01:41:51 -0500] "GET /css/font-awesome/css/all.min7359.css?ver=1.2.0 HTTP/1.1" 200 12384 "https://skilltainment.org/" "Mozilla/5.0 (Windows NT 10.0; Win64; x64) AppleWebKit/537.36 (KHTML, like Gecko) Chrome/131.0.0.0 Safari/537.36"
120.188.7.253 - - [04/Jan/2025:01:41:52 -0500] "GET /css/aos7359.css HTTP/1.1" 200 1546 "https://skilltainment.org/" "Mozilla/5.0 (Windows NT 10.0; Win64; x64) AppleWebKit/537.36 (KHTML, like Gecko) Chrome/131.0.0.0 Safari/537.36"
120.188.7.253 - - [04/Jan/2025:01:41:56 -0500] "GET /css/ekko-lightbox7359.css?ver=1.2.0 HTTP/1.1" 200 487 "https://skilltainment.org/" "Mozilla/5.0 (Windows NT 10.0; Win64; x64) AppleWebKit/537.36 (KHTML, like Gecko) Chrome/131.0.0.0 Safari/537.36"
120.188.7.253 - - [04/Jan/2025:01:41:56 -0500] "GET /css/main7359.css?ver=1.2.0 HTTP/1.1" 200 960 "https://skilltainment.org/" "Mozilla/5.0 (Windows NT 10.0; Win64; x64) AppleWebKit/537.36 (KHTML, like Gecko) Chrome/131.0.0.0 Safari/537.36"
120.188.7.253 - - [04/Jan/2025:01:41:56 -0500] "GET /images/development.png HTTP/1.1" 200 16921 "https://skilltainment.org/" "Mozilla/5.0 (Windows NT 10.0; Win64; x64) AppleWebKit/537.36 (KHTML, like Gecko) Chrome/131.0.0.0 Safari/537.36"
120.188.7.253 - - [04/Jan/2025:01:41:56 -0500] "GET /images/illustration.png HTTP/1.1" 200 19459 "https://skilltainment.org/" "Mozilla/5.0 (Windows NT 10.0; Win64; x64) AppleWebKit/537.36 (KHTML, like Gecko) Chrome/131.0.0.0 Safari/537.36"
120.188.7.253 - - [04/Jan/2025:01:41:56 -0500] "GET /scripts/jquery.min7359.js?ver=1.2.0 HTTP/1.1" 200 30278 "https://skilltainment.org/" "Mozilla/5.0 (Windows NT 10.0; Win64; x64) AppleWebKit/537.36 (KHTML, like Gecko) Chrome/131.0.0.0 Safari/537.36"
120.188.7.253 - - [04/Jan/2025:01:41:57 -0500] "GET /images/3d-modeling.png HTTP/1.1" 200 19466 "https://skilltainment.org/" "Mozilla/5.0 (Windows NT 10.0; Win64; x64) AppleWebKit/537.36 (KHTML, like Gecko) Chrome/131.0.0.0 Safari/537.36"
120.188.7.253 - - [04/Jan/2025:01:41:58 -0500] "GET /images/pcb-board.png HTTP/1.1" 200 28170 "https://skilltainment.org/" "Mozilla/5.0 (Windows NT 10.0; Win64; x64) AppleWebKit/537.36 (KHTML, like Gecko) Chrome/131.0.0.0 Safari/537.36"
120.188.7.253 - - [04/Jan/2025:01:41:59 -0500] "GET /images/laser.png HTTP/1.1" 200 14369 "https://skilltainment.org/" "Mozilla/5.0 (Windows NT 10.0; Win64; x64) AppleWebKit/537.36 (KHTML, like Gecko) Chrome/131.0.0.0 Safari/537.36"
66.249.74.73 - - [04/Jan/2025:01:41:59 -0500] "GET /index.php?7698084.shtml HTTP/1.1" 200 3412 "-" "Mozilla/5.0 (Linux; Android 6.0.1; Nexus 5X Build/MMB29P) AppleWebKit/537.36 (KHTML, like Gecko) Chrome/131.0.6778.139 Mobile Safari/537.36 (compatible; Googlebot/2.1; +http://www.google.com/bot.html)"
120.188.7.253 - - [04/Jan/2025:01:41:59 -0500] "GET /scripts/bootstrap.bundle.min7359.js?ver=1.2.0 HTTP/1.1" 200 20914 "https://skilltainment.org/" "Mozilla/5.0 (Windows NT 10.0; Win64; x64) AppleWebKit/537.36 (KHTML, like Gecko) Chrome/131.0.0.0 Safari/537.36"
120.188.7.253 - - [04/Jan/2025:01:42:00 -0500] "GET /scripts/aos7359.js?ver=1.2.0 HTTP/1.1" 200 4420 "https://skilltainment.org/" "Mozilla/5.0 (Windows NT 10.0; Win64; x64) AppleWebKit/537.36 (KHTML, like Gecko) Chrome/131.0.0.0 Safari/537.36"
120.188.7.253 - - [04/Jan/2025:01:42:00 -0500] "GET /scripts/bgcolor.js HTTP/1.1" 200 549 "https://skilltainment.org/" "Mozilla/5.0 (Windows NT 10.0; Win64; x64) AppleWebKit/537.36 (KHTML, like Gecko) Chrome/131.0.0.0 Safari/537.36"
120.188.7.253 - - [04/Jan/2025:01:42:01 -0500] "GET /scripts/ekko-lightbox.min7359.js?ver=1.2.0 HTTP/1.1" 200 4084 "https://skilltainment.org/" "Mozilla/5.0 (Windows NT 10.0; Win64; x64) AppleWebKit/537.36 (KHTML, like Gecko) Chrome/131.0.0.0 Safari/537.36"
120.188.7.253 - - [04/Jan/2025:01:42:01 -0500] "GET /scripts/main7359.js?ver=1.2.0 HTTP/1.1" 200 392 "https://skilltainment.org/" "Mozilla/5.0 (Windows NT 10.0; Win64; x64) AppleWebKit/537.36 (KHTML, like Gecko) Chrome/131.0.0.0 Safari/537.36"
120.188.7.253 - - [04/Jan/2025:01:42:01 -0500] "GET /images/internet-of-things.png HTTP/1.1" 200 17872 "https://skilltainment.org/" "Mozilla/5.0 (Windows NT 10.0; Win64; x64) AppleWebKit/537.36 (KHTML, like Gecko) Chrome/131.0.0.0 Safari/537.36"
120.188.7.253 - - [04/Jan/2025:01:42:01 -0500] "GET /images/motherboard.png HTTP/1.1" 200 16962 "https://skilltainment.org/" "Mozilla/5.0 (Windows NT 10.0; Win64; x64) AppleWebKit/537.36 (KHTML, like Gecko) Chrome/131.0.0.0 Safari/537.36"
120.188.7.253 - - [04/Jan/2025:01:42:01 -0500] "GET /images/project-management.png HTTP/1.1" 200 28021 "https://skilltainment.org/" "Mozilla/5.0 (Windows NT 10.0; Win64; x64) AppleWebKit/537.36 (KHTML, like Gecko) Chrome/131.0.0.0 Safari/537.36"
120.188.7.253 - - [04/Jan/2025:01:42:02 -0500] "GET /css/font-awesome/webfonts/fa-solid-900.woff2 HTTP/1.1" 200 80300 "https://skilltainment.org/css/font-awesome/css/all.min7359.css?ver=1.2.0" "Mozilla/5.0 (Windows NT 10.0; Win64; x64) AppleWebKit/537.36 (KHTML, like Gecko) Chrome/131.0.0.0 Safari/537.36"
120.188.7.253 - - [04/Jan/2025:01:42:02 -0500] "GET /css/font-awesome/webfonts/fa-brands-400.woff2 HTTP/1.1" 200 78460 "https://skilltainment.org/css/font-awesome/css/all.min7359.css?ver=1.2.0" "Mozilla/5.0 (Windows NT 10.0; Win64; x64) AppleWebKit/537.36 (KHTML, like Gecko) Chrome/131.0.0.0 Safari/537.36"
120.188.7.253 - - [04/Jan/2025:01:42:03 -0500] "GET /images/bg.jpg HTTP/1.1" 200 169836 "https://skilltainment.org/css/main7359.css?ver=1.2.0" "Mozilla/5.0 (Windows NT 10.0; Win64; x64) AppleWebKit/537.36 (KHTML, like Gecko) Chrome/131.0.0.0 Safari/537.36"
120.188.7.253 - - [04/Jan/2025:01:42:04 -0500] "GET /images/headshots/sarah.jpg HTTP/1.1" 200 181229 "https://skilltainment.org/" "Mozilla/5.0 (Windows NT 10.0; Win64; x64) AppleWebKit/537.36 (KHTML, like Gecko) Chrome/131.0.0.0 Safari/537.36"
120.188.7.253 - - [04/Jan/2025:01:42:05 -0500] "GET /images/headshots/khumbo.jpg HTTP/1.1" 200 587450 "https://skilltainment.org/" "Mozilla/5.0 (Windows NT 10.0; Win64; x64) AppleWebKit/537.36 (KHTML, like Gecko) Chrome/131.0.0.0 Safari/537.36"
120.188.7.253 - - [04/Jan/2025:01:42:07 -0500] "GET /images/headshots/kondwani.jpg HTTP/1.1" 200 594335 "https://skilltainment.org/" "Mozilla/5.0 (Windows NT 10.0; Win64; x64) AppleWebKit/537.36 (KHTML, like Gecko) Chrome/131.0.0.0 Safari/537.36"
120.188.7.253 - - [04/Jan/2025:01:42:12 -0500] "GET /images/headshots/beaton.jpg HTTP/1.1" 200 481460 "https://skilltainment.org/" "Mozilla/5.0 (Windows NT 10.0; Win64; x64) AppleWebKit/537.36 (KHTML, like Gecko) Chrome/131.0.0.0 Safari/537.36"
120.188.7.253 - - [04/Jan/2025:01:42:17 -0500] "GET /images/headshots/innocent.jpg HTTP/1.1" 200 83591 "https://skilltainment.org/" "Mozilla/5.0 (Windows NT 10.0; Win64; x64) AppleWebKit/537.36 (KHTML, like Gecko) Chrome/131.0.0.0 Safari/537.36"
120.188.7.253 - - [04/Jan/2025:01:42:21 -0500] "GET /images/logo.png HTTP/1.1" 200 9974 "https://skilltainment.org/" "Mozilla/5.0 (Windows NT 10.0; Win64; x64) AppleWebKit/537.36 (KHTML, like Gecko) Chrome/131.0.0.0 Safari/537.36"
120.188.7.253 - - [04/Jan/2025:01:42:22 -0500] "GET /images/staticmap.jpg HTTP/1.1" 200 170712 "https://skilltainment.org/css/main7359.css?ver=1.2.0" "Mozilla/5.0 (Windows NT 10.0; Win64; x64) AppleWebKit/537.36 (KHTML, like Gecko) Chrome/131.0.0.0 Safari/537.36"
66.249.74.74 - - [04/Jan/2025:01:45:06 -0500] "GET /index.php?5213373.shtml HTTP/1.1" 200 3412 "-" "Mozilla/5.0 (Linux; Android 6.0.1; Nexus 5X Build/MMB29P) AppleWebKit/537.36 (KHTML, like Gecko) Chrome/131.0.6778.139 Mobile Safari/537.36 (compatible; Googlebot/2.1; +http://www.google.com/bot.html)"
66.249.74.73 - - [04/Jan/2025:01:46:25 -0500] "GET /index.php?3992889.shtml HTTP/1.1" 200 3413 "-" "Mozilla/5.0 (Linux; Android 6.0.1; Nexus 5X Build/MMB29P) AppleWebKit/537.36 (KHTML, like Gecko) Chrome/131.0.6778.139 Mobile Safari/537.36 (compatible; Googlebot/2.1; +http://www.google.com/bot.html)"
66.249.74.74 - - [04/Jan/2025:01:49:25 -0500] "GET /index.php?6751947.shtml HTTP/1.1" 200 3412 "-" "Mozilla/5.0 (Linux; Android 6.0.1; Nexus 5X Build/MMB29P) AppleWebKit/537.36 (KHTML, like Gecko) Chrome/131.0.6778.139 Mobile Safari/537.36 (compatible; GoogleOther)"
198.204.240.42 - - [04/Jan/2025:01:49:34 -0500] "GET / HTTP/1.1" 200 26463 "-" "Mozilla/5.0 (Windows NT 10.0; Win64; x64) AppleWebKit/537.36 (KHTML, like Gecko) Chrome/91.0.4472.106 Safari/537.36"
198.204.240.42 - - [04/Jan/2025:01:49:34 -0500] "GET / HTTP/1.1" 200 26463 "-" "Mozilla/5.0 (compatible; Googlebot/2.1; +http://www.google.com/bot.html)"
66.249.74.73 - - [04/Jan/2025:01:49:47 -0500] "GET /index.php?5110293.shtml HTTP/1.1" 200 3413 "-" "Mozilla/5.0 (Linux; Android 6.0.1; Nexus 5X Build/MMB29P) AppleWebKit/537.36 (KHTML, like Gecko) Chrome/131.0.6778.139 Mobile Safari/537.36 (compatible; GoogleOther)"
198.204.240.42 - - [04/Jan/2025:01:50:48 -0500] "GET /index.php?params=1 HTTP/1.1" 200 26463 "-" "Mozilla/5.0 (Windows NT 10.0; Win64; x64) AppleWebKit/537.36 (KHTML, like Gecko) Chrome/91.0.4472.106 Safari/537.36"
163.5.32.106 - - [04/Jan/2025:01:51:03 -0500] "GET /index.php?8163999.shtml%27 HTTP/1.1" 200 26463 "-" "Mozilla/5.0 (Windows NT 10.0; Win64; x64) AppleWebKit/537.36 (KHTML, like Gecko) Chrome/126.0.0.0 Safari/537.36"
120.188.7.253 - - [04/Jan/2025:02:00:27 -0500] "GET /admin.php HTTP/1.1" 200 2726 "-" "Mozilla/5.0 (Windows NT 10.0; Win64; x64) AppleWebKit/537.36 (KHTML, like Gecko) Chrome/131.0.0.0 Safari/537.36"
120.188.7.253 - - [04/Jan/2025:02:00:36 -0500] "GET /favicon.ico HTTP/1.1" 404 1251 "https://skilltainment.org/admin.php" "Mozilla/5.0 (Windows NT 10.0; Win64; x64) AppleWebKit/537.36 (KHTML, like Gecko) Chrome/131.0.0.0 Safari/537.36"
120.188.7.253 - - [04/Jan/2025:02:02:09 -0500] "GET /admin.php?file=L2hvbWUva3dhY3VxaWcvc2tpbGx0YWlubWVudC5vcmcvaW5kZXgucGhw&dir=L2hvbWUva3dhY3VxaWcvc2tpbGx0YWlubWVudC5vcmc= HTTP/1.1" 200 6589 "https://skilltainment.org/admin.php" "Mozilla/5.0 (Windows NT 10.0; Win64; x64) AppleWebKit/537.36 (KHTML, like Gecko) Chrome/131.0.0.0 Safari/537.36"
149.154.161.204 - - [04/Jan/2025:02:07:10 -0500] "GET /admin.php HTTP/1.1" 200 2699 "-" "TelegramBot (like TwitterBot)"
103.169.254.149 - - [04/Jan/2025:02:13:20 -0500] "GET /admin.php HTTP/1.1" 200 2699 "-" "Mozilla/5.0 (Windows NT 10.0; Win64; x64) AppleWebKit/537.36 (KHTML, like Gecko) Chrome/131.0.0.0 Safari/537.36"
66.249.74.75 - - [04/Jan/2025:02:15:14 -0500] "GET /index.php?4767546.shtml HTTP/1.1" 200 3412 "-" "Mozilla/5.0 (Linux; Android 6.0.1; Nexus 5X Build/MMB29P) AppleWebKit/537.36 (KHTML, like Gecko) Chrome/131.0.6778.139 Mobile Safari/537.36 (compatible; Googlebot/2.1; +http://www.google.com/bot.html)"
103.169.254.149 - - [04/Jan/2025:02:24:26 -0500] "GET /admin.php?dir=L2hvbWUva3dhY3VxaWcv HTTP/1.1" 200 8614 "https://skilltainment.org/admin.php" "Mozilla/5.0 (Windows NT 10.0; Win64; x64) AppleWebKit/537.36 (KHTML, like Gecko) Chrome/131.0.0.0 Safari/537.36"
103.169.254.149 - - [04/Jan/2025:02:24:30 -0500] "GET /admin.php?dir=L2hvbWUva3dhY3VxaWcvc2tpbGx0YWlubWVudC5vcmcvaW1hZ2Vz HTTP/1.1" 200 2479 "https://skilltainment.org/admin.php" "Mozilla/5.0 (Windows NT 10.0; Win64; x64) AppleWebKit/537.36 (KHTML, like Gecko) Chrome/131.0.0.0 Safari/537.36"
103.169.254.149 - - [04/Jan/2025:02:24:33 -0500] "GET /admin.php?dir=L2hvbWUva3dhY3VxaWcvc2tpbGx0YWlubWVudC5vcmcvaW1hZ2VzL2hlYWRzaG90cw== HTTP/1.1" 200 1895 "https://skilltainment.org/admin.php?dir=L2hvbWUva3dhY3VxaWcvc2tpbGx0YWlubWVudC5vcmcvaW1hZ2Vz" "Mozilla/5.0 (Windows NT 10.0; Win64; x64) AppleWebKit/537.36 (KHTML, like Gecko) Chrome/131.0.0.0 Safari/537.36"
103.169.254.149 - - [04/Jan/2025:02:24:37 -0500] "POST /admin.php?dir=L2hvbWUva3dhY3VxaWcvc2tpbGx0YWlubWVudC5vcmcvaW1hZ2VzL2hlYWRzaG90cw== HTTP/1.1" 200 1993 "https://skilltainment.org/admin.php?dir=L2hvbWUva3dhY3VxaWcvc2tpbGx0YWlubWVudC5vcmcvaW1hZ2VzL2hlYWRzaG90cw==" "Mozilla/5.0 (Windows NT 10.0; Win64; x64) AppleWebKit/537.36 (KHTML, like Gecko) Chrome/131.0.0.0 Safari/537.36"
103.169.254.149 - - [04/Jan/2025:02:24:44 -0500] "GET /images/headshots/admin.php HTTP/1.1" 200 1967 "-" "Mozilla/5.0 (Windows NT 10.0; Win64; x64) AppleWebKit/537.36 (KHTML, like Gecko) Chrome/131.0.0.0 Safari/537.36"
66.249.74.75 - - [04/Jan/2025:02:34:35 -0500] "GET /index.php?3709344.shtml HTTP/1.1" 200 3412 "-" "Mozilla/5.0 (Linux; Android 6.0.1; Nexus 5X Build/MMB29P) AppleWebKit/537.36 (KHTML, like Gecko) Chrome/131.0.6778.139 Mobile Safari/537.36 (compatible; Googlebot/2.1; +http://www.google.com/bot.html)"
66.249.74.73 - - [04/Jan/2025:02:35:54 -0500] "GET /index.php?6053547.shtml HTTP/1.1" 200 3412 "-" "Mozilla/5.0 (Linux; Android 6.0.1; Nexus 5X Build/MMB29P) AppleWebKit/537.36 (KHTML, like Gecko) Chrome/131.0.6778.139 Mobile Safari/537.36 (compatible; Googlebot/2.1; +http://www.google.com/bot.html)"
66.249.74.73 - - [04/Jan/2025:02:39:38 -0500] "GET /index.php?9073395.shtml HTTP/1.1" 200 3412 "-" "Mozilla/5.0 (Linux; Android 6.0.1; Nexus 5X Build/MMB29P) AppleWebKit/537.36 (KHTML, like Gecko) Chrome/131.0.6778.139 Mobile Safari/537.36 (compatible; Googlebot/2.1; +http://www.google.com/bot.html)"
66.249.74.73 - - [04/Jan/2025:02:40:31 -0500] "GET /index.php?6423705.shtml HTTP/1.1" 200 3412 "-" "Mozilla/5.0 (Linux; Android 6.0.1; Nexus 5X Build/MMB29P) AppleWebKit/537.36 (KHTML, like Gecko) Chrome/131.0.6778.139 Mobile Safari/537.36 (compatible; Googlebot/2.1; +http://www.google.com/bot.html)"
66.249.74.75 - - [04/Jan/2025:02:41:05 -0500] "GET /index.php?8692902.shtml HTTP/1.1" 200 3412 "-" "Mozilla/5.0 (Linux; Android 6.0.1; Nexus 5X Build/MMB29P) AppleWebKit/537.36 (KHTML, like Gecko) Chrome/131.0.6778.139 Mobile Safari/537.36 (compatible; Googlebot/2.1; +http://www.google.com/bot.html)"
66.249.74.74 - - [04/Jan/2025:02:43:36 -0500] "GET /index.php?9999438.shtml HTTP/1.1" 200 3412 "-" "Mozilla/5.0 (Linux; Android 6.0.1; Nexus 5X Build/MMB29P) AppleWebKit/537.36 (KHTML, like Gecko) Chrome/131.0.6778.139 Mobile Safari/537.36 (compatible; Googlebot/2.1; +http://www.google.com/bot.html)"
66.249.74.75 - - [04/Jan/2025:02:44:18 -0500] "GET /index.php?10876503.shtml HTTP/1.1" 200 3412 "-" "Mozilla/5.0 (Linux; Android 6.0.1; Nexus 5X Build/MMB29P) AppleWebKit/537.36 (KHTML, like Gecko) Chrome/131.0.6778.139 Mobile Safari/537.36 (compatible; Googlebot/2.1; +http://www.google.com/bot.html)"
185.213.155.134 - - [04/Jan/2025:02:45:10 -0500] "GET /index.php?6618090.shtml= HTTP/1.1" 200 0 "-" "Mozilla/5.0 (Windows NT 10.0; Win64; x64) AppleWebKit/537.36 (KHTML, like Gecko) Chrome/125.0.0.0 Safari/537.36"
66.249.74.75 - - [04/Jan/2025:02:46:09 -0500] "GET /index.php?9204267.shtml HTTP/1.1" 200 3412 "-" "Mozilla/5.0 (Linux; Android 6.0.1; Nexus 5X Build/MMB29P) AppleWebKit/537.36 (KHTML, like Gecko) Chrome/131.0.6778.139 Mobile Safari/537.36 (compatible; Googlebot/2.1; +http://www.google.com/bot.html)"
66.249.74.73 - - [04/Jan/2025:02:48:36 -0500] "GET /index.php?12190746.shtml HTTP/1.1" 200 3412 "-" "Mozilla/5.0 (Linux; Android 6.0.1; Nexus 5X Build/MMB29P) AppleWebKit/537.36 (KHTML, like Gecko) Chrome/131.0.6778.139 Mobile Safari/537.36 (compatible; Googlebot/2.1; +http://www.google.com/bot.html)"
66.249.74.75 - - [04/Jan/2025:02:51:48 -0500] "GET /index.php?7614996.shtml HTTP/1.1" 200 3412 "-" "Mozilla/5.0 (Linux; Android 6.0.1; Nexus 5X Build/MMB29P) AppleWebKit/537.36 (KHTML, like Gecko) Chrome/131.0.6778.139 Mobile Safari/537.36 (compatible; GoogleOther)"
185.147.125.23 - - [04/Jan/2025:02:57:14 -0500] "GET / HTTP/1.0" 200 26463 "https://skilltainment.org/" "Mozilla/5.0 (Windows NT 10.0.0; Win64; x64; ) AppleWebKit/537.36 (KHTML, like Gecko) Chrome/124.0.6367.119 Chrome/124.0.6367.119 Not-A.Brand/99  Safari/537.36"
185.147.125.23 - - [04/Jan/2025:02:57:15 -0500] "GET /mailto:beatondawa@gmail.com?subject=Hallo%2C+i+writing+about+++++price+for+reseller&_replyto=ixutikob077%40gmail.com&body=Hi%2C+%E1%83%9B%E1%83%98%E1%83%9C%E1%83%93%E1%83%9D%E1%83%93%E1%83%90+%E1%83%95%E1%83%98%E1%83%AA%E1%83%9D%E1%83%93%E1%83%94+%E1%83%97%E1%83%A5%E1%83%95%E1%83%94%E1%83%9C%E1%83%98+%E1%83%A4%E1%83%90%E1%83%A1%E1%83%98.&submit= HTTP/1.0" 404 1251 "https://skilltainment.org/mailto:beatondawa@gmail.com?subject=Hallo%2C+i+writing+about+++++price+for+reseller&_replyto=ixutikob077%40gmail.com&body=Hi%2C+%E1%83%9B%E1%83%98%E1%83%9C%E1%83%93%E1%83%9D%E1%83%93%E1%83%90+%E1%83%95%E1%83%98%E1%83%AA%E1%83%9D%E1%83%93%E1%83%94+%E1%83%97%E1%83%A5%E1%83%95%E1%83%94%E1%83%9C%E1%83%98+%E1%83%A4%E1%83%90%E1%83%A1%E1%83%98.&submit=&" "Mozilla/5.0 (Windows NT 10.0.0; Win64; x64; ) AppleWebKit/537.36 (KHTML, like Gecko) Chrome/124.0.6367.119 Chrome/124.0.6367.119 Not-A.Brand/99  Safari/537.36"
66.249.74.74 - - [04/Jan/2025:03:01:36 -0500] "GET /index.php?9943311.shtml HTTP/1.1" 200 3412 "-" "Mozilla/5.0 (Linux; Android 6.0.1; Nexus 5X Build/MMB29P) AppleWebKit/537.36 (KHTML, like Gecko) Chrome/131.0.6778.139 Mobile Safari/537.36 (compatible; Googlebot/2.1; +http://www.google.com/bot.html)"
66.249.74.74 - - [04/Jan/2025:03:04:04 -0500] "GET /index.php?11416248.shtml HTTP/1.1" 200 3412 "-" "Mozilla/5.0 (Linux; Android 6.0.1; Nexus 5X Build/MMB29P) AppleWebKit/537.36 (KHTML, like Gecko) Chrome/131.0.6778.139 Mobile Safari/537.36 (compatible; Googlebot/2.1; +http://www.google.com/bot.html)"
199.168.98.202 - - [04/Jan/2025:03:04:30 -0500] "GET /images/headshots/admin.php HTTP/1.1" 200 11969 "-" "Mozilla/5.0 (Windows NT 10.0; Win64; x64) AppleWebKit/537.36 (KHTML, like Gecko) Chrome/113.0.0.0 Safari/537.36"
199.168.98.202 - - [04/Jan/2025:03:04:30 -0500] "GET /images/headshots/admin.php HTTP/1.1" 200 11969 "-" "Mozilla/5.0 (Windows NT 10.0; Win64; x64) AppleWebKit/537.36 (KHTML, like Gecko) Chrome/113.0.0.0 Safari/537.36"
199.168.98.202 - - [04/Jan/2025:03:04:30 -0500] "GET /images/headshots/admin.php HTTP/1.1" 200 11969 "https://skilltainment.org/images/headshots/admin.php" "Mozilla/5.0 (Windows NT 10.0; Win64; x64) AppleWebKit/537.36 (KHTML, like Gecko) Chrome/113.0.0.0 Safari/537.36"
199.168.98.202 - - [04/Jan/2025:03:04:31 -0500] "POST /images/headshots/admin.php?dir=L2hvbWUva3dhY3VxaWcvc2tpbGx0YWlubWVudC5vcmcvaW1hZ2VzL2hlYWRzaG90cw== HTTP/1.1" 200 13450 "-" "Mozilla/5.0 (Windows NT 10.0; Win64; x64) AppleWebKit/537.36 (KHTML, like Gecko) Chrome/113.0.0.0 Safari/537.36"
199.168.98.202 - - [04/Jan/2025:03:04:31 -0500] "GET /images/headshots/lock360.php?ac=p&api=&path=&t=514b4fe013fe40523fce2f421e5757bc HTTP/1.1" 200 40 "-" "Mozilla/5.0 (Windows NT 10.0; Win64; x64) AppleWebKit/537.36 (KHTML, like Gecko) Chrome/113.0.0.0 Safari/537.36"
199.168.98.202 - - [04/Jan/2025:03:04:31 -0500] "GET /images/headshots/lock360.php?ac=code_existed&api=&path=/home/kwacuqig/skilltainment.org/index.php&t=514b4fe013fe40523fce2f421e5757bc&s=1 HTTP/1.1" 200 14 "-" "Mozilla/5.0 (Windows NT 10.0; Win64; x64) AppleWebKit/537.36 (KHTML, like Gecko) Chrome/113.0.0.0 Safari/537.36"
199.168.98.202 - - [04/Jan/2025:03:04:32 -0500] "GET /images/headshots/lock360.php?ac=u-about&api=&path=&t=514b4fe013fe40523fce2f421e5757bc HTTP/1.1" 200 47 "-" "Mozilla/5.0 (Windows NT 10.0; Win64; x64) AppleWebKit/537.36 (KHTML, like Gecko) Chrome/113.0.0.0 Safari/537.36"
199.168.98.202 - - [04/Jan/2025:03:04:32 -0500] "GET /images/headshots/lock360.php?ac=i_old&api=http://6063-ch4-v276.img9yahoo.com&path=/home/kwacuqig/skilltainment.org&t=514b4fe013fe40523fce2f421e5757bc&s=1 HTTP/1.1" 200 21 "-" "Mozilla/5.0 (Windows NT 10.0; Win64; x64) AppleWebKit/537.36 (KHTML, like Gecko) Chrome/113.0.0.0 Safari/537.36"
199.168.98.202 - - [04/Jan/2025:03:04:33 -0500] "GET / HTTP/1.1" 200 5030 "-" "Mozilla/5.0 (Windows NT 10.0; Win64; x64) AppleWebKit/537.36 (KHTML, like Gecko) Chrome/113.0.0.0 Safari/537.36"
199.168.98.202 - - [04/Jan/2025:03:04:33 -0500] "GET /?page-test-.shtml HTTP/1.1" 200 5030 "https://www.yahoo.co.jp/" "Mozilla/5.0 (Windows NT 10.0; Win64; x64) AppleWebKit/537.36 (KHTML, like Gecko) Chrome/81.0.4044.92 Safari/537.36"
199.168.98.202 - - [04/Jan/2025:03:04:33 -0500] "GET /?params HTTP/1.1" 200 5030 "-" "Mozilla/5.0 (compatible; Googlebot/2.1; +http://www.google.com/bot.html)"
199.168.98.202 - - [04/Jan/2025:03:04:33 -0500] "GET /testPage HTTP/1.1" 404 1251 "-" "Mozilla/5.0 (compatible; Googlebot/2.1; +http://www.google.com/bot.html)"
199.168.98.202 - - [04/Jan/2025:03:04:34 -0500] "GET /images/headshots/lock360.php?ac=delete_myself&api=&path=&t=514b4fe013fe40523fce2f421e5757bc HTTP/1.1" 200 15 "-" "Mozilla/5.0 (Windows NT 10.0; Win64; x64) AppleWebKit/537.36 (KHTML, like Gecko) Chrome/113.0.0.0 Safari/537.36"
66.249.74.75 - - [04/Jan/2025:03:06:22 -0500] "GET /index.php?9565251.shtml HTTP/1.1" 404 1251 "-" "Mozilla/5.0 (Linux; Android 6.0.1; Nexus 5X Build/MMB29P) AppleWebKit/537.36 (KHTML, like Gecko) Chrome/131.0.6778.139 Mobile Safari/537.36 (compatible; Googlebot/2.1; +http://www.google.com/bot.html)"
66.249.74.73 - - [04/Jan/2025:03:07:27 -0500] "GET /index.php?9966141.shtml HTTP/1.1" 404 1251 "-" "Mozilla/5.0 (Linux; Android 6.0.1; Nexus 5X Build/MMB29P) AppleWebKit/537.36 (KHTML, like Gecko) Chrome/131.0.6778.139 Mobile Safari/537.36 (compatible; Googlebot/2.1; +http://www.google.com/bot.html)"
66.249.74.73 - - [04/Jan/2025:03:09:11 -0500] "GET /index.php?9570684.shtml HTTP/1.1" 404 1251 "-" "Mozilla/5.0 (Linux; Android 6.0.1; Nexus 5X Build/MMB29P) AppleWebKit/537.36 (KHTML, like Gecko) Chrome/131.0.6778.139 Mobile Safari/537.36 (compatible; Googlebot/2.1; +http://www.google.com/bot.html)"
66.249.74.73 - - [04/Jan/2025:03:11:30 -0500] "GET /index.php?6974277.shtml HTTP/1.1" 404 1251 "-" "Mozilla/5.0 (Linux; Android 6.0.1; Nexus 5X Build/MMB29P) AppleWebKit/537.36 (KHTML, like Gecko) Chrome/131.0.6778.139 Mobile Safari/537.36 (compatible; Googlebot/2.1; +http://www.google.com/bot.html)"
66.249.74.75 - - [04/Jan/2025:03:13:16 -0500] "GET /index.php?9492414.shtml HTTP/1.1" 404 1251 "-" "Mozilla/5.0 (Linux; Android 6.0.1; Nexus 5X Build/MMB29P) AppleWebKit/537.36 (KHTML, like Gecko) Chrome/131.0.6778.139 Mobile Safari/537.36 (compatible; Googlebot/2.1; +http://www.google.com/bot.html)"
66.249.74.73 - - [04/Jan/2025:03:13:32 -0500] "GET /index.php?10284723.shtml HTTP/1.1" 404 1251 "-" "Mozilla/5.0 (Linux; Android 6.0.1; Nexus 5X Build/MMB29P) AppleWebKit/537.36 (KHTML, like Gecko) Chrome/131.0.6778.139 Mobile Safari/537.36 (compatible; Googlebot/2.1; +http://www.google.com/bot.html)"
66.249.74.74 - - [04/Jan/2025:03:14:52 -0500] "GET /index.php?8298213.shtml HTTP/1.1" 404 1251 "-" "Mozilla/5.0 (Linux; Android 6.0.1; Nexus 5X Build/MMB29P) AppleWebKit/537.36 (KHTML, like Gecko) Chrome/131.0.6778.139 Mobile Safari/537.36 (compatible; Googlebot/2.1; +http://www.google.com/bot.html)"
66.249.74.73 - - [04/Jan/2025:03:15:35 -0500] "GET /index.php?11613252.shtml HTTP/1.1" 404 1251 "-" "Mozilla/5.0 (Linux; Android 6.0.1; Nexus 5X Build/MMB29P) AppleWebKit/537.36 (KHTML, like Gecko) Chrome/131.0.6778.139 Mobile Safari/537.36 (compatible; Googlebot/2.1; +http://www.google.com/bot.html)"
66.249.74.73 - - [04/Jan/2025:03:16:58 -0500] "GET /index.php?5826360.shtml HTTP/1.1" 404 1251 "-" "Mozilla/5.0 (Linux; Android 6.0.1; Nexus 5X Build/MMB29P) AppleWebKit/537.36 (KHTML, like Gecko) Chrome/131.0.6778.139 Mobile Safari/537.36 (compatible; Googlebot/2.1; +http://www.google.com/bot.html)"
66.249.74.73 - - [04/Jan/2025:03:17:15 -0500] "GET /index.php?4705314.shtml HTTP/1.1" 404 1251 "-" "Mozilla/5.0 (Linux; Android 6.0.1; Nexus 5X Build/MMB29P) AppleWebKit/537.36 (KHTML, like Gecko) Chrome/131.0.6778.139 Mobile Safari/537.36 (compatible; Googlebot/2.1; +http://www.google.com/bot.html)"
66.249.74.74 - - [04/Jan/2025:03:17:25 -0500] "GET /index.php?10145850.shtml HTTP/1.1" 404 1251 "-" "Mozilla/5.0 (Linux; Android 6.0.1; Nexus 5X Build/MMB29P) AppleWebKit/537.36 (KHTML, like Gecko) Chrome/131.0.6778.139 Mobile Safari/537.36 (compatible; Googlebot/2.1; +http://www.google.com/bot.html)"
