����JFIF��H�H����Exif��MM�*���� ��3����V�����3������3�(��������������������3�����403WebShell
403Webshell
Server IP : 162.0.232.25  /  Your IP : 3.144.15.34
Web Server : LiteSpeed
System : Linux premium276.web-hosting.com 4.18.0-513.11.1.lve.el8.x86_64 #1 SMP Thu Jan 18 16:21:02 UTC 2024 x86_64
User : kwacuqig ( 988)
PHP Version : 8.2.26
Disable Function : NONE
MySQL : OFF  |  cURL : ON  |  WGET : ON  |  Perl : ON  |  Python : ON  |  Sudo : OFF  |  Pkexec : OFF
Directory :  /home/kwacuqig/access-logs/

Upload File :
current_dir [ Writeable ] document_root [ Writeable ]

 

Command :


[ Back ]     

Current File : /home/kwacuqig/access-logs/skilltainment.org.kwachamusic.com-ssl_log
66.249.74.74 - - [03/Jan/2025:07:15:44 -0500] "GET /index.php?9707718.shtml HTTP/1.1" 200 3412 "-" "Mozilla/5.0 (compatible; Googlebot/2.1; +http://www.google.com/bot.html)"
66.249.74.75 - - [03/Jan/2025:07:16:37 -0500] "GET /index.php?4042413.shtml HTTP/1.1" 200 3412 "-" "Mozilla/5.0 (compatible; Googlebot/2.1; +http://www.google.com/bot.html)"
101.32.208.70 - - [03/Jan/2025:07:17:46 -0500] "GET / HTTP/1.1" 200 4202 "http://skilltainment.org" "Mozilla/5.0 (iPhone; CPU iPhone OS 13_2_3 like Mac OS X) AppleWebKit/605.1.15 (KHTML, like Gecko) Version/13.0.3 Mobile/15E148 Safari/604.1"
66.249.74.75 - - [03/Jan/2025:07:18:45 -0500] "GET /index.php?6497412.shtml HTTP/1.1" 200 3412 "-" "Mozilla/5.0 (compatible; Googlebot/2.1; +http://www.google.com/bot.html)"
66.249.74.75 - - [03/Jan/2025:07:21:45 -0500] "GET /index.php?5012622.shtml HTTP/1.1" 200 3412 "-" "Mozilla/5.0 (compatible; Googlebot/2.1; +http://www.google.com/bot.html)"
66.249.74.73 - - [03/Jan/2025:07:24:45 -0500] "GET /index.php?5150259.shtml HTTP/1.1" 200 3412 "-" "Mozilla/5.0 (compatible; Googlebot/2.1; +http://www.google.com/bot.html)"
66.249.74.75 - - [03/Jan/2025:07:25:34 -0500] "GET /index.php?7263693.shtml HTTP/1.1" 200 3412 "-" "Mozilla/5.0 (Linux; Android 6.0.1; Nexus 5X Build/MMB29P) AppleWebKit/537.36 (KHTML, like Gecko) Chrome/131.0.6778.139 Mobile Safari/537.36 (compatible; Googlebot/2.1; +http://www.google.com/bot.html)"
66.249.74.74 - - [03/Jan/2025:07:25:48 -0500] "GET /index.php?6291087.shtml HTTP/1.1" 200 3412 "-" "Mozilla/5.0 (compatible; Googlebot/2.1; +http://www.google.com/bot.html)"
66.249.74.75 - - [03/Jan/2025:07:28:43 -0500] "GET /index.php?4164051.shtml HTTP/1.1" 200 3412 "-" "Mozilla/5.0 (compatible; Googlebot/2.1; +http://www.google.com/bot.html)"
66.249.74.74 - - [03/Jan/2025:07:31:44 -0500] "GET /index.php?10980447.shtml HTTP/1.1" 200 3412 "-" "Mozilla/5.0 (compatible; Googlebot/2.1; +http://www.google.com/bot.html)"
66.249.74.73 - - [03/Jan/2025:07:33:30 -0500] "GET /index.php?11762256.shtml HTTP/1.1" 200 3412 "-" "Mozilla/5.0 (compatible; Googlebot/2.1; +http://www.google.com/bot.html)"
66.249.74.73 - - [03/Jan/2025:07:33:42 -0500] "GET /index.php?7506309.shtml HTTP/1.1" 200 3412 "-" "Mozilla/5.0 (Linux; Android 6.0.1; Nexus 5X Build/MMB29P) AppleWebKit/537.36 (KHTML, like Gecko) Chrome/131.0.6778.139 Mobile Safari/537.36 (compatible; Googlebot/2.1; +http://www.google.com/bot.html)"
66.249.74.73 - - [03/Jan/2025:07:34:38 -0500] "GET /index.php?7045554.shtml HTTP/1.1" 200 3413 "-" "Mozilla/5.0 (compatible; Googlebot/2.1; +http://www.google.com/bot.html)"
66.249.74.75 - - [03/Jan/2025:07:37:24 -0500] "GET /index.php?8521971.shtml HTTP/1.1" 200 3412 "-" "Mozilla/5.0 (compatible; Googlebot/2.1; +http://www.google.com/bot.html)"
66.249.74.74 - - [03/Jan/2025:07:38:15 -0500] "GET /index.php?12248049.shtml HTTP/1.1" 200 3412 "-" "Mozilla/5.0 (Linux; Android 6.0.1; Nexus 5X Build/MMB29P) AppleWebKit/537.36 (KHTML, like Gecko) Chrome/131.0.6778.139 Mobile Safari/537.36 (compatible; Googlebot/2.1; +http://www.google.com/bot.html)"
66.249.74.73 - - [03/Jan/2025:07:40:15 -0500] "GET /index.php?8318973.shtml HTTP/1.1" 200 3412 "-" "Mozilla/5.0 (compatible; Googlebot/2.1; +http://www.google.com/bot.html)"
66.249.74.75 - - [03/Jan/2025:07:42:27 -0500] "GET /index.php?3848160.shtml HTTP/1.1" 200 3413 "-" "Mozilla/5.0 (Linux; Android 6.0.1; Nexus 5X Build/MMB29P) AppleWebKit/537.36 (KHTML, like Gecko) Chrome/131.0.6778.139 Mobile Safari/537.36 (compatible; Googlebot/2.1; +http://www.google.com/bot.html)"
66.249.74.75 - - [03/Jan/2025:07:43:16 -0500] "GET /index.php?9683178.shtml HTTP/1.1" 200 3413 "-" "Mozilla/5.0 (compatible; Googlebot/2.1; +http://www.google.com/bot.html)"
66.249.74.75 - - [03/Jan/2025:07:46:16 -0500] "GET /index.php?6494712.shtml HTTP/1.1" 200 3412 "-" "Mozilla/5.0 (compatible; Googlebot/2.1; +http://www.google.com/bot.html)"
66.249.74.74 - - [03/Jan/2025:07:49:16 -0500] "GET /index.php?4144293.shtml HTTP/1.1" 200 3412 "-" "Mozilla/5.0 (compatible; Googlebot/2.1; +http://www.google.com/bot.html)"
66.249.74.75 - - [03/Jan/2025:07:50:06 -0500] "GET /css/font-awesome/css/all.min7359.css?ver=1.2.0 HTTP/1.1" 200 12384 "https://skilltainment.org/index.php?3822645.shtml" "Mozilla/5.0 (Linux; Android 6.0.1; Nexus 5X Build/MMB29P) AppleWebKit/537.36 (KHTML, like Gecko) Chrome/131.0.6778.139 Mobile Safari/537.36 (compatible; Googlebot/2.1; +http://www.google.com/bot.html)"
66.249.74.73 - - [03/Jan/2025:07:50:30 -0500] "GET /index.php?10137237.shtml HTTP/1.1" 200 3412 "-" "Mozilla/5.0 (Linux; Android 6.0.1; Nexus 5X Build/MMB29P) AppleWebKit/537.36 (KHTML, like Gecko) Chrome/131.0.6778.139 Mobile Safari/537.36 (compatible; Googlebot/2.1; +http://www.google.com/bot.html)"
66.249.74.74 - - [03/Jan/2025:07:50:32 -0500] "GET /index.php?7499862.shtml HTTP/1.1" 200 3412 "-" "Mozilla/5.0 (Linux; Android 6.0.1; Nexus 5X Build/MMB29P) AppleWebKit/537.36 (KHTML, like Gecko) Chrome/131.0.6778.139 Mobile Safari/537.36 (compatible; Googlebot/2.1; +http://www.google.com/bot.html)"
66.249.74.73 - - [03/Jan/2025:07:50:33 -0500] "GET /index.php?7719021.shtml HTTP/1.1" 200 3412 "-" "Mozilla/5.0 (Linux; Android 6.0.1; Nexus 5X Build/MMB29P) AppleWebKit/537.36 (KHTML, like Gecko) Chrome/131.0.6778.139 Mobile Safari/537.36 (compatible; Googlebot/2.1; +http://www.google.com/bot.html)"
66.249.74.73 - - [03/Jan/2025:07:50:36 -0500] "GET /index.php?11790108.shtml HTTP/1.1" 200 3412 "-" "Mozilla/5.0 (Linux; Android 6.0.1; Nexus 5X Build/MMB29P) AppleWebKit/537.36 (KHTML, like Gecko) Chrome/131.0.6778.139 Mobile Safari/537.36 (compatible; Googlebot/2.1; +http://www.google.com/bot.html)"
66.249.74.73 - - [03/Jan/2025:07:50:38 -0500] "GET /index.php?3567726.shtml HTTP/1.1" 200 3412 "-" "Mozilla/5.0 (Linux; Android 6.0.1; Nexus 5X Build/MMB29P) AppleWebKit/537.36 (KHTML, like Gecko) Chrome/131.0.6778.139 Mobile Safari/537.36 (compatible; Googlebot/2.1; +http://www.google.com/bot.html)"
91.90.44.23 - - [03/Jan/2025:07:50:44 -0500] "GET /index.php?4069203.shtml= HTTP/1.1" 200 3412 "-" "Mozilla/5.0 (Windows NT 10.0; Win64; x64) AppleWebKit/537.36 (KHTML, like Gecko) Chrome/125.0.0.0 Safari/537.36"
66.249.74.75 - - [03/Jan/2025:07:52:17 -0500] "GET /index.php?9659625.shtml HTTP/1.1" 200 3412 "-" "Mozilla/5.0 (compatible; Googlebot/2.1; +http://www.google.com/bot.html)"
66.249.74.74 - - [03/Jan/2025:07:52:47 -0500] "GET /index.php?7155465.shtml HTTP/1.1" 200 3412 "-" "Mozilla/5.0 (Linux; Android 6.0.1; Nexus 5X Build/MMB29P) AppleWebKit/537.36 (KHTML, like Gecko) Chrome/131.0.6778.139 Mobile Safari/537.36 (compatible; Googlebot/2.1; +http://www.google.com/bot.html)"
66.249.74.73 - - [03/Jan/2025:07:52:49 -0500] "GET /index.php?3776028.shtml HTTP/1.1" 200 3412 "-" "Mozilla/5.0 (Linux; Android 6.0.1; Nexus 5X Build/MMB29P) AppleWebKit/537.36 (KHTML, like Gecko) Chrome/131.0.6778.139 Mobile Safari/537.36 (compatible; Googlebot/2.1; +http://www.google.com/bot.html)"
66.249.74.74 - - [03/Jan/2025:07:52:51 -0500] "GET /index.php?8381727.shtml HTTP/1.1" 200 3412 "-" "Mozilla/5.0 (Linux; Android 6.0.1; Nexus 5X Build/MMB29P) AppleWebKit/537.36 (KHTML, like Gecko) Chrome/131.0.6778.139 Mobile Safari/537.36 (compatible; Googlebot/2.1; +http://www.google.com/bot.html)"
66.249.74.73 - - [03/Jan/2025:07:52:52 -0500] "GET /index.php?6631806.shtml HTTP/1.1" 200 3412 "-" "Mozilla/5.0 (Linux; Android 6.0.1; Nexus 5X Build/MMB29P) AppleWebKit/537.36 (KHTML, like Gecko) Chrome/131.0.6778.139 Mobile Safari/537.36 (compatible; Googlebot/2.1; +http://www.google.com/bot.html)"
66.249.74.73 - - [03/Jan/2025:07:53:40 -0500] "GET /css/font-awesome/css/all.min7359.css?ver=1.2.0 HTTP/1.1" 200 12384 "https://skilltainment.org/index.php?8381727.shtml" "Mozilla/5.0 (Linux; Android 6.0.1; Nexus 5X Build/MMB29P) AppleWebKit/537.36 (KHTML, like Gecko) Chrome/131.0.6778.139 Mobile Safari/537.36 (compatible; Googlebot/2.1; +http://www.google.com/bot.html)"
66.249.74.73 - - [03/Jan/2025:07:55:17 -0500] "GET /index.php?11535216.shtml HTTP/1.1" 200 3413 "-" "Mozilla/5.0 (compatible; Googlebot/2.1; +http://www.google.com/bot.html)"
66.249.74.73 - - [03/Jan/2025:07:58:13 -0500] "GET /index.php?6452637.shtml HTTP/1.1" 200 3413 "-" "Mozilla/5.0 (compatible; Googlebot/2.1; +http://www.google.com/bot.html)"
66.249.74.75 - - [03/Jan/2025:07:59:50 -0500] "GET /index.php?8725932.shtml HTTP/1.1" 200 3412 "-" "Mozilla/5.0 (Linux; Android 6.0.1; Nexus 5X Build/MMB29P) AppleWebKit/537.36 (KHTML, like Gecko) Chrome/131.0.6778.139 Mobile Safari/537.36 (compatible; Googlebot/2.1; +http://www.google.com/bot.html)"
66.249.74.74 - - [03/Jan/2025:08:01:13 -0500] "GET /index.php?10437519.shtml HTTP/1.1" 200 3413 "-" "Mozilla/5.0 (compatible; Googlebot/2.1; +http://www.google.com/bot.html)"
66.249.74.75 - - [03/Jan/2025:08:04:03 -0500] "GET /index.php?4489731.shtml HTTP/1.1" 200 3412 "-" "Mozilla/5.0 (compatible; Googlebot/2.1; +http://www.google.com/bot.html)"
66.249.74.75 - - [03/Jan/2025:08:06:54 -0500] "GET /index.php?7717449.shtml HTTP/1.1" 200 3412 "-" "Mozilla/5.0 (Linux; Android 6.0.1; Nexus 5X Build/MMB29P) AppleWebKit/537.36 (KHTML, like Gecko) Chrome/131.0.6778.139 Mobile Safari/537.36 (compatible; Googlebot/2.1; +http://www.google.com/bot.html)"
66.249.74.74 - - [03/Jan/2025:08:07:04 -0500] "GET /index.php?10146459.shtml HTTP/1.1" 200 3412 "-" "Mozilla/5.0 (compatible; Googlebot/2.1; +http://www.google.com/bot.html)"
66.249.74.73 - - [03/Jan/2025:08:09:54 -0500] "GET /index.php?9166614.shtml HTTP/1.1" 200 3412 "-" "Mozilla/5.0 (compatible; Googlebot/2.1; +http://www.google.com/bot.html)"
66.249.74.75 - - [03/Jan/2025:08:12:54 -0500] "GET /index.php?6847008.shtml HTTP/1.1" 200 3412 "-" "Mozilla/5.0 (compatible; Googlebot/2.1; +http://www.google.com/bot.html)"
66.249.74.73 - - [03/Jan/2025:08:15:47 -0500] "GET /index.php?6569544.shtml HTTP/1.1" 200 3412 "-" "Mozilla/5.0 (compatible; Googlebot/2.1; +http://www.google.com/bot.html)"
43.201.62.231 - - [03/Jan/2025:08:16:16 -0500] "GET /index.php?6841374.shtml=%27nvOpzp;%20AND%201=1%20OR%20(%3C%27%22%3EiKO)), HTTP/1.1" 200 3412 "-" "-"
66.249.74.73 - - [03/Jan/2025:08:16:31 -0500] "GET /index.php?9685626.shtml HTTP/1.1" 200 3412 "-" "Mozilla/5.0 (Linux; Android 6.0.1; Nexus 5X Build/MMB29P) AppleWebKit/537.36 (KHTML, like Gecko) Chrome/131.0.6778.139 Mobile Safari/537.36 (compatible; Googlebot/2.1; +http://www.google.com/bot.html)"
66.249.74.74 - - [03/Jan/2025:08:18:32 -0500] "GET /css/ekko-lightbox7359.css?ver=1.2.0 HTTP/1.1" 200 487 "https://skilltainment.org/index.php?6569544.shtml" "Mozilla/5.0 AppleWebKit/537.36 (KHTML, like Gecko; compatible; Googlebot/2.1; +http://www.google.com/bot.html) Chrome/131.0.6778.139 Safari/537.36"
66.249.74.73 - - [03/Jan/2025:08:18:37 -0500] "GET /index.php?11428854.shtml HTTP/1.1" 200 3412 "-" "Mozilla/5.0 (compatible; Googlebot/2.1; +http://www.google.com/bot.html)"
66.249.74.75 - - [03/Jan/2025:08:21:37 -0500] "GET /index.php?7489854.shtml HTTP/1.1" 200 3412 "-" "Mozilla/5.0 (compatible; Googlebot/2.1; +http://www.google.com/bot.html)"
117.33.163.216 - - [03/Jan/2025:08:24:36 -0500] "GET / HTTP/1.1" 200 4202 "http://www.skilltainment.org" "Mozilla/5.0 (iPhone; CPU iPhone OS 13_2_3 like Mac OS X) AppleWebKit/605.1.15 (KHTML, like Gecko) Version/13.0.3 Mobile/15E148 Safari/604.1"
66.249.74.75 - - [03/Jan/2025:08:24:38 -0500] "GET /index.php?10272396.shtml HTTP/1.1" 200 3412 "-" "Mozilla/5.0 (compatible; Googlebot/2.1; +http://www.google.com/bot.html)"
43.201.62.231 - - [03/Jan/2025:08:25:28 -0500] "GET /index.php?8527038.shtml=%27nvOpzp;%20AND%201=1%20OR%20(%3C%27%22%3EiKO)), HTTP/1.1" 200 3412 "-" "-"
66.249.74.74 - - [03/Jan/2025:08:27:11 -0500] "GET /index.php?7075587.shtml HTTP/1.1" 200 3413 "-" "Mozilla/5.0 (compatible; Googlebot/2.1; +http://www.google.com/bot.html)"
66.249.74.75 - - [03/Jan/2025:08:28:12 -0500] "GET /index.php?4416582.shtml HTTP/1.1" 200 3412 "-" "Mozilla/5.0 (compatible; Googlebot/2.1; +http://www.google.com/bot.html)"
66.249.74.73 - - [03/Jan/2025:08:29:06 -0500] "GET /index.php?8523399.shtml HTTP/1.1" 200 3412 "-" "Mozilla/5.0 (compatible; Googlebot/2.1; +http://www.google.com/bot.html)"
66.249.74.73 - - [03/Jan/2025:08:30:35 -0500] "GET /index.php?4241310.shtml HTTP/1.1" 200 3412 "-" "Mozilla/5.0 (compatible; Googlebot/2.1; +http://www.google.com/bot.html)"
66.249.74.74 - - [03/Jan/2025:08:32:19 -0500] "GET /index.php?6354819.shtml HTTP/1.1" 200 3412 "-" "Mozilla/5.0 (compatible; Googlebot/2.1; +http://www.google.com/bot.html)"
42.83.147.54 - - [03/Jan/2025:08:32:36 -0500] "GET / HTTP/1.1" 200 4202 "-" "Mozilla/5.0 (Windows NT 6.1; Win64; x64) AppleWebKit/537.36 (KHTML, like Gecko)Chrome/74.0.3729.169 Safari/537.36"
66.249.74.73 - - [03/Jan/2025:08:33:56 -0500] "GET /index.php?10982985.shtml HTTP/1.1" 200 3412 "-" "Mozilla/5.0 (compatible; Googlebot/2.1; +http://www.google.com/bot.html)"
66.249.74.73 - - [03/Jan/2025:08:35:48 -0500] "GET /index.php?10861863.shtml HTTP/1.1" 200 3412 "-" "Mozilla/5.0 (compatible; Googlebot/2.1; +http://www.google.com/bot.html)"
66.249.74.73 - - [03/Jan/2025:08:38:27 -0500] "GET /index.php?7532928.shtml HTTP/1.1" 200 3412 "-" "Mozilla/5.0 (Linux; Android 6.0.1; Nexus 5X Build/MMB29P) AppleWebKit/537.36 (KHTML, like Gecko) Chrome/131.0.6778.139 Mobile Safari/537.36 (compatible; Googlebot/2.1; +http://www.google.com/bot.html)"
66.249.74.74 - - [03/Jan/2025:08:38:42 -0500] "GET /index.php?4554969.shtml HTTP/1.1" 200 3412 "-" "Mozilla/5.0 (compatible; Googlebot/2.1; +http://www.google.com/bot.html)"
66.249.74.73 - - [03/Jan/2025:08:38:45 -0500] "GET /index.php?9407076.shtml HTTP/1.1" 200 3412 "-" "Mozilla/5.0 (Linux; Android 6.0.1; Nexus 5X Build/MMB29P) AppleWebKit/537.36 (KHTML, like Gecko) Chrome/131.0.6778.139 Mobile Safari/537.36 (compatible; Googlebot/2.1; +http://www.google.com/bot.html)"
66.249.74.73 - - [03/Jan/2025:08:39:15 -0500] "GET /index.php?9491448.shtml HTTP/1.1" 200 3412 "-" "Mozilla/5.0 (Linux; Android 6.0.1; Nexus 5X Build/MMB29P) AppleWebKit/537.36 (KHTML, like Gecko) Chrome/131.0.6778.139 Mobile Safari/537.36 (compatible; Googlebot/2.1; +http://www.google.com/bot.html)"
66.249.74.75 - - [03/Jan/2025:08:39:17 -0500] "GET /index.php?10576755.shtml HTTP/1.1" 200 3412 "-" "Mozilla/5.0 (Linux; Android 6.0.1; Nexus 5X Build/MMB29P) AppleWebKit/537.36 (KHTML, like Gecko) Chrome/131.0.6778.139 Mobile Safari/537.36 (compatible; Googlebot/2.1; +http://www.google.com/bot.html)"
66.249.74.74 - - [03/Jan/2025:08:41:42 -0500] "GET /index.php?6606753.shtml HTTP/1.1" 200 3413 "-" "Mozilla/5.0 (compatible; Googlebot/2.1; +http://www.google.com/bot.html)"
66.249.74.73 - - [03/Jan/2025:08:41:54 -0500] "GET /index.php?6540387.shtml HTTP/1.1" 200 3412 "-" "Mozilla/5.0 (Linux; Android 6.0.1; Nexus 5X Build/MMB29P) AppleWebKit/537.36 (KHTML, like Gecko) Chrome/131.0.6778.139 Mobile Safari/537.36 (compatible; Googlebot/2.1; +http://www.google.com/bot.html)"
66.249.74.75 - - [03/Jan/2025:08:42:05 -0500] "GET /index.php?9363657.shtml HTTP/1.1" 200 3412 "-" "Mozilla/5.0 (compatible; Googlebot/2.1; +http://www.google.com/bot.html)"
66.249.74.74 - - [03/Jan/2025:08:42:59 -0500] "GET /index.php?8579754.shtml HTTP/1.1" 200 3413 "-" "Mozilla/5.0 (Linux; Android 6.0.1; Nexus 5X Build/MMB29P) AppleWebKit/537.36 (KHTML, like Gecko) Chrome/131.0.6778.139 Mobile Safari/537.36 (compatible; Googlebot/2.1; +http://www.google.com/bot.html)"
66.249.74.75 - - [03/Jan/2025:08:43:19 -0500] "GET /index.php?5581425.shtml HTTP/1.1" 200 3412 "-" "Mozilla/5.0 (Linux; Android 6.0.1; Nexus 5X Build/MMB29P) AppleWebKit/537.36 (KHTML, like Gecko) Chrome/131.0.6778.139 Mobile Safari/537.36 (compatible; Googlebot/2.1; +http://www.google.com/bot.html)"
66.249.74.75 - - [03/Jan/2025:08:44:07 -0500] "GET /index.php?7145196.shtml HTTP/1.1" 200 3412 "-" "Mozilla/5.0 (Linux; Android 6.0.1; Nexus 5X Build/MMB29P) AppleWebKit/537.36 (KHTML, like Gecko) Chrome/131.0.6778.139 Mobile Safari/537.36 (compatible; Googlebot/2.1; +http://www.google.com/bot.html)"
66.249.74.73 - - [03/Jan/2025:08:44:52 -0500] "GET /index.php?4374957.shtml HTTP/1.1" 200 3413 "-" "Mozilla/5.0 (compatible; Googlebot/2.1; +http://www.google.com/bot.html)"
66.249.74.73 - - [03/Jan/2025:08:45:15 -0500] "GET /index.php?5230335.shtml HTTP/1.1" 200 3413 "-" "Mozilla/5.0 (Linux; Android 6.0.1; Nexus 5X Build/MMB29P) AppleWebKit/537.36 (KHTML, like Gecko) Chrome/131.0.6778.139 Mobile Safari/537.36 (compatible; Googlebot/2.1; +http://www.google.com/bot.html)"
66.249.74.74 - - [03/Jan/2025:08:45:55 -0500] "GET /index.php?7618818.shtml HTTP/1.1" 200 3412 "-" "Mozilla/5.0 (Linux; Android 6.0.1; Nexus 5X Build/MMB29P) AppleWebKit/537.36 (KHTML, like Gecko) Chrome/131.0.6778.139 Mobile Safari/537.36 (compatible; Googlebot/2.1; +http://www.google.com/bot.html)"
66.249.74.73 - - [03/Jan/2025:08:46:21 -0500] "GET /index.php?5062221.shtml HTTP/1.1" 200 3413 "-" "Mozilla/5.0 (Linux; Android 6.0.1; Nexus 5X Build/MMB29P) AppleWebKit/537.36 (KHTML, like Gecko) Chrome/131.0.6778.139 Mobile Safari/537.36 (compatible; Googlebot/2.1; +http://www.google.com/bot.html)"
66.249.74.73 - - [03/Jan/2025:08:47:01 -0500] "GET /index.php?3734181.shtml HTTP/1.1" 200 3412 "-" "Mozilla/5.0 (compatible; Googlebot/2.1; +http://www.google.com/bot.html)"
66.249.74.74 - - [03/Jan/2025:08:48:23 -0500] "GET /index.php?3972735.shtml HTTP/1.1" 200 3412 "-" "Mozilla/5.0 (Linux; Android 6.0.1; Nexus 5X Build/MMB29P) AppleWebKit/537.36 (KHTML, like Gecko) Chrome/131.0.6778.139 Mobile Safari/537.36 (compatible; Googlebot/2.1; +http://www.google.com/bot.html)"
66.249.74.73 - - [03/Jan/2025:08:48:39 -0500] "GET /index.php?7318242.shtml HTTP/1.1" 200 3412 "-" "Mozilla/5.0 (compatible; Googlebot/2.1; +http://www.google.com/bot.html)"
66.249.74.75 - - [03/Jan/2025:08:49:19 -0500] "GET /index.php?6440415.shtml HTTP/1.1" 200 3413 "-" "Mozilla/5.0 (Linux; Android 6.0.1; Nexus 5X Build/MMB29P) AppleWebKit/537.36 (KHTML, like Gecko) Chrome/131.0.6778.139 Mobile Safari/537.36 (compatible; Googlebot/2.1; +http://www.google.com/bot.html)"
66.249.74.73 - - [03/Jan/2025:08:49:35 -0500] "GET /index.php?6690102.shtml HTTP/1.1" 200 3412 "-" "Mozilla/5.0 (Linux; Android 6.0.1; Nexus 5X Build/MMB29P) AppleWebKit/537.36 (KHTML, like Gecko) Chrome/131.0.6778.139 Mobile Safari/537.36 (compatible; Googlebot/2.1; +http://www.google.com/bot.html)"
66.249.74.73 - - [03/Jan/2025:08:51:10 -0500] "GET /index.php?10933542.shtml HTTP/1.1" 200 3413 "-" "Mozilla/5.0 (compatible; Googlebot/2.1; +http://www.google.com/bot.html)"
66.249.74.74 - - [03/Jan/2025:08:51:19 -0500] "GET /index.php?9985251.shtml HTTP/1.1" 200 3412 "-" "Mozilla/5.0 (compatible; Googlebot/2.1; +http://www.google.com/bot.html)"
66.249.74.73 - - [03/Jan/2025:08:53:38 -0500] "GET /index.php?9904014.shtml HTTP/1.1" 200 3412 "-" "Mozilla/5.0 (compatible; Googlebot/2.1; +http://www.google.com/bot.html)"
66.249.74.73 - - [03/Jan/2025:08:55:01 -0500] "GET /index.php?8071062.shtml HTTP/1.1" 200 3412 "-" "Mozilla/5.0 (compatible; Googlebot/2.1; +http://www.google.com/bot.html)"
66.249.74.73 - - [03/Jan/2025:08:55:45 -0500] "GET /index.php?10807035.shtml HTTP/1.1" 200 3412 "-" "Mozilla/5.0 (Linux; Android 6.0.1; Nexus 5X Build/MMB29P) AppleWebKit/537.36 (KHTML, like Gecko) Chrome/131.0.6778.139 Mobile Safari/537.36 (compatible; Googlebot/2.1; +http://www.google.com/bot.html)"
66.249.74.73 - - [03/Jan/2025:08:58:02 -0500] "GET /index.php?7257525.shtml HTTP/1.1" 200 3412 "-" "Mozilla/5.0 (compatible; Googlebot/2.1; +http://www.google.com/bot.html)"
66.249.74.75 - - [03/Jan/2025:08:59:42 -0500] "GET /index.php?6830160.shtml HTTP/1.1" 200 3412 "-" "Mozilla/5.0 (compatible; Googlebot/2.1; +http://www.google.com/bot.html)"
66.249.74.73 - - [03/Jan/2025:08:59:51 -0500] "GET /index.php?6817002.shtml HTTP/1.1" 200 3412 "-" "Mozilla/5.0 (compatible; Googlebot/2.1; +http://www.google.com/bot.html)"
66.249.74.74 - - [03/Jan/2025:09:01:06 -0500] "GET /index.php?6245679.shtml HTTP/1.1" 200 3413 "-" "Mozilla/5.0 (compatible; Googlebot/2.1; +http://www.google.com/bot.html)"
66.249.74.74 - - [03/Jan/2025:09:02:20 -0500] "GET /index.php?10742088.shtml HTTP/1.1" 200 3413 "-" "Mozilla/5.0 (compatible; Googlebot/2.1; +http://www.google.com/bot.html)"
66.249.74.73 - - [03/Jan/2025:09:02:40 -0500] "GET /index.php?8173383.shtml HTTP/1.1" 200 3412 "-" "Mozilla/5.0 (compatible; Googlebot/2.1; +http://www.google.com/bot.html)"
66.249.74.74 - - [03/Jan/2025:09:04:47 -0500] "GET /index.php?7721043.shtml HTTP/1.1" 200 3413 "-" "Mozilla/5.0 (Linux; Android 6.0.1; Nexus 5X Build/MMB29P) AppleWebKit/537.36 (KHTML, like Gecko) Chrome/131.0.6778.139 Mobile Safari/537.36 (compatible; Googlebot/2.1; +http://www.google.com/bot.html)"
66.249.74.74 - - [03/Jan/2025:09:05:35 -0500] "GET /index.php?8701731.shtml HTTP/1.1" 200 3412 "-" "Mozilla/5.0 (compatible; Googlebot/2.1; +http://www.google.com/bot.html)"
66.249.74.73 - - [03/Jan/2025:09:06:55 -0500] "GET /index.php?8238933.shtml HTTP/1.1" 200 3412 "-" "Mozilla/5.0 (Linux; Android 6.0.1; Nexus 5X Build/MMB29P) AppleWebKit/537.36 (KHTML, like Gecko) Chrome/131.0.6778.139 Mobile Safari/537.36 (compatible; Googlebot/2.1; +http://www.google.com/bot.html)"
66.249.74.75 - - [03/Jan/2025:09:08:28 -0500] "GET /index.php?10427622.shtml HTTP/1.1" 200 3413 "-" "Mozilla/5.0 (compatible; Googlebot/2.1; +http://www.google.com/bot.html)"
66.249.74.75 - - [03/Jan/2025:09:09:36 -0500] "GET /index.php?11440836.shtml HTTP/1.1" 200 3412 "-" "Mozilla/5.0 (compatible; Googlebot/2.1; +http://www.google.com/bot.html)"
66.249.74.73 - - [03/Jan/2025:09:11:29 -0500] "GET /index.php?11199840.shtml HTTP/1.1" 200 3412 "-" "Mozilla/5.0 (Linux; Android 6.0.1; Nexus 5X Build/MMB29P) AppleWebKit/537.36 (KHTML, like Gecko) Chrome/131.0.6778.139 Mobile Safari/537.36 (compatible; Googlebot/2.1; +http://www.google.com/bot.html)"
66.249.74.74 - - [03/Jan/2025:09:12:41 -0500] "GET /index.php?4010466.shtml HTTP/1.1" 200 3412 "-" "Mozilla/5.0 (compatible; Googlebot/2.1; +http://www.google.com/bot.html)"
66.249.74.75 - - [03/Jan/2025:09:13:36 -0500] "GET /index.php?6830631.shtml HTTP/1.1" 200 3413 "-" "Mozilla/5.0 (compatible; Googlebot/2.1; +http://www.google.com/bot.html)"
66.249.74.73 - - [03/Jan/2025:09:15:28 -0500] "GET /index.php?12356403.shtml HTTP/1.1" 200 3412 "-" "Mozilla/5.0 (compatible; Googlebot/2.1; +http://www.google.com/bot.html)"
34.143.160.89 - - [03/Jan/2025:09:16:11 -0500] "GET /admin HTTP/1.1" 404 1251 "-" "Mozilla/5.0 (iPhone; CPU iPhone OS 14_7_1 like Mac OS X) AppleWebKit/605.1.15 (KHTML, like Gecko) Version/14.1.2 Mobile/15E148 Safari/604.1 (compatible; AdsBot-Google-Mobile; +http://www.google.com/mobile/adsbot.html)"
66.249.74.75 - - [03/Jan/2025:09:16:53 -0500] "GET /index.php?12348714.shtml HTTP/1.1" 200 3412 "-" "Mozilla/5.0 (compatible; Googlebot/2.1; +http://www.google.com/bot.html)"
66.249.74.73 - - [03/Jan/2025:09:17:05 -0500] "GET /index.php?11023290.shtml HTTP/1.1" 200 3412 "-" "Mozilla/5.0 (Linux; Android 6.0.1; Nexus 5X Build/MMB29P) AppleWebKit/537.36 (KHTML, like Gecko) Chrome/131.0.6778.139 Mobile Safari/537.36 (compatible; Googlebot/2.1; +http://www.google.com/bot.html)"
66.249.74.74 - - [03/Jan/2025:09:19:54 -0500] "GET /index.php?9581268.shtml HTTP/1.1" 200 3413 "-" "Mozilla/5.0 (compatible; Googlebot/2.1; +http://www.google.com/bot.html)"
66.249.74.75 - - [03/Jan/2025:09:20:50 -0500] "GET /index.php?11383743.shtml HTTP/1.1" 200 3412 "-" "Mozilla/5.0 (compatible; Googlebot/2.1; +http://www.google.com/bot.html)"
66.249.74.74 - - [03/Jan/2025:09:20:54 -0500] "GET /index.php?9360705.shtml HTTP/1.1" 200 3412 "-" "Mozilla/5.0 (Linux; Android 6.0.1; Nexus 5X Build/MMB29P) AppleWebKit/537.36 (KHTML, like Gecko) Chrome/131.0.6778.139 Mobile Safari/537.36 (compatible; Googlebot/2.1; +http://www.google.com/bot.html)"
66.249.74.73 - - [03/Jan/2025:09:21:20 -0500] "GET /index.php?3474510.shtml HTTP/1.1" 200 3412 "-" "Mozilla/5.0 (Linux; Android 6.0.1; Nexus 5X Build/MMB29P) AppleWebKit/537.36 (KHTML, like Gecko) Chrome/131.0.6778.139 Mobile Safari/537.36 (compatible; Googlebot/2.1; +http://www.google.com/bot.html)"
66.249.74.74 - - [03/Jan/2025:09:24:06 -0500] "GET /index.php?8238462.shtml HTTP/1.1" 200 3412 "-" "Mozilla/5.0 (compatible; Googlebot/2.1; +http://www.google.com/bot.html)"
66.249.74.73 - - [03/Jan/2025:09:25:10 -0500] "GET /index.php?4182546.shtml HTTP/1.1" 200 3412 "-" "Mozilla/5.0 (compatible; Googlebot/2.1; +http://www.google.com/bot.html)"
66.249.74.73 - - [03/Jan/2025:09:25:43 -0500] "GET /index.php?5262111.shtml HTTP/1.1" 200 3412 "-" "Mozilla/5.0 (compatible; Googlebot/2.1; +http://www.google.com/bot.html)"
66.249.74.75 - - [03/Jan/2025:09:28:37 -0500] "GET /robots.txt HTTP/1.1" 404 1251 "-" "Mozilla/5.0 (compatible; Googlebot/2.1; +http://www.google.com/bot.html)"
66.249.74.75 - - [03/Jan/2025:09:28:37 -0500] "GET /index.php?5328345.shtml HTTP/1.1" 200 3413 "-" "Mozilla/5.0 (compatible; Googlebot/2.1; +http://www.google.com/bot.html)"
66.249.74.73 - - [03/Jan/2025:09:30:54 -0500] "GET /robots.txt HTTP/1.1" 404 1251 "-" "Mozilla/5.0 (compatible; Googlebot/2.1; +http://www.google.com/bot.html)"
66.249.74.75 - - [03/Jan/2025:09:31:37 -0500] "GET /index.php?11707671.shtml HTTP/1.1" 200 3413 "-" "Mozilla/5.0 (compatible; Googlebot/2.1; +http://www.google.com/bot.html)"
66.249.74.75 - - [03/Jan/2025:09:32:13 -0500] "GET /robots.txt HTTP/1.1" 404 1251 "-" "Mozilla/5.0 (compatible; Googlebot/2.1; +http://www.google.com/bot.html)"
66.249.74.75 - - [03/Jan/2025:09:32:13 -0500] "GET /index.php?10858665.shtml HTTP/1.1" 200 3412 "-" "Mozilla/5.0 (compatible; Googlebot/2.1; +http://www.google.com/bot.html)"
66.249.74.73 - - [03/Jan/2025:09:35:10 -0500] "GET /robots.txt HTTP/1.1" 404 1251 "-" "Mozilla/5.0 (compatible; Googlebot/2.1; +http://www.google.com/bot.html)"
66.249.74.73 - - [03/Jan/2025:09:35:50 -0500] "GET /index.php?10239915.shtml HTTP/1.1" 200 3412 "-" "Mozilla/5.0 (compatible; Googlebot/2.1; +http://www.google.com/bot.html)"
207.46.13.31 - - [03/Jan/2025:09:37:07 -0500] "GET /?rdtcv/c398803.html HTTP/1.1" 200 3412 "-" "Mozilla/5.0 AppleWebKit/537.36 (KHTML, like Gecko; compatible; bingbot/2.0; +http://www.bing.com/bingbot.htm) Chrome/116.0.1938.76 Safari/537.36"
66.249.74.74 - - [03/Jan/2025:09:37:52 -0500] "GET /robots.txt HTTP/1.1" 404 1251 "-" "Mozilla/5.0 (compatible; Googlebot/2.1; +http://www.google.com/bot.html)"
66.249.74.73 - - [03/Jan/2025:09:37:52 -0500] "GET /index.php?5132967.shtml HTTP/1.1" 200 3412 "-" "Mozilla/5.0 (compatible; Googlebot/2.1; +http://www.google.com/bot.html)"
66.249.74.74 - - [03/Jan/2025:09:39:55 -0500] "GET /index.php?9480549.shtml HTTP/1.1" 200 3412 "-" "Mozilla/5.0 (Linux; Android 6.0.1; Nexus 5X Build/MMB29P) AppleWebKit/537.36 (KHTML, like Gecko) Chrome/131.0.6778.139 Mobile Safari/537.36 (compatible; Googlebot/2.1; +http://www.google.com/bot.html)"
66.249.74.75 - - [03/Jan/2025:09:40:52 -0500] "GET /index.php?5455161.shtml HTTP/1.1" 200 3413 "-" "Mozilla/5.0 (compatible; Googlebot/2.1; +http://www.google.com/bot.html)"
66.249.74.73 - - [03/Jan/2025:09:40:53 -0500] "GET /index.php?9483417.shtml HTTP/1.1" 200 3412 "-" "Mozilla/5.0 (Linux; Android 6.0.1; Nexus 5X Build/MMB29P) AppleWebKit/537.36 (KHTML, like Gecko) Chrome/131.0.6778.139 Mobile Safari/537.36 (compatible; Googlebot/2.1; +http://www.google.com/bot.html)"
66.249.74.73 - - [03/Jan/2025:09:42:17 -0500] "GET /index.php?5694429.shtml HTTP/1.1" 200 3412 "-" "Mozilla/5.0 (compatible; Googlebot/2.1; +http://www.google.com/bot.html)"
66.249.74.73 - - [03/Jan/2025:09:42:48 -0500] "GET /index.php?5942619.shtml HTTP/1.1" 200 3413 "-" "Mozilla/5.0 (compatible; Googlebot/2.1; +http://www.google.com/bot.html)"
66.249.74.73 - - [03/Jan/2025:09:43:32 -0500] "GET /css/ekko-lightbox7359.css?ver=1.2.0 HTTP/1.1" 200 487 "https://skilltainment.org/index.php?5942619.shtml" "Mozilla/5.0 AppleWebKit/537.36 (KHTML, like Gecko; compatible; Googlebot/2.1; +http://www.google.com/bot.html) Chrome/131.0.6778.139 Safari/537.36"
66.249.74.74 - - [03/Jan/2025:09:43:33 -0500] "GET /index.php?9931314.shtml HTTP/1.1" 200 3413 "-" "Mozilla/5.0 (compatible; Googlebot/2.1; +http://www.google.com/bot.html)"
66.249.74.74 - - [03/Jan/2025:09:43:53 -0500] "GET /index.php?9443070.shtml HTTP/1.1" 200 3412 "-" "Mozilla/5.0 (Linux; Android 6.0.1; Nexus 5X Build/MMB29P) AppleWebKit/537.36 (KHTML, like Gecko) Chrome/131.0.6778.139 Mobile Safari/537.36 (compatible; Googlebot/2.1; +http://www.google.com/bot.html)"
66.249.74.74 - - [03/Jan/2025:09:46:09 -0500] "GET /index.php?11845359.shtml HTTP/1.1" 200 3412 "-" "Mozilla/5.0 (compatible; Googlebot/2.1; +http://www.google.com/bot.html)"
66.249.74.73 - - [03/Jan/2025:09:47:11 -0500] "GET /index.php?7761915.shtml HTTP/1.1" 200 3412 "-" "Mozilla/5.0 (Linux; Android 6.0.1; Nexus 5X Build/MMB29P) AppleWebKit/537.36 (KHTML, like Gecko) Chrome/131.0.6778.139 Mobile Safari/537.36 (compatible; GoogleOther)"
66.249.74.74 - - [03/Jan/2025:09:47:21 -0500] "GET /index.php?9097164.shtml HTTP/1.1" 200 3412 "-" "Mozilla/5.0 (compatible; Googlebot/2.1; +http://www.google.com/bot.html)"
66.249.74.74 - - [03/Jan/2025:09:48:28 -0500] "GET /index.php?5389872.shtml HTTP/1.1" 200 3412 "-" "Mozilla/5.0 (compatible; Googlebot/2.1; +http://www.google.com/bot.html)"
66.249.74.75 - - [03/Jan/2025:09:49:05 -0500] "GET /index.php?3853353.shtml HTTP/1.1" 200 3412 "-" "Mozilla/5.0 (compatible; Googlebot/2.1; +http://www.google.com/bot.html)"
66.249.74.73 - - [03/Jan/2025:09:49:19 -0500] "GET /index.php?6607335.shtml HTTP/1.1" 200 3412 "-" "Mozilla/5.0 (Linux; Android 6.0.1; Nexus 5X Build/MMB29P) AppleWebKit/537.36 (KHTML, like Gecko) Chrome/131.0.6778.139 Mobile Safari/537.36 (compatible; Googlebot/2.1; +http://www.google.com/bot.html)"
40.77.167.6 - - [03/Jan/2025:09:50:01 -0500] "GET /?yjskd/s1190857.html HTTP/1.1" 200 3412 "-" "Mozilla/5.0 AppleWebKit/537.36 (KHTML, like Gecko; compatible; bingbot/2.0; +http://www.bing.com/bingbot.htm) Chrome/116.0.1938.76 Safari/537.36"
66.249.74.74 - - [03/Jan/2025:09:50:10 -0500] "GET /index.php?12225870.shtml HTTP/1.1" 200 3412 "-" "Mozilla/5.0 (compatible; Googlebot/2.1; +http://www.google.com/bot.html)"
66.249.74.75 - - [03/Jan/2025:09:51:36 -0500] "GET /index.php?12144381.shtml HTTP/1.1" 200 3412 "-" "Mozilla/5.0 (Linux; Android 6.0.1; Nexus 5X Build/MMB29P) AppleWebKit/537.36 (KHTML, like Gecko) Chrome/131.0.6778.139 Mobile Safari/537.36 (compatible; Googlebot/2.1; +http://www.google.com/bot.html)"
66.249.74.75 - - [03/Jan/2025:09:51:38 -0500] "GET /index.php?7933494.shtml HTTP/1.1" 200 3412 "-" "Mozilla/5.0 (Linux; Android 6.0.1; Nexus 5X Build/MMB29P) AppleWebKit/537.36 (KHTML, like Gecko) Chrome/131.0.6778.139 Mobile Safari/537.36 (compatible; Googlebot/2.1; +http://www.google.com/bot.html)"
66.249.74.73 - - [03/Jan/2025:09:51:39 -0500] "GET /index.php?3595368.shtml HTTP/1.1" 200 3412 "-" "Mozilla/5.0 (Linux; Android 6.0.1; Nexus 5X Build/MMB29P) AppleWebKit/537.36 (KHTML, like Gecko) Chrome/131.0.6778.139 Mobile Safari/537.36 (compatible; Googlebot/2.1; +http://www.google.com/bot.html)"
66.249.74.73 - - [03/Jan/2025:09:51:41 -0500] "GET /index.php?12347313.shtml HTTP/1.1" 200 3412 "-" "Mozilla/5.0 (Linux; Android 6.0.1; Nexus 5X Build/MMB29P) AppleWebKit/537.36 (KHTML, like Gecko) Chrome/131.0.6778.139 Mobile Safari/537.36 (compatible; Googlebot/2.1; +http://www.google.com/bot.html)"
66.249.74.73 - - [03/Jan/2025:09:51:43 -0500] "GET /index.php?3856851.shtml HTTP/1.1" 200 3412 "-" "Mozilla/5.0 (Linux; Android 6.0.1; Nexus 5X Build/MMB29P) AppleWebKit/537.36 (KHTML, like Gecko) Chrome/131.0.6778.139 Mobile Safari/537.36 (compatible; Googlebot/2.1; +http://www.google.com/bot.html)"
66.249.74.74 - - [03/Jan/2025:09:51:44 -0500] "GET /index.php?8410416.shtml HTTP/1.1" 200 3412 "-" "Mozilla/5.0 (Linux; Android 6.0.1; Nexus 5X Build/MMB29P) AppleWebKit/537.36 (KHTML, like Gecko) Chrome/131.0.6778.139 Mobile Safari/537.36 (compatible; Googlebot/2.1; +http://www.google.com/bot.html)"
66.249.74.73 - - [03/Jan/2025:09:51:46 -0500] "GET /index.php?10496478.shtml HTTP/1.1" 200 3412 "-" "Mozilla/5.0 (Linux; Android 6.0.1; Nexus 5X Build/MMB29P) AppleWebKit/537.36 (KHTML, like Gecko) Chrome/131.0.6778.139 Mobile Safari/537.36 (compatible; Googlebot/2.1; +http://www.google.com/bot.html)"
66.249.74.73 - - [03/Jan/2025:09:51:49 -0500] "GET /index.php?4958775.shtml HTTP/1.1" 200 3412 "-" "Mozilla/5.0 (Linux; Android 6.0.1; Nexus 5X Build/MMB29P) AppleWebKit/537.36 (KHTML, like Gecko) Chrome/131.0.6778.139 Mobile Safari/537.36 (compatible; Googlebot/2.1; +http://www.google.com/bot.html)"
66.249.74.73 - - [03/Jan/2025:09:51:53 -0500] "GET /index.php?8277843.shtml HTTP/1.1" 200 3412 "-" "Mozilla/5.0 (Linux; Android 6.0.1; Nexus 5X Build/MMB29P) AppleWebKit/537.36 (KHTML, like Gecko) Chrome/131.0.6778.139 Mobile Safari/537.36 (compatible; Googlebot/2.1; +http://www.google.com/bot.html)"
66.249.74.73 - - [03/Jan/2025:09:51:54 -0500] "GET /index.php?4948839.shtml HTTP/1.1" 200 3412 "-" "Mozilla/5.0 (Linux; Android 6.0.1; Nexus 5X Build/MMB29P) AppleWebKit/537.36 (KHTML, like Gecko) Chrome/131.0.6778.139 Mobile Safari/537.36 (compatible; Googlebot/2.1; +http://www.google.com/bot.html)"
66.249.74.73 - - [03/Jan/2025:09:51:56 -0500] "GET /index.php?12089043.shtml HTTP/1.1" 200 3412 "-" "Mozilla/5.0 (Linux; Android 6.0.1; Nexus 5X Build/MMB29P) AppleWebKit/537.36 (KHTML, like Gecko) Chrome/131.0.6778.139 Mobile Safari/537.36 (compatible; Googlebot/2.1; +http://www.google.com/bot.html)"
66.249.74.75 - - [03/Jan/2025:09:52:54 -0500] "GET /index.php?7722723.shtml HTTP/1.1" 200 3412 "-" "Mozilla/5.0 (compatible; Googlebot/2.1; +http://www.google.com/bot.html)"
66.249.74.75 - - [03/Jan/2025:09:54:56 -0500] "GET /index.php?11044707.shtml HTTP/1.1" 200 3412 "-" "Mozilla/5.0 (Linux; Android 6.0.1; Nexus 5X Build/MMB29P) AppleWebKit/537.36 (KHTML, like Gecko) Chrome/131.0.6778.139 Mobile Safari/537.36 (compatible; Googlebot/2.1; +http://www.google.com/bot.html)"
66.249.74.75 - - [03/Jan/2025:09:55:54 -0500] "GET /index.php?7220331.shtml HTTP/1.1" 200 3412 "-" "Mozilla/5.0 (compatible; Googlebot/2.1; +http://www.google.com/bot.html)"
66.249.74.74 - - [03/Jan/2025:09:57:46 -0500] "GET /index.php?4008606.shtml HTTP/1.1" 200 3413 "-" "Mozilla/5.0 (compatible; Googlebot/2.1; +http://www.google.com/bot.html)"
66.249.74.75 - - [03/Jan/2025:09:59:20 -0500] "GET /index.php?10830042.shtml HTTP/1.1" 200 3413 "-" "Mozilla/5.0 (compatible; Googlebot/2.1; +http://www.google.com/bot.html)"
66.249.74.75 - - [03/Jan/2025:10:02:08 -0500] "GET /index.php?9787857.shtml HTTP/1.1" 200 3413 "-" "Mozilla/5.0 (compatible; Googlebot/2.1; +http://www.google.com/bot.html)"
66.249.74.73 - - [03/Jan/2025:10:03:01 -0500] "GET /index.php?8458398.shtml HTTP/1.1" 200 3412 "-" "Mozilla/5.0 (compatible; Googlebot/2.1; +http://www.google.com/bot.html)"
66.249.74.74 - - [03/Jan/2025:10:03:28 -0500] "GET /index.php?8395974.shtml HTTP/1.1" 200 3413 "-" "Mozilla/5.0 (compatible; Googlebot/2.1; +http://www.google.com/bot.html)"
66.249.74.73 - - [03/Jan/2025:10:04:47 -0500] "GET /index.php?12347193.shtml HTTP/1.1" 200 3412 "-" "Mozilla/5.0 (compatible; Googlebot/2.1; +http://www.google.com/bot.html)"
66.249.74.73 - - [03/Jan/2025:10:06:05 -0500] "GET /index.php?4488957.shtml HTTP/1.1" 200 3412 "-" "Mozilla/5.0 (Linux; Android 6.0.1; Nexus 5X Build/MMB29P) AppleWebKit/537.36 (KHTML, like Gecko) Chrome/131.0.6778.139 Mobile Safari/537.36 (compatible; Googlebot/2.1; +http://www.google.com/bot.html)"
66.249.74.75 - - [03/Jan/2025:10:08:44 -0500] "GET /index.php?7858044.shtml HTTP/1.1" 200 3412 "-" "Mozilla/5.0 (compatible; Googlebot/2.1; +http://www.google.com/bot.html)"
66.249.74.74 - - [03/Jan/2025:10:09:29 -0500] "GET /index.php?9036597.shtml HTTP/1.1" 200 3412 "-" "Mozilla/5.0 (compatible; Googlebot/2.1; +http://www.google.com/bot.html)"
66.249.74.74 - - [03/Jan/2025:10:11:16 -0500] "GET /css/ekko-lightbox7359.css?ver=1.2.0 HTTP/1.1" 200 487 "https://skilltainment.org/index.php?7858044.shtml" "Mozilla/5.0 AppleWebKit/537.36 (KHTML, like Gecko; compatible; Googlebot/2.1; +http://www.google.com/bot.html) Chrome/131.0.6778.139 Safari/537.36"
66.249.74.75 - - [03/Jan/2025:10:11:18 -0500] "GET /index.php?8887422.shtml HTTP/1.1" 200 3413 "-" "Mozilla/5.0 (compatible; Googlebot/2.1; +http://www.google.com/bot.html)"
66.249.74.73 - - [03/Jan/2025:10:13:16 -0500] "GET /css/ekko-lightbox7359.css?ver=1.2.0 HTTP/1.1" 200 487 "https://skilltainment.org/index.php?8887422.shtml" "Mozilla/5.0 AppleWebKit/537.36 (KHTML, like Gecko; compatible; Googlebot/2.1; +http://www.google.com/bot.html) Chrome/131.0.6778.139 Safari/537.36"
66.249.74.75 - - [03/Jan/2025:10:13:17 -0500] "GET /index.php?6177042.shtml HTTP/1.1" 200 3413 "-" "Mozilla/5.0 (compatible; Googlebot/2.1; +http://www.google.com/bot.html)"
66.249.74.74 - - [03/Jan/2025:10:13:17 -0500] "GET /css/ekko-lightbox7359.css?ver=1.2.0 HTTP/1.1" 200 487 "https://skilltainment.org/index.php?6177042.shtml" "Mozilla/5.0 AppleWebKit/537.36 (KHTML, like Gecko; compatible; Googlebot/2.1; +http://www.google.com/bot.html) Chrome/131.0.6778.139 Safari/537.36"
66.249.74.74 - - [03/Jan/2025:10:13:18 -0500] "GET /index.php?4294074.shtml HTTP/1.1" 200 3412 "-" "Mozilla/5.0 (compatible; Googlebot/2.1; +http://www.google.com/bot.html)"
63.141.250.250 - - [03/Jan/2025:10:14:08 -0500] "GET / HTTP/1.1" 200 0 "-" "Mozilla/5.0 (Windows NT 6.1; Win64; x64; rv:47.0) Gecko/20100101 Firefox/47.0"
66.249.74.74 - - [03/Jan/2025:10:16:24 -0500] "GET /index.php?7194582.shtml HTTP/1.1" 200 3413 "-" "Mozilla/5.0 (compatible; Googlebot/2.1; +http://www.google.com/bot.html)"
66.249.74.73 - - [03/Jan/2025:10:16:54 -0500] "GET /index.php?12304158.shtml HTTP/1.1" 200 3412 "-" "Mozilla/5.0 (compatible; Googlebot/2.1; +http://www.google.com/bot.html)"
66.249.74.75 - - [03/Jan/2025:10:19:21 -0500] "GET /index.php?4079061.shtml HTTP/1.1" 200 3413 "-" "Mozilla/5.0 (Linux; Android 6.0.1; Nexus 5X Build/MMB29P) AppleWebKit/537.36 (KHTML, like Gecko) Chrome/131.0.6778.139 Mobile Safari/537.36 (compatible; Googlebot/2.1; +http://www.google.com/bot.html)"
66.249.74.74 - - [03/Jan/2025:10:20:32 -0500] "GET /index.php?5250981.shtml HTTP/1.1" 200 3413 "-" "Mozilla/5.0 (compatible; Googlebot/2.1; +http://www.google.com/bot.html)"
66.249.74.74 - - [03/Jan/2025:10:21:15 -0500] "GET /index.php?7354497.shtml HTTP/1.1" 200 3413 "-" "Mozilla/5.0 (compatible; Googlebot/2.1; +http://www.google.com/bot.html)"
66.249.74.74 - - [03/Jan/2025:10:22:41 -0500] "GET /index.php?5242362.shtml HTTP/1.1" 200 3412 "-" "Mozilla/5.0 (compatible; Googlebot/2.1; +http://www.google.com/bot.html)"
66.249.74.73 - - [03/Jan/2025:10:23:40 -0500] "GET /index.php?4702866.shtml HTTP/1.1" 200 3412 "-" "Mozilla/5.0 (compatible; Googlebot/2.1; +http://www.google.com/bot.html)"
66.249.74.74 - - [03/Jan/2025:10:25:01 -0500] "GET /index.php?12326016.shtml HTTP/1.1" 200 3412 "-" "Mozilla/5.0 (compatible; Googlebot/2.1; +http://www.google.com/bot.html)"
66.249.74.74 - - [03/Jan/2025:10:28:01 -0500] "GET /index.php?11590932.shtml HTTP/1.1" 200 3413 "-" "Mozilla/5.0 (compatible; Googlebot/2.1; +http://www.google.com/bot.html)"
66.249.74.74 - - [03/Jan/2025:10:28:42 -0500] "GET /index.php?10370292.shtml HTTP/1.1" 200 3413 "-" "Mozilla/5.0 (compatible; Googlebot/2.1; +http://www.google.com/bot.html)"
66.249.74.73 - - [03/Jan/2025:10:28:45 -0500] "GET /index.php?4395342.shtml HTTP/1.1" 200 3412 "-" "Mozilla/5.0 (compatible; Googlebot/2.1; +http://www.google.com/bot.html)"
66.249.74.75 - - [03/Jan/2025:10:31:04 -0500] "GET /index.php?5724930.shtml HTTP/1.1" 200 3412 "-" "Mozilla/5.0 (Linux; Android 6.0.1; Nexus 5X Build/MMB29P) AppleWebKit/537.36 (KHTML, like Gecko) Chrome/131.0.6778.139 Mobile Safari/537.36 (compatible; Googlebot/2.1; +http://www.google.com/bot.html)"
66.249.74.73 - - [03/Jan/2025:10:31:59 -0500] "GET /index.php?5734368.shtml HTTP/1.1" 200 3412 "-" "Mozilla/5.0 (compatible; Googlebot/2.1; +http://www.google.com/bot.html)"
66.249.74.74 - - [03/Jan/2025:10:32:19 -0500] "GET /index.php?10159269.shtml HTTP/1.1" 200 3412 "-" "Mozilla/5.0 (compatible; Googlebot/2.1; +http://www.google.com/bot.html)"
66.249.74.73 - - [03/Jan/2025:10:37:56 -0500] "GET /index.php?12382764.shtml HTTP/1.1" 200 3412 "-" "Mozilla/5.0 (Linux; Android 6.0.1; Nexus 5X Build/MMB29P) AppleWebKit/537.36 (KHTML, like Gecko) Chrome/131.0.6778.139 Mobile Safari/537.36 (compatible; Googlebot/2.1; +http://www.google.com/bot.html)"
52.167.144.67 - - [03/Jan/2025:10:41:06 -0500] "GET /robots.txt HTTP/1.1" 404 1251 "-" "Mozilla/5.0 AppleWebKit/537.36 (KHTML, like Gecko; compatible; bingbot/2.0; +http://www.bing.com/bingbot.htm) Chrome/116.0.1938.76 Safari/537.36"
52.167.144.194 - - [03/Jan/2025:10:41:17 -0500] "GET /?opnhy/d1497434.html HTTP/1.1" 200 3412 "-" "Mozilla/5.0 AppleWebKit/537.36 (KHTML, like Gecko; compatible; bingbot/2.0; +http://www.bing.com/bingbot.htm) Chrome/116.0.1938.76 Safari/537.36"
66.249.74.73 - - [03/Jan/2025:10:42:53 -0500] "GET /index.php?4384719.shtml HTTP/1.1" 200 3413 "-" "Mozilla/5.0 (Linux; Android 6.0.1; Nexus 5X Build/MMB29P) AppleWebKit/537.36 (KHTML, like Gecko) Chrome/131.0.6778.139 Mobile Safari/537.36 (compatible; Googlebot/2.1; +http://www.google.com/bot.html)"
66.249.74.73 - - [03/Jan/2025:10:45:03 -0500] "GET /index.php?3799362.shtml HTTP/1.1" 200 3412 "-" "Mozilla/5.0 (Linux; Android 6.0.1; Nexus 5X Build/MMB29P) AppleWebKit/537.36 (KHTML, like Gecko) Chrome/131.0.6778.139 Mobile Safari/537.36 (compatible; Googlebot/2.1; +http://www.google.com/bot.html)"
66.249.74.75 - - [03/Jan/2025:10:46:07 -0500] "GET /index.php?7554357.shtml HTTP/1.1" 200 3412 "-" "Mozilla/5.0 (Linux; Android 6.0.1; Nexus 5X Build/MMB29P) AppleWebKit/537.36 (KHTML, like Gecko) Chrome/131.0.6778.139 Mobile Safari/537.36 (compatible; Googlebot/2.1; +http://www.google.com/bot.html)"
66.249.74.73 - - [03/Jan/2025:10:46:48 -0500] "GET / HTTP/1.1" 200 3412 "-" "Mozilla/5.0 (Linux; Android 6.0.1; Nexus 5X Build/MMB29P) AppleWebKit/537.36 (KHTML, like Gecko) Chrome/131.0.6778.204 Mobile Safari/537.36 (compatible; Googlebot/2.1; +http://www.google.com/bot.html)"
66.249.74.75 - - [03/Jan/2025:10:48:55 -0500] "GET /index.php?10781991.shtml HTTP/1.1" 200 3412 "-" "Mozilla/5.0 (Linux; Android 6.0.1; Nexus 5X Build/MMB29P) AppleWebKit/537.36 (KHTML, like Gecko) Chrome/131.0.6778.139 Mobile Safari/537.36 (compatible; Googlebot/2.1; +http://www.google.com/bot.html)"
66.249.74.75 - - [03/Jan/2025:10:49:47 -0500] "GET /index.php?4148493.shtml HTTP/1.1" 200 3413 "-" "Mozilla/5.0 (Linux; Android 6.0.1; Nexus 5X Build/MMB29P) AppleWebKit/537.36 (KHTML, like Gecko) Chrome/131.0.6778.139 Mobile Safari/537.36 (compatible; Googlebot/2.1; +http://www.google.com/bot.html)"
66.249.74.74 - - [03/Jan/2025:10:52:10 -0500] "GET /index.php?6868317.shtml HTTP/1.1" 200 3413 "-" "Mozilla/5.0 (Linux; Android 6.0.1; Nexus 5X Build/MMB29P) AppleWebKit/537.36 (KHTML, like Gecko) Chrome/131.0.6778.139 Mobile Safari/537.36 (compatible; Googlebot/2.1; +http://www.google.com/bot.html)"
66.249.74.74 - - [03/Jan/2025:10:52:10 -0500] "GET /index.php?5095206.shtml HTTP/1.1" 200 3412 "-" "Mozilla/5.0 (Linux; Android 6.0.1; Nexus 5X Build/MMB29P) AppleWebKit/537.36 (KHTML, like Gecko) Chrome/131.0.6778.139 Mobile Safari/537.36 (compatible; GoogleOther)"
146.70.116.232 - - [03/Jan/2025:10:52:44 -0500] "GET /index.php?4854696.shtml= HTTP/1.1" 200 3412 "-" "Mozilla/5.0 (Windows NT 10.0; Win64; x64) AppleWebKit/537.36 (KHTML, like Gecko) Chrome/125.0.0.0 Safari/537.36"
66.249.74.73 - - [03/Jan/2025:10:52:48 -0500] "GET /index.php?4192968.shtml HTTP/1.1" 200 3412 "-" "Mozilla/5.0 (Linux; Android 6.0.1; Nexus 5X Build/MMB29P) AppleWebKit/537.36 (KHTML, like Gecko) Chrome/131.0.6778.139 Mobile Safari/537.36 (compatible; Googlebot/2.1; +http://www.google.com/bot.html)"
146.70.116.232 - - [03/Jan/2025:10:52:49 -0500] "GET /index.php?4854696.shtml=&4854696.shtml=%27 HTTP/1.1" 200 3412 "-" "Mozilla/5.0 (Windows NT 10.0; Win64; x64) AppleWebKit/537.36 (KHTML, like Gecko) Chrome/125.0.0.0 Safari/537.36"
146.70.116.232 - - [03/Jan/2025:10:52:55 -0500] "GET /index.php?4854696.shtml=%27 HTTP/1.1" 200 3412 "-" "Mozilla/5.0 (Windows NT 10.0; Win64; x64) AppleWebKit/537.36 (KHTML, like Gecko) Chrome/125.0.0.0 Safari/537.36"
146.70.116.232 - - [03/Jan/2025:10:52:58 -0500] "GET /index.php?4854696.shtml=%27 HTTP/1.1" 200 3412 "-" "Mozilla/5.0 (Windows NT 10.0; Win64; x64) AppleWebKit/537.36 (KHTML, like Gecko) Chrome/125.0.0.0 Safari/537.36"
66.249.74.73 - - [03/Jan/2025:10:53:18 -0500] "GET /index.php?6561864.shtml HTTP/1.1" 200 3412 "-" "Mozilla/5.0 (Linux; Android 6.0.1; Nexus 5X Build/MMB29P) AppleWebKit/537.36 (KHTML, like Gecko) Chrome/131.0.6778.139 Mobile Safari/537.36 (compatible; Googlebot/2.1; +http://www.google.com/bot.html)"
66.249.74.73 - - [03/Jan/2025:10:54:16 -0500] "GET /index.php?6642264.shtml HTTP/1.1" 200 3413 "-" "Mozilla/5.0 (Linux; Android 6.0.1; Nexus 5X Build/MMB29P) AppleWebKit/537.36 (KHTML, like Gecko) Chrome/131.0.6778.139 Mobile Safari/537.36 (compatible; Googlebot/2.1; +http://www.google.com/bot.html)"
66.249.74.74 - - [03/Jan/2025:11:01:52 -0500] "GET /index.php?7260591.shtml HTTP/1.1" 200 3412 "-" "Mozilla/5.0 (Linux; Android 6.0.1; Nexus 5X Build/MMB29P) AppleWebKit/537.36 (KHTML, like Gecko) Chrome/131.0.6778.139 Mobile Safari/537.36 (compatible; Googlebot/2.1; +http://www.google.com/bot.html)"
66.249.74.74 - - [03/Jan/2025:11:02:05 -0500] "GET /index.php?9461739.shtml HTTP/1.1" 200 3412 "-" "Mozilla/5.0 (compatible; Googlebot/2.1; +http://www.google.com/bot.html)"
66.249.74.74 - - [03/Jan/2025:11:05:52 -0500] "GET /index.php?7270257.shtml HTTP/1.1" 200 3413 "-" "Mozilla/5.0 (Linux; Android 6.0.1; Nexus 5X Build/MMB29P) AppleWebKit/537.36 (KHTML, like Gecko) Chrome/131.0.6778.139 Mobile Safari/537.36 (compatible; Googlebot/2.1; +http://www.google.com/bot.html)"
66.249.74.73 - - [03/Jan/2025:11:10:52 -0500] "GET /index.php?8280294.shtml HTTP/1.1" 200 3412 "-" "Mozilla/5.0 (Linux; Android 6.0.1; Nexus 5X Build/MMB29P) AppleWebKit/537.36 (KHTML, like Gecko) Chrome/131.0.6778.139 Mobile Safari/537.36 (compatible; Googlebot/2.1; +http://www.google.com/bot.html)"
66.249.74.74 - - [03/Jan/2025:11:12:26 -0500] "GET /index.php?4937049.shtml HTTP/1.1" 200 3412 "-" "Mozilla/5.0 (Linux; Android 6.0.1; Nexus 5X Build/MMB29P) AppleWebKit/537.36 (KHTML, like Gecko) Chrome/131.0.6778.139 Mobile Safari/537.36 (compatible; Googlebot/2.1; +http://www.google.com/bot.html)"
40.77.167.48 - - [03/Jan/2025:11:13:08 -0500] "GET /?qeefs/b518974.html HTTP/1.1" 200 3412 "-" "Mozilla/5.0 AppleWebKit/537.36 (KHTML, like Gecko; compatible; bingbot/2.0; +http://www.bing.com/bingbot.htm) Chrome/116.0.1938.76 Safari/537.36"
66.249.74.74 - - [03/Jan/2025:11:14:58 -0500] "GET /index.php?6669426.shtml HTTP/1.1" 200 3413 "-" "Mozilla/5.0 (Linux; Android 6.0.1; Nexus 5X Build/MMB29P) AppleWebKit/537.36 (KHTML, like Gecko) Chrome/131.0.6778.139 Mobile Safari/537.36 (compatible; Googlebot/2.1; +http://www.google.com/bot.html)"
66.249.74.73 - - [03/Jan/2025:11:15:05 -0500] "GET /index.php?8608236.shtml HTTP/1.1" 200 3412 "-" "Mozilla/5.0 (Linux; Android 6.0.1; Nexus 5X Build/MMB29P) AppleWebKit/537.36 (KHTML, like Gecko) Chrome/131.0.6778.139 Mobile Safari/537.36 (compatible; Googlebot/2.1; +http://www.google.com/bot.html)"
66.249.74.74 - - [03/Jan/2025:11:15:52 -0500] "GET /index.php?8241795.shtml HTTP/1.1" 200 3412 "-" "Mozilla/5.0 (Linux; Android 6.0.1; Nexus 5X Build/MMB29P) AppleWebKit/537.36 (KHTML, like Gecko) Chrome/131.0.6778.139 Mobile Safari/537.36 (compatible; Googlebot/2.1; +http://www.google.com/bot.html)"
66.249.74.75 - - [03/Jan/2025:11:18:59 -0500] "GET /index.php?5852685.shtml HTTP/1.1" 200 3412 "-" "Mozilla/5.0 (Linux; Android 6.0.1; Nexus 5X Build/MMB29P) AppleWebKit/537.36 (KHTML, like Gecko) Chrome/131.0.6778.139 Mobile Safari/537.36 (compatible; Googlebot/2.1; +http://www.google.com/bot.html)"
66.249.74.74 - - [03/Jan/2025:11:19:20 -0500] "GET /index.php?9990498.shtml HTTP/1.1" 200 3412 "-" "Mozilla/5.0 (Linux; Android 6.0.1; Nexus 5X Build/MMB29P) AppleWebKit/537.36 (KHTML, like Gecko) Chrome/131.0.6778.139 Mobile Safari/537.36 (compatible; Googlebot/2.1; +http://www.google.com/bot.html)"
66.249.74.74 - - [03/Jan/2025:11:23:54 -0500] "GET /index.php?8168028.shtml HTTP/1.1" 200 3412 "-" "Mozilla/5.0 (Linux; Android 6.0.1; Nexus 5X Build/MMB29P) AppleWebKit/537.36 (KHTML, like Gecko) Chrome/131.0.6778.139 Mobile Safari/537.36 (compatible; Googlebot/2.1; +http://www.google.com/bot.html)"
66.249.74.75 - - [03/Jan/2025:11:24:15 -0500] "GET /index.php?3660237.shtml HTTP/1.1" 200 3412 "-" "Mozilla/5.0 (compatible; Googlebot/2.1; +http://www.google.com/bot.html)"
66.249.74.74 - - [03/Jan/2025:11:24:56 -0500] "GET /index.php?3499602.shtml HTTP/1.1" 200 3412 "-" "Mozilla/5.0 (Linux; Android 6.0.1; Nexus 5X Build/MMB29P) AppleWebKit/537.36 (KHTML, like Gecko) Chrome/131.0.6778.139 Mobile Safari/537.36 (compatible; Googlebot/2.1; +http://www.google.com/bot.html)"
66.249.74.74 - - [03/Jan/2025:11:28:34 -0500] "GET /index.php?10427991.shtml HTTP/1.1" 200 3412 "-" "Mozilla/5.0 (Linux; Android 6.0.1; Nexus 5X Build/MMB29P) AppleWebKit/537.36 (KHTML, like Gecko) Chrome/131.0.6778.139 Mobile Safari/537.36 (compatible; Googlebot/2.1; +http://www.google.com/bot.html)"
