52.167.144.230 - - [04/Jan/2025:02:33:34 -0500] "GET /buy-ticket HTTP/1.1" 200 4853 "-" "Mozilla/5.0 AppleWebKit/537.36 (KHTML, like Gecko; compatible; bingbot/2.0; +http://www.bing.com/bingbot.htm) Chrome/116.0.1938.76 Safari/537.36"
52.167.144.158 - - [04/Jan/2025:02:35:36 -0500] "GET /category/images/bgaf/Shyreen-08112024143239.jpg HTTP/1.1" 200 183416 "-" "Mozilla/5.0 AppleWebKit/537.36 (KHTML, like Gecko; compatible; bingbot/2.0; +http://www.bing.com/bingbot.htm) Chrome/116.0.1938.76 Safari/537.36"
198.235.24.164 - - [04/Jan/2025:02:37:09 -0500] "GET / HTTP/1.1" 200 20335 "-" "-"
66.249.65.204 - - [04/Jan/2025:02:39:14 -0500] "GET /hodograph43-dy47ljo3o.html HTTP/1.1" 404 1251 "-" "Mozilla/5.0 (Linux; Android 6.0.1; Nexus 5X Build/MMB29P) AppleWebKit/537.36 (KHTML, like Gecko) Chrome/131.0.6778.139 Mobile Safari/537.36 (compatible; Googlebot/2.1; +http://www.google.com/bot.html)"
69.171.249.15 - - [04/Jan/2025:02:41:46 -0500] "GET /login/ HTTP/1.1" 200 4885 "-" "facebookexternalhit/1.1 (+http://www.facebook.com/externalhit_uatext.php)"
69.171.249.113 - - [04/Jan/2025:02:41:47 -0500] "GET /login/ HTTP/1.1" 200 4885 "-" "facebookexternalhit/1.1 (+http://www.facebook.com/externalhit_uatext.php)"
69.171.249.1 - - [04/Jan/2025:02:41:46 -0500] "GET /category/best-social-media-content-creator-male HTTP/1.1" 200 18 "-" "facebookexternalhit/1.1 (+http://www.facebook.com/externalhit_uatext.php)"
69.171.249.115 - - [04/Jan/2025:02:41:47 -0500] "GET /login/ HTTP/1.1" 200 4885 "-" "facebookexternalhit/1.1 (+http://www.facebook.com/externalhit_uatext.php)"
52.167.144.219 - - [04/Jan/2025:02:43:46 -0500] "GET /assets/img/partners/jackpot.png HTTP/1.1" 404 1251 "-" "Mozilla/5.0 AppleWebKit/537.36 (KHTML, like Gecko; compatible; bingbot/2.0; +http://www.bing.com/bingbot.htm) Chrome/116.0.1938.76 Safari/537.36"
66.249.65.204 - - [04/Jan/2025:02:45:53 -0500] "GET /shooting4jh-liplyyb8o.html HTTP/1.1" 404 1251 "-" "Mozilla/5.0 (Linux; Android 6.0.1; Nexus 5X Build/MMB29P) AppleWebKit/537.36 (KHTML, like Gecko) Chrome/131.0.6778.139 Mobile Safari/537.36 (compatible; Googlebot/2.1; +http://www.google.com/bot.html)"
66.249.65.203 - - [04/Jan/2025:02:50:12 -0500] "GET /images/performance.mp4 HTTP/1.1" 304 0 "-" "Googlebot-Video/1.0"
66.249.65.101 - - [04/Jan/2025:02:50:18 -0500] "GET /category/best-event-photographer HTTP/1.1" 200 21 "-" "Mozilla/5.0 (Linux; Android 6.0.1; Nexus 5X Build/MMB29P) AppleWebKit/537.36 (KHTML, like Gecko) Chrome/131.0.6778.139 Mobile Safari/537.36 (compatible; Googlebot/2.1; +http://www.google.com/bot.html)"
105.234.162.6 - - [04/Jan/2025:02:50:58 -0500] "GET /article-8 HTTP/1.1" 200 2673 "-" "Mozilla/5.0 (Linux; Android 8.1.0; TECNO B1f Build/O11019) AppleWebKit/537.36 (KHTML, like Gecko) Chrome/70.0.3538.110 Mobile Safari/537.36"
105.234.162.6 - - [04/Jan/2025:02:50:59 -0500] "GET /assets/vendor/aos/aos.css HTTP/1.1" 200 2933 "https://maso-awards.live/article-8" "Mozilla/5.0 (Linux; Android 8.1.0; TECNO B1f Build/O11019) AppleWebKit/537.36 (KHTML, like Gecko) Chrome/70.0.3538.110 Mobile Safari/537.36"
105.234.162.6 - - [04/Jan/2025:02:50:59 -0500] "GET /assets/vendor/bootstrap/css/bootstrap.min.css HTTP/1.1" 200 32102 "https://maso-awards.live/article-8" "Mozilla/5.0 (Linux; Android 8.1.0; TECNO B1f Build/O11019) AppleWebKit/537.36 (KHTML, like Gecko) Chrome/70.0.3538.110 Mobile Safari/537.36"
105.234.162.6 - - [04/Jan/2025:02:50:59 -0500] "GET /assets/vendor/bootstrap-icons/bootstrap-icons.css HTTP/1.1" 200 12360 "https://maso-awards.live/article-8" "Mozilla/5.0 (Linux; Android 8.1.0; TECNO B1f Build/O11019) AppleWebKit/537.36 (KHTML, like Gecko) Chrome/70.0.3538.110 Mobile Safari/537.36"
105.234.162.6 - - [04/Jan/2025:02:50:59 -0500] "GET /assets/vendor/glightbox/css/glightbox.min.css HTTP/1.1" 200 3109 "https://maso-awards.live/article-8" "Mozilla/5.0 (Linux; Android 8.1.0; TECNO B1f Build/O11019) AppleWebKit/537.36 (KHTML, like Gecko) Chrome/70.0.3538.110 Mobile Safari/537.36"
105.234.162.6 - - [04/Jan/2025:02:50:59 -0500] "GET /assets/vendor/swiper/swiper-bundle.min.css HTTP/1.1" 200 4972 "https://maso-awards.live/article-8" "Mozilla/5.0 (Linux; Android 8.1.0; TECNO B1f Build/O11019) AppleWebKit/537.36 (KHTML, like Gecko) Chrome/70.0.3538.110 Mobile Safari/537.36"
105.234.162.6 - - [04/Jan/2025:02:50:59 -0500] "GET /assets/img/maso.png HTTP/1.1" 200 132409 "https://maso-awards.live/article-8" "Mozilla/5.0 (Linux; Android 8.1.0; TECNO B1f Build/O11019) AppleWebKit/537.36 (KHTML, like Gecko) Chrome/70.0.3538.110 Mobile Safari/537.36"
105.234.162.6 - - [04/Jan/2025:02:50:59 -0500] "GET /assets/css/style.css HTTP/1.1" 200 7332 "https://maso-awards.live/article-8" "Mozilla/5.0 (Linux; Android 8.1.0; TECNO B1f Build/O11019) AppleWebKit/537.36 (KHTML, like Gecko) Chrome/70.0.3538.110 Mobile Safari/537.36"
105.234.162.6 - - [04/Jan/2025:02:50:59 -0500] "GET /assets/articles/article-20240701-010152.jpg HTTP/1.1" 200 51261 "https://maso-awards.live/article-8" "Mozilla/5.0 (Linux; Android 8.1.0; TECNO B1f Build/O11019) AppleWebKit/537.36 (KHTML, like Gecko) Chrome/70.0.3538.110 Mobile Safari/537.36"
105.234.162.6 - - [04/Jan/2025:02:50:59 -0500] "GET /assets/vendor/aos/aos.js HTTP/1.1" 200 5070 "https://maso-awards.live/article-8" "Mozilla/5.0 (Linux; Android 8.1.0; TECNO B1f Build/O11019) AppleWebKit/537.36 (KHTML, like Gecko) Chrome/70.0.3538.110 Mobile Safari/537.36"
105.234.162.6 - - [04/Jan/2025:02:50:59 -0500] "GET /assets/vendor/bootstrap/js/bootstrap.bundle.min.js HTTP/1.1" 200 27555 "https://maso-awards.live/article-8" "Mozilla/5.0 (Linux; Android 8.1.0; TECNO B1f Build/O11019) AppleWebKit/537.36 (KHTML, like Gecko) Chrome/70.0.3538.110 Mobile Safari/537.36"
105.234.162.6 - - [04/Jan/2025:02:50:59 -0500] "GET /assets/vendor/glightbox/js/glightbox.min.js HTTP/1.1" 200 18249 "https://maso-awards.live/article-8" "Mozilla/5.0 (Linux; Android 8.1.0; TECNO B1f Build/O11019) AppleWebKit/537.36 (KHTML, like Gecko) Chrome/70.0.3538.110 Mobile Safari/537.36"
105.234.162.6 - - [04/Jan/2025:02:50:59 -0500] "GET /assets/vendor/php-email-form/validate.js HTTP/1.1" 200 987 "https://maso-awards.live/article-8" "Mozilla/5.0 (Linux; Android 8.1.0; TECNO B1f Build/O11019) AppleWebKit/537.36 (KHTML, like Gecko) Chrome/70.0.3538.110 Mobile Safari/537.36"
105.234.162.6 - - [04/Jan/2025:02:50:59 -0500] "GET /assets/vendor/swiper/swiper-bundle.min.js HTTP/1.1" 200 45671 "https://maso-awards.live/article-8" "Mozilla/5.0 (Linux; Android 8.1.0; TECNO B1f Build/O11019) AppleWebKit/537.36 (KHTML, like Gecko) Chrome/70.0.3538.110 Mobile Safari/537.36"
105.234.162.6 - - [04/Jan/2025:02:50:59 -0500] "GET /assets/js/main.js HTTP/1.1" 200 1818 "https://maso-awards.live/article-8" "Mozilla/5.0 (Linux; Android 8.1.0; TECNO B1f Build/O11019) AppleWebKit/537.36 (KHTML, like Gecko) Chrome/70.0.3538.110 Mobile Safari/537.36"
105.234.162.6 - - [04/Jan/2025:02:51:00 -0500] "GET /assets/img/maso.ico HTTP/1.1" 200 0 "https://maso-awards.live/article-8" "Mozilla/5.0 (Linux; Android 8.1.0; TECNO B1f Build/O11019) AppleWebKit/537.36 (KHTML, like Gecko) Chrome/70.0.3538.110 Mobile Safari/537.36"
105.234.162.6 - - [04/Jan/2025:02:51:00 -0500] "GET /assets/img/logo.png HTTP/1.1" 404 0 "https://maso-awards.live/article-8" "Mozilla/5.0 (Linux; Android 8.1.0; TECNO B1f Build/O11019) AppleWebKit/537.36 (KHTML, like Gecko) Chrome/70.0.3538.110 Mobile Safari/537.36"
105.234.162.6 - - [04/Jan/2025:02:51:07 -0500] "GET /assets/vendor/bootstrap/css/bootstrap.min.css HTTP/1.1" 200 32102 "https://maso-awards.live/article-8" "Mozilla/5.0 (Linux; Android 8.1.0; TECNO B1f Build/O11019) AppleWebKit/537.36 (KHTML, like Gecko) Chrome/70.0.3538.110 Mobile Safari/537.36"
105.234.162.6 - - [04/Jan/2025:02:51:07 -0500] "GET /assets/vendor/bootstrap-icons/bootstrap-icons.css HTTP/1.1" 200 12360 "https://maso-awards.live/article-8" "Mozilla/5.0 (Linux; Android 8.1.0; TECNO B1f Build/O11019) AppleWebKit/537.36 (KHTML, like Gecko) Chrome/70.0.3538.110 Mobile Safari/537.36"
105.234.162.6 - - [04/Jan/2025:02:51:07 -0500] "GET /assets/vendor/glightbox/css/glightbox.min.css HTTP/1.1" 200 3109 "https://maso-awards.live/article-8" "Mozilla/5.0 (Linux; Android 8.1.0; TECNO B1f Build/O11019) AppleWebKit/537.36 (KHTML, like Gecko) Chrome/70.0.3538.110 Mobile Safari/537.36"
105.234.162.6 - - [04/Jan/2025:02:51:07 -0500] "GET /assets/css/style.css HTTP/1.1" 200 7332 "https://maso-awards.live/article-8" "Mozilla/5.0 (Linux; Android 8.1.0; TECNO B1f Build/O11019) AppleWebKit/537.36 (KHTML, like Gecko) Chrome/70.0.3538.110 Mobile Safari/537.36"
105.234.162.6 - - [04/Jan/2025:02:51:07 -0500] "GET /assets/vendor/swiper/swiper-bundle.min.css HTTP/1.1" 200 4972 "https://maso-awards.live/article-8" "Mozilla/5.0 (Linux; Android 8.1.0; TECNO B1f Build/O11019) AppleWebKit/537.36 (KHTML, like Gecko) Chrome/70.0.3538.110 Mobile Safari/537.36"
105.234.162.6 - - [04/Jan/2025:02:51:07 -0500] "GET /assets/img/maso.png HTTP/1.1" 200 132409 "https://maso-awards.live/article-8" "Mozilla/5.0 (Linux; Android 8.1.0; TECNO B1f Build/O11019) AppleWebKit/537.36 (KHTML, like Gecko) Chrome/70.0.3538.110 Mobile Safari/537.36"
105.234.162.6 - - [04/Jan/2025:02:51:07 -0500] "GET /assets/articles/article-20240701-010152.jpg HTTP/1.1" 200 51261 "https://maso-awards.live/article-8" "Mozilla/5.0 (Linux; Android 8.1.0; TECNO B1f Build/O11019) AppleWebKit/537.36 (KHTML, like Gecko) Chrome/70.0.3538.110 Mobile Safari/537.36"
105.234.162.6 - - [04/Jan/2025:02:51:07 -0500] "GET /assets/vendor/aos/aos.js HTTP/1.1" 200 5070 "https://maso-awards.live/article-8" "Mozilla/5.0 (Linux; Android 8.1.0; TECNO B1f Build/O11019) AppleWebKit/537.36 (KHTML, like Gecko) Chrome/70.0.3538.110 Mobile Safari/537.36"
105.234.162.6 - - [04/Jan/2025:02:51:07 -0500] "GET /assets/vendor/bootstrap/js/bootstrap.bundle.min.js HTTP/1.1" 200 27555 "https://maso-awards.live/article-8" "Mozilla/5.0 (Linux; Android 8.1.0; TECNO B1f Build/O11019) AppleWebKit/537.36 (KHTML, like Gecko) Chrome/70.0.3538.110 Mobile Safari/537.36"
105.234.162.6 - - [04/Jan/2025:02:51:07 -0500] "GET /assets/vendor/glightbox/js/glightbox.min.js HTTP/1.1" 200 18249 "https://maso-awards.live/article-8" "Mozilla/5.0 (Linux; Android 8.1.0; TECNO B1f Build/O11019) AppleWebKit/537.36 (KHTML, like Gecko) Chrome/70.0.3538.110 Mobile Safari/537.36"
105.234.162.6 - - [04/Jan/2025:02:51:07 -0500] "GET /assets/vendor/swiper/swiper-bundle.min.js HTTP/1.1" 200 45671 "https://maso-awards.live/article-8" "Mozilla/5.0 (Linux; Android 8.1.0; TECNO B1f Build/O11019) AppleWebKit/537.36 (KHTML, like Gecko) Chrome/70.0.3538.110 Mobile Safari/537.36"
105.234.162.6 - - [04/Jan/2025:02:51:07 -0500] "GET /assets/vendor/php-email-form/validate.js HTTP/1.1" 200 987 "https://maso-awards.live/article-8" "Mozilla/5.0 (Linux; Android 8.1.0; TECNO B1f Build/O11019) AppleWebKit/537.36 (KHTML, like Gecko) Chrome/70.0.3538.110 Mobile Safari/537.36"
105.234.162.6 - - [04/Jan/2025:02:51:07 -0500] "GET /assets/js/main.js HTTP/1.1" 200 1818 "https://maso-awards.live/article-8" "Mozilla/5.0 (Linux; Android 8.1.0; TECNO B1f Build/O11019) AppleWebKit/537.36 (KHTML, like Gecko) Chrome/70.0.3538.110 Mobile Safari/537.36"
105.234.162.6 - - [04/Jan/2025:02:51:08 -0500] "GET /assets/img/bg.jpg HTTP/1.1" 200 45364 "https://maso-awards.live/assets/css/style.css" "Mozilla/5.0 (Linux; Android 8.1.0; TECNO B1f Build/O11019) AppleWebKit/537.36 (KHTML, like Gecko) Chrome/70.0.3538.110 Mobile Safari/537.36"
105.234.162.6 - - [04/Jan/2025:02:51:08 -0500] "GET /assets/vendor/bootstrap-icons/fonts/bootstrap-icons.woff2?a74547b2f0863226942ff8ded57db345 HTTP/1.1" 200 92004 "https://maso-awards.live/assets/vendor/bootstrap-icons/bootstrap-icons.css" "Mozilla/5.0 (Linux; Android 8.1.0; TECNO B1f Build/O11019) AppleWebKit/537.36 (KHTML, like Gecko) Chrome/70.0.3538.110 Mobile Safari/537.36"
105.234.162.6 - - [04/Jan/2025:02:51:08 -0500] "GET /fonts/Gothic-B.ttf HTTP/1.1" 200 129676 "https://maso-awards.live/assets/css/style.css" "Mozilla/5.0 (Linux; Android 8.1.0; TECNO B1f Build/O11019) AppleWebKit/537.36 (KHTML, like Gecko) Chrome/70.0.3538.110 Mobile Safari/537.36"
105.234.162.6 - - [04/Jan/2025:02:51:11 -0500] "GET /assets/img/logo.png HTTP/1.1" 404 1251 "https://maso-awards.live/article-8" "Mozilla/5.0 (Linux; Android 8.1.0; TECNO B1f Build/O11019) AppleWebKit/537.36 (KHTML, like Gecko) Chrome/70.0.3538.110 Mobile Safari/537.36"
105.234.162.6 - - [04/Jan/2025:02:51:11 -0500] "GET /assets/img/maso.ico HTTP/1.1" 200 868918 "https://maso-awards.live/article-8" "Mozilla/5.0 (Linux; Android 8.1.0; TECNO B1f Build/O11019) AppleWebKit/537.36 (KHTML, like Gecko) Chrome/70.0.3538.110 Mobile Safari/537.36"
105.234.162.6 - - [04/Jan/2025:02:51:51 -0500] "GET /vote HTTP/1.1" 302 1949 "-" "Mozilla/5.0 (Linux; Android 8.1.0; TECNO B1f Build/O11019) AppleWebKit/537.36 (KHTML, like Gecko) Chrome/70.0.3538.110 Mobile Safari/537.36"
66.249.83.3 - - [04/Jan/2025:02:51:51 -0500] "GET /vote HTTP/1.1" 302 1680 "-" "Mozilla/5.0 (Linux; Android 7.0; SM-G930V Build/NRD90M) AppleWebKit/537.36 (KHTML, like Gecko) Chrome/59.0.3071.125 Mobile Safari/537.36 (compatible; Google-Read-Aloud; +https://support.google.com/webmasters/answer/1061943)"
66.249.83.2 - - [04/Jan/2025:02:51:51 -0500] "GET /vote HTTP/1.1" 302 1680 "-" "Mozilla/5.0 (Linux; Android 7.0; SM-G930V Build/NRD90M) AppleWebKit/537.36 (KHTML, like Gecko) Chrome/59.0.3071.125 Mobile Safari/537.36 (compatible; Google-Read-Aloud; +https://support.google.com/webmasters/answer/1061943)"
105.234.162.6 - - [04/Jan/2025:02:51:51 -0500] "GET /remarks HTTP/1.1" 200 2194 "-" "Mozilla/5.0 (Linux; Android 8.1.0; TECNO B1f Build/O11019) AppleWebKit/537.36 (KHTML, like Gecko) Chrome/70.0.3538.110 Mobile Safari/537.36"
66.249.83.2 - - [04/Jan/2025:02:51:51 -0500] "GET /remarks HTTP/1.1" 200 1868 "-" "Mozilla/5.0 (Linux; Android 7.0; SM-G930V Build/NRD90M) AppleWebKit/537.36 (KHTML, like Gecko) Chrome/59.0.3071.125 Mobile Safari/537.36 (compatible; Google-Read-Aloud; +https://support.google.com/webmasters/answer/1061943)"
66.249.83.2 - - [04/Jan/2025:02:51:51 -0500] "GET /css/icomoon/style.css HTTP/1.1" 200 13174 "https://maso-awards.live/remarks" "Mozilla/5.0 (Linux; Android 7.0; SM-G930V Build/NRD90M) AppleWebKit/537.36 (KHTML, like Gecko) Chrome/59.0.3071.125 Mobile Safari/537.36 (compatible; Google-Read-Aloud; +https://support.google.com/webmasters/answer/1061943)"
66.249.83.3 - - [04/Jan/2025:02:51:51 -0500] "GET /assets/vendor/bootstrap-icons/bootstrap-icons.css HTTP/1.1" 200 9350 "https://maso-awards.live/remarks" "Mozilla/5.0 (Linux; Android 7.0; SM-G930V Build/NRD90M) AppleWebKit/537.36 (KHTML, like Gecko) Chrome/59.0.3071.125 Mobile Safari/537.36 (compatible; Google-Read-Aloud; +https://support.google.com/webmasters/answer/1061943)"
66.249.83.4 - - [04/Jan/2025:02:51:51 -0500] "GET /remarks HTTP/1.1" 200 1868 "-" "Mozilla/5.0 (Linux; Android 7.0; SM-G930V Build/NRD90M) AppleWebKit/537.36 (KHTML, like Gecko) Chrome/59.0.3071.125 Mobile Safari/537.36 (compatible; Google-Read-Aloud; +https://support.google.com/webmasters/answer/1061943)"
66.249.83.2 - - [04/Jan/2025:02:51:51 -0500] "GET /css/bootstrap.min.css HTTP/1.1" 200 18586 "https://maso-awards.live/remarks" "Mozilla/5.0 (Linux; Android 7.0; SM-G930V Build/NRD90M) AppleWebKit/537.36 (KHTML, like Gecko) Chrome/59.0.3071.125 Mobile Safari/537.36 (compatible; Google-Read-Aloud; +https://support.google.com/webmasters/answer/1061943)"
66.249.83.4 - - [04/Jan/2025:02:51:51 -0500] "GET /css/animate.css HTTP/1.1" 200 4156 "https://maso-awards.live/remarks" "Mozilla/5.0 (Linux; Android 7.0; SM-G930V Build/NRD90M) AppleWebKit/537.36 (KHTML, like Gecko) Chrome/59.0.3071.125 Mobile Safari/537.36 (compatible; Google-Read-Aloud; +https://support.google.com/webmasters/answer/1061943)"
66.249.83.4 - - [04/Jan/2025:02:51:51 -0500] "GET /css/bootstrap.min.css HTTP/1.1" 200 18586 "https://maso-awards.live/remarks" "Mozilla/5.0 (Linux; Android 7.0; SM-G930V Build/NRD90M) AppleWebKit/537.36 (KHTML, like Gecko) Chrome/59.0.3071.125 Mobile Safari/537.36 (compatible; Google-Read-Aloud; +https://support.google.com/webmasters/answer/1061943)"
66.249.83.3 - - [04/Jan/2025:02:51:51 -0500] "GET /css/animate.css HTTP/1.1" 200 4156 "https://maso-awards.live/remarks" "Mozilla/5.0 (Linux; Android 7.0; SM-G930V Build/NRD90M) AppleWebKit/537.36 (KHTML, like Gecko) Chrome/59.0.3071.125 Mobile Safari/537.36 (compatible; Google-Read-Aloud; +https://support.google.com/webmasters/answer/1061943)"
66.249.83.3 - - [04/Jan/2025:02:51:51 -0500] "GET /js/wow.min.js HTTP/1.1" 200 2636 "https://maso-awards.live/remarks" "Mozilla/5.0 (Linux; Android 7.0; SM-G930V Build/NRD90M) AppleWebKit/537.36 (KHTML, like Gecko) Chrome/59.0.3071.125 Mobile Safari/537.36 (compatible; Google-Read-Aloud; +https://support.google.com/webmasters/answer/1061943)"
66.249.83.4 - - [04/Jan/2025:02:51:52 -0500] "GET /css/main.css HTTP/1.1" 200 3484 "https://maso-awards.live/remarks" "Mozilla/5.0 (Linux; Android 7.0; SM-G930V Build/NRD90M) AppleWebKit/537.36 (KHTML, like Gecko) Chrome/59.0.3071.125 Mobile Safari/537.36 (compatible; Google-Read-Aloud; +https://support.google.com/webmasters/answer/1061943)"
66.249.83.4 - - [04/Jan/2025:02:51:51 -0500] "GET /js/all.min.js HTTP/1.1" 200 430440 "https://maso-awards.live/remarks" "Mozilla/5.0 (Linux; Android 7.0; SM-G930V Build/NRD90M) AppleWebKit/537.36 (KHTML, like Gecko) Chrome/59.0.3071.125 Mobile Safari/537.36 (compatible; Google-Read-Aloud; +https://support.google.com/webmasters/answer/1061943)"
66.249.83.3 - - [04/Jan/2025:02:51:52 -0500] "GET /js/jquery-3.3.1.min.js HTTP/1.1" 200 29664 "https://maso-awards.live/remarks" "Mozilla/5.0 (Linux; Android 7.0; SM-G930V Build/NRD90M) AppleWebKit/537.36 (KHTML, like Gecko) Chrome/59.0.3071.125 Mobile Safari/537.36 (compatible; Google-Read-Aloud; +https://support.google.com/webmasters/answer/1061943)"
66.249.83.4 - - [04/Jan/2025:02:51:52 -0500] "GET /js/countdown.js HTTP/1.1" 200 988 "https://maso-awards.live/remarks" "Mozilla/5.0 (Linux; Android 7.0; SM-G930V Build/NRD90M) AppleWebKit/537.36 (KHTML, like Gecko) Chrome/59.0.3071.125 Mobile Safari/537.36 (compatible; Google-Read-Aloud; +https://support.google.com/webmasters/answer/1061943)"
66.249.83.4 - - [04/Jan/2025:02:51:52 -0500] "GET /js/bootstrap.min.js HTTP/1.1" 200 12542 "https://maso-awards.live/remarks" "Mozilla/5.0 (Linux; Android 7.0; SM-G930V Build/NRD90M) AppleWebKit/537.36 (KHTML, like Gecko) Chrome/59.0.3071.125 Mobile Safari/537.36 (compatible; Google-Read-Aloud; +https://support.google.com/webmasters/answer/1061943)"
66.249.83.4 - - [04/Jan/2025:02:51:52 -0500] "GET /css/main.css HTTP/1.1" 200 3484 "https://maso-awards.live/remarks" "Mozilla/5.0 (Linux; Android 7.0; SM-G930V Build/NRD90M) AppleWebKit/537.36 (KHTML, like Gecko) Chrome/59.0.3071.125 Mobile Safari/537.36 (compatible; Google-Read-Aloud; +https://support.google.com/webmasters/answer/1061943)"
105.234.162.6 - - [04/Jan/2025:02:51:52 -0500] "GET /css/icomoon/style.css HTTP/1.1" 200 15824 "https://maso-awards.live/remarks" "Mozilla/5.0 (Linux; Android 8.1.0; TECNO B1f Build/O11019) AppleWebKit/537.36 (KHTML, like Gecko) Chrome/70.0.3538.110 Mobile Safari/537.36"
105.234.162.6 - - [04/Jan/2025:02:51:52 -0500] "GET /css/bootstrap.min.css HTTP/1.1" 200 28010 "https://maso-awards.live/remarks" "Mozilla/5.0 (Linux; Android 8.1.0; TECNO B1f Build/O11019) AppleWebKit/537.36 (KHTML, like Gecko) Chrome/70.0.3538.110 Mobile Safari/537.36"
105.234.162.6 - - [04/Jan/2025:02:51:52 -0500] "GET /css/main.css HTTP/1.1" 200 4648 "https://maso-awards.live/remarks" "Mozilla/5.0 (Linux; Android 8.1.0; TECNO B1f Build/O11019) AppleWebKit/537.36 (KHTML, like Gecko) Chrome/70.0.3538.110 Mobile Safari/537.36"
105.234.162.6 - - [04/Jan/2025:02:51:52 -0500] "GET /css/animate.css HTTP/1.1" 200 6705 "https://maso-awards.live/remarks" "Mozilla/5.0 (Linux; Android 8.1.0; TECNO B1f Build/O11019) AppleWebKit/537.36 (KHTML, like Gecko) Chrome/70.0.3538.110 Mobile Safari/537.36"
105.234.162.6 - - [04/Jan/2025:02:51:52 -0500] "GET /js/countdown.js HTTP/1.1" 200 1157 "https://maso-awards.live/remarks" "Mozilla/5.0 (Linux; Android 8.1.0; TECNO B1f Build/O11019) AppleWebKit/537.36 (KHTML, like Gecko) Chrome/70.0.3538.110 Mobile Safari/537.36"
105.234.162.6 - - [04/Jan/2025:02:51:52 -0500] "GET /js/jquery-3.3.1.min.js HTTP/1.1" 200 35358 "https://maso-awards.live/remarks" "Mozilla/5.0 (Linux; Android 8.1.0; TECNO B1f Build/O11019) AppleWebKit/537.36 (KHTML, like Gecko) Chrome/70.0.3538.110 Mobile Safari/537.36"
105.234.162.6 - - [04/Jan/2025:02:51:52 -0500] "GET /js/all.min.js HTTP/1.1" 200 496118 "https://maso-awards.live/remarks" "Mozilla/5.0 (Linux; Android 8.1.0; TECNO B1f Build/O11019) AppleWebKit/537.36 (KHTML, like Gecko) Chrome/70.0.3538.110 Mobile Safari/537.36"
105.234.162.6 - - [04/Jan/2025:02:51:52 -0500] "GET /images/final-poster.jpg HTTP/1.1" 200 345913 "https://maso-awards.live/remarks" "Mozilla/5.0 (Linux; Android 8.1.0; TECNO B1f Build/O11019) AppleWebKit/537.36 (KHTML, like Gecko) Chrome/70.0.3538.110 Mobile Safari/537.36"
66.249.83.2 - - [04/Jan/2025:02:51:52 -0500] "GET /assets/vendor/bootstrap-icons/fonts/bootstrap-icons.woff2?a74547b2f0863226942ff8ded57db345 HTTP/1.1" 200 92004 "https://maso-awards.live/assets/vendor/bootstrap-icons/bootstrap-icons.css" "Mozilla/5.0 (Linux; Android 7.0; SM-G930V Build/NRD90M) AppleWebKit/537.36 (KHTML, like Gecko) Chrome/59.0.3071.125 Mobile Safari/537.36 (compatible; Google-Read-Aloud; +https://support.google.com/webmasters/answer/1061943)"
66.249.83.3 - - [04/Jan/2025:02:51:52 -0500] "GET /assets/vendor/bootstrap-icons/fonts/bootstrap-icons.woff2?a74547b2f0863226942ff8ded57db345 HTTP/1.1" 200 92004 "https://maso-awards.live/assets/vendor/bootstrap-icons/bootstrap-icons.css" "Mozilla/5.0 (Linux; Android 7.0; SM-G930V Build/NRD90M) AppleWebKit/537.36 (KHTML, like Gecko) Chrome/59.0.3071.125 Mobile Safari/537.36 (compatible; Google-Read-Aloud; +https://support.google.com/webmasters/answer/1061943)"
105.234.162.6 - - [04/Jan/2025:02:51:54 -0500] "GET /js/wow.min.js HTTP/1.1" 200 3100 "https://maso-awards.live/remarks" "Mozilla/5.0 (Linux; Android 8.1.0; TECNO B1f Build/O11019) AppleWebKit/537.36 (KHTML, like Gecko) Chrome/70.0.3538.110 Mobile Safari/537.36"
105.234.162.6 - - [04/Jan/2025:02:51:54 -0500] "GET /js/bootstrap.min.js HTTP/1.1" 200 16088 "https://maso-awards.live/remarks" "Mozilla/5.0 (Linux; Android 8.1.0; TECNO B1f Build/O11019) AppleWebKit/537.36 (KHTML, like Gecko) Chrome/70.0.3538.110 Mobile Safari/537.36"
105.234.162.6 - - [04/Jan/2025:02:51:54 -0500] "GET /images/advert.mp3 HTTP/1.1" 206 1553324 "https://maso-awards.live/remarks" "Mozilla/5.0 (Linux; Android 8.1.0; TECNO B1f Build/O11019) AppleWebKit/537.36 (KHTML, like Gecko) Chrome/70.0.3538.110 Mobile Safari/537.36"
105.234.162.6 - - [04/Jan/2025:02:51:55 -0500] "GET / HTTP/1.1" 200 4769 "-" "Mozilla/5.0 (Linux; Android 8.1.0; TECNO B1f Build/O11019) AppleWebKit/537.36 (KHTML, like Gecko) Chrome/70.0.3538.110 Mobile Safari/537.36"
66.249.83.3 - - [04/Jan/2025:02:51:56 -0500] "GET /assets/vendor/swiper/swiper-bundle.min.css HTTP/1.1" 200 4126 "https://maso-awards.live/" "Mozilla/5.0 (Linux; Android 7.0; SM-G930V Build/NRD90M) AppleWebKit/537.36 (KHTML, like Gecko) Chrome/59.0.3071.125 Mobile Safari/537.36 (compatible; Google-Read-Aloud; +https://support.google.com/webmasters/answer/1061943)"
66.249.83.2 - - [04/Jan/2025:02:51:56 -0500] "GET /assets/vendor/bootstrap/css/bootstrap.min.css HTTP/1.1" 200 21225 "https://maso-awards.live/" "Mozilla/5.0 (Linux; Android 7.0; SM-G930V Build/NRD90M) AppleWebKit/537.36 (KHTML, like Gecko) Chrome/59.0.3071.125 Mobile Safari/537.36 (compatible; Google-Read-Aloud; +https://support.google.com/webmasters/answer/1061943)"
66.249.83.4 - - [04/Jan/2025:02:51:56 -0500] "GET /assets/vendor/glightbox/css/glightbox.min.css HTTP/1.1" 200 2396 "https://maso-awards.live/" "Mozilla/5.0 (Linux; Android 7.0; SM-G930V Build/NRD90M) AppleWebKit/537.36 (KHTML, like Gecko) Chrome/59.0.3071.125 Mobile Safari/537.36 (compatible; Google-Read-Aloud; +https://support.google.com/webmasters/answer/1061943)"
105.234.162.6 - - [04/Jan/2025:02:51:57 -0500] "GET /assets/img/maso-bg.jpg HTTP/1.1" 200 224545 "https://maso-awards.live/css/main.css" "Mozilla/5.0 (Linux; Android 8.1.0; TECNO B1f Build/O11019) AppleWebKit/537.36 (KHTML, like Gecko) Chrome/70.0.3538.110 Mobile Safari/537.36"
105.234.162.6 - - [04/Jan/2025:02:51:57 -0500] "GET /fonts/Gothic.ttf HTTP/1.1" 200 112628 "https://maso-awards.live/css/main.css" "Mozilla/5.0 (Linux; Android 8.1.0; TECNO B1f Build/O11019) AppleWebKit/537.36 (KHTML, like Gecko) Chrome/70.0.3538.110 Mobile Safari/537.36"
105.234.162.6 - - [04/Jan/2025:02:51:58 -0500] "GET /js/sweetalert.min.js HTTP/1.1" 200 13840 "https://maso-awards.live/" "Mozilla/5.0 (Linux; Android 8.1.0; TECNO B1f Build/O11019) AppleWebKit/537.36 (KHTML, like Gecko) Chrome/70.0.3538.110 Mobile Safari/537.36"
105.234.162.6 - - [04/Jan/2025:02:51:58 -0500] "GET /assets/img/maso-icon.png HTTP/1.1" 200 155634 "https://maso-awards.live/" "Mozilla/5.0 (Linux; Android 8.1.0; TECNO B1f Build/O11019) AppleWebKit/537.36 (KHTML, like Gecko) Chrome/70.0.3538.110 Mobile Safari/537.36"
105.234.162.6 - - [04/Jan/2025:02:51:58 -0500] "GET /assets/articles/article-20240830-100604.jpg HTTP/1.1" 200 282045 "https://maso-awards.live/" "Mozilla/5.0 (Linux; Android 8.1.0; TECNO B1f Build/O11019) AppleWebKit/537.36 (KHTML, like Gecko) Chrome/70.0.3538.110 Mobile Safari/537.36"
105.234.162.6 - - [04/Jan/2025:02:52:00 -0500] "GET /assets/articles/article-20240829-174834.jpg HTTP/1.1" 200 260876 "https://maso-awards.live/" "Mozilla/5.0 (Linux; Android 8.1.0; TECNO B1f Build/O11019) AppleWebKit/537.36 (KHTML, like Gecko) Chrome/70.0.3538.110 Mobile Safari/537.36"
105.234.162.6 - - [04/Jan/2025:02:52:00 -0500] "GET /assets/articles/article-20240828-121825.png HTTP/1.1" 200 163853 "https://maso-awards.live/" "Mozilla/5.0 (Linux; Android 8.1.0; TECNO B1f Build/O11019) AppleWebKit/537.36 (KHTML, like Gecko) Chrome/70.0.3538.110 Mobile Safari/537.36"
105.234.162.6 - - [04/Jan/2025:02:52:00 -0500] "GET /assets/img/nominee.png HTTP/1.1" 200 34021 "https://maso-awards.live/" "Mozilla/5.0 (Linux; Android 8.1.0; TECNO B1f Build/O11019) AppleWebKit/537.36 (KHTML, like Gecko) Chrome/70.0.3538.110 Mobile Safari/537.36"
105.234.162.6 - - [04/Jan/2025:02:52:00 -0500] "GET /assets/img/vote.png HTTP/1.1" 200 19344 "https://maso-awards.live/" "Mozilla/5.0 (Linux; Android 8.1.0; TECNO B1f Build/O11019) AppleWebKit/537.36 (KHTML, like Gecko) Chrome/70.0.3538.110 Mobile Safari/537.36"
105.234.162.6 - - [04/Jan/2025:02:52:00 -0500] "GET /assets/img/gallery/maso-20240504-145037.jpg HTTP/1.1" 200 18366 "https://maso-awards.live/" "Mozilla/5.0 (Linux; Android 8.1.0; TECNO B1f Build/O11019) AppleWebKit/537.36 (KHTML, like Gecko) Chrome/70.0.3538.110 Mobile Safari/537.36"
105.234.162.6 - - [04/Jan/2025:02:52:00 -0500] "GET /assets/img/gallery/maso-20240504-144930.jpg HTTP/1.1" 200 16590 "https://maso-awards.live/" "Mozilla/5.0 (Linux; Android 8.1.0; TECNO B1f Build/O11019) AppleWebKit/537.36 (KHTML, like Gecko) Chrome/70.0.3538.110 Mobile Safari/537.36"
105.234.162.6 - - [04/Jan/2025:02:52:00 -0500] "GET /assets/img/gallery/maso-20240504-145224.jpg HTTP/1.1" 200 21134 "https://maso-awards.live/" "Mozilla/5.0 (Linux; Android 8.1.0; TECNO B1f Build/O11019) AppleWebKit/537.36 (KHTML, like Gecko) Chrome/70.0.3538.110 Mobile Safari/537.36"
105.234.162.6 - - [04/Jan/2025:02:52:00 -0500] "GET /assets/img/red-carpet.png HTTP/1.1" 200 22558 "https://maso-awards.live/" "Mozilla/5.0 (Linux; Android 8.1.0; TECNO B1f Build/O11019) AppleWebKit/537.36 (KHTML, like Gecko) Chrome/70.0.3538.110 Mobile Safari/537.36"
105.234.162.6 - - [04/Jan/2025:02:52:00 -0500] "GET /assets/img/gallery/maso-20240504-144945.jpg HTTP/1.1" 200 14925 "https://maso-awards.live/" "Mozilla/5.0 (Linux; Android 8.1.0; TECNO B1f Build/O11019) AppleWebKit/537.36 (KHTML, like Gecko) Chrome/70.0.3538.110 Mobile Safari/537.36"
105.234.162.6 - - [04/Jan/2025:02:52:00 -0500] "GET /assets/img/gallery/maso-20240504-145357.jpg HTTP/1.1" 200 19123 "https://maso-awards.live/" "Mozilla/5.0 (Linux; Android 8.1.0; TECNO B1f Build/O11019) AppleWebKit/537.36 (KHTML, like Gecko) Chrome/70.0.3538.110 Mobile Safari/537.36"
105.234.162.6 - - [04/Jan/2025:02:52:00 -0500] "GET /assets/img/gallery/maso-20240504-145029.jpg HTTP/1.1" 200 15090 "https://maso-awards.live/" "Mozilla/5.0 (Linux; Android 8.1.0; TECNO B1f Build/O11019) AppleWebKit/537.36 (KHTML, like Gecko) Chrome/70.0.3538.110 Mobile Safari/537.36"
105.234.162.6 - - [04/Jan/2025:02:52:00 -0500] "GET /assets/img/gallery/maso-20240504-144921.jpg HTTP/1.1" 200 17568 "https://maso-awards.live/" "Mozilla/5.0 (Linux; Android 8.1.0; TECNO B1f Build/O11019) AppleWebKit/537.36 (KHTML, like Gecko) Chrome/70.0.3538.110 Mobile Safari/537.36"
105.234.162.6 - - [04/Jan/2025:02:52:00 -0500] "GET /assets/img/gallery/maso-20240504-144157.jpg HTTP/1.1" 200 19594 "https://maso-awards.live/" "Mozilla/5.0 (Linux; Android 8.1.0; TECNO B1f Build/O11019) AppleWebKit/537.36 (KHTML, like Gecko) Chrome/70.0.3538.110 Mobile Safari/537.36"
105.234.162.6 - - [04/Jan/2025:02:52:00 -0500] "GET /assets/img/gallery/maso-20240504-144023.jpg HTTP/1.1" 200 19668 "https://maso-awards.live/" "Mozilla/5.0 (Linux; Android 8.1.0; TECNO B1f Build/O11019) AppleWebKit/537.36 (KHTML, like Gecko) Chrome/70.0.3538.110 Mobile Safari/537.36"
105.234.162.6 - - [04/Jan/2025:02:52:00 -0500] "GET /assets/img/gallery/maso-20240504-144252.jpg HTTP/1.1" 200 16379 "https://maso-awards.live/" "Mozilla/5.0 (Linux; Android 8.1.0; TECNO B1f Build/O11019) AppleWebKit/537.36 (KHTML, like Gecko) Chrome/70.0.3538.110 Mobile Safari/537.36"
105.234.162.6 - - [04/Jan/2025:02:52:00 -0500] "GET /assets/img/gallery/maso-20240504-144902.jpg HTTP/1.1" 200 25098 "https://maso-awards.live/" "Mozilla/5.0 (Linux; Android 8.1.0; TECNO B1f Build/O11019) AppleWebKit/537.36 (KHTML, like Gecko) Chrome/70.0.3538.110 Mobile Safari/537.36"
105.234.162.6 - - [04/Jan/2025:02:52:00 -0500] "GET /assets/img/gallery/maso-20240504-144145.jpg HTTP/1.1" 200 19992 "https://maso-awards.live/" "Mozilla/5.0 (Linux; Android 8.1.0; TECNO B1f Build/O11019) AppleWebKit/537.36 (KHTML, like Gecko) Chrome/70.0.3538.110 Mobile Safari/537.36"
105.234.162.6 - - [04/Jan/2025:02:52:00 -0500] "GET /assets/img/gallery/maso-20240504-144910.jpg HTTP/1.1" 200 20762 "https://maso-awards.live/" "Mozilla/5.0 (Linux; Android 8.1.0; TECNO B1f Build/O11019) AppleWebKit/537.36 (KHTML, like Gecko) Chrome/70.0.3538.110 Mobile Safari/537.36"
105.234.162.6 - - [04/Jan/2025:02:52:00 -0500] "GET /assets/img/gallery/maso-20240504-144004.jpg HTTP/1.1" 200 17794 "https://maso-awards.live/" "Mozilla/5.0 (Linux; Android 8.1.0; TECNO B1f Build/O11019) AppleWebKit/537.36 (KHTML, like Gecko) Chrome/70.0.3538.110 Mobile Safari/537.36"
105.234.162.6 - - [04/Jan/2025:02:52:00 -0500] "GET /assets/img/partners/JPC.png HTTP/1.1" 200 103764 "https://maso-awards.live/" "Mozilla/5.0 (Linux; Android 8.1.0; TECNO B1f Build/O11019) AppleWebKit/537.36 (KHTML, like Gecko) Chrome/70.0.3538.110 Mobile Safari/537.36"
105.234.162.6 - - [04/Jan/2025:02:52:00 -0500] "GET /assets/img/partners/265dates.png HTTP/1.1" 200 38025 "https://maso-awards.live/" "Mozilla/5.0 (Linux; Android 8.1.0; TECNO B1f Build/O11019) AppleWebKit/537.36 (KHTML, like Gecko) Chrome/70.0.3538.110 Mobile Safari/537.36"
105.234.162.6 - - [04/Jan/2025:02:52:00 -0500] "GET /assets/img/partners/cts.png HTTP/1.1" 200 46070 "https://maso-awards.live/" "Mozilla/5.0 (Linux; Android 8.1.0; TECNO B1f Build/O11019) AppleWebKit/537.36 (KHTML, like Gecko) Chrome/70.0.3538.110 Mobile Safari/537.36"
105.234.162.6 - - [04/Jan/2025:02:52:00 -0500] "GET /assets/img/partners/roots.png HTTP/1.1" 200 18594 "https://maso-awards.live/" "Mozilla/5.0 (Linux; Android 8.1.0; TECNO B1f Build/O11019) AppleWebKit/537.36 (KHTML, like Gecko) Chrome/70.0.3538.110 Mobile Safari/537.36"
105.234.162.6 - - [04/Jan/2025:02:52:00 -0500] "GET /assets/img/partners/Kanema%20Online%20Colour.png HTTP/1.1" 200 60274 "https://maso-awards.live/" "Mozilla/5.0 (Linux; Android 8.1.0; TECNO B1f Build/O11019) AppleWebKit/537.36 (KHTML, like Gecko) Chrome/70.0.3538.110 Mobile Safari/537.36"
105.234.162.6 - - [04/Jan/2025:02:52:00 -0500] "GET /assets/img/partners/adcity.png HTTP/1.1" 200 24899 "https://maso-awards.live/" "Mozilla/5.0 (Linux; Android 8.1.0; TECNO B1f Build/O11019) AppleWebKit/537.36 (KHTML, like Gecko) Chrome/70.0.3538.110 Mobile Safari/537.36"
105.234.162.6 - - [04/Jan/2025:02:52:00 -0500] "GET /assets/img/partners/bluwave.png HTTP/1.1" 200 28179 "https://maso-awards.live/" "Mozilla/5.0 (Linux; Android 8.1.0; TECNO B1f Build/O11019) AppleWebKit/537.36 (KHTML, like Gecko) Chrome/70.0.3538.110 Mobile Safari/537.36"
105.234.162.6 - - [04/Jan/2025:02:52:00 -0500] "GET /assets/img/partners/fadeth.png HTTP/1.1" 200 18414 "https://maso-awards.live/" "Mozilla/5.0 (Linux; Android 8.1.0; TECNO B1f Build/O11019) AppleWebKit/537.36 (KHTML, like Gecko) Chrome/70.0.3538.110 Mobile Safari/537.36"
105.234.162.6 - - [04/Jan/2025:02:52:00 -0500] "GET /assets/img/about-bg.jpg HTTP/1.1" 200 174120 "https://maso-awards.live/assets/css/style.css" "Mozilla/5.0 (Linux; Android 8.1.0; TECNO B1f Build/O11019) AppleWebKit/537.36 (KHTML, like Gecko) Chrome/70.0.3538.110 Mobile Safari/537.36"
105.234.162.6 - - [04/Jan/2025:02:52:00 -0500] "GET /assets/img/partners/unipod.png HTTP/1.1" 200 18181 "https://maso-awards.live/" "Mozilla/5.0 (Linux; Android 8.1.0; TECNO B1f Build/O11019) AppleWebKit/537.36 (KHTML, like Gecko) Chrome/70.0.3538.110 Mobile Safari/537.36"
105.234.162.6 - - [04/Jan/2025:02:52:00 -0500] "GET /assets/img/partners/focusedpx.png HTTP/1.1" 200 19021 "https://maso-awards.live/" "Mozilla/5.0 (Linux; Android 8.1.0; TECNO B1f Build/O11019) AppleWebKit/537.36 (KHTML, like Gecko) Chrome/70.0.3538.110 Mobile Safari/537.36"
105.234.162.6 - - [04/Jan/2025:02:52:00 -0500] "GET /assets/img/partners/fortune-brands.png HTTP/1.1" 200 296544 "https://maso-awards.live/" "Mozilla/5.0 (Linux; Android 8.1.0; TECNO B1f Build/O11019) AppleWebKit/537.36 (KHTML, like Gecko) Chrome/70.0.3538.110 Mobile Safari/537.36"
105.234.162.6 - - [04/Jan/2025:02:52:05 -0500] "GET /assets/img/logo.png HTTP/1.1" 404 1251 "https://maso-awards.live/" "Mozilla/5.0 (Linux; Android 8.1.0; TECNO B1f Build/O11019) AppleWebKit/537.36 (KHTML, like Gecko) Chrome/70.0.3538.110 Mobile Safari/537.36"
52.205.222.214 - - [04/Jan/2025:02:52:26 -0500] "GET /robots.txt HTTP/1.1" 404 1251 "-" "Mozilla/5.0 AppleWebKit/537.36 (KHTML, like Gecko; compatible; Amazonbot/0.1; +https://developer.amazon.com/support/amazonbot) Chrome/119.0.6045.214 Safari/537.36"
52.203.65.83 - - [04/Jan/2025:02:52:26 -0500] "GET /robots.txt HTTP/1.1" 404 1251 "-" "Mozilla/5.0 AppleWebKit/537.36 (KHTML, like Gecko; compatible; Amazonbot/0.1; +https://developer.amazon.com/support/amazonbot) Chrome/119.0.6045.214 Safari/537.36"
34.203.111.15 - - [04/Jan/2025:02:52:31 -0500] "GET /vote HTTP/1.1" 302 1949 "-" "Mozilla/5.0 AppleWebKit/537.36 (KHTML, like Gecko; compatible; Amazonbot/0.1; +https://developer.amazon.com/support/amazonbot) Chrome/119.0.6045.214 Safari/537.36"
192.133.77.18 - - [04/Jan/2025:02:52:32 -0500] "GET /assets/img/maso-og.jpg HTTP/1.1" 200 41307 "-" "Twitterbot/1.0"
192.133.77.18 - - [04/Jan/2025:02:52:32 -0500] "GET /category/best-rnb-or-pop-act HTTP/1.1" 200 38 "-" "Twitterbot/1.0"
34.236.41.241 - - [04/Jan/2025:02:52:32 -0500] "GET /remarks HTTP/1.1" 200 2194 "-" "Mozilla/5.0 AppleWebKit/537.36 (KHTML, like Gecko; compatible; Amazonbot/0.1; +https://developer.amazon.com/support/amazonbot) Chrome/119.0.6045.214 Safari/537.36"
66.249.65.204 - - [04/Jan/2025:02:52:33 -0500] "GET /blastoporal56-49bn0w2ym.html HTTP/1.1" 404 1251 "-" "Mozilla/5.0 (Linux; Android 6.0.1; Nexus 5X Build/MMB29P) AppleWebKit/537.36 (KHTML, like Gecko) Chrome/131.0.6778.139 Mobile Safari/537.36 (compatible; Googlebot/2.1; +http://www.google.com/bot.html)"
54.89.90.224 - - [04/Jan/2025:02:52:35 -0500] "GET /images/final-poster.jpg HTTP/1.1" 200 345913 "-" "Mozilla/5.0 AppleWebKit/537.36 (KHTML, like Gecko; compatible; Amazonbot/0.1; +https://developer.amazon.com/support/amazonbot) Chrome/119.0.6045.214 Safari/537.36"
3.216.86.144 - - [04/Jan/2025:02:52:39 -0500] "GET /home HTTP/1.1" 200 4768 "-" "Mozilla/5.0 AppleWebKit/537.36 (KHTML, like Gecko; compatible; Amazonbot/0.1; +https://developer.amazon.com/support/amazonbot) Chrome/119.0.6045.214 Safari/537.36"
34.225.243.131 - - [04/Jan/2025:02:52:43 -0500] "GET /assets/img/partners/fadeth.png HTTP/1.1" 200 18414 "-" "Mozilla/5.0 AppleWebKit/537.36 (KHTML, like Gecko; compatible; Amazonbot/0.1; +https://developer.amazon.com/support/amazonbot) Chrome/119.0.6045.214 Safari/537.36"
54.90.8.255 - - [04/Jan/2025:02:52:47 -0500] "GET /assets/img/partners/focusedpx.png HTTP/1.1" 200 19021 "-" "Mozilla/5.0 AppleWebKit/537.36 (KHTML, like Gecko; compatible; Amazonbot/0.1; +https://developer.amazon.com/support/amazonbot) Chrome/119.0.6045.214 Safari/537.36"
3.218.35.239 - - [04/Jan/2025:02:52:51 -0500] "GET /assets/img/partners/roots.png HTTP/1.1" 200 18594 "-" "Mozilla/5.0 AppleWebKit/537.36 (KHTML, like Gecko; compatible; Amazonbot/0.1; +https://developer.amazon.com/support/amazonbot) Chrome/119.0.6045.214 Safari/537.36"
54.197.178.107 - - [04/Jan/2025:02:52:55 -0500] "GET /assets/img/partners/cts.png HTTP/1.1" 200 46070 "-" "Mozilla/5.0 AppleWebKit/537.36 (KHTML, like Gecko; compatible; Amazonbot/0.1; +https://developer.amazon.com/support/amazonbot) Chrome/119.0.6045.214 Safari/537.36"
3.89.170.186 - - [04/Jan/2025:02:52:59 -0500] "GET /assets/img/partners/bluwave.png HTTP/1.1" 200 28179 "-" "Mozilla/5.0 AppleWebKit/537.36 (KHTML, like Gecko; compatible; Amazonbot/0.1; +https://developer.amazon.com/support/amazonbot) Chrome/119.0.6045.214 Safari/537.36"
3.226.34.98 - - [04/Jan/2025:02:53:03 -0500] "GET /assets/img/partners/adcity.png HTTP/1.1" 200 24899 "-" "Mozilla/5.0 AppleWebKit/537.36 (KHTML, like Gecko; compatible; Amazonbot/0.1; +https://developer.amazon.com/support/amazonbot) Chrome/119.0.6045.214 Safari/537.36"
3.232.102.111 - - [04/Jan/2025:02:53:07 -0500] "GET /assets/img/partners/265dates.png HTTP/1.1" 200 38025 "-" "Mozilla/5.0 AppleWebKit/537.36 (KHTML, like Gecko; compatible; Amazonbot/0.1; +https://developer.amazon.com/support/amazonbot) Chrome/119.0.6045.214 Safari/537.36"
105.234.162.6 - - [04/Jan/2025:02:52:00 -0500] "GET /images/performance.mp4 HTTP/1.1" 206 24560789 "https://maso-awards.live/" "Mozilla/5.0 (Linux; Android 8.1.0; TECNO B1f Build/O11019) AppleWebKit/537.36 (KHTML, like Gecko) Chrome/70.0.3538.110 Mobile Safari/537.36"
34.205.170.13 - - [04/Jan/2025:02:53:11 -0500] "GET /assets/img/partners/unipod.png HTTP/1.1" 200 18181 "-" "Mozilla/5.0 AppleWebKit/537.36 (KHTML, like Gecko; compatible; Amazonbot/0.1; +https://developer.amazon.com/support/amazonbot) Chrome/119.0.6045.214 Safari/537.36"
54.80.73.122 - - [04/Jan/2025:02:53:15 -0500] "GET /assets/img/partners/fortune-brands.png HTTP/1.1" 200 296544 "-" "Mozilla/5.0 AppleWebKit/537.36 (KHTML, like Gecko; compatible; Amazonbot/0.1; +https://developer.amazon.com/support/amazonbot) Chrome/119.0.6045.214 Safari/537.36"
23.23.99.55 - - [04/Jan/2025:02:53:20 -0500] "GET /assets/img/partners/JPC.png HTTP/1.1" 200 103764 "-" "Mozilla/5.0 AppleWebKit/537.36 (KHTML, like Gecko; compatible; Amazonbot/0.1; +https://developer.amazon.com/support/amazonbot) Chrome/119.0.6045.214 Safari/537.36"
54.197.102.71 - - [04/Jan/2025:02:53:23 -0500] "GET /assets/img/partners/Kanema%20Online%20Colour.png HTTP/1.1" 200 60274 "-" "Mozilla/5.0 AppleWebKit/537.36 (KHTML, like Gecko; compatible; Amazonbot/0.1; +https://developer.amazon.com/support/amazonbot) Chrome/119.0.6045.214 Safari/537.36"
98.82.63.147 - - [04/Jan/2025:02:53:27 -0500] "GET /assets/img/gallery/maso-20240504-144004.jpg HTTP/1.1" 200 17794 "-" "Mozilla/5.0 AppleWebKit/537.36 (KHTML, like Gecko; compatible; Amazonbot/0.1; +https://developer.amazon.com/support/amazonbot) Chrome/119.0.6045.214 Safari/537.36"
98.82.66.172 - - [04/Jan/2025:02:53:31 -0500] "GET /assets/img/gallery/maso-20240504-144023.jpg HTTP/1.1" 200 19668 "-" "Mozilla/5.0 AppleWebKit/537.36 (KHTML, like Gecko; compatible; Amazonbot/0.1; +https://developer.amazon.com/support/amazonbot) Chrome/119.0.6045.214 Safari/537.36"
100.29.128.75 - - [04/Jan/2025:02:53:35 -0500] "GET /assets/img/gallery/maso-20240504-144145.jpg HTTP/1.1" 200 19992 "-" "Mozilla/5.0 AppleWebKit/537.36 (KHTML, like Gecko; compatible; Amazonbot/0.1; +https://developer.amazon.com/support/amazonbot) Chrome/119.0.6045.214 Safari/537.36"
3.213.213.161 - - [04/Jan/2025:02:53:39 -0500] "GET /assets/img/gallery/maso-20240504-144157.jpg HTTP/1.1" 200 19594 "-" "Mozilla/5.0 AppleWebKit/537.36 (KHTML, like Gecko; compatible; Amazonbot/0.1; +https://developer.amazon.com/support/amazonbot) Chrome/119.0.6045.214 Safari/537.36"
105.234.162.6 - - [04/Jan/2025:02:53:42 -0500] "GET /donate HTTP/1.1" 200 4920 "https://maso-awards.live/" "Mozilla/5.0 (Linux; Android 8.1.0; TECNO B1f Build/O11019) AppleWebKit/537.36 (KHTML, like Gecko) Chrome/70.0.3538.110 Mobile Safari/537.36"
44.194.139.149 - - [04/Jan/2025:02:53:43 -0500] "GET /assets/img/gallery/maso-20240504-144252.jpg HTTP/1.1" 200 16379 "-" "Mozilla/5.0 AppleWebKit/537.36 (KHTML, like Gecko; compatible; Amazonbot/0.1; +https://developer.amazon.com/support/amazonbot) Chrome/119.0.6045.214 Safari/537.36"
52.200.58.199 - - [04/Jan/2025:02:53:47 -0500] "GET /assets/img/gallery/maso-20240504-144902.jpg HTTP/1.1" 200 25098 "-" "Mozilla/5.0 AppleWebKit/537.36 (KHTML, like Gecko; compatible; Amazonbot/0.1; +https://developer.amazon.com/support/amazonbot) Chrome/119.0.6045.214 Safari/537.36"
105.234.162.6 - - [04/Jan/2025:02:53:42 -0500] "GET /images/performance.mp4 HTTP/1.1" 206 9299858 "https://maso-awards.live/" "Mozilla/5.0 (Linux; Android 8.1.0; TECNO B1f Build/O11019) AppleWebKit/537.36 (KHTML, like Gecko) Chrome/70.0.3538.110 Mobile Safari/537.36"
105.234.162.6 - - [04/Jan/2025:02:53:47 -0500] "GET /images/mpamba.png HTTP/1.1" 200 285864 "https://maso-awards.live/donate" "Mozilla/5.0 (Linux; Android 8.1.0; TECNO B1f Build/O11019) AppleWebKit/537.36 (KHTML, like Gecko) Chrome/70.0.3538.110 Mobile Safari/537.36"
105.234.162.6 - - [04/Jan/2025:02:53:47 -0500] "GET /images/airtel-money.png HTTP/1.1" 200 27211 "https://maso-awards.live/donate" "Mozilla/5.0 (Linux; Android 8.1.0; TECNO B1f Build/O11019) AppleWebKit/537.36 (KHTML, like Gecko) Chrome/70.0.3538.110 Mobile Safari/537.36"
105.234.162.6 - - [04/Jan/2025:02:53:48 -0500] "GET /images/please-wait.gif HTTP/1.1" 200 316076 "https://maso-awards.live/donate" "Mozilla/5.0 (Linux; Android 8.1.0; TECNO B1f Build/O11019) AppleWebKit/537.36 (KHTML, like Gecko) Chrome/70.0.3538.110 Mobile Safari/537.36"
66.249.83.2 - - [04/Jan/2025:02:53:50 -0500] "GET /donate HTTP/1.1" 200 4252 "-" "Mozilla/5.0 (Linux; Android 7.0; SM-G930V Build/NRD90M) AppleWebKit/537.36 (KHTML, like Gecko) Chrome/59.0.3071.125 Mobile Safari/537.36 (compatible; Google-Read-Aloud; +https://support.google.com/webmasters/answer/1061943)"
66.249.83.2 - - [04/Jan/2025:02:53:50 -0500] "GET /donate HTTP/1.1" 200 4254 "-" "Mozilla/5.0 (Linux; Android 7.0; SM-G930V Build/NRD90M) AppleWebKit/537.36 (KHTML, like Gecko) Chrome/59.0.3071.125 Mobile Safari/537.36 (compatible; Google-Read-Aloud; +https://support.google.com/webmasters/answer/1061943)"
66.249.83.4 - - [04/Jan/2025:02:53:50 -0500] "GET /fonts/Gothic-B.ttf HTTP/1.1" 200 129676 "https://maso-awards.live/css/main.css" "Mozilla/5.0 (Linux; Android 7.0; SM-G930V Build/NRD90M) AppleWebKit/537.36 (KHTML, like Gecko) Chrome/59.0.3071.125 Mobile Safari/537.36 (compatible; Google-Read-Aloud; +https://support.google.com/webmasters/answer/1061943)"
66.249.83.3 - - [04/Jan/2025:02:53:50 -0500] "GET /fonts/Gothic-B.ttf HTTP/1.1" 200 129676 "https://maso-awards.live/css/main.css" "Mozilla/5.0 (Linux; Android 7.0; SM-G930V Build/NRD90M) AppleWebKit/537.36 (KHTML, like Gecko) Chrome/59.0.3071.125 Mobile Safari/537.36 (compatible; Google-Read-Aloud; +https://support.google.com/webmasters/answer/1061943)"
23.21.204.95 - - [04/Jan/2025:02:53:51 -0500] "GET /assets/img/gallery/maso-20240504-144910.jpg HTTP/1.1" 200 20762 "-" "Mozilla/5.0 AppleWebKit/537.36 (KHTML, like Gecko; compatible; Amazonbot/0.1; +https://developer.amazon.com/support/amazonbot) Chrome/119.0.6045.214 Safari/537.36"
54.243.63.52 - - [04/Jan/2025:02:53:55 -0500] "GET /assets/img/gallery/maso-20240504-144921.jpg HTTP/1.1" 200 17568 "-" "Mozilla/5.0 AppleWebKit/537.36 (KHTML, like Gecko; compatible; Amazonbot/0.1; +https://developer.amazon.com/support/amazonbot) Chrome/119.0.6045.214 Safari/537.36"
105.234.162.6 - - [04/Jan/2025:02:53:57 -0500] "GET /home HTTP/1.1" 200 4768 "https://maso-awards.live/" "Mozilla/5.0 (Linux; Android 8.1.0; TECNO B1f Build/O11019) AppleWebKit/537.36 (KHTML, like Gecko) Chrome/70.0.3538.110 Mobile Safari/537.36"
23.21.225.190 - - [04/Jan/2025:02:53:59 -0500] "GET /assets/img/gallery/maso-20240504-144930.jpg HTTP/1.1" 200 16590 "-" "Mozilla/5.0 AppleWebKit/537.36 (KHTML, like Gecko; compatible; Amazonbot/0.1; +https://developer.amazon.com/support/amazonbot) Chrome/119.0.6045.214 Safari/537.36"
105.234.162.6 - - [04/Jan/2025:02:54:01 -0500] "GET / HTTP/1.1" 200 4768 "-" "Mozilla/5.0 (Linux; Android 8.1.0; TECNO B1f Build/O11019) AppleWebKit/537.36 (KHTML, like Gecko) Chrome/70.0.3538.110 Mobile Safari/537.36"
23.20.178.124 - - [04/Jan/2025:02:54:03 -0500] "GET /assets/img/gallery/maso-20240504-144945.jpg HTTP/1.1" 200 14925 "-" "Mozilla/5.0 AppleWebKit/537.36 (KHTML, like Gecko; compatible; Amazonbot/0.1; +https://developer.amazon.com/support/amazonbot) Chrome/119.0.6045.214 Safari/537.36"
23.23.103.31 - - [04/Jan/2025:02:54:07 -0500] "GET /assets/img/gallery/maso-20240504-145029.jpg HTTP/1.1" 200 15090 "-" "Mozilla/5.0 AppleWebKit/537.36 (KHTML, like Gecko; compatible; Amazonbot/0.1; +https://developer.amazon.com/support/amazonbot) Chrome/119.0.6045.214 Safari/537.36"
105.234.162.6 - - [04/Jan/2025:02:53:57 -0500] "GET /images/performance.mp4 HTTP/1.1" 206 10742816 "https://maso-awards.live/" "Mozilla/5.0 (Linux; Android 8.1.0; TECNO B1f Build/O11019) AppleWebKit/537.36 (KHTML, like Gecko) Chrome/70.0.3538.110 Mobile Safari/537.36"
18.215.24.66 - - [04/Jan/2025:02:54:11 -0500] "GET /assets/img/gallery/maso-20240504-145037.jpg HTTP/1.1" 200 18366 "-" "Mozilla/5.0 AppleWebKit/537.36 (KHTML, like Gecko; compatible; Amazonbot/0.1; +https://developer.amazon.com/support/amazonbot) Chrome/119.0.6045.214 Safari/537.36"
18.205.127.11 - - [04/Jan/2025:02:54:15 -0500] "GET /assets/img/gallery/maso-20240504-145224.jpg HTTP/1.1" 200 21134 "-" "Mozilla/5.0 AppleWebKit/537.36 (KHTML, like Gecko; compatible; Amazonbot/0.1; +https://developer.amazon.com/support/amazonbot) Chrome/119.0.6045.214 Safari/537.36"
105.234.162.6 - - [04/Jan/2025:02:54:15 -0500] "GET /assets/img/logo.png HTTP/1.1" 404 1251 "https://maso-awards.live/" "Mozilla/5.0 (Linux; Android 8.1.0; TECNO B1f Build/O11019) AppleWebKit/537.36 (KHTML, like Gecko) Chrome/70.0.3538.110 Mobile Safari/537.36"
105.234.162.6 - - [04/Jan/2025:02:54:11 -0500] "GET /images/performance.mp4 HTTP/1.1" 206 9888569 "https://maso-awards.live/home" "Mozilla/5.0 (Linux; Android 8.1.0; TECNO B1f Build/O11019) AppleWebKit/537.36 (KHTML, like Gecko) Chrome/70.0.3538.110 Mobile Safari/537.36"
105.234.162.6 - - [04/Jan/2025:02:54:12 -0500] "GET /images/performance.mp4 HTTP/1.1" 206 8906324 "https://maso-awards.live/" "Mozilla/5.0 (Linux; Android 8.1.0; TECNO B1f Build/O11019) AppleWebKit/537.36 (KHTML, like Gecko) Chrome/70.0.3538.110 Mobile Safari/537.36"
54.156.248.117 - - [04/Jan/2025:02:54:19 -0500] "GET /assets/img/gallery/maso-20240504-145357.jpg HTTP/1.1" 200 19123 "-" "Mozilla/5.0 AppleWebKit/537.36 (KHTML, like Gecko; compatible; Amazonbot/0.1; +https://developer.amazon.com/support/amazonbot) Chrome/119.0.6045.214 Safari/537.36"
23.21.250.48 - - [04/Jan/2025:02:54:23 -0500] "GET /nominate HTTP/1.1" 302 363 "-" "Mozilla/5.0 AppleWebKit/537.36 (KHTML, like Gecko; compatible; Amazonbot/0.1; +https://developer.amazon.com/support/amazonbot) Chrome/119.0.6045.214 Safari/537.36"
34.192.125.239 - - [04/Jan/2025:02:54:27 -0500] "GET /donate HTTP/1.1" 200 4917 "-" "Mozilla/5.0 AppleWebKit/537.36 (KHTML, like Gecko; compatible; Amazonbot/0.1; +https://developer.amazon.com/support/amazonbot) Chrome/119.0.6045.214 Safari/537.36"
3.210.114.189 - - [04/Jan/2025:02:54:31 -0500] "GET /article-8 HTTP/1.1" 200 2673 "-" "Mozilla/5.0 AppleWebKit/537.36 (KHTML, like Gecko; compatible; Amazonbot/0.1; +https://developer.amazon.com/support/amazonbot) Chrome/119.0.6045.214 Safari/537.36"
54.167.32.123 - - [04/Jan/2025:02:54:35 -0500] "GET /article-9 HTTP/1.1" 200 2401 "-" "Mozilla/5.0 AppleWebKit/537.36 (KHTML, like Gecko; compatible; Amazonbot/0.1; +https://developer.amazon.com/support/amazonbot) Chrome/119.0.6045.214 Safari/537.36"
3.229.2.217 - - [04/Jan/2025:02:54:39 -0500] "GET /index.html HTTP/1.1" 404 1251 "-" "Mozilla/5.0 AppleWebKit/537.36 (KHTML, like Gecko; compatible; Amazonbot/0.1; +https://developer.amazon.com/support/amazonbot) Chrome/119.0.6045.214 Safari/537.36"
44.223.193.255 - - [04/Jan/2025:02:54:43 -0500] "GET /article-10 HTTP/1.1" 200 3243 "-" "Mozilla/5.0 AppleWebKit/537.36 (KHTML, like Gecko; compatible; Amazonbot/0.1; +https://developer.amazon.com/support/amazonbot) Chrome/119.0.6045.214 Safari/537.36"
52.22.87.224 - - [04/Jan/2025:02:54:47 -0500] "GET /article-12 HTTP/1.1" 200 2252 "-" "Mozilla/5.0 AppleWebKit/537.36 (KHTML, like Gecko; compatible; Amazonbot/0.1; +https://developer.amazon.com/support/amazonbot) Chrome/119.0.6045.214 Safari/537.36"
44.207.207.36 - - [04/Jan/2025:02:54:51 -0500] "GET /buy-ticket HTTP/1.1" 200 5699 "-" "Mozilla/5.0 AppleWebKit/537.36 (KHTML, like Gecko; compatible; Amazonbot/0.1; +https://developer.amazon.com/support/amazonbot) Chrome/119.0.6045.214 Safari/537.36"
