66.249.65.192 - - [03/Jan/2025:08:57:56 -0500] "GET /finches545-4xfuh6xmm.html HTTP/1.1" 404 1251 "-" "Mozilla/5.0 (Linux; Android 6.0.1; Nexus 5X Build/MMB29P) AppleWebKit/537.36 (KHTML, like Gecko) Chrome/131.0.6778.139 Mobile Safari/537.36 (compatible; Googlebot/2.1; +http://www.google.com/bot.html)"
66.249.65.204 - - [03/Jan/2025:08:58:31 -0500] "GET /sextain56-l39wli7fo.html HTTP/1.1" 404 1251 "-" "Mozilla/5.0 (Linux; Android 6.0.1; Nexus 5X Build/MMB29P) AppleWebKit/537.36 (KHTML, like Gecko) Chrome/131.0.6778.139 Mobile Safari/537.36 (compatible; Googlebot/2.1; +http://www.google.com/bot.html)"
66.249.65.203 - - [03/Jan/2025:08:59:10 -0500] "GET /epicheirema5zf-dgo36jrro.html HTTP/1.1" 404 1251 "-" "Mozilla/5.0 (Linux; Android 6.0.1; Nexus 5X Build/MMB29P) AppleWebKit/537.36 (KHTML, like Gecko) Chrome/131.0.6778.139 Mobile Safari/537.36 (compatible; Googlebot/2.1; +http://www.google.com/bot.html)"
66.249.65.204 - - [03/Jan/2025:08:59:29 -0500] "GET /bedaub4mn-4xf375mim.html HTTP/1.1" 404 1251 "-" "Mozilla/5.0 (Linux; Android 6.0.1; Nexus 5X Build/MMB29P) AppleWebKit/537.36 (KHTML, like Gecko) Chrome/131.0.6778.139 Mobile Safari/537.36 (compatible; Googlebot/2.1; +http://www.google.com/bot.html)"
66.249.65.203 - - [03/Jan/2025:08:59:52 -0500] "GET /crookbill4j-9haud538n.html HTTP/1.1" 404 1251 "-" "Mozilla/5.0 (Linux; Android 6.0.1; Nexus 5X Build/MMB29P) AppleWebKit/537.36 (KHTML, like Gecko) Chrome/131.0.6778.139 Mobile Safari/537.36 (compatible; Googlebot/2.1; +http://www.google.com/bot.html)"
66.249.65.203 - - [03/Jan/2025:09:00:14 -0500] "GET /caeciliae5ok-lm8az38vo.html HTTP/1.1" 404 1251 "-" "Mozilla/5.0 (Linux; Android 6.0.1; Nexus 5X Build/MMB29P) AppleWebKit/537.36 (KHTML, like Gecko) Chrome/131.0.6778.139 Mobile Safari/537.36 (compatible; Googlebot/2.1; +http://www.google.com/bot.html)"
102.70.6.84 - - [03/Jan/2025:09:00:22 -0500] "GET /admin HTTP/1.1" 301 795 "-" "Mozilla/5.0 (Linux; Android 10; K) AppleWebKit/537.36 (KHTML, like Gecko) Chrome/131.0.0.0 Mobile Safari/537.36"
102.70.6.84 - - [03/Jan/2025:09:00:23 -0500] "GET /admin/ HTTP/1.1" 200 2106 "-" "Mozilla/5.0 (Linux; Android 10; K) AppleWebKit/537.36 (KHTML, like Gecko) Chrome/131.0.0.0 Mobile Safari/537.36"
102.70.6.84 - - [03/Jan/2025:09:00:25 -0500] "GET /admin/fonts/font-awesome-4.7.0/css/font-awesome.min.css HTTP/1.1" 200 6665 "https://maso-awards.live/admin/" "Mozilla/5.0 (Linux; Android 10; K) AppleWebKit/537.36 (KHTML, like Gecko) Chrome/131.0.0.0 Mobile Safari/537.36"
102.70.6.84 - - [03/Jan/2025:09:00:25 -0500] "GET /admin/fonts/Linearicons-Free-v1.0.0/icon-font.min.css HTTP/1.1" 200 1517 "https://maso-awards.live/admin/" "Mozilla/5.0 (Linux; Android 10; K) AppleWebKit/537.36 (KHTML, like Gecko) Chrome/131.0.0.0 Mobile Safari/537.36"
102.70.6.84 - - [03/Jan/2025:09:00:25 -0500] "GET /admin/vendor/bootstrap/css/bootstrap.min.css HTTP/1.1" 200 16859 "https://maso-awards.live/admin/" "Mozilla/5.0 (Linux; Android 10; K) AppleWebKit/537.36 (KHTML, like Gecko) Chrome/131.0.0.0 Mobile Safari/537.36"
102.70.6.84 - - [03/Jan/2025:09:00:25 -0500] "GET /admin/vendor/animate/animate.css HTTP/1.1" 200 2770 "https://maso-awards.live/admin/" "Mozilla/5.0 (Linux; Android 10; K) AppleWebKit/537.36 (KHTML, like Gecko) Chrome/131.0.0.0 Mobile Safari/537.36"
102.70.6.84 - - [03/Jan/2025:09:00:25 -0500] "GET /admin/vendor/css-hamburgers/hamburgers.min.css HTTP/1.1" 200 1930 "https://maso-awards.live/admin/" "Mozilla/5.0 (Linux; Android 10; K) AppleWebKit/537.36 (KHTML, like Gecko) Chrome/131.0.0.0 Mobile Safari/537.36"
102.70.6.84 - - [03/Jan/2025:09:00:25 -0500] "GET /admin/vendor/animsition/css/animsition.min.css HTTP/1.1" 200 2063 "https://maso-awards.live/admin/" "Mozilla/5.0 (Linux; Android 10; K) AppleWebKit/537.36 (KHTML, like Gecko) Chrome/131.0.0.0 Mobile Safari/537.36"
102.70.6.84 - - [03/Jan/2025:09:00:25 -0500] "GET /admin/vendor/select2/select2.min.css HTTP/1.1" 200 1790 "https://maso-awards.live/admin/" "Mozilla/5.0 (Linux; Android 10; K) AppleWebKit/537.36 (KHTML, like Gecko) Chrome/131.0.0.0 Mobile Safari/537.36"
102.70.6.84 - - [03/Jan/2025:09:00:25 -0500] "GET /admin/vendor/daterangepicker/daterangepicker.css HTTP/1.1" 200 1461 "https://maso-awards.live/admin/" "Mozilla/5.0 (Linux; Android 10; K) AppleWebKit/537.36 (KHTML, like Gecko) Chrome/131.0.0.0 Mobile Safari/537.36"
102.70.6.84 - - [03/Jan/2025:09:00:25 -0500] "GET /admin/css/util.css HTTP/1.1" 200 6199 "https://maso-awards.live/admin/" "Mozilla/5.0 (Linux; Android 10; K) AppleWebKit/537.36 (KHTML, like Gecko) Chrome/131.0.0.0 Mobile Safari/537.36"
102.70.6.84 - - [03/Jan/2025:09:00:25 -0500] "GET /admin/vendor/daterangepicker/daterangepicker.js HTTP/1.1" 200 11607 "https://maso-awards.live/admin/" "Mozilla/5.0 (Linux; Android 10; K) AppleWebKit/537.36 (KHTML, like Gecko) Chrome/131.0.0.0 Mobile Safari/537.36"
102.70.6.84 - - [03/Jan/2025:09:00:25 -0500] "GET /admin/css/main.css HTTP/1.1" 200 1650 "https://maso-awards.live/admin/" "Mozilla/5.0 (Linux; Android 10; K) AppleWebKit/537.36 (KHTML, like Gecko) Chrome/131.0.0.0 Mobile Safari/537.36"
102.70.6.84 - - [03/Jan/2025:09:00:25 -0500] "GET /admin/vendor/jquery/jquery-3.2.1.min.js HTTP/1.1" 200 29485 "https://maso-awards.live/admin/" "Mozilla/5.0 (Linux; Android 10; K) AppleWebKit/537.36 (KHTML, like Gecko) Chrome/131.0.0.0 Mobile Safari/537.36"
102.70.6.84 - - [03/Jan/2025:09:00:25 -0500] "GET /admin/vendor/animsition/js/animsition.min.js HTTP/1.1" 200 1818 "https://maso-awards.live/admin/" "Mozilla/5.0 (Linux; Android 10; K) AppleWebKit/537.36 (KHTML, like Gecko) Chrome/131.0.0.0 Mobile Safari/537.36"
102.70.6.84 - - [03/Jan/2025:09:00:25 -0500] "GET /admin/vendor/bootstrap/js/bootstrap.min.js HTTP/1.1" 200 12421 "https://maso-awards.live/admin/" "Mozilla/5.0 (Linux; Android 10; K) AppleWebKit/537.36 (KHTML, like Gecko) Chrome/131.0.0.0 Mobile Safari/537.36"
102.70.6.84 - - [03/Jan/2025:09:00:25 -0500] "GET /admin/vendor/bootstrap/js/popper.js HTTP/1.1" 200 20358 "https://maso-awards.live/admin/" "Mozilla/5.0 (Linux; Android 10; K) AppleWebKit/537.36 (KHTML, like Gecko) Chrome/131.0.0.0 Mobile Safari/537.36"
102.70.6.84 - - [03/Jan/2025:09:00:25 -0500] "GET /admin/vendor/select2/select2.min.js HTTP/1.1" 200 17604 "https://maso-awards.live/admin/" "Mozilla/5.0 (Linux; Android 10; K) AppleWebKit/537.36 (KHTML, like Gecko) Chrome/131.0.0.0 Mobile Safari/537.36"
102.70.6.84 - - [03/Jan/2025:09:00:25 -0500] "GET /admin/vendor/daterangepicker/moment.min.js HTTP/1.1" 200 14971 "https://maso-awards.live/admin/" "Mozilla/5.0 (Linux; Android 10; K) AppleWebKit/537.36 (KHTML, like Gecko) Chrome/131.0.0.0 Mobile Safari/537.36"
102.70.6.84 - - [03/Jan/2025:09:00:25 -0500] "GET /admin/vendor/countdowntime/countdowntime.js HTTP/1.1" 200 430 "https://maso-awards.live/admin/" "Mozilla/5.0 (Linux; Android 10; K) AppleWebKit/537.36 (KHTML, like Gecko) Chrome/131.0.0.0 Mobile Safari/537.36"
102.70.6.84 - - [03/Jan/2025:09:00:25 -0500] "GET /admin/js/main.js HTTP/1.1" 200 570 "https://maso-awards.live/admin/" "Mozilla/5.0 (Linux; Android 10; K) AppleWebKit/537.36 (KHTML, like Gecko) Chrome/131.0.0.0 Mobile Safari/537.36"
102.70.6.84 - - [03/Jan/2025:09:00:25 -0500] "GET /js/sweetalert.min.js HTTP/1.1" 200 11427 "https://maso-awards.live/admin/" "Mozilla/5.0 (Linux; Android 10; K) AppleWebKit/537.36 (KHTML, like Gecko) Chrome/131.0.0.0 Mobile Safari/537.36"
102.70.6.84 - - [03/Jan/2025:09:00:29 -0500] "GET /admin/fonts/oswald/Oswald-Medium.ttf HTTP/1.1" 200 94408 "https://maso-awards.live/admin/css/main.css" "Mozilla/5.0 (Linux; Android 10; K) AppleWebKit/537.36 (KHTML, like Gecko) Chrome/131.0.0.0 Mobile Safari/537.36"
102.70.6.84 - - [03/Jan/2025:09:00:29 -0500] "GET /admin/fonts/oswald/Oswald-Regular.ttf HTTP/1.1" 200 93132 "https://maso-awards.live/admin/css/main.css" "Mozilla/5.0 (Linux; Android 10; K) AppleWebKit/537.36 (KHTML, like Gecko) Chrome/131.0.0.0 Mobile Safari/537.36"
102.70.6.84 - - [03/Jan/2025:09:00:29 -0500] "GET /admin/fonts/font-awesome-4.7.0/fonts/fontawesome-webfont3e6e.woff2?v=4.7.0 HTTP/1.1" 200 77160 "https://maso-awards.live/admin/fonts/font-awesome-4.7.0/css/font-awesome.min.css" "Mozilla/5.0 (Linux; Android 10; K) AppleWebKit/537.36 (KHTML, like Gecko) Chrome/131.0.0.0 Mobile Safari/537.36"
102.70.6.84 - - [03/Jan/2025:09:00:29 -0500] "GET /cdn-cgi/zaraz/sd0d9.js?z=JTdCJTIyZXhlY3V0ZWQlMjIlM0ElNUIlNUQlMkMlMjJ0JTIyJTNBJTIyTWFzbyUyMEF3YXJkcyUyMC0lMjBBZG1pbiUyMExvZ2luJTIyJTJDJTIyeCUyMiUzQTAuNjY0NDU4MzEyODk1MzUzJTJDJTIydyUyMiUzQTM5MyUyQyUyMmglMjIlM0E4NzMlMkMlMjJqJTIyJTNBNzgwJTJDJTIyZSUyMiUzQTM5MyUyQyUyMmwlMjIlM0ElMjJodHRwcyUzQSUyRiUyRm1hc28tYXdhcmRzLmxpdmUlMkZhZG1pbiUyRiUyMiUyQyUyMnIlMjIlM0ElMjIlMjIlMkMlMjJrJTIyJTNBMjQlMkMlMjJuJTIyJTNBJTIyVVRGLTglMjIlMkMlMjJvJTIyJTNBLTEyMCUyQyUyMnElMjIlM0ElNUIlN0IlMjJtJTIyJTNBJTIyc2V0JTIyJTJDJTIyYSUyMiUzQSU1QiUyMjAlMjIlMkMlMjJjb25maWclMjIlMkMlN0IlMjJzY29wZSUyMiUzQSUyMnBhZ2UlMjIlN0QlNUQlN0QlMkMlN0IlMjJtJTIyJTNBJTIyc2V0JTIyJTJDJTIyYSUyMiUzQSU1QiUyMjElMjIlMkMlMjJVQS0yMzU4MTU2OC0xMyUyMiUyQyU3QiUyMnNjb3BlJTIyJTNBJTIycGFnZSUyMiU3RCU1RCU3RCU1RCU3RA== HTTP/1.1" 404 1251 "https://maso-awards.live/" "Mozilla/5.0 (Linux; Android 10; K) AppleWebKit/537.36 (KHTML, like Gecko) Chrome/131.0.0.0 Mobile Safari/537.36"
66.249.65.204 - - [03/Jan/2025:09:00:30 -0500] "GET /moneyman5n-oqkhiqvco.html HTTP/1.1" 404 1251 "-" "Mozilla/5.0 (Linux; Android 6.0.1; Nexus 5X Build/MMB29P) AppleWebKit/537.36 (KHTML, like Gecko) Chrome/131.0.6778.139 Mobile Safari/537.36 (compatible; Googlebot/2.1; +http://www.google.com/bot.html)"
102.70.6.84 - - [03/Jan/2025:09:00:33 -0500] "POST /cdn-cgi/rum? HTTP/1.1" 404 1251 "https://maso-awards.live/admin/" "Mozilla/5.0 (Linux; Android 10; K) AppleWebKit/537.36 (KHTML, like Gecko) Chrome/131.0.0.0 Mobile Safari/537.36"
102.70.6.84 - - [03/Jan/2025:09:00:33 -0500] "GET /assets/img/maso.png HTTP/1.1" 200 132409 "https://maso-awards.live/admin/" "Mozilla/5.0 (Linux; Android 10; K) AppleWebKit/537.36 (KHTML, like Gecko) Chrome/131.0.0.0 Mobile Safari/537.36"
102.70.6.84 - - [03/Jan/2025:09:00:41 -0500] "GET /cpanel HTTP/1.1" 200 13298 "-" "Mozilla/5.0 (Linux; Android 10; K) AppleWebKit/537.36 (KHTML, like Gecko) Chrome/131.0.0.0 Mobile Safari/537.36"
102.70.6.84 - - [03/Jan/2025:09:00:41 -0500] "POST /cdn-cgi/rum? HTTP/1.1" 404 1251 "https://maso-awards.live/admin/" "Mozilla/5.0 (Linux; Android 10; K) AppleWebKit/537.36 (KHTML, like Gecko) Chrome/131.0.0.0 Mobile Safari/537.36"
66.249.65.203 - - [03/Jan/2025:09:00:59 -0500] "GET /recognizing4kj-oydsko13o.html HTTP/1.1" 404 1251 "-" "Mozilla/5.0 (Linux; Android 6.0.1; Nexus 5X Build/MMB29P) AppleWebKit/537.36 (KHTML, like Gecko) Chrome/131.0.6778.139 Mobile Safari/537.36 (compatible; Googlebot/2.1; +http://www.google.com/bot.html)"
121.229.156.83 - - [03/Jan/2025:09:01:52 -0500] "GET / HTTP/1.1" 200 4776 "-" "Sogou web spider/4.0(+http://www.sogou.com/docs/help/webmasters.htm#07)"
66.249.65.192 - - [03/Jan/2025:09:02:04 -0500] "GET /massy4mn-lqzcdgruo.html HTTP/1.1" 404 1251 "-" "Mozilla/5.0 (Linux; Android 6.0.1; Nexus 5X Build/MMB29P) AppleWebKit/537.36 (KHTML, like Gecko) Chrome/131.0.6778.139 Mobile Safari/537.36 (compatible; Googlebot/2.1; +http://www.google.com/bot.html)"
66.249.65.204 - - [03/Jan/2025:09:02:58 -0500] "GET /glycocholic49-0k6zi6oeo.html HTTP/1.1" 404 1251 "-" "Mozilla/5.0 (Linux; Android 6.0.1; Nexus 5X Build/MMB29P) AppleWebKit/537.36 (KHTML, like Gecko) Chrome/131.0.6778.139 Mobile Safari/537.36 (compatible; Googlebot/2.1; +http://www.google.com/bot.html)"
66.249.65.192 - - [03/Jan/2025:09:03:16 -0500] "GET /abolisher4ek-0w91rc5bn.html HTTP/1.1" 404 1251 "-" "Mozilla/5.0 (Linux; Android 6.0.1; Nexus 5X Build/MMB29P) AppleWebKit/537.36 (KHTML, like Gecko) Chrome/131.0.6778.139 Mobile Safari/537.36 (compatible; Googlebot/2.1; +http://www.google.com/bot.html)"
105.234.181.10 - - [03/Jan/2025:09:05:31 -0500] "GET /images/advert.mp3 HTTP/1.1" 304 0 "https://maso-awards.live/remarks" "Mozilla/5.0 (Linux; Android 10; K) AppleWebKit/537.36 (KHTML, like Gecko) Chrome/123.0.0.0 Mobile Safari/537.36"
66.249.65.203 - - [03/Jan/2025:09:07:06 -0500] "GET /muslin49-044uq9pfo.html HTTP/1.1" 404 1251 "-" "Mozilla/5.0 (Linux; Android 6.0.1; Nexus 5X Build/MMB29P) AppleWebKit/537.36 (KHTML, like Gecko) Chrome/131.0.6778.139 Mobile Safari/537.36 (compatible; Googlebot/2.1; +http://www.google.com/bot.html)"
66.249.65.203 - - [03/Jan/2025:09:07:37 -0500] "GET /shrewd4qa-tx456lhdl.html HTTP/1.1" 404 1251 "-" "Mozilla/5.0 (Linux; Android 6.0.1; Nexus 5X Build/MMB29P) AppleWebKit/537.36 (KHTML, like Gecko) Chrome/131.0.6778.139 Mobile Safari/537.36 (compatible; Googlebot/2.1; +http://www.google.com/bot.html)"
66.249.65.204 - - [03/Jan/2025:09:08:10 -0500] "GET /fricasseeing5ml-lj8fqh7om.html HTTP/1.1" 404 1251 "-" "Mozilla/5.0 (Linux; Android 6.0.1; Nexus 5X Build/MMB29P) AppleWebKit/537.36 (KHTML, like Gecko) Chrome/131.0.6778.139 Mobile Safari/537.36 (compatible; Googlebot/2.1; +http://www.google.com/bot.html)"
66.249.65.203 - - [03/Jan/2025:09:09:24 -0500] "GET /chromidrosis4d-d4r2p2uqm.html HTTP/1.1" 404 1251 "-" "Mozilla/5.0 (Linux; Android 6.0.1; Nexus 5X Build/MMB29P) AppleWebKit/537.36 (KHTML, like Gecko) Chrome/131.0.6778.139 Mobile Safari/537.36 (compatible; Googlebot/2.1; +http://www.google.com/bot.html)"
66.249.65.192 - - [03/Jan/2025:09:10:00 -0500] "GET /caeciliae5ok-lqx94502o.html HTTP/1.1" 404 1251 "-" "Mozilla/5.0 (Linux; Android 6.0.1; Nexus 5X Build/MMB29P) AppleWebKit/537.36 (KHTML, like Gecko) Chrome/131.0.6778.139 Mobile Safari/537.36 (compatible; Googlebot/2.1; +http://www.google.com/bot.html)"
66.249.65.203 - - [03/Jan/2025:09:10:59 -0500] "GET /pileatus560-49ro4mk8n.html HTTP/1.1" 404 1251 "-" "Mozilla/5.0 (Linux; Android 6.0.1; Nexus 5X Build/MMB29P) AppleWebKit/537.36 (KHTML, like Gecko) Chrome/131.0.6778.139 Mobile Safari/537.36 (compatible; Googlebot/2.1; +http://www.google.com/bot.html)"
66.249.65.204 - - [03/Jan/2025:09:11:43 -0500] "GET /tearfully5mb-49knf7tvm.html HTTP/1.1" 404 1251 "-" "Mozilla/5.0 (Linux; Android 6.0.1; Nexus 5X Build/MMB29P) AppleWebKit/537.36 (KHTML, like Gecko) Chrome/131.0.6778.139 Mobile Safari/537.36 (compatible; Googlebot/2.1; +http://www.google.com/bot.html)"
66.249.65.192 - - [03/Jan/2025:09:12:04 -0500] "GET /sines5rk-4brokntsn.html HTTP/1.1" 404 1251 "-" "Mozilla/5.0 (Linux; Android 6.0.1; Nexus 5X Build/MMB29P) AppleWebKit/537.36 (KHTML, like Gecko) Chrome/131.0.6778.139 Mobile Safari/537.36 (compatible; Googlebot/2.1; +http://www.google.com/bot.html)"
66.249.65.203 - - [03/Jan/2025:09:12:36 -0500] "GET /gemul4dg-td03mk6do.html HTTP/1.1" 404 1251 "-" "Mozilla/5.0 (Linux; Android 6.0.1; Nexus 5X Build/MMB29P) AppleWebKit/537.36 (KHTML, like Gecko) Chrome/131.0.6778.139 Mobile Safari/537.36 (compatible; Googlebot/2.1; +http://www.google.com/bot.html)"
41.147.3.205 - - [03/Jan/2025:09:12:47 -0500] "GET /category/best-dancing-group?fbclid=IwZXh0bgNhZW0CMTEAAR2Df_y-dZYrWnsWYOnf-MBe8QU0J2yMN9P4e2ylriloRVT8q4C693Qah-E_aem_O9G4YCDzqAdd6sEV4A04xA HTTP/1.1" 200 21 "-" "Mozilla/5.0 (Linux; Android 10; K) AppleWebKit/537.36 (KHTML, like Gecko) SamsungBrowser/27.0 Chrome/125.0.0.0 Mobile Safari/537.36"
41.147.3.205 - - [03/Jan/2025:09:12:49 -0500] "GET /favicon.ico HTTP/1.1" 404 1251 "https://maso-awards.live/category/best-dancing-group?fbclid=IwZXh0bgNhZW0CMTEAAR2Df_y-dZYrWnsWYOnf-MBe8QU0J2yMN9P4e2ylriloRVT8q4C693Qah-E_aem_O9G4YCDzqAdd6sEV4A04xA" "Mozilla/5.0 (Linux; Android 10; K) AppleWebKit/537.36 (KHTML, like Gecko) SamsungBrowser/27.0 Chrome/125.0.0.0 Mobile Safari/537.36"
66.249.65.203 - - [03/Jan/2025:09:13:14 -0500] "GET /cytotaxonomically533-clas8e0vo.html HTTP/1.1" 404 1251 "-" "Mozilla/5.0 (Linux; Android 6.0.1; Nexus 5X Build/MMB29P) AppleWebKit/537.36 (KHTML, like Gecko) Chrome/131.0.6778.139 Mobile Safari/537.36 (compatible; Googlebot/2.1; +http://www.google.com/bot.html)"
173.252.79.115 - - [03/Jan/2025:09:13:14 -0500] "GET /category/best-arts-promoting-company HTTP/1.1" 200 18 "-" "facebookexternalhit/1.1 (+http://www.facebook.com/externalhit_uatext.php)"
66.249.65.203 - - [03/Jan/2025:09:13:43 -0500] "GET /autocephalous4et-tob383wdo.html HTTP/1.1" 404 1251 "-" "Mozilla/5.0 (Linux; Android 6.0.1; Nexus 5X Build/MMB29P) AppleWebKit/537.36 (KHTML, like Gecko) Chrome/131.0.6778.139 Mobile Safari/537.36 (compatible; Googlebot/2.1; +http://www.google.com/bot.html)"
114.119.157.156 - - [03/Jan/2025:09:14:52 -0500] "GET /assets/articles/ HTTP/1.1" 403 1242 "https://www.maso-awards.live/article-7" "Mozilla/5.0 (Linux; Android 7.0;) AppleWebKit/537.36 (KHTML, like Gecko) Mobile Safari/537.36 (compatible; PetalBot;+https://webmaster.petalsearch.com/site/petalbot)"
66.249.65.192 - - [03/Jan/2025:09:15:01 -0500] "GET /derelict4og-49ch431qn.html HTTP/1.1" 404 1251 "-" "Mozilla/5.0 (Linux; Android 6.0.1; Nexus 5X Build/MMB29P) AppleWebKit/537.36 (KHTML, like Gecko) Chrome/131.0.6778.139 Mobile Safari/537.36 (compatible; Googlebot/2.1; +http://www.google.com/bot.html)"
114.119.143.152 - - [03/Jan/2025:09:15:53 -0500] "GET /category/images/bmua/Dear%20Josh.jpg HTTP/1.1" 200 38 "https://maso-awards.live/category/best-male-upcoming-artist" "Mozilla/5.0 (Linux; Android 7.0;) AppleWebKit/537.36 (KHTML, like Gecko) Mobile Safari/537.36 (compatible; PetalBot;+https://webmaster.petalsearch.com/site/petalbot)"
66.249.65.203 - - [03/Jan/2025:09:15:59 -0500] "GET /prong5wz-49lyc447o.html HTTP/1.1" 404 1251 "-" "Mozilla/5.0 (Linux; Android 6.0.1; Nexus 5X Build/MMB29P) AppleWebKit/537.36 (KHTML, like Gecko) Chrome/131.0.6778.139 Mobile Safari/537.36 (compatible; Googlebot/2.1; +http://www.google.com/bot.html)"
66.249.65.203 - - [03/Jan/2025:09:18:13 -0500] "GET /agileness56-4b55m6jrm.html HTTP/1.1" 404 1251 "-" "Mozilla/5.0 (Linux; Android 6.0.1; Nexus 5X Build/MMB29P) AppleWebKit/537.36 (KHTML, like Gecko) Chrome/131.0.6778.139 Mobile Safari/537.36 (compatible; Googlebot/2.1; +http://www.google.com/bot.html)"
66.249.65.203 - - [03/Jan/2025:09:19:33 -0500] "GET /furnished426-cna529lbo.html HTTP/1.1" 404 1251 "-" "Mozilla/5.0 (Linux; Android 6.0.1; Nexus 5X Build/MMB29P) AppleWebKit/537.36 (KHTML, like Gecko) Chrome/131.0.6778.139 Mobile Safari/537.36 (compatible; Googlebot/2.1; +http://www.google.com/bot.html)"
66.249.65.203 - - [03/Jan/2025:09:19:50 -0500] "GET /backfiring5j-085sl49fo.html HTTP/1.1" 404 1251 "-" "Mozilla/5.0 (Linux; Android 6.0.1; Nexus 5X Build/MMB29P) AppleWebKit/537.36 (KHTML, like Gecko) Chrome/131.0.6778.139 Mobile Safari/537.36 (compatible; Googlebot/2.1; +http://www.google.com/bot.html)"
66.249.65.192 - - [03/Jan/2025:09:20:30 -0500] "GET /stringiness49-d1l0usm4m.html HTTP/1.1" 404 1251 "-" "Mozilla/5.0 (Linux; Android 6.0.1; Nexus 5X Build/MMB29P) AppleWebKit/537.36 (KHTML, like Gecko) Chrome/131.0.6778.139 Mobile Safari/537.36 (compatible; Googlebot/2.1; +http://www.google.com/bot.html)"
102.70.6.84 - - [03/Jan/2025:09:20:45 -0500] "GET /cpanel HTTP/1.1" 200 13288 "-" "Mozilla/5.0 (Linux; Android 10; K) AppleWebKit/537.36 (KHTML, like Gecko) Chrome/131.0.0.0 Mobile Safari/537.36"
102.70.6.84 - - [03/Jan/2025:09:20:46 -0500] "GET /admin/ HTTP/1.1" 200 2106 "-" "Mozilla/5.0 (Linux; Android 10; K) AppleWebKit/537.36 (KHTML, like Gecko) Chrome/131.0.0.0 Mobile Safari/537.36"
66.249.65.192 - - [03/Jan/2025:09:22:03 -0500] "GET /piperita5b-cd2clxc1n.html HTTP/1.1" 404 1251 "-" "Mozilla/5.0 (Linux; Android 6.0.1; Nexus 5X Build/MMB29P) AppleWebKit/537.36 (KHTML, like Gecko) Chrome/131.0.6778.139 Mobile Safari/537.36 (compatible; Googlebot/2.1; +http://www.google.com/bot.html)"
66.249.65.203 - - [03/Jan/2025:09:22:39 -0500] "GET /tellurism4mn-lmgtu1axm.html HTTP/1.1" 404 1251 "-" "Mozilla/5.0 (Linux; Android 6.0.1; Nexus 5X Build/MMB29P) AppleWebKit/537.36 (KHTML, like Gecko) Chrome/131.0.6778.139 Mobile Safari/537.36 (compatible; Googlebot/2.1; +http://www.google.com/bot.html)"
66.249.65.192 - - [03/Jan/2025:09:23:13 -0500] "GET /rhexia5x-9q99wq8wo.html HTTP/1.1" 404 1251 "-" "Mozilla/5.0 (Linux; Android 6.0.1; Nexus 5X Build/MMB29P) AppleWebKit/537.36 (KHTML, like Gecko) Chrome/131.0.6778.139 Mobile Safari/537.36 (compatible; Googlebot/2.1; +http://www.google.com/bot.html)"
66.249.65.203 - - [03/Jan/2025:09:23:42 -0500] "GET /castrated468-dk1nnfbin.html HTTP/1.1" 404 1251 "-" "Mozilla/5.0 (Linux; Android 6.0.1; Nexus 5X Build/MMB29P) AppleWebKit/537.36 (KHTML, like Gecko) Chrome/131.0.6778.139 Mobile Safari/537.36 (compatible; Googlebot/2.1; +http://www.google.com/bot.html)"
66.249.65.203 - - [03/Jan/2025:09:24:15 -0500] "GET /pulmogasteropoda6j-crruhrkcn.html HTTP/1.1" 404 1251 "-" "Mozilla/5.0 (Linux; Android 6.0.1; Nexus 5X Build/MMB29P) AppleWebKit/537.36 (KHTML, like Gecko) Chrome/131.0.6778.139 Mobile Safari/537.36 (compatible; Googlebot/2.1; +http://www.google.com/bot.html)"
66.249.65.204 - - [03/Jan/2025:09:24:48 -0500] "GET /devaporation565-dkt8qpwdn.html HTTP/1.1" 404 1251 "-" "Mozilla/5.0 (Linux; Android 6.0.1; Nexus 5X Build/MMB29P) AppleWebKit/537.36 (KHTML, like Gecko) Chrome/131.0.6778.139 Mobile Safari/537.36 (compatible; Googlebot/2.1; +http://www.google.com/bot.html)"
142.250.32.35 - - [03/Jan/2025:09:25:08 -0500] "GET /category/images/pca/Chippie-2812202495336.jpg HTTP/1.1" 200 57996 "-" "Mozilla/5.0 (Windows NT 5.1; rv:11.0) Gecko Firefox/11.0 (via ggpht.com GoogleImageProxy)"
66.249.65.204 - - [03/Jan/2025:09:26:02 -0500] "GET /opencollared49-dxcjfronl.html HTTP/1.1" 404 1251 "-" "Mozilla/5.0 (Linux; Android 6.0.1; Nexus 5X Build/MMB29P) AppleWebKit/537.36 (KHTML, like Gecko) Chrome/131.0.6778.139 Mobile Safari/537.36 (compatible; Googlebot/2.1; +http://www.google.com/bot.html)"
66.249.65.192 - - [03/Jan/2025:09:27:42 -0500] "GET /scone56-lwrx8jp8m.html HTTP/1.1" 404 1251 "-" "Mozilla/5.0 (Linux; Android 6.0.1; Nexus 5X Build/MMB29P) AppleWebKit/537.36 (KHTML, like Gecko) Chrome/131.0.6778.139 Mobile Safari/537.36 (compatible; Googlebot/2.1; +http://www.google.com/bot.html)"
66.249.65.192 - - [03/Jan/2025:09:28:08 -0500] "GET /headiness4ml-08aap93eo.html HTTP/1.1" 404 1251 "-" "Mozilla/5.0 (Linux; Android 6.0.1; Nexus 5X Build/MMB29P) AppleWebKit/537.36 (KHTML, like Gecko) Chrome/131.0.6778.139 Mobile Safari/537.36 (compatible; Googlebot/2.1; +http://www.google.com/bot.html)"
66.249.65.192 - - [03/Jan/2025:09:29:15 -0500] "GET /phenanthrene4r-tdy9g9a8o.html HTTP/1.1" 404 1251 "-" "Mozilla/5.0 (Linux; Android 6.0.1; Nexus 5X Build/MMB29P) AppleWebKit/537.36 (KHTML, like Gecko) Chrome/131.0.6778.139 Mobile Safari/537.36 (compatible; Googlebot/2.1; +http://www.google.com/bot.html)"
66.249.65.203 - - [03/Jan/2025:09:30:28 -0500] "GET /parsec51-0u08akkfo.html HTTP/1.1" 404 1251 "-" "Mozilla/5.0 (Linux; Android 6.0.1; Nexus 5X Build/MMB29P) AppleWebKit/537.36 (KHTML, like Gecko) Chrome/131.0.6778.139 Mobile Safari/537.36 (compatible; Googlebot/2.1; +http://www.google.com/bot.html)"
66.249.65.204 - - [03/Jan/2025:09:31:00 -0500] "GET /overpaid5qr-cpmwf6h3n.html HTTP/1.1" 404 1251 "-" "Mozilla/5.0 (Linux; Android 6.0.1; Nexus 5X Build/MMB29P) AppleWebKit/537.36 (KHTML, like Gecko) Chrome/131.0.6778.139 Mobile Safari/537.36 (compatible; Googlebot/2.1; +http://www.google.com/bot.html)"
66.249.65.192 - - [03/Jan/2025:09:32:01 -0500] "GET /shielddrake50-lb6mx1ldo.html HTTP/1.1" 404 1251 "-" "Mozilla/5.0 (Linux; Android 6.0.1; Nexus 5X Build/MMB29P) AppleWebKit/537.36 (KHTML, like Gecko) Chrome/131.0.6778.139 Mobile Safari/537.36 (compatible; Googlebot/2.1; +http://www.google.com/bot.html)"
66.249.65.203 - - [03/Jan/2025:09:32:34 -0500] "GET /woald5m-0wbeujqfo.html HTTP/1.1" 404 1251 "-" "Mozilla/5.0 (Linux; Android 6.0.1; Nexus 5X Build/MMB29P) AppleWebKit/537.36 (KHTML, like Gecko) Chrome/131.0.6778.139 Mobile Safari/537.36 (compatible; Googlebot/2.1; +http://www.google.com/bot.html)"
66.249.65.204 - - [03/Jan/2025:09:33:12 -0500] "GET /backfiring5j-992r5jrjn.html HTTP/1.1" 404 1251 "-" "Mozilla/5.0 (Linux; Android 6.0.1; Nexus 5X Build/MMB29P) AppleWebKit/537.36 (KHTML, like Gecko) Chrome/131.0.6778.139 Mobile Safari/537.36 (compatible; Googlebot/2.1; +http://www.google.com/bot.html)"
66.249.65.192 - - [03/Jan/2025:09:34:16 -0500] "GET /mulley4q-4h4jgsnem.html HTTP/1.1" 404 1251 "-" "Mozilla/5.0 (Linux; Android 6.0.1; Nexus 5X Build/MMB29P) AppleWebKit/537.36 (KHTML, like Gecko) Chrome/131.0.6778.139 Mobile Safari/537.36 (compatible; Googlebot/2.1; +http://www.google.com/bot.html)"
66.249.65.203 - - [03/Jan/2025:09:34:51 -0500] "GET /heptranchias6o-czuhosspn.html HTTP/1.1" 404 1251 "-" "Mozilla/5.0 (Linux; Android 6.0.1; Nexus 5X Build/MMB29P) AppleWebKit/537.36 (KHTML, like Gecko) Chrome/131.0.6778.139 Mobile Safari/537.36 (compatible; Googlebot/2.1; +http://www.google.com/bot.html)"
66.249.65.204 - - [03/Jan/2025:09:35:24 -0500] "GET /ventilated53-9lhmje6yo.html HTTP/1.1" 404 1251 "-" "Mozilla/5.0 (Linux; Android 6.0.1; Nexus 5X Build/MMB29P) AppleWebKit/537.36 (KHTML, like Gecko) Chrome/131.0.6778.139 Mobile Safari/537.36 (compatible; Googlebot/2.1; +http://www.google.com/bot.html)"
66.249.65.192 - - [03/Jan/2025:09:36:46 -0500] "GET /phenanthrene4r-4bkdau3cn.html HTTP/1.1" 404 1251 "-" "Mozilla/5.0 (Linux; Android 6.0.1; Nexus 5X Build/MMB29P) AppleWebKit/537.36 (KHTML, like Gecko) Chrome/131.0.6778.139 Mobile Safari/537.36 (compatible; Googlebot/2.1; +http://www.google.com/bot.html)"
66.249.65.204 - - [03/Jan/2025:09:37:33 -0500] "GET /crisply5b-001qu6gdo.html HTTP/1.1" 404 1251 "-" "Mozilla/5.0 (Linux; Android 6.0.1; Nexus 5X Build/MMB29P) AppleWebKit/537.36 (KHTML, like Gecko) Chrome/131.0.6778.139 Mobile Safari/537.36 (compatible; Googlebot/2.1; +http://www.google.com/bot.html)"
66.249.65.192 - - [03/Jan/2025:09:38:14 -0500] "GET /opencollared49-ogvf7njfo.html HTTP/1.1" 404 1251 "-" "Mozilla/5.0 (Linux; Android 6.0.1; Nexus 5X Build/MMB29P) AppleWebKit/537.36 (KHTML, like Gecko) Chrome/131.0.6778.139 Mobile Safari/537.36 (compatible; Googlebot/2.1; +http://www.google.com/bot.html)"
66.249.65.203 - - [03/Jan/2025:09:39:24 -0500] "GET /disqualified5kg-cfl90b5tn.html HTTP/1.1" 404 1251 "-" "Mozilla/5.0 (Linux; Android 6.0.1; Nexus 5X Build/MMB29P) AppleWebKit/537.36 (KHTML, like Gecko) Chrome/131.0.6778.139 Mobile Safari/537.36 (compatible; Googlebot/2.1; +http://www.google.com/bot.html)"
185.247.137.34 - - [03/Jan/2025:09:39:45 -0500] "GET / HTTP/1.1" 200 4769 "http://mail.maso-awards.live" "Mozilla/5.0 (compatible; InternetMeasurement/1.0; +https://internet-measurement.com/)"
87.236.176.158 - - [03/Jan/2025:09:39:46 -0500] "GET /favicon.ico HTTP/1.1" 404 1251 "-" "Mozilla/5.0 (compatible; InternetMeasurement/1.0; +https://internet-measurement.com/)"
185.247.137.67 - - [03/Jan/2025:09:39:46 -0500] "GET /assets/img/logo.png HTTP/1.1" 404 1251 "-" "Mozilla/5.0 (compatible; InternetMeasurement/1.0; +https://internet-measurement.com/)"
87.236.176.26 - - [03/Jan/2025:09:39:46 -0500] "GET /assets/img/maso.png HTTP/1.1" 200 132409 "-" "Mozilla/5.0 (compatible; InternetMeasurement/1.0; +https://internet-measurement.com/)"
45.55.186.92 - - [03/Jan/2025:09:39:46 -0500] "GET /favicon.ico HTTP/1.1" 404 1251 "-" "Mozilla/5.0 (compatible; InternetMeasurement/1.0; +https://internet-measurement.com/)"
64.227.109.89 - - [03/Jan/2025:09:39:47 -0500] "GET /assets/img/logo.png HTTP/1.1" 404 1251 "-" "Mozilla/5.0 (compatible; InternetMeasurement/1.0; +https://internet-measurement.com/)"
66.249.65.203 - - [03/Jan/2025:09:39:47 -0500] "GET /phenanthrene4r-dgyj0npfo.html HTTP/1.1" 404 1251 "-" "Mozilla/5.0 (Linux; Android 6.0.1; Nexus 5X Build/MMB29P) AppleWebKit/537.36 (KHTML, like Gecko) Chrome/131.0.6778.139 Mobile Safari/537.36 (compatible; Googlebot/2.1; +http://www.google.com/bot.html)"
66.249.65.203 - - [03/Jan/2025:09:40:24 -0500] "GET /husbandry512-ogqmrnl9m.html HTTP/1.1" 404 1251 "-" "Mozilla/5.0 (Linux; Android 6.0.1; Nexus 5X Build/MMB29P) AppleWebKit/537.36 (KHTML, like Gecko) Chrome/131.0.6778.139 Mobile Safari/537.36 (compatible; Googlebot/2.1; +http://www.google.com/bot.html)"
66.249.65.203 - - [03/Jan/2025:09:40:56 -0500] "GET /fee5oz-tydm3rx0n.html HTTP/1.1" 404 1251 "-" "Mozilla/5.0 (Linux; Android 6.0.1; Nexus 5X Build/MMB29P) AppleWebKit/537.36 (KHTML, like Gecko) Chrome/131.0.6778.139 Mobile Safari/537.36 (compatible; Googlebot/2.1; +http://www.google.com/bot.html)"
51.8.102.46 - - [03/Jan/2025:09:41:23 -0500] "GET /robots.txt HTTP/1.1" 404 1251 "-" "Mozilla/5.0 AppleWebKit/537.36 (KHTML, like Gecko); compatible; OAI-SearchBot/1.0; +https://openai.com/searchbot"
51.8.102.46 - - [03/Jan/2025:09:41:23 -0500] "GET /robots.txt HTTP/1.1" 404 1251 "-" "Mozilla/5.0 AppleWebKit/537.36 (KHTML, like Gecko); compatible; OAI-SearchBot/1.0; +https://openai.com/searchbot"
66.249.65.204 - - [03/Jan/2025:09:41:26 -0500] "GET /aflicker4wb-ok1p3s8vo.html HTTP/1.1" 404 1251 "-" "Mozilla/5.0 (Linux; Android 6.0.1; Nexus 5X Build/MMB29P) AppleWebKit/537.36 (KHTML, like Gecko) Chrome/131.0.6778.139 Mobile Safari/537.36 (compatible; Googlebot/2.1; +http://www.google.com/bot.html)"
66.249.65.203 - - [03/Jan/2025:09:42:02 -0500] "GET /fricasseeing5ml-0w0uvpuco.html HTTP/1.1" 404 1251 "-" "Mozilla/5.0 (Linux; Android 6.0.1; Nexus 5X Build/MMB29P) AppleWebKit/537.36 (KHTML, like Gecko) Chrome/131.0.6778.139 Mobile Safari/537.36 (compatible; Googlebot/2.1; +http://www.google.com/bot.html)"
66.249.65.203 - - [03/Jan/2025:09:42:36 -0500] "GET /maturement47-dkjvi0hdo.html HTTP/1.1" 404 1251 "-" "Mozilla/5.0 (Linux; Android 6.0.1; Nexus 5X Build/MMB29P) AppleWebKit/537.36 (KHTML, like Gecko) Chrome/131.0.6778.139 Mobile Safari/537.36 (compatible; Googlebot/2.1; +http://www.google.com/bot.html)"
66.249.65.192 - - [03/Jan/2025:09:43:07 -0500] "GET /disedify620-d128ex3xm.html HTTP/1.1" 404 1251 "-" "Mozilla/5.0 (Linux; Android 6.0.1; Nexus 5X Build/MMB29P) AppleWebKit/537.36 (KHTML, like Gecko) Chrome/131.0.6778.139 Mobile Safari/537.36 (compatible; Googlebot/2.1; +http://www.google.com/bot.html)"
66.249.65.203 - - [03/Jan/2025:09:43:42 -0500] "GET /breste6x-4bmo5t52m.html HTTP/1.1" 404 1251 "-" "Mozilla/5.0 (Linux; Android 6.0.1; Nexus 5X Build/MMB29P) AppleWebKit/537.36 (KHTML, like Gecko) Chrome/131.0.6778.139 Mobile Safari/537.36 (compatible; Googlebot/2.1; +http://www.google.com/bot.html)"
66.249.65.204 - - [03/Jan/2025:09:45:58 -0500] "GET /curvative56-4b1cs7j2o.html HTTP/1.1" 404 1251 "-" "Mozilla/5.0 (Linux; Android 6.0.1; Nexus 5X Build/MMB29P) AppleWebKit/537.36 (KHTML, like Gecko) Chrome/131.0.6778.139 Mobile Safari/537.36 (compatible; Googlebot/2.1; +http://www.google.com/bot.html)"
66.249.65.203 - - [03/Jan/2025:09:46:59 -0500] "GET /gymnasia58-4z75crvfl.html HTTP/1.1" 404 1251 "-" "Mozilla/5.0 (Linux; Android 6.0.1; Nexus 5X Build/MMB29P) AppleWebKit/537.36 (KHTML, like Gecko) Chrome/131.0.6778.139 Mobile Safari/537.36 (compatible; Googlebot/2.1; +http://www.google.com/bot.html)"
66.249.65.192 - - [03/Jan/2025:09:47:38 -0500] "GET /syphering4z-99qy4q9gn.html HTTP/1.1" 404 1251 "-" "Mozilla/5.0 (Linux; Android 6.0.1; Nexus 5X Build/MMB29P) AppleWebKit/537.36 (KHTML, like Gecko) Chrome/131.0.6778.139 Mobile Safari/537.36 (compatible; Googlebot/2.1; +http://www.google.com/bot.html)"
66.249.65.192 - - [03/Jan/2025:09:48:41 -0500] "GET /chondrostei56-o2f8qs5co.html HTTP/1.1" 404 1251 "-" "Mozilla/5.0 (Linux; Android 6.0.1; Nexus 5X Build/MMB29P) AppleWebKit/537.36 (KHTML, like Gecko) Chrome/131.0.6778.139 Mobile Safari/537.36 (compatible; Googlebot/2.1; +http://www.google.com/bot.html)"
66.249.65.192 - - [03/Jan/2025:09:49:12 -0500] "GET /personification41-9as07zuum.html HTTP/1.1" 404 1251 "-" "Mozilla/5.0 (Linux; Android 6.0.1; Nexus 5X Build/MMB29P) AppleWebKit/537.36 (KHTML, like Gecko) Chrome/131.0.6778.139 Mobile Safari/537.36 (compatible; Googlebot/2.1; +http://www.google.com/bot.html)"
31.13.103.113 - - [03/Jan/2025:09:49:48 -0500] "GET /category/best-social-media-content-creator-female HTTP/1.1" 200 18 "-" "facebookexternalhit/1.1 (+http://www.facebook.com/externalhit_uatext.php)"
31.13.103.10 - - [03/Jan/2025:09:49:48 -0500] "GET /category/best-social-media-content-creator-female HTTP/1.1" 200 18 "-" "facebookexternalhit/1.1 (+http://www.facebook.com/externalhit_uatext.php)"
31.13.103.9 - - [03/Jan/2025:09:49:48 -0500] "GET /category/best-social-media-content-creator-female HTTP/1.1" 200 18 "-" "facebookexternalhit/1.1 (+http://www.facebook.com/externalhit_uatext.php)"
31.13.103.113 - - [03/Jan/2025:09:49:48 -0500] "GET /category/best-social-media-content-creator-female HTTP/1.1" 200 18 "-" "facebookexternalhit/1.1 (+http://www.facebook.com/externalhit_uatext.php)"
105.234.164.28 - - [03/Jan/2025:09:49:54 -0500] "GET /assets/img/maso.png HTTP/1.1" 304 0 "https://maso-awards.live/vote?fbclid=IwZXh0bgNhZW0CMTEAAR0vBFx8Px2ERXh-l0Eph1r489if29VOolYyIy-zlKfMoqFf34Gl5zjBhCc_aem_sScXYg7T1-cfuQYcYeSQHg&sfnsn=wa" "Mozilla/5.0 (Linux; Android 8.1.0; SM-A260F) AppleWebKit/537.36 (KHTML, like Gecko) Chrome/70.0.3538.110 Mobile Safari/537.36"
66.249.65.192 - - [03/Jan/2025:09:50:20 -0500] "GET /dermatophyte41-cb6f0c5eo.html HTTP/1.1" 404 1251 "-" "Mozilla/5.0 (Linux; Android 6.0.1; Nexus 5X Build/MMB29P) AppleWebKit/537.36 (KHTML, like Gecko) Chrome/131.0.6778.139 Mobile Safari/537.36 (compatible; Googlebot/2.1; +http://www.google.com/bot.html)"
66.249.65.203 - - [03/Jan/2025:09:50:57 -0500] "GET /horsehair5k-dg4ax19co.html HTTP/1.1" 404 1251 "-" "Mozilla/5.0 (Linux; Android 6.0.1; Nexus 5X Build/MMB29P) AppleWebKit/537.36 (KHTML, like Gecko) Chrome/131.0.6778.139 Mobile Safari/537.36 (compatible; Googlebot/2.1; +http://www.google.com/bot.html)"
66.249.65.204 - - [03/Jan/2025:09:51:34 -0500] "GET /home HTTP/1.1" 200 4153 "-" "Mozilla/5.0 (Linux; Android 6.0.1; Nexus 5X Build/MMB29P) AppleWebKit/537.36 (KHTML, like Gecko) Chrome/131.0.6778.139 Mobile Safari/537.36 (compatible; Googlebot/2.1; +http://www.google.com/bot.html)"
66.249.65.204 - - [03/Jan/2025:09:51:59 -0500] "GET /category/best-vernacular-poet HTTP/1.1" 200 21 "-" "Mozilla/5.0 (Linux; Android 6.0.1; Nexus 5X Build/MMB29P) AppleWebKit/537.36 (KHTML, like Gecko) Chrome/131.0.6778.139 Mobile Safari/537.36 (compatible; Googlebot/2.1; +http://www.google.com/bot.html)"
66.249.65.203 - - [03/Jan/2025:09:53:05 -0500] "GET /limacina56-o8olx5yzo.html HTTP/1.1" 404 1251 "-" "Mozilla/5.0 (Linux; Android 6.0.1; Nexus 5X Build/MMB29P) AppleWebKit/537.36 (KHTML, like Gecko) Chrome/131.0.6778.139 Mobile Safari/537.36 (compatible; Googlebot/2.1; +http://www.google.com/bot.html)"
66.249.65.192 - - [03/Jan/2025:09:54:16 -0500] "GET /surprisingness3m-49u6cl7so.html HTTP/1.1" 404 1251 "-" "Mozilla/5.0 (Linux; Android 6.0.1; Nexus 5X Build/MMB29P) AppleWebKit/537.36 (KHTML, like Gecko) Chrome/131.0.6778.139 Mobile Safari/537.36 (compatible; Googlebot/2.1; +http://www.google.com/bot.html)"
173.252.107.15 - - [03/Jan/2025:09:54:53 -0500] "GET /nominate HTTP/1.1" 302 735 "-" "facebookexternalhit/1.1 (+http://www.facebook.com/externalhit_uatext.php)"
66.249.65.192 - - [03/Jan/2025:09:55:58 -0500] "GET /butts5wk-lbabajuym.html HTTP/1.1" 404 1251 "-" "Mozilla/5.0 (Linux; Android 6.0.1; Nexus 5X Build/MMB29P) AppleWebKit/537.36 (KHTML, like Gecko) Chrome/131.0.6778.139 Mobile Safari/537.36 (compatible; Googlebot/2.1; +http://www.google.com/bot.html)"
173.252.79.112 - - [03/Jan/2025:09:56:14 -0500] "GET /category/best-female-upcoming-artist HTTP/1.1" 200 18 "-" "facebookexternalhit/1.1 (+http://www.facebook.com/externalhit_uatext.php)"
66.249.65.192 - - [03/Jan/2025:09:57:01 -0500] "GET /globulimeter4oe-0a8as13cm.html HTTP/1.1" 404 1251 "-" "Mozilla/5.0 (Linux; Android 6.0.1; Nexus 5X Build/MMB29P) AppleWebKit/537.36 (KHTML, like Gecko) Chrome/131.0.6778.139 Mobile Safari/537.36 (compatible; Googlebot/2.1; +http://www.google.com/bot.html)"
209.198.133.71 - - [03/Jan/2025:09:57:40 -0500] "GET / HTTP/1.1" 200 4143 "-" "Mozilla/5.0 (iPhone; CPU iPhone OS 18_1_1 like Mac OS X) AppleWebKit/605.1.15 (KHTML, like Gecko) Version/18.1.1 Mobile/15E148 Safari/604.1"
209.198.133.71 - - [03/Jan/2025:09:57:40 -0500] "GET /assets/articles/article-20240829-174834.jpg HTTP/1.1" 200 260876 "https://maso-awards.live/" "Mozilla/5.0 (iPhone; CPU iPhone OS 18_1_1 like Mac OS X) AppleWebKit/605.1.15 (KHTML, like Gecko) Version/18.1.1 Mobile/15E148 Safari/604.1"
209.198.133.71 - - [03/Jan/2025:09:57:40 -0500] "GET /assets/articles/article-20240830-100604.jpg HTTP/1.1" 200 282045 "https://maso-awards.live/" "Mozilla/5.0 (iPhone; CPU iPhone OS 18_1_1 like Mac OS X) AppleWebKit/605.1.15 (KHTML, like Gecko) Version/18.1.1 Mobile/15E148 Safari/604.1"
209.198.133.71 - - [03/Jan/2025:09:57:40 -0500] "GET /fonts/Gothic.ttf HTTP/1.1" 200 112628 "https://maso-awards.live/" "Mozilla/5.0 (iPhone; CPU iPhone OS 18_1_1 like Mac OS X) AppleWebKit/605.1.15 (KHTML, like Gecko) Version/18.1.1 Mobile/15E148 Safari/604.1"
129.140.0.22 - - [03/Jan/2025:09:57:47 -0500] "GET /category/best-social-media-content-creator-female?fbclid=IwZXh0bgNhZW0CMTEAAR0y40B7qYWNjHwJtc0wmqs0i12lx3Iix4qJFdfh4yPo0KMZ4I8kP8fZtGU_aem_BUiE23OWOPECZ8X4yGIVsg HTTP/1.1" 200 21 "https://lm.facebook.com/" "Mozilla/5.0 (Linux; Android 12; Redmi Note 9S Build/SKQ1.211019.001; wv) AppleWebKit/537.36 (KHTML, like Gecko) Version/4.0 Chrome/131.0.6778.131 Mobile Safari/537.36 [FB_IAB/FB4A;FBAV/494.0.0.55.73;IABMV/1;]"
129.140.0.22 - - [03/Jan/2025:09:57:48 -0500] "GET /favicon.ico HTTP/1.1" 404 1251 "https://www.maso-awards.live/category/best-social-media-content-creator-female?fbclid=IwZXh0bgNhZW0CMTEAAR0y40B7qYWNjHwJtc0wmqs0i12lx3Iix4qJFdfh4yPo0KMZ4I8kP8fZtGU_aem_BUiE23OWOPECZ8X4yGIVsg" "Mozilla/5.0 (Linux; Android 12; Redmi Note 9S Build/SKQ1.211019.001; wv) AppleWebKit/537.36 (KHTML, like Gecko) Version/4.0 Chrome/131.0.6778.131 Mobile Safari/537.36 [FB_IAB/FB4A;FBAV/494.0.0.55.73;IABMV/1;]"
129.140.0.22 - - [03/Jan/2025:09:57:55 -0500] "GET /category/best-social-media-content-creator-female?fbclid=IwZXh0bgNhZW0CMTEAAR1hMhGR46IuPKPFDRIcqITAywQJ8Qzzxj1yzyzZnQmJkdB-jI5OBRpYKc8_aem_tN0QDVznKtA7PY3_S6hiAQ HTTP/1.1" 200 21 "https://lm.facebook.com/" "Mozilla/5.0 (Linux; Android 12; Redmi Note 9S Build/SKQ1.211019.001; wv) AppleWebKit/537.36 (KHTML, like Gecko) Version/4.0 Chrome/131.0.6778.131 Mobile Safari/537.36 [FB_IAB/FB4A;FBAV/494.0.0.55.73;IABMV/1;]"
129.140.0.22 - - [03/Jan/2025:09:57:55 -0500] "GET /favicon.ico HTTP/1.1" 404 1251 "https://www.maso-awards.live/category/best-social-media-content-creator-female?fbclid=IwZXh0bgNhZW0CMTEAAR1hMhGR46IuPKPFDRIcqITAywQJ8Qzzxj1yzyzZnQmJkdB-jI5OBRpYKc8_aem_tN0QDVznKtA7PY3_S6hiAQ" "Mozilla/5.0 (Linux; Android 12; Redmi Note 9S Build/SKQ1.211019.001; wv) AppleWebKit/537.36 (KHTML, like Gecko) Version/4.0 Chrome/131.0.6778.131 Mobile Safari/537.36 [FB_IAB/FB4A;FBAV/494.0.0.55.73;IABMV/1;]"
66.249.65.203 - - [03/Jan/2025:09:58:07 -0500] "GET /derby4av-lft2dv5ln.html HTTP/1.1" 404 1251 "-" "Mozilla/5.0 (Linux; Android 6.0.1; Nexus 5X Build/MMB29P) AppleWebKit/537.36 (KHTML, like Gecko) Chrome/131.0.6778.139 Mobile Safari/537.36 (compatible; Googlebot/2.1; +http://www.google.com/bot.html)"
66.249.65.204 - - [03/Jan/2025:09:58:44 -0500] "GET /mandrel4j-457ujnuao.html HTTP/1.1" 404 1251 "-" "Mozilla/5.0 (Linux; Android 6.0.1; Nexus 5X Build/MMB29P) AppleWebKit/537.36 (KHTML, like Gecko) Chrome/131.0.6778.139 Mobile Safari/537.36 (compatible; Googlebot/2.1; +http://www.google.com/bot.html)"
66.249.65.192 - - [03/Jan/2025:10:00:19 -0500] "GET /epicheirema5zf-ocjo4cmwn.html HTTP/1.1" 404 1251 "-" "Mozilla/5.0 (Linux; Android 6.0.1; Nexus 5X Build/MMB29P) AppleWebKit/537.36 (KHTML, like Gecko) Chrome/131.0.6778.139 Mobile Safari/537.36 (compatible; Googlebot/2.1; +http://www.google.com/bot.html)"
66.249.65.203 - - [03/Jan/2025:10:01:24 -0500] "GET /stythy544-dx0ao08yo.html HTTP/1.1" 404 1251 "-" "Mozilla/5.0 (Linux; Android 6.0.1; Nexus 5X Build/MMB29P) AppleWebKit/537.36 (KHTML, like Gecko) Chrome/131.0.6778.139 Mobile Safari/537.36 (compatible; Googlebot/2.1; +http://www.google.com/bot.html)"
66.249.65.192 - - [03/Jan/2025:10:02:33 -0500] "GET /placuna49-d1pdx03co.html HTTP/1.1" 404 1251 "-" "Mozilla/5.0 (Linux; Android 6.0.1; Nexus 5X Build/MMB29P) AppleWebKit/537.36 (KHTML, like Gecko) Chrome/131.0.6778.139 Mobile Safari/537.36 (compatible; Googlebot/2.1; +http://www.google.com/bot.html)"
66.249.65.204 - - [03/Jan/2025:10:03:06 -0500] "GET /horsehair5k-49uj18ywo.html HTTP/1.1" 404 1251 "-" "Mozilla/5.0 (Linux; Android 6.0.1; Nexus 5X Build/MMB29P) AppleWebKit/537.36 (KHTML, like Gecko) Chrome/131.0.6778.139 Mobile Safari/537.36 (compatible; Googlebot/2.1; +http://www.google.com/bot.html)"
66.249.65.204 - - [03/Jan/2025:10:03:50 -0500] "GET /epicheirema5zf-4hl979mdm.html HTTP/1.1" 404 1251 "-" "Mozilla/5.0 (Linux; Android 6.0.1; Nexus 5X Build/MMB29P) AppleWebKit/537.36 (KHTML, like Gecko) Chrome/131.0.6778.139 Mobile Safari/537.36 (compatible; Googlebot/2.1; +http://www.google.com/bot.html)"
66.249.65.203 - - [03/Jan/2025:10:04:13 -0500] "GET /repositor4ap-tgnujul2m.html HTTP/1.1" 404 1251 "-" "Mozilla/5.0 (Linux; Android 6.0.1; Nexus 5X Build/MMB29P) AppleWebKit/537.36 (KHTML, like Gecko) Chrome/131.0.6778.139 Mobile Safari/537.36 (compatible; Googlebot/2.1; +http://www.google.com/bot.html)"
66.249.65.204 - - [03/Jan/2025:10:04:44 -0500] "GET /alpina44-owqdcjzeo.html HTTP/1.1" 404 1251 "-" "Mozilla/5.0 (Linux; Android 6.0.1; Nexus 5X Build/MMB29P) AppleWebKit/537.36 (KHTML, like Gecko) Chrome/131.0.6778.139 Mobile Safari/537.36 (compatible; Googlebot/2.1; +http://www.google.com/bot.html)"
41.150.226.88 - - [03/Jan/2025:10:05:15 -0500] "GET /assets/img/maso.png HTTP/1.1" 304 0 "https://maso-awards.live/buy-ticket" "Mozilla/5.0 (Linux; Android 8.1.0; Hisense U61) AppleWebKit/537.36 (KHTML, like Gecko) Chrome/70.0.3538.110 Mobile Safari/537.36"
66.249.65.204 - - [03/Jan/2025:10:05:24 -0500] "GET /retiniphorae4x-9p0bs6aao.html HTTP/1.1" 404 1251 "-" "Mozilla/5.0 (Linux; Android 6.0.1; Nexus 5X Build/MMB29P) AppleWebKit/537.36 (KHTML, like Gecko) Chrome/131.0.6778.139 Mobile Safari/537.36 (compatible; Googlebot/2.1; +http://www.google.com/bot.html)"
66.249.65.204 - - [03/Jan/2025:10:07:00 -0500] "GET /asylum5x-4zypa2oco.html HTTP/1.1" 404 1251 "-" "Mozilla/5.0 (Linux; Android 6.0.1; Nexus 5X Build/MMB29P) AppleWebKit/537.36 (KHTML, like Gecko) Chrome/131.0.6778.139 Mobile Safari/537.36 (compatible; Googlebot/2.1; +http://www.google.com/bot.html)"
105.234.164.17 - - [03/Jan/2025:10:07:04 -0500] "GET /category/best-arts-promoting-university HTTP/1.1" 200 21 "https://maso-awards.live/category/best-arts-promoting-university" "Mozilla/5.0 (Linux; Android 10; K) AppleWebKit/537.36 (KHTML, like Gecko) Chrome/131.0.0.0 Mobile Safari/537.36"
105.234.164.17 - - [03/Jan/2025:10:07:05 -0500] "GET /favicon.ico HTTP/1.1" 404 1251 "https://maso-awards.live/category/best-arts-promoting-university" "Mozilla/5.0 (Linux; Android 10; K) AppleWebKit/537.36 (KHTML, like Gecko) Chrome/131.0.0.0 Mobile Safari/537.36"
66.249.65.203 - - [03/Jan/2025:10:07:30 -0500] "GET /earthbank4ku-49c8ssqdo.html HTTP/1.1" 404 1251 "-" "Mozilla/5.0 (Linux; Android 6.0.1; Nexus 5X Build/MMB29P) AppleWebKit/537.36 (KHTML, like Gecko) Chrome/131.0.6778.139 Mobile Safari/537.36 (compatible; Googlebot/2.1; +http://www.google.com/bot.html)"
66.249.65.203 - - [03/Jan/2025:10:08:04 -0500] "GET /tivoli57-9e9f7zgsn.html HTTP/1.1" 404 1251 "-" "Mozilla/5.0 (Linux; Android 6.0.1; Nexus 5X Build/MMB29P) AppleWebKit/537.36 (KHTML, like Gecko) Chrome/131.0.6778.139 Mobile Safari/537.36 (compatible; Googlebot/2.1; +http://www.google.com/bot.html)"
105.234.180.163 - - [03/Jan/2025:10:08:31 -0500] "GET /assets/img/gallery/maso-20240504-144945.jpg HTTP/1.1" 200 14925 "https://myactivity.google.com/" "Mozilla/5.0 (Linux; Android 10; V2065 Build/QP1A.190711.020; wv) AppleWebKit/537.36 (KHTML, like Gecko) Version/4.0 Chrome/131.0.6778.135 Mobile Safari/537.36 OcIdWebView ({\"os\":\"Android\",\"osVersion\":\"29\",\"app\":\"com.google.android.gms\",\"appVersion\":\"244738000\",\"style\":2,\"callingAppId\":\"com.google.android.googlequicksearchbox\",\"isDarkTheme\":true})"
66.249.65.203 - - [03/Jan/2025:10:08:37 -0500] "GET /interreges49-thzwd7peo.html HTTP/1.1" 404 1251 "-" "Mozilla/5.0 (Linux; Android 6.0.1; Nexus 5X Build/MMB29P) AppleWebKit/537.36 (KHTML, like Gecko) Chrome/131.0.6778.139 Mobile Safari/537.36 (compatible; Googlebot/2.1; +http://www.google.com/bot.html)"
66.249.65.192 - - [03/Jan/2025:10:09:18 -0500] "GET /outfight5j-0s31hmtpl.html HTTP/1.1" 404 1251 "-" "Mozilla/5.0 (Linux; Android 6.0.1; Nexus 5X Build/MMB29P) AppleWebKit/537.36 (KHTML, like Gecko) Chrome/131.0.6778.139 Mobile Safari/537.36 (compatible; Googlebot/2.1; +http://www.google.com/bot.html)"
66.249.65.203 - - [03/Jan/2025:10:09:52 -0500] "GET /colfox454-c5p4k8w7n.html HTTP/1.1" 404 1251 "-" "Mozilla/5.0 (Linux; Android 6.0.1; Nexus 5X Build/MMB29P) AppleWebKit/537.36 (KHTML, like Gecko) Chrome/131.0.6778.139 Mobile Safari/537.36 (compatible; Googlebot/2.1; +http://www.google.com/bot.html)"
66.249.65.203 - - [03/Jan/2025:10:10:19 -0500] "GET /lightgreen56-tlt1k3cfn.html HTTP/1.1" 404 1251 "-" "Mozilla/5.0 (Linux; Android 6.0.1; Nexus 5X Build/MMB29P) AppleWebKit/537.36 (KHTML, like Gecko) Chrome/131.0.6778.139 Mobile Safari/537.36 (compatible; Googlebot/2.1; +http://www.google.com/bot.html)"
66.249.65.204 - - [03/Jan/2025:10:10:56 -0500] "GET /dinnerless5eg-lbztngqfo.html HTTP/1.1" 404 1251 "-" "Mozilla/5.0 (Linux; Android 6.0.1; Nexus 5X Build/MMB29P) AppleWebKit/537.36 (KHTML, like Gecko) Chrome/131.0.6778.139 Mobile Safari/537.36 (compatible; Googlebot/2.1; +http://www.google.com/bot.html)"
66.249.65.203 - - [03/Jan/2025:10:11:23 -0500] "GET /perpendicularity40-49h1apo3o.html HTTP/1.1" 404 1251 "-" "Mozilla/5.0 (Linux; Android 6.0.1; Nexus 5X Build/MMB29P) AppleWebKit/537.36 (KHTML, like Gecko) Chrome/131.0.6778.139 Mobile Safari/537.36 (compatible; Googlebot/2.1; +http://www.google.com/bot.html)"
66.249.65.203 - - [03/Jan/2025:10:11:43 -0500] "GET /category/best-rnb-or-pop-act HTTP/1.1" 200 21 "-" "Mozilla/5.0 (compatible; Googlebot/2.1; +http://www.google.com/bot.html)"
66.249.65.204 - - [03/Jan/2025:10:11:43 -0500] "GET /category/best-rnb-or-pop-act HTTP/1.1" 200 21 "-" "Mozilla/5.0 (Linux; Android 6.0.1; Nexus 5X Build/MMB29P) AppleWebKit/537.36 (KHTML, like Gecko) Chrome/99.0.4844.84 Mobile Safari/537.36 (compatible; Googlebot/2.1; +http://www.google.com/bot.html)"
66.249.65.192 - - [03/Jan/2025:10:12:01 -0500] "GET /analogous41-tciuc479o.html HTTP/1.1" 404 1251 "-" "Mozilla/5.0 (Linux; Android 6.0.1; Nexus 5X Build/MMB29P) AppleWebKit/537.36 (KHTML, like Gecko) Chrome/131.0.6778.139 Mobile Safari/537.36 (compatible; Googlebot/2.1; +http://www.google.com/bot.html)"
192.133.77.17 - - [03/Jan/2025:10:12:19 -0500] "GET /assets/img/maso-og.jpg HTTP/1.1" 200 41307 "-" "Twitterbot/1.0"
142.250.32.35 - - [03/Jan/2025:10:12:29 -0500] "GET /.well-known/traffic-advice HTTP/1.1" 404 1251 "-" "Chrome Privacy Preserving Prefetch Proxy"
66.249.65.203 - - [03/Jan/2025:10:12:35 -0500] "GET /horsehair5k-4zmxzoign.html HTTP/1.1" 404 1251 "-" "Mozilla/5.0 (Linux; Android 6.0.1; Nexus 5X Build/MMB29P) AppleWebKit/537.36 (KHTML, like Gecko) Chrome/131.0.6778.139 Mobile Safari/537.36 (compatible; Googlebot/2.1; +http://www.google.com/bot.html)"
66.249.65.192 - - [03/Jan/2025:10:13:03 -0500] "GET /chrysosperm5xe-4x4erc6rn.html HTTP/1.1" 404 1251 "-" "Mozilla/5.0 (Linux; Android 6.0.1; Nexus 5X Build/MMB29P) AppleWebKit/537.36 (KHTML, like Gecko) Chrome/131.0.6778.139 Mobile Safari/537.36 (compatible; Googlebot/2.1; +http://www.google.com/bot.html)"
66.249.65.203 - - [03/Jan/2025:10:13:48 -0500] "GET /archeopteryx49-99kauim6m.html HTTP/1.1" 404 1251 "-" "Mozilla/5.0 (Linux; Android 6.0.1; Nexus 5X Build/MMB29P) AppleWebKit/537.36 (KHTML, like Gecko) Chrome/131.0.6778.139 Mobile Safari/537.36 (compatible; Googlebot/2.1; +http://www.google.com/bot.html)"
66.249.65.204 - - [03/Jan/2025:10:14:47 -0500] "GET /neaped4w-lzzjd5ebo.html HTTP/1.1" 404 1251 "-" "Mozilla/5.0 (Linux; Android 6.0.1; Nexus 5X Build/MMB29P) AppleWebKit/537.36 (KHTML, like Gecko) Chrome/131.0.6778.139 Mobile Safari/537.36 (compatible; Googlebot/2.1; +http://www.google.com/bot.html)"
66.249.65.192 - - [03/Jan/2025:10:15:51 -0500] "GET /glycocholic49-9ivhqnwdo.html HTTP/1.1" 404 1251 "-" "Mozilla/5.0 (Linux; Android 6.0.1; Nexus 5X Build/MMB29P) AppleWebKit/537.36 (KHTML, like Gecko) Chrome/131.0.6778.139 Mobile Safari/537.36 (compatible; Googlebot/2.1; +http://www.google.com/bot.html)"
66.249.65.204 - - [03/Jan/2025:10:16:24 -0500] "GET /bonchretien46-0q28rwftm.html HTTP/1.1" 404 1251 "-" "Mozilla/5.0 (Linux; Android 6.0.1; Nexus 5X Build/MMB29P) AppleWebKit/537.36 (KHTML, like Gecko) Chrome/131.0.6778.139 Mobile Safari/537.36 (compatible; Googlebot/2.1; +http://www.google.com/bot.html)"
66.249.65.203 - - [03/Jan/2025:10:16:56 -0500] "GET /levite5me-9axc6owln.html HTTP/1.1" 404 1251 "-" "Mozilla/5.0 (Linux; Android 6.0.1; Nexus 5X Build/MMB29P) AppleWebKit/537.36 (KHTML, like Gecko) Chrome/131.0.6778.139 Mobile Safari/537.36 (compatible; Googlebot/2.1; +http://www.google.com/bot.html)"
66.249.65.204 - - [03/Jan/2025:10:18:55 -0500] "GET /firestone429-lrmht1qln.html HTTP/1.1" 404 1251 "-" "Mozilla/5.0 (Linux; Android 6.0.1; Nexus 5X Build/MMB29P) AppleWebKit/537.36 (KHTML, like Gecko) Chrome/131.0.6778.139 Mobile Safari/537.36 (compatible; Googlebot/2.1; +http://www.google.com/bot.html)"
66.249.65.203 - - [03/Jan/2025:10:19:12 -0500] "GET /philomusical5j-l6ynrzaco.html HTTP/1.1" 404 1251 "-" "Mozilla/5.0 (Linux; Android 6.0.1; Nexus 5X Build/MMB29P) AppleWebKit/537.36 (KHTML, like Gecko) Chrome/131.0.6778.139 Mobile Safari/537.36 (compatible; Googlebot/2.1; +http://www.google.com/bot.html)"
66.249.65.203 - - [03/Jan/2025:10:19:57 -0500] "GET /bursitis385-9e47r1aao.html HTTP/1.1" 404 1251 "-" "Mozilla/5.0 (Linux; Android 6.0.1; Nexus 5X Build/MMB29P) AppleWebKit/537.36 (KHTML, like Gecko) Chrome/131.0.6778.139 Mobile Safari/537.36 (compatible; Googlebot/2.1; +http://www.google.com/bot.html)"
