66.249.65.192 - - [03/Jan/2025:19:47:29 -0500] "GET /category/best-fashionable-celebrity HTTP/1.1" 200 21 "-" "Mozilla/5.0 (Linux; Android 6.0.1; Nexus 5X Build/MMB29P) AppleWebKit/537.36 (KHTML, like Gecko) Chrome/131.0.6778.139 Mobile Safari/537.36 (compatible; Googlebot/2.1; +http://www.google.com/bot.html)"
66.249.65.203 - - [03/Jan/2025:19:48:40 -0500] "GET /assets/img/gallery/maso-20240504-144023.jpg HTTP/1.1" 304 0 "-" "Googlebot-Image/1.0"
66.249.65.102 - - [03/Jan/2025:19:48:49 -0500] "GET /category/best-dance-hall-act HTTP/1.1" 200 21 "-" "Mozilla/5.0 (Linux; Android 6.0.1; Nexus 5X Build/MMB29P) AppleWebKit/537.36 (KHTML, like Gecko) Chrome/131.0.6778.139 Mobile Safari/537.36 (compatible; Googlebot/2.1; +http://www.google.com/bot.html)"
66.249.65.101 - - [03/Jan/2025:19:48:53 -0500] "GET /category/best-collabo HTTP/1.1" 200 21 "-" "Mozilla/5.0 (Linux; Android 6.0.1; Nexus 5X Build/MMB29P) AppleWebKit/537.36 (KHTML, like Gecko) Chrome/131.0.6778.139 Mobile Safari/537.36 (compatible; Googlebot/2.1; +http://www.google.com/bot.html)"
40.77.167.64 - - [03/Jan/2025:19:50:07 -0500] "GET /category/peoples-choice-award HTTP/1.1" 200 2824 "-" "Mozilla/5.0 AppleWebKit/537.36 (KHTML, like Gecko; compatible; bingbot/2.0; +http://www.bing.com/bingbot.htm) Chrome/116.0.1938.76 Safari/537.36"
40.77.167.53 - - [03/Jan/2025:19:50:48 -0500] "GET /assets/css/style.css HTTP/1.1" 200 5519 "-" "Mozilla/5.0 AppleWebKit/537.36 (KHTML, like Gecko; compatible; bingbot/2.0; +http://www.bing.com/bingbot.htm) Chrome/116.0.1938.76 Safari/537.36"
40.77.167.53 - - [03/Jan/2025:19:50:48 -0500] "GET /assets/vendor/bootstrap-icons/bootstrap-icons.css HTTP/1.1" 200 9350 "-" "Mozilla/5.0 AppleWebKit/537.36 (KHTML, like Gecko; compatible; bingbot/2.0; +http://www.bing.com/bingbot.htm) Chrome/116.0.1938.76 Safari/537.36"
40.77.167.53 - - [03/Jan/2025:19:50:48 -0500] "GET /css/bootstrap.min.css HTTP/1.1" 200 18586 "-" "Mozilla/5.0 AppleWebKit/537.36 (KHTML, like Gecko; compatible; bingbot/2.0; +http://www.bing.com/bingbot.htm) Chrome/116.0.1938.76 Safari/537.36"
40.77.167.53 - - [03/Jan/2025:19:50:49 -0500] "GET /css/icomoon/style.css HTTP/1.1" 200 13174 "-" "Mozilla/5.0 AppleWebKit/537.36 (KHTML, like Gecko; compatible; bingbot/2.0; +http://www.bing.com/bingbot.htm) Chrome/116.0.1938.76 Safari/537.36"
40.77.167.53 - - [03/Jan/2025:19:50:49 -0500] "GET /js/countdown.js HTTP/1.1" 200 988 "-" "Mozilla/5.0 AppleWebKit/537.36 (KHTML, like Gecko; compatible; bingbot/2.0; +http://www.bing.com/bingbot.htm) Chrome/116.0.1938.76 Safari/537.36"
40.77.167.53 - - [03/Jan/2025:19:50:49 -0500] "GET /js/fp.min.js HTTP/1.1" 200 13782 "-" "Mozilla/5.0 AppleWebKit/537.36 (KHTML, like Gecko; compatible; bingbot/2.0; +http://www.bing.com/bingbot.htm) Chrome/116.0.1938.76 Safari/537.36"
40.77.167.53 - - [03/Jan/2025:19:50:50 -0500] "GET /js/sweetalert.min.js HTTP/1.1" 200 11427 "-" "Mozilla/5.0 AppleWebKit/537.36 (KHTML, like Gecko; compatible; bingbot/2.0; +http://www.bing.com/bingbot.htm) Chrome/116.0.1938.76 Safari/537.36"
52.167.144.191 - - [03/Jan/2025:19:50:53 -0500] "GET /css/animate.css HTTP/1.1" 200 4156 "-" "Mozilla/5.0 AppleWebKit/537.36 (KHTML, like Gecko; compatible; bingbot/2.0; +http://www.bing.com/bingbot.htm) Chrome/116.0.1938.76 Safari/537.36"
52.167.144.191 - - [03/Jan/2025:19:50:53 -0500] "GET /js/bootstrap.min.js HTTP/1.1" 200 12542 "-" "Mozilla/5.0 AppleWebKit/537.36 (KHTML, like Gecko; compatible; bingbot/2.0; +http://www.bing.com/bingbot.htm) Chrome/116.0.1938.76 Safari/537.36"
52.167.144.191 - - [03/Jan/2025:19:50:54 -0500] "GET /js/chart.min.3.5.1.js HTTP/1.1" 200 62972 "-" "Mozilla/5.0 AppleWebKit/537.36 (KHTML, like Gecko; compatible; bingbot/2.0; +http://www.bing.com/bingbot.htm) Chrome/116.0.1938.76 Safari/537.36"
52.167.144.191 - - [03/Jan/2025:19:50:54 -0500] "GET /js/jquery-3.3.1.min.js HTTP/1.1" 200 29664 "-" "Mozilla/5.0 AppleWebKit/537.36 (KHTML, like Gecko; compatible; bingbot/2.0; +http://www.bing.com/bingbot.htm) Chrome/116.0.1938.76 Safari/537.36"
40.77.167.64 - - [03/Jan/2025:19:50:58 -0500] "GET /css/main.css HTTP/1.1" 200 3484 "-" "Mozilla/5.0 AppleWebKit/537.36 (KHTML, like Gecko; compatible; bingbot/2.0; +http://www.bing.com/bingbot.htm) Chrome/116.0.1938.76 Safari/537.36"
40.77.167.64 - - [03/Jan/2025:19:50:59 -0500] "GET /js/all.min.js HTTP/1.1" 200 423002 "-" "Mozilla/5.0 AppleWebKit/537.36 (KHTML, like Gecko; compatible; bingbot/2.0; +http://www.bing.com/bingbot.htm) Chrome/116.0.1938.76 Safari/537.36"
40.77.167.64 - - [03/Jan/2025:19:50:59 -0500] "GET /js/cast-pca.js HTTP/1.1" 200 2397 "-" "Mozilla/5.0 AppleWebKit/537.36 (KHTML, like Gecko; compatible; bingbot/2.0; +http://www.bing.com/bingbot.htm) Chrome/116.0.1938.76 Safari/537.36"
40.77.167.64 - - [03/Jan/2025:19:50:59 -0500] "GET /js/wow.min.js HTTP/1.1" 200 2636 "-" "Mozilla/5.0 AppleWebKit/537.36 (KHTML, like Gecko; compatible; bingbot/2.0; +http://www.bing.com/bingbot.htm) Chrome/116.0.1938.76 Safari/537.36"
69.63.189.8 - - [03/Jan/2025:19:51:01 -0500] "GET /assets/img/maso-og.jpg HTTP/1.1" 200 41307 "-" "facebookexternalhit/1.1 (+http://www.facebook.com/externalhit_uatext.php)"
66.249.65.203 - - [03/Jan/2025:19:51:02 -0500] "GET /category/best-arts-promoting-university?sfnsn=wa HTTP/1.1" 200 21 "-" "Mozilla/5.0 (Linux; Android 6.0.1; Nexus 5X Build/MMB29P) AppleWebKit/537.36 (KHTML, like Gecko) Chrome/131.0.6778.139 Mobile Safari/537.36 (compatible; Googlebot/2.1; +http://www.google.com/bot.html)"
66.249.65.203 - - [03/Jan/2025:19:51:07 -0500] "GET /category/best-arts-promoting-university?fbclid=IwY2xjawGhA6hleHRuA2FlbQIxMQABHUR9RUzozKcSzuplOG-jXYQ0WsewQ0xfLNZUkhHT-x4j_JuZvUA-N68XCw_aem_Gq8YuafTZcmOpBS7q28qsg HTTP/1.1" 200 21 "-" "Mozilla/5.0 (Linux; Android 6.0.1; Nexus 5X Build/MMB29P) AppleWebKit/537.36 (KHTML, like Gecko) Chrome/131.0.6778.139 Mobile Safari/537.36 (compatible; Googlebot/2.1; +http://www.google.com/bot.html)"
66.249.65.100 - - [03/Jan/2025:19:51:18 -0500] "GET /category/best-female-artist HTTP/1.1" 200 21 "-" "Mozilla/5.0 (Linux; Android 6.0.1; Nexus 5X Build/MMB29P) AppleWebKit/537.36 (KHTML, like Gecko) Chrome/131.0.6778.139 Mobile Safari/537.36 (compatible; Googlebot/2.1; +http://www.google.com/bot.html)"
66.249.65.204 - - [03/Jan/2025:19:52:32 -0500] "GET /headiness4ml-0kfd0rk8n.html HTTP/1.1" 404 1251 "-" "Mozilla/5.0 (Linux; Android 6.0.1; Nexus 5X Build/MMB29P) AppleWebKit/537.36 (KHTML, like Gecko) Chrome/131.0.6778.139 Mobile Safari/537.36 (compatible; Googlebot/2.1; +http://www.google.com/bot.html)"
198.235.24.216 - - [03/Jan/2025:19:53:42 -0500] "GET / HTTP/1.1" 200 20335 "-" "Expanse, a Palo Alto Networks company, searches across the global IPv4 space multiple times per day to identify customers' presences on the Internet. If you would like to be excluded from our scans, please send IP addresses/domains to: scaninfo@paloaltonetworks.com"
31.13.103.9 - - [03/Jan/2025:19:54:35 -0500] "GET /category/best-graphic-des HTTP/1.1" 200 18 "-" "facebookexternalhit/1.1 (+http://www.facebook.com/externalhit_uatext.php)"
66.249.65.203 - - [03/Jan/2025:19:54:54 -0500] "GET /assets/img/partners/focusedpx.png HTTP/1.1" 304 0 "-" "Googlebot-Image/1.0"
20.105.137.134 - - [03/Jan/2025:20:02:02 -0500] "GET / HTTP/1.1" 200 4777 "-" "curl/8.6.0"
102.70.0.245 - - [03/Jan/2025:20:04:38 -0500] "GET /buy-ticket HTTP/1.1" 200 4855 "https://www.google.com/" "Mozilla/5.0 (Linux; Android 11; Nokia C20) AppleWebKit/537.36 (KHTML, like Gecko) Chrome/97.0.4692.98 Mobile Safari/537.36"
102.70.0.245 - - [03/Jan/2025:20:04:39 -0500] "GET /article-8 HTTP/1.1" 200 2352 "https://www.google.com/" "Mozilla/5.0 (Linux; Android 11; Nokia C20) AppleWebKit/537.36 (KHTML, like Gecko) Chrome/97.0.4692.98 Mobile Safari/537.36"
102.70.0.245 - - [03/Jan/2025:20:04:41 -0500] "GET /assets/vendor/aos/aos.css HTTP/1.1" 200 1539 "https://maso-awards.live/article-8" "Mozilla/5.0 (Linux; Android 11; Nokia C20) AppleWebKit/537.36 (KHTML, like Gecko) Chrome/97.0.4692.98 Mobile Safari/537.36"
102.70.0.245 - - [03/Jan/2025:20:04:41 -0500] "GET /assets/vendor/bootstrap/css/bootstrap.min.css HTTP/1.1" 200 21225 "https://maso-awards.live/article-8" "Mozilla/5.0 (Linux; Android 11; Nokia C20) AppleWebKit/537.36 (KHTML, like Gecko) Chrome/97.0.4692.98 Mobile Safari/537.36"
102.70.0.245 - - [03/Jan/2025:20:04:41 -0500] "GET /assets/vendor/glightbox/css/glightbox.min.css HTTP/1.1" 200 2396 "https://maso-awards.live/article-8" "Mozilla/5.0 (Linux; Android 11; Nokia C20) AppleWebKit/537.36 (KHTML, like Gecko) Chrome/97.0.4692.98 Mobile Safari/537.36"
102.70.0.245 - - [03/Jan/2025:20:04:41 -0500] "GET /assets/css/style.css HTTP/1.1" 200 5519 "https://maso-awards.live/article-8" "Mozilla/5.0 (Linux; Android 11; Nokia C20) AppleWebKit/537.36 (KHTML, like Gecko) Chrome/97.0.4692.98 Mobile Safari/537.36"
102.70.0.245 - - [03/Jan/2025:20:04:41 -0500] "GET /assets/vendor/swiper/swiper-bundle.min.css HTTP/1.1" 200 4126 "https://maso-awards.live/article-8" "Mozilla/5.0 (Linux; Android 11; Nokia C20) AppleWebKit/537.36 (KHTML, like Gecko) Chrome/97.0.4692.98 Mobile Safari/537.36"
102.70.0.245 - - [03/Jan/2025:20:04:41 -0500] "GET /assets/vendor/aos/aos.js HTTP/1.1" 200 4420 "https://maso-awards.live/article-8" "Mozilla/5.0 (Linux; Android 11; Nokia C20) AppleWebKit/537.36 (KHTML, like Gecko) Chrome/97.0.4692.98 Mobile Safari/537.36"
102.70.0.245 - - [03/Jan/2025:20:04:41 -0500] "GET /assets/vendor/bootstrap-icons/bootstrap-icons.css HTTP/1.1" 200 9350 "https://maso-awards.live/article-8" "Mozilla/5.0 (Linux; Android 11; Nokia C20) AppleWebKit/537.36 (KHTML, like Gecko) Chrome/97.0.4692.98 Mobile Safari/537.36"
102.70.0.245 - - [03/Jan/2025:20:04:41 -0500] "GET /assets/vendor/bootstrap/js/bootstrap.bundle.min.js HTTP/1.1" 200 22192 "https://maso-awards.live/article-8" "Mozilla/5.0 (Linux; Android 11; Nokia C20) AppleWebKit/537.36 (KHTML, like Gecko) Chrome/97.0.4692.98 Mobile Safari/537.36"
102.70.0.245 - - [03/Jan/2025:20:04:41 -0500] "GET /assets/vendor/swiper/swiper-bundle.min.js HTTP/1.1" 200 36270 "https://maso-awards.live/article-8" "Mozilla/5.0 (Linux; Android 11; Nokia C20) AppleWebKit/537.36 (KHTML, like Gecko) Chrome/97.0.4692.98 Mobile Safari/537.36"
102.70.0.245 - - [03/Jan/2025:20:04:41 -0500] "GET /assets/vendor/glightbox/js/glightbox.min.js HTTP/1.1" 200 14887 "https://maso-awards.live/article-8" "Mozilla/5.0 (Linux; Android 11; Nokia C20) AppleWebKit/537.36 (KHTML, like Gecko) Chrome/97.0.4692.98 Mobile Safari/537.36"
102.70.0.245 - - [03/Jan/2025:20:04:41 -0500] "GET /assets/vendor/php-email-form/validate.js HTTP/1.1" 200 792 "https://maso-awards.live/article-8" "Mozilla/5.0 (Linux; Android 11; Nokia C20) AppleWebKit/537.36 (KHTML, like Gecko) Chrome/97.0.4692.98 Mobile Safari/537.36"
102.70.0.245 - - [03/Jan/2025:20:04:41 -0500] "GET /assets/img/maso.png HTTP/1.1" 200 132409 "https://maso-awards.live/article-8" "Mozilla/5.0 (Linux; Android 11; Nokia C20) AppleWebKit/537.36 (KHTML, like Gecko) Chrome/97.0.4692.98 Mobile Safari/537.36"
102.70.0.245 - - [03/Jan/2025:20:04:41 -0500] "GET /assets/js/main.js HTTP/1.1" 200 1505 "https://maso-awards.live/article-8" "Mozilla/5.0 (Linux; Android 11; Nokia C20) AppleWebKit/537.36 (KHTML, like Gecko) Chrome/97.0.4692.98 Mobile Safari/537.36"
102.70.0.245 - - [03/Jan/2025:20:04:41 -0500] "GET /assets/articles/article-20240701-010152.jpg HTTP/1.1" 200 51261 "https://maso-awards.live/article-8" "Mozilla/5.0 (Linux; Android 11; Nokia C20) AppleWebKit/537.36 (KHTML, like Gecko) Chrome/97.0.4692.98 Mobile Safari/537.36"
102.70.0.245 - - [03/Jan/2025:20:04:42 -0500] "GET /assets/img/bg.jpg HTTP/1.1" 200 45364 "https://maso-awards.live/assets/css/style.css" "Mozilla/5.0 (Linux; Android 11; Nokia C20) AppleWebKit/537.36 (KHTML, like Gecko) Chrome/97.0.4692.98 Mobile Safari/537.36"
102.70.0.245 - - [03/Jan/2025:20:04:42 -0500] "GET /assets/vendor/bootstrap-icons/fonts/bootstrap-icons.woff2?a74547b2f0863226942ff8ded57db345 HTTP/1.1" 200 92004 "https://maso-awards.live/assets/vendor/bootstrap-icons/bootstrap-icons.css" "Mozilla/5.0 (Linux; Android 11; Nokia C20) AppleWebKit/537.36 (KHTML, like Gecko) Chrome/97.0.4692.98 Mobile Safari/537.36"
102.70.0.245 - - [03/Jan/2025:20:04:42 -0500] "GET /fonts/Gothic-B.ttf HTTP/1.1" 200 129676 "https://maso-awards.live/assets/css/style.css" "Mozilla/5.0 (Linux; Android 11; Nokia C20) AppleWebKit/537.36 (KHTML, like Gecko) Chrome/97.0.4692.98 Mobile Safari/537.36"
102.70.0.245 - - [03/Jan/2025:20:04:43 -0500] "GET /assets/img/maso.ico HTTP/1.1" 200 868918 "https://maso-awards.live/article-8" "Mozilla/5.0 (Linux; Android 11; Nokia C20) AppleWebKit/537.36 (KHTML, like Gecko) Chrome/97.0.4692.98 Mobile Safari/537.36"
102.70.0.245 - - [03/Jan/2025:20:05:00 -0500] "GET /home HTTP/1.1" 200 4161 "https://maso-awards.live/article-8" "Mozilla/5.0 (Linux; Android 11; Nokia C20) AppleWebKit/537.36 (KHTML, like Gecko) Chrome/97.0.4692.98 Mobile Safari/537.36"
102.70.0.245 - - [03/Jan/2025:20:05:01 -0500] "GET /js/sweetalert.min.js HTTP/1.1" 200 11427 "https://maso-awards.live/home" "Mozilla/5.0 (Linux; Android 11; Nokia C20) AppleWebKit/537.36 (KHTML, like Gecko) Chrome/97.0.4692.98 Mobile Safari/537.36"
102.70.0.245 - - [03/Jan/2025:20:05:01 -0500] "GET /assets/img/maso-icon.png HTTP/1.1" 200 155634 "https://maso-awards.live/home" "Mozilla/5.0 (Linux; Android 11; Nokia C20) AppleWebKit/537.36 (KHTML, like Gecko) Chrome/97.0.4692.98 Mobile Safari/537.36"
102.70.0.245 - - [03/Jan/2025:20:05:01 -0500] "GET /assets/img/nominee.png HTTP/1.1" 200 34021 "https://maso-awards.live/home" "Mozilla/5.0 (Linux; Android 11; Nokia C20) AppleWebKit/537.36 (KHTML, like Gecko) Chrome/97.0.4692.98 Mobile Safari/537.36"
102.70.0.245 - - [03/Jan/2025:20:05:01 -0500] "GET /assets/img/vote.png HTTP/1.1" 200 19344 "https://maso-awards.live/home" "Mozilla/5.0 (Linux; Android 11; Nokia C20) AppleWebKit/537.36 (KHTML, like Gecko) Chrome/97.0.4692.98 Mobile Safari/537.36"
102.70.0.245 - - [03/Jan/2025:20:05:01 -0500] "GET /assets/img/gallery/maso-20240504-145224.jpg HTTP/1.1" 200 21134 "https://maso-awards.live/home" "Mozilla/5.0 (Linux; Android 11; Nokia C20) AppleWebKit/537.36 (KHTML, like Gecko) Chrome/97.0.4692.98 Mobile Safari/537.36"
102.70.0.245 - - [03/Jan/2025:20:05:01 -0500] "GET /assets/img/gallery/maso-20240504-145037.jpg HTTP/1.1" 200 18366 "https://maso-awards.live/home" "Mozilla/5.0 (Linux; Android 11; Nokia C20) AppleWebKit/537.36 (KHTML, like Gecko) Chrome/97.0.4692.98 Mobile Safari/537.36"
102.70.0.245 - - [03/Jan/2025:20:05:01 -0500] "GET /assets/articles/article-20240828-121825.png HTTP/1.1" 200 163853 "https://maso-awards.live/home" "Mozilla/5.0 (Linux; Android 11; Nokia C20) AppleWebKit/537.36 (KHTML, like Gecko) Chrome/97.0.4692.98 Mobile Safari/537.36"
102.70.0.245 - - [03/Jan/2025:20:05:01 -0500] "GET /assets/img/gallery/maso-20240504-145029.jpg HTTP/1.1" 200 15090 "https://maso-awards.live/home" "Mozilla/5.0 (Linux; Android 11; Nokia C20) AppleWebKit/537.36 (KHTML, like Gecko) Chrome/97.0.4692.98 Mobile Safari/537.36"
102.70.0.245 - - [03/Jan/2025:20:05:01 -0500] "GET /assets/articles/article-20240829-174834.jpg HTTP/1.1" 200 260876 "https://maso-awards.live/home" "Mozilla/5.0 (Linux; Android 11; Nokia C20) AppleWebKit/537.36 (KHTML, like Gecko) Chrome/97.0.4692.98 Mobile Safari/537.36"
102.70.0.245 - - [03/Jan/2025:20:05:01 -0500] "GET /assets/img/gallery/maso-20240504-145357.jpg HTTP/1.1" 200 19123 "https://maso-awards.live/home" "Mozilla/5.0 (Linux; Android 11; Nokia C20) AppleWebKit/537.36 (KHTML, like Gecko) Chrome/97.0.4692.98 Mobile Safari/537.36"
102.70.0.245 - - [03/Jan/2025:20:05:01 -0500] "GET /assets/img/red-carpet.png HTTP/1.1" 200 22558 "https://maso-awards.live/home" "Mozilla/5.0 (Linux; Android 11; Nokia C20) AppleWebKit/537.36 (KHTML, like Gecko) Chrome/97.0.4692.98 Mobile Safari/537.36"
102.70.0.245 - - [03/Jan/2025:20:05:01 -0500] "GET /assets/articles/article-20240830-100604.jpg HTTP/1.1" 200 282045 "https://maso-awards.live/home" "Mozilla/5.0 (Linux; Android 11; Nokia C20) AppleWebKit/537.36 (KHTML, like Gecko) Chrome/97.0.4692.98 Mobile Safari/537.36"
102.70.0.245 - - [03/Jan/2025:20:05:02 -0500] "GET /assets/img/gallery/maso-20240504-144930.jpg HTTP/1.1" 200 16590 "https://maso-awards.live/home" "Mozilla/5.0 (Linux; Android 11; Nokia C20) AppleWebKit/537.36 (KHTML, like Gecko) Chrome/97.0.4692.98 Mobile Safari/537.36"
102.70.0.245 - - [03/Jan/2025:20:05:02 -0500] "GET /assets/img/gallery/maso-20240504-144902.jpg HTTP/1.1" 200 25098 "https://maso-awards.live/home" "Mozilla/5.0 (Linux; Android 11; Nokia C20) AppleWebKit/537.36 (KHTML, like Gecko) Chrome/97.0.4692.98 Mobile Safari/537.36"
102.70.0.245 - - [03/Jan/2025:20:05:02 -0500] "GET /assets/img/gallery/maso-20240504-144910.jpg HTTP/1.1" 200 20762 "https://maso-awards.live/home" "Mozilla/5.0 (Linux; Android 11; Nokia C20) AppleWebKit/537.36 (KHTML, like Gecko) Chrome/97.0.4692.98 Mobile Safari/537.36"
102.70.0.245 - - [03/Jan/2025:20:05:02 -0500] "GET /assets/img/gallery/maso-20240504-144157.jpg HTTP/1.1" 200 19594 "https://maso-awards.live/home" "Mozilla/5.0 (Linux; Android 11; Nokia C20) AppleWebKit/537.36 (KHTML, like Gecko) Chrome/97.0.4692.98 Mobile Safari/537.36"
102.70.0.245 - - [03/Jan/2025:20:05:02 -0500] "GET /assets/img/partners/Kanema%20Online%20Colour.png HTTP/1.1" 200 60274 "https://maso-awards.live/home" "Mozilla/5.0 (Linux; Android 11; Nokia C20) AppleWebKit/537.36 (KHTML, like Gecko) Chrome/97.0.4692.98 Mobile Safari/537.36"
102.70.0.245 - - [03/Jan/2025:20:05:02 -0500] "GET /assets/img/gallery/maso-20240504-144252.jpg HTTP/1.1" 200 16379 "https://maso-awards.live/home" "Mozilla/5.0 (Linux; Android 11; Nokia C20) AppleWebKit/537.36 (KHTML, like Gecko) Chrome/97.0.4692.98 Mobile Safari/537.36"
102.70.0.245 - - [03/Jan/2025:20:05:02 -0500] "GET /assets/img/partners/JPC.png HTTP/1.1" 200 103764 "https://maso-awards.live/home" "Mozilla/5.0 (Linux; Android 11; Nokia C20) AppleWebKit/537.36 (KHTML, like Gecko) Chrome/97.0.4692.98 Mobile Safari/537.36"
102.70.0.245 - - [03/Jan/2025:20:05:02 -0500] "GET /assets/img/gallery/maso-20240504-144945.jpg HTTP/1.1" 200 14925 "https://maso-awards.live/home" "Mozilla/5.0 (Linux; Android 11; Nokia C20) AppleWebKit/537.36 (KHTML, like Gecko) Chrome/97.0.4692.98 Mobile Safari/537.36"
102.70.0.245 - - [03/Jan/2025:20:05:02 -0500] "GET /assets/img/gallery/maso-20240504-144004.jpg HTTP/1.1" 200 17794 "https://maso-awards.live/home" "Mozilla/5.0 (Linux; Android 11; Nokia C20) AppleWebKit/537.36 (KHTML, like Gecko) Chrome/97.0.4692.98 Mobile Safari/537.36"
102.70.0.245 - - [03/Jan/2025:20:05:02 -0500] "GET /assets/img/gallery/maso-20240504-144023.jpg HTTP/1.1" 200 19668 "https://maso-awards.live/home" "Mozilla/5.0 (Linux; Android 11; Nokia C20) AppleWebKit/537.36 (KHTML, like Gecko) Chrome/97.0.4692.98 Mobile Safari/537.36"
102.70.0.245 - - [03/Jan/2025:20:05:02 -0500] "GET /assets/img/partners/265dates.png HTTP/1.1" 200 38025 "https://maso-awards.live/home" "Mozilla/5.0 (Linux; Android 11; Nokia C20) AppleWebKit/537.36 (KHTML, like Gecko) Chrome/97.0.4692.98 Mobile Safari/537.36"
102.70.0.245 - - [03/Jan/2025:20:05:02 -0500] "GET /assets/img/gallery/maso-20240504-144921.jpg HTTP/1.1" 200 17568 "https://maso-awards.live/home" "Mozilla/5.0 (Linux; Android 11; Nokia C20) AppleWebKit/537.36 (KHTML, like Gecko) Chrome/97.0.4692.98 Mobile Safari/537.36"
102.70.0.245 - - [03/Jan/2025:20:05:02 -0500] "GET /assets/img/gallery/maso-20240504-144145.jpg HTTP/1.1" 200 19992 "https://maso-awards.live/home" "Mozilla/5.0 (Linux; Android 11; Nokia C20) AppleWebKit/537.36 (KHTML, like Gecko) Chrome/97.0.4692.98 Mobile Safari/537.36"
102.70.0.245 - - [03/Jan/2025:20:05:02 -0500] "GET /assets/img/partners/unipod.png HTTP/1.1" 200 18181 "https://maso-awards.live/home" "Mozilla/5.0 (Linux; Android 11; Nokia C20) AppleWebKit/537.36 (KHTML, like Gecko) Chrome/97.0.4692.98 Mobile Safari/537.36"
102.70.0.245 - - [03/Jan/2025:20:05:02 -0500] "GET /assets/img/partners/roots.png HTTP/1.1" 200 18594 "https://maso-awards.live/home" "Mozilla/5.0 (Linux; Android 11; Nokia C20) AppleWebKit/537.36 (KHTML, like Gecko) Chrome/97.0.4692.98 Mobile Safari/537.36"
102.70.0.245 - - [03/Jan/2025:20:05:02 -0500] "GET /assets/img/partners/bluwave.png HTTP/1.1" 200 28179 "https://maso-awards.live/home" "Mozilla/5.0 (Linux; Android 11; Nokia C20) AppleWebKit/537.36 (KHTML, like Gecko) Chrome/97.0.4692.98 Mobile Safari/537.36"
102.70.0.245 - - [03/Jan/2025:20:05:02 -0500] "GET /assets/img/partners/cts.png HTTP/1.1" 200 46070 "https://maso-awards.live/home" "Mozilla/5.0 (Linux; Android 11; Nokia C20) AppleWebKit/537.36 (KHTML, like Gecko) Chrome/97.0.4692.98 Mobile Safari/537.36"
102.70.0.245 - - [03/Jan/2025:20:05:02 -0500] "GET /assets/img/partners/adcity.png HTTP/1.1" 200 24899 "https://maso-awards.live/home" "Mozilla/5.0 (Linux; Android 11; Nokia C20) AppleWebKit/537.36 (KHTML, like Gecko) Chrome/97.0.4692.98 Mobile Safari/537.36"
102.70.0.245 - - [03/Jan/2025:20:05:02 -0500] "GET /assets/img/partners/focusedpx.png HTTP/1.1" 200 19021 "https://maso-awards.live/home" "Mozilla/5.0 (Linux; Android 11; Nokia C20) AppleWebKit/537.36 (KHTML, like Gecko) Chrome/97.0.4692.98 Mobile Safari/537.36"
102.70.0.245 - - [03/Jan/2025:20:05:02 -0500] "GET /assets/img/partners/fadeth.png HTTP/1.1" 200 18414 "https://maso-awards.live/home" "Mozilla/5.0 (Linux; Android 11; Nokia C20) AppleWebKit/537.36 (KHTML, like Gecko) Chrome/97.0.4692.98 Mobile Safari/537.36"
102.70.0.245 - - [03/Jan/2025:20:05:02 -0500] "GET /assets/img/about-bg.jpg HTTP/1.1" 200 174120 "https://maso-awards.live/assets/css/style.css" "Mozilla/5.0 (Linux; Android 11; Nokia C20) AppleWebKit/537.36 (KHTML, like Gecko) Chrome/97.0.4692.98 Mobile Safari/537.36"
102.70.0.245 - - [03/Jan/2025:20:05:02 -0500] "GET /fonts/Gothic.ttf HTTP/1.1" 200 112628 "https://maso-awards.live/assets/css/style.css" "Mozilla/5.0 (Linux; Android 11; Nokia C20) AppleWebKit/537.36 (KHTML, like Gecko) Chrome/97.0.4692.98 Mobile Safari/537.36"
102.70.0.245 - - [03/Jan/2025:20:05:02 -0500] "GET /assets/img/partners/fortune-brands.png HTTP/1.1" 200 296544 "https://maso-awards.live/home" "Mozilla/5.0 (Linux; Android 11; Nokia C20) AppleWebKit/537.36 (KHTML, like Gecko) Chrome/97.0.4692.98 Mobile Safari/537.36"
102.70.0.245 - - [03/Jan/2025:20:05:02 -0500] "GET /images/performance.mp4 HTTP/1.1" 206 27808784 "https://maso-awards.live/home" "Mozilla/5.0 (Linux; Android 11; Nokia C20) AppleWebKit/537.36 (KHTML, like Gecko) Chrome/97.0.4692.98 Mobile Safari/537.36"
102.70.0.245 - - [03/Jan/2025:20:05:42 -0500] "GET /images/performance.mp4 HTTP/1.1" 206 10108002 "https://maso-awards.live/home" "Mozilla/5.0 (Linux; Android 11; Nokia C20) AppleWebKit/537.36 (KHTML, like Gecko) Chrome/97.0.4692.98 Mobile Safari/537.36"
40.77.190.194 - - [03/Jan/2025:20:07:04 -0500] "GET /fonts/Gothic.ttf HTTP/1.1" 200 112628 "https://maso-awards.live/css/main.css" "Mozilla/5.0 AppleWebKit/537.36 (KHTML, like Gecko; compatible; bingbot/2.0; +http://www.bing.com/bingbot.htm) Chrome/112.0.0.0 Safari/537.36"
40.77.190.194 - - [03/Jan/2025:20:07:04 -0500] "GET /assets/vendor/bootstrap-icons/fonts/bootstrap-icons.woff2?a74547b2f0863226942ff8ded57db345 HTTP/1.1" 200 92004 "https://maso-awards.live/assets/vendor/bootstrap-icons/bootstrap-icons.css" "Mozilla/5.0 AppleWebKit/537.36 (KHTML, like Gecko; compatible; bingbot/2.0; +http://www.bing.com/bingbot.htm) Chrome/112.0.0.0 Safari/537.36"
40.77.190.194 - - [03/Jan/2025:20:07:04 -0500] "GET /fonts/Gothic-B.ttf HTTP/1.1" 200 129676 "https://maso-awards.live/css/main.css" "Mozilla/5.0 AppleWebKit/537.36 (KHTML, like Gecko; compatible; bingbot/2.0; +http://www.bing.com/bingbot.htm) Chrome/112.0.0.0 Safari/537.36"
40.77.190.194 - - [03/Jan/2025:20:07:04 -0500] "GET /dashboard/graph-data.php?code=pca HTTP/1.1" 200 101 "https://maso-awards.live/category/peoples-choice-award" "Mozilla/5.0 AppleWebKit/537.36 (KHTML, like Gecko; compatible; bingbot/2.0; +http://www.bing.com/bingbot.htm) Chrome/112.0.0.0 Safari/537.36"
192.133.77.14 - - [03/Jan/2025:20:12:22 -0500] "GET /assets/img/maso-og.jpg HTTP/1.1" 200 41307 "-" "Twitterbot/1.0"
66.249.65.204 - - [03/Jan/2025:20:12:32 -0500] "GET /backfiring5j-lvjnfbrmm.html HTTP/1.1" 404 1251 "-" "Mozilla/5.0 (Linux; Android 6.0.1; Nexus 5X Build/MMB29P) AppleWebKit/537.36 (KHTML, like Gecko) Chrome/131.0.6778.139 Mobile Safari/537.36 (compatible; Googlebot/2.1; +http://www.google.com/bot.html)"
199.16.157.182 - - [03/Jan/2025:20:18:48 -0500] "GET /assets/img/maso-og.jpg HTTP/1.1" 200 41307 "-" "Twitterbot/1.0"
66.249.65.204 - - [03/Jan/2025:20:19:19 -0500] "GET /depredable6q-dxouqb83o.html HTTP/1.1" 404 1251 "-" "Mozilla/5.0 (Linux; Android 6.0.1; Nexus 5X Build/MMB29P) AppleWebKit/537.36 (KHTML, like Gecko) Chrome/131.0.6778.139 Mobile Safari/537.36 (compatible; Googlebot/2.1; +http://www.google.com/bot.html)"
66.249.65.204 - - [03/Jan/2025:20:20:01 -0500] "GET /assets/articles/article-20240830-100604.jpg HTTP/1.1" 304 0 "-" "Googlebot-Image/1.0"
172.203.190.139 - - [03/Jan/2025:20:21:14 -0500] "GET /robots.txt HTTP/1.1" 404 1251 "-" "Mozilla/5.0 AppleWebKit/537.36 (KHTML, like Gecko); compatible; OAI-SearchBot/1.0; +https://openai.com/searchbot"
172.203.190.139 - - [03/Jan/2025:20:21:15 -0500] "GET /robots.txt HTTP/1.1" 404 1251 "-" "Mozilla/5.0 AppleWebKit/537.36 (KHTML, like Gecko); compatible; OAI-SearchBot/1.0; +https://openai.com/searchbot"
66.249.65.192 - - [03/Jan/2025:20:22:23 -0500] "GET /category/best-hip-hop-act HTTP/1.1" 200 21 "-" "Mozilla/5.0 (Linux; Android 6.0.1; Nexus 5X Build/MMB29P) AppleWebKit/537.36 (KHTML, like Gecko) Chrome/131.0.6778.139 Mobile Safari/537.36 (compatible; Googlebot/2.1; +http://www.google.com/bot.html)"
66.249.65.102 - - [03/Jan/2025:20:23:55 -0500] "GET / HTTP/1.1" 200 4131 "-" "Mozilla/5.0 (compatible; Googlebot/2.1; +http://www.google.com/bot.html)"
66.249.65.100 - - [03/Jan/2025:20:23:57 -0500] "GET /images/performance.mp4 HTTP/1.1" 206 23330816 "https://www.maso-awards.live/" "Mozilla/5.0 AppleWebKit/537.36 (KHTML, like Gecko; compatible; Googlebot/2.1; +http://www.google.com/bot.html) Chrome/131.0.6778.139 Safari/537.36"
52.167.144.225 - - [03/Jan/2025:20:25:15 -0500] "GET /assets/img/partners/jackpot.png HTTP/1.1" 404 1251 "-" "Mozilla/5.0 AppleWebKit/537.36 (KHTML, like Gecko; compatible; bingbot/2.0; +http://www.bing.com/bingbot.htm) Chrome/116.0.1938.76 Safari/537.36"
66.249.65.204 - - [03/Jan/2025:20:25:52 -0500] "GET /alkane535-lf1j8hthm.html HTTP/1.1" 404 1251 "-" "Mozilla/5.0 (Linux; Android 6.0.1; Nexus 5X Build/MMB29P) AppleWebKit/537.36 (KHTML, like Gecko) Chrome/131.0.6778.139 Mobile Safari/537.36 (compatible; Googlebot/2.1; +http://www.google.com/bot.html)"
66.249.65.204 - - [03/Jan/2025:20:25:55 -0500] "GET / HTTP/1.1" 200 4143 "-" "Mozilla/5.0 (compatible; Googlebot/2.1; +http://www.google.com/bot.html)"
66.249.65.203 - - [03/Jan/2025:20:25:57 -0500] "GET /images/performance.mp4 HTTP/1.1" 206 26391027 "https://maso-awards.live/" "Mozilla/5.0 AppleWebKit/537.36 (KHTML, like Gecko; compatible; Googlebot/2.1; +http://www.google.com/bot.html) Chrome/131.0.6778.139 Safari/537.36"
198.199.104.179 - - [03/Jan/2025:20:28:34 -0500] "GET /.well-known/dnt-policy.txt HTTP/1.1" 404 1251 "-" "Electronic Frontier Foundation's Do Not Track Verifier (for questions or concerns email dnt-policy@eff.org)"
66.249.65.192 - - [03/Jan/2025:20:32:32 -0500] "GET /wilderness51-00efttjdo.html HTTP/1.1" 404 1251 "-" "Mozilla/5.0 (Linux; Android 6.0.1; Nexus 5X Build/MMB29P) AppleWebKit/537.36 (KHTML, like Gecko) Chrome/131.0.6778.139 Mobile Safari/537.36 (compatible; Googlebot/2.1; +http://www.google.com/bot.html)"
66.249.65.203 - - [03/Jan/2025:20:39:13 -0500] "GET /disqualified5kg-c7962wrcn.html HTTP/1.1" 404 1251 "-" "Mozilla/5.0 (Linux; Android 6.0.1; Nexus 5X Build/MMB29P) AppleWebKit/537.36 (KHTML, like Gecko) Chrome/131.0.6778.139 Mobile Safari/537.36 (compatible; Googlebot/2.1; +http://www.google.com/bot.html)"
66.249.65.204 - - [03/Jan/2025:20:45:56 -0500] "GET /luxuriating52-4zrnl9qfo.html HTTP/1.1" 404 1251 "-" "Mozilla/5.0 (Linux; Android 6.0.1; Nexus 5X Build/MMB29P) AppleWebKit/537.36 (KHTML, like Gecko) Chrome/131.0.6778.139 Mobile Safari/537.36 (compatible; Googlebot/2.1; +http://www.google.com/bot.html)"
173.252.83.14 - - [03/Jan/2025:20:47:58 -0500] "GET /category/best-dance-hall-act HTTP/1.1" 200 18 "-" "facebookexternalhit/1.1 (+http://www.facebook.com/externalhit_uatext.php)"
173.252.83.5 - - [03/Jan/2025:20:47:59 -0500] "GET /category/best-dance-hall-act HTTP/1.1" 200 18 "-" "facebookexternalhit/1.1 (+http://www.facebook.com/externalhit_uatext.php)"
173.252.83.10 - - [03/Jan/2025:20:47:59 -0500] "GET /category/best-dance-hall-act HTTP/1.1" 200 18 "-" "facebookexternalhit/1.1 (+http://www.facebook.com/externalhit_uatext.php)"
66.249.65.192 - - [03/Jan/2025:20:52:37 -0500] "GET /recognizing4kj-c97y21ofm.html HTTP/1.1" 404 1251 "-" "Mozilla/5.0 (Linux; Android 6.0.1; Nexus 5X Build/MMB29P) AppleWebKit/537.36 (KHTML, like Gecko) Chrome/131.0.6778.139 Mobile Safari/537.36 (compatible; Googlebot/2.1; +http://www.google.com/bot.html)"
52.167.144.222 - - [03/Jan/2025:20:59:00 -0500] "GET /together-fqyqqsh/karse HTTP/1.1" 404 1251 "-" "Mozilla/5.0 AppleWebKit/537.36 (KHTML, like Gecko; compatible; bingbot/2.0; +http://www.bing.com/bingbot.htm) Chrome/116.0.1938.76 Safari/537.36"
66.249.65.204 - - [03/Jan/2025:21:06:03 -0500] "GET /correption496-tdn5w7l8o.html HTTP/1.1" 404 1251 "-" "Mozilla/5.0 (Linux; Android 6.0.1; Nexus 5X Build/MMB29P) AppleWebKit/537.36 (KHTML, like Gecko) Chrome/131.0.6778.139 Mobile Safari/537.36 (compatible; Googlebot/2.1; +http://www.google.com/bot.html)"
192.133.77.14 - - [03/Jan/2025:21:07:17 -0500] "GET /assets/img/maso-og.jpg HTTP/1.1" 200 41307 "-" "Twitterbot/1.0"
199.16.157.182 - - [03/Jan/2025:21:09:32 -0500] "GET /assets/img/maso-og.jpg HTTP/1.1" 200 41307 "-" "Twitterbot/1.0"
66.249.65.204 - - [03/Jan/2025:21:12:35 -0500] "GET /alley3r-4xg4b8peo.html HTTP/1.1" 404 1251 "-" "Mozilla/5.0 (Linux; Android 6.0.1; Nexus 5X Build/MMB29P) AppleWebKit/537.36 (KHTML, like Gecko) Chrome/131.0.6778.139 Mobile Safari/537.36 (compatible; Googlebot/2.1; +http://www.google.com/bot.html)"
192.133.77.14 - - [03/Jan/2025:21:14:57 -0500] "GET /assets/img/maso-og.jpg HTTP/1.1" 200 41307 "-" "Twitterbot/1.0"
66.249.65.203 - - [03/Jan/2025:21:19:13 -0500] "GET /dissenting4ww-l6gvqiesn.html HTTP/1.1" 404 1251 "-" "Mozilla/5.0 (Linux; Android 6.0.1; Nexus 5X Build/MMB29P) AppleWebKit/537.36 (KHTML, like Gecko) Chrome/131.0.6778.139 Mobile Safari/537.36 (compatible; Googlebot/2.1; +http://www.google.com/bot.html)"
66.249.65.203 - - [03/Jan/2025:21:19:50 -0500] "GET /category/best-actress HTTP/1.1" 200 21 "-" "GoogleBot"
52.57.96.49 - - [03/Jan/2025:21:22:04 -0500] "GET / HTTP/1.1" 200 4131 "-" "Mozilla/5.0 (X11; Ubuntu; Linux x86_64; rv:84.0) Gecko/20100101 Firefox/84.0"
66.249.65.203 - - [03/Jan/2025:21:25:56 -0500] "GET /tatou487-lsg4u7znn.html HTTP/1.1" 404 1251 "-" "Mozilla/5.0 (Linux; Android 6.0.1; Nexus 5X Build/MMB29P) AppleWebKit/537.36 (KHTML, like Gecko) Chrome/131.0.6778.139 Mobile Safari/537.36 (compatible; Googlebot/2.1; +http://www.google.com/bot.html)"
66.220.149.115 - - [03/Jan/2025:21:28:29 -0500] "GET /waiting-list HTTP/1.1" 200 7906 "-" "facebookexternalhit/1.1 (+http://www.facebook.com/externalhit_uatext.php)"
199.16.157.183 - - [03/Jan/2025:21:31:56 -0500] "GET /assets/img/maso-og.jpg HTTP/1.1" 200 41307 "-" "Twitterbot/1.0"
192.133.77.16 - - [03/Jan/2025:21:32:24 -0500] "GET /assets/img/maso-og.jpg HTTP/1.1" 200 41307 "-" "Twitterbot/1.0"
52.167.144.239 - - [03/Jan/2025:21:32:28 -0500] "GET /?svfdk/w972255.html HTTP/1.1" 200 4161 "-" "Mozilla/5.0 AppleWebKit/537.36 (KHTML, like Gecko; compatible; bingbot/2.0; +http://www.bing.com/bingbot.htm) Chrome/116.0.1938.76 Safari/537.36"
66.249.65.204 - - [03/Jan/2025:21:32:32 -0500] "GET /exspuition49-dgcsi5o9o.html HTTP/1.1" 404 1251 "-" "Mozilla/5.0 (Linux; Android 6.0.1; Nexus 5X Build/MMB29P) AppleWebKit/537.36 (KHTML, like Gecko) Chrome/131.0.6778.139 Mobile Safari/537.36 (compatible; Googlebot/2.1; +http://www.google.com/bot.html)"
66.249.65.203 - - [03/Jan/2025:21:39:13 -0500] "GET /neaped4w-ddmre0lgl.html HTTP/1.1" 404 1251 "-" "Mozilla/5.0 (Linux; Android 6.0.1; Nexus 5X Build/MMB29P) AppleWebKit/537.36 (KHTML, like Gecko) Chrome/131.0.6778.139 Mobile Safari/537.36 (compatible; Googlebot/2.1; +http://www.google.com/bot.html)"
41.13.100.140 - - [03/Jan/2025:21:40:34 -0500] "GET /category/best-male-upcoming-artist?fbclid=IwZXh0bgNhZW0CMTEAAR3P4IJAbVBLzrB7iyWdVizpa0eeJi28EFRwusFBIWmO7-IBYWSo0WNcNi8_aem_d4Zt89jlIjYGqjd5rwi42g HTTP/1.1" 200 21 "-" "Mozilla/5.0 (Linux; Android 10; K) AppleWebKit/537.36 (KHTML, like Gecko) Chrome/131.0.0.0 Mobile Safari/537.36"
41.13.100.140 - - [03/Jan/2025:21:40:35 -0500] "GET /favicon.ico HTTP/1.1" 404 1251 "https://maso-awards.live/category/best-male-upcoming-artist?fbclid=IwZXh0bgNhZW0CMTEAAR3P4IJAbVBLzrB7iyWdVizpa0eeJi28EFRwusFBIWmO7-IBYWSo0WNcNi8_aem_d4Zt89jlIjYGqjd5rwi42g" "Mozilla/5.0 (Linux; Android 10; K) AppleWebKit/537.36 (KHTML, like Gecko) Chrome/131.0.0.0 Mobile Safari/537.36"
31.13.127.20 - - [03/Jan/2025:21:42:08 -0500] "GET /remarks HTTP/1.1" 200 7090 "-" "facebookexternalhit/1.1 (+http://www.facebook.com/externalhit_uatext.php)"
31.13.127.3 - - [03/Jan/2025:21:42:08 -0500] "GET /remarks HTTP/1.1" 200 7090 "-" "facebookexternalhit/1.1 (+http://www.facebook.com/externalhit_uatext.php)"
31.13.127.116 - - [03/Jan/2025:21:42:09 -0500] "GET /remarks HTTP/1.1" 200 7090 "-" "facebookexternalhit/1.1 (+http://www.facebook.com/externalhit_uatext.php)"
31.13.127.22 - - [03/Jan/2025:21:42:09 -0500] "GET /vote HTTP/1.1" 302 6626 "-" "facebookexternalhit/1.1 (+http://www.facebook.com/externalhit_uatext.php)"
66.249.65.192 - - [03/Jan/2025:21:45:55 -0500] "GET /consternate4zq-9271cg38o.html HTTP/1.1" 404 1251 "-" "Mozilla/5.0 (Linux; Android 6.0.1; Nexus 5X Build/MMB29P) AppleWebKit/537.36 (KHTML, like Gecko) Chrome/131.0.6778.139 Mobile Safari/537.36 (compatible; Googlebot/2.1; +http://www.google.com/bot.html)"
66.249.65.102 - - [03/Jan/2025:21:49:24 -0500] "GET /category/best-duo-or-group HTTP/1.1" 200 21 "-" "Mozilla/5.0 (Linux; Android 6.0.1; Nexus 5X Build/MMB29P) AppleWebKit/537.36 (KHTML, like Gecko) Chrome/131.0.6778.139 Mobile Safari/537.36 (compatible; Googlebot/2.1; +http://www.google.com/bot.html)"
66.249.65.204 - - [03/Jan/2025:21:52:33 -0500] "GET /wedgwood38-9iv5zvt0n.html HTTP/1.1" 404 1251 "-" "Mozilla/5.0 (Linux; Android 6.0.1; Nexus 5X Build/MMB29P) AppleWebKit/537.36 (KHTML, like Gecko) Chrome/131.0.6778.139 Mobile Safari/537.36 (compatible; Googlebot/2.1; +http://www.google.com/bot.html)"
31.13.103.10 - - [03/Jan/2025:21:54:49 -0500] "GET /category/best-female-artistto HTTP/1.1" 200 18 "-" "facebookexternalhit/1.1 (+http://www.facebook.com/externalhit_uatext.php)"
192.133.77.15 - - [03/Jan/2025:21:56:07 -0500] "GET /assets/img/maso-og.jpg HTTP/1.1" 200 41307 "-" "Twitterbot/1.0"
66.249.65.204 - - [03/Jan/2025:21:59:24 -0500] "GET /autocephalous4et-45ibgu2sm.html HTTP/1.1" 404 1251 "-" "Mozilla/5.0 (Linux; Android 6.0.1; Nexus 5X Build/MMB29P) AppleWebKit/537.36 (KHTML, like Gecko) Chrome/131.0.6778.139 Mobile Safari/537.36 (compatible; Googlebot/2.1; +http://www.google.com/bot.html)"
47.128.58.249 - - [03/Jan/2025:22:00:48 -0500] "GET /login HTTP/1.1" 301 795 "-" "Mozilla/5.0 (Linux; Android 5.0) AppleWebKit/537.36 (KHTML, like Gecko) Mobile Safari/537.36 (compatible; Bytespider; spider-feedback@bytedance.com)"
47.128.58.249 - - [03/Jan/2025:22:00:48 -0500] "GET /login/ HTTP/1.1" 200 1113 "-" "Mozilla/5.0 (Linux; Android 5.0) AppleWebKit/537.36 (KHTML, like Gecko) Mobile Safari/537.36 (compatible; Bytespider; spider-feedback@bytedance.com)"
47.128.58.249 - - [03/Jan/2025:22:00:49 -0500] "GET /login/assets/fonts/font-awesome/css/font-awesome.min.css HTTP/1.1" 200 6896 "https://www.maso-awards.live/login/" "Mozilla/5.0 (Linux; Android 5.0) AppleWebKit/537.36 (KHTML, like Gecko) Mobile Safari/537.36 (compatible; Bytespider; spider-feedback@bytedance.com)"
47.128.58.249 - - [03/Jan/2025:22:00:49 -0500] "GET /login/assets/css/bootstrap.min.css HTTP/1.1" 200 20372 "https://www.maso-awards.live/login/" "Mozilla/5.0 (Linux; Android 5.0) AppleWebKit/537.36 (KHTML, like Gecko) Mobile Safari/537.36 (compatible; Bytespider; spider-feedback@bytedance.com)"
47.128.58.249 - - [03/Jan/2025:22:00:49 -0500] "GET /login/assets/fonts/flaticon/font/flaticon.css HTTP/1.1" 200 442 "https://www.maso-awards.live/login/" "Mozilla/5.0 (Linux; Android 5.0) AppleWebKit/537.36 (KHTML, like Gecko) Mobile Safari/537.36 (compatible; Bytespider; spider-feedback@bytedance.com)"
47.128.58.249 - - [03/Jan/2025:22:00:49 -0500] "GET /login/assets/css/style.css HTTP/1.1" 200 30317 "https://www.maso-awards.live/login/" "Mozilla/5.0 (Linux; Android 5.0) AppleWebKit/537.36 (KHTML, like Gecko) Mobile Safari/537.36 (compatible; Bytespider; spider-feedback@bytedance.com)"
47.128.58.249 - - [03/Jan/2025:22:00:50 -0500] "GET /login/assets/img/logos/logo-2.png HTTP/1.1" 206 500 "https://www.maso-awards.live/login/" "Mozilla/5.0 (Linux; Android 5.0) AppleWebKit/537.36 (KHTML, like Gecko) Mobile Safari/537.36 (compatible; Bytespider; spider-feedback@bytedance.com)"
47.128.58.249 - - [03/Jan/2025:22:00:50 -0500] "GET /login/assets/img/logos/logo.png HTTP/1.1" 206 500 "https://www.maso-awards.live/login/" "Mozilla/5.0 (Linux; Android 5.0) AppleWebKit/537.36 (KHTML, like Gecko) Mobile Safari/537.36 (compatible; Bytespider; spider-feedback@bytedance.com)"
192.133.77.15 - - [03/Jan/2025:22:05:31 -0500] "GET /assets/img/maso-og.jpg HTTP/1.1" 200 41307 "-" "Twitterbot/1.0"
66.249.65.204 - - [03/Jan/2025:22:05:55 -0500] "GET /chrysosperm5xe-dx4403sfo.html HTTP/1.1" 404 1251 "-" "Mozilla/5.0 (Linux; Android 6.0.1; Nexus 5X Build/MMB29P) AppleWebKit/537.36 (KHTML, like Gecko) Chrome/131.0.6778.139 Mobile Safari/537.36 (compatible; Googlebot/2.1; +http://www.google.com/bot.html)"
40.77.167.67 - - [03/Jan/2025:22:06:00 -0500] "GET /assets/img/partners/bluwave.png HTTP/1.1" 200 28179 "-" "Mozilla/5.0 AppleWebKit/537.36 (KHTML, like Gecko; compatible; bingbot/2.0; +http://www.bing.com/bingbot.htm) Chrome/116.0.1938.76 Safari/537.36"
172.203.190.135 - - [03/Jan/2025:22:11:46 -0500] "GET /robots.txt HTTP/1.1" 404 1251 "-" "Mozilla/5.0 AppleWebKit/537.36 (KHTML, like Gecko); compatible; OAI-SearchBot/1.0; +https://openai.com/searchbot"
172.203.190.135 - - [03/Jan/2025:22:11:47 -0500] "GET /robots.txt HTTP/1.1" 404 1251 "-" "Mozilla/5.0 AppleWebKit/537.36 (KHTML, like Gecko); compatible; OAI-SearchBot/1.0; +https://openai.com/searchbot"
192.133.77.17 - - [03/Jan/2025:22:14:53 -0500] "GET /assets/img/maso-og.jpg HTTP/1.1" 200 41307 "-" "Twitterbot/1.0"
192.133.77.16 - - [03/Jan/2025:22:14:53 -0500] "GET /assets/img/maso-og.jpg HTTP/1.1" 200 41307 "-" "Twitterbot/1.0"
142.250.32.37 - - [03/Jan/2025:22:16:26 -0500] "GET /category/images/pca/Chippie-2812202495336.jpg HTTP/1.1" 200 57996 "-" "Mozilla/5.0 (Windows NT 5.1; rv:11.0) Gecko Firefox/11.0 (via ggpht.com GoogleImageProxy)"
216.244.66.228 - - [03/Jan/2025:22:16:58 -0500] "GET /robots.txt HTTP/1.1" 404 1251 "-" "Mozilla/5.0 (compatible; DotBot/1.2; +https://opensiteexplorer.org/dotbot; help@moz.com)"
52.167.144.172 - - [03/Jan/2025:22:17:44 -0500] "GET /zakka/ HTTP/1.1" 404 1251 "-" "Mozilla/5.0 AppleWebKit/537.36 (KHTML, like Gecko; compatible; bingbot/2.0; +http://www.bing.com/bingbot.htm) Chrome/116.0.1938.76 Safari/537.36"
66.249.65.204 - - [03/Jan/2025:22:18:26 -0500] "GET /category/best-live-act HTTP/1.1" 200 21 "-" "Mozilla/5.0 (Linux; Android 6.0.1; Nexus 5X Build/MMB29P) AppleWebKit/537.36 (KHTML, like Gecko) Chrome/131.0.6778.139 Mobile Safari/537.36 (compatible; Googlebot/2.1; +http://www.google.com/bot.html)"
114.119.143.152 - - [03/Jan/2025:22:18:53 -0500] "GET /category/images/bcoty/assets/img/gallery/maso-20230704-134136.jpg HTTP/1.1" 200 38 "https://maso-awards.live/category/images/bcoty/Legends.jpeg" "Mozilla/5.0 (Linux; Android 7.0;) AppleWebKit/537.36 (KHTML, like Gecko) Mobile Safari/537.36 (compatible; PetalBot;+https://webmaster.petalsearch.com/site/petalbot)"
216.244.66.228 - - [03/Jan/2025:22:20:07 -0500] "GET /article-12 HTTP/1.1" 200 6728 "-" "Mozilla/5.0 (compatible; DotBot/1.2; +https://opensiteexplorer.org/dotbot; help@moz.com)"
114.119.157.156 - - [03/Jan/2025:22:23:54 -0500] "GET /category/images/bfua/assets/img/gallery/maso-20230704-133619.jpg HTTP/1.1" 200 38 "https://www.maso-awards.live/category/images/bfua/Fio%20Music.jpg" "Mozilla/5.0 (Linux; Android 7.0;) AppleWebKit/537.36 (KHTML, like Gecko) Mobile Safari/537.36 (compatible; PetalBot;+https://webmaster.petalsearch.com/site/petalbot)"
142.250.32.35 - - [03/Jan/2025:22:29:47 -0500] "GET /category/images/pca/Chippie-2812202495336.jpg HTTP/1.1" 200 57996 "-" "Mozilla/5.0 (Windows NT 5.1; rv:11.0) Gecko Firefox/11.0 (via ggpht.com GoogleImageProxy)"
192.133.77.16 - - [03/Jan/2025:22:38:32 -0500] "GET /assets/img/maso-og.jpg HTTP/1.1" 200 41307 "-" "Twitterbot/1.0"
192.133.77.16 - - [03/Jan/2025:22:41:08 -0500] "GET /assets/img/maso-og.jpg HTTP/1.1" 200 41307 "-" "Twitterbot/1.0"
192.133.77.15 - - [03/Jan/2025:22:41:08 -0500] "GET /assets/img/maso-og.jpg HTTP/1.1" 200 41307 "-" "Twitterbot/1.0"
41.56.183.43 - - [03/Jan/2025:22:50:53 -0500] "GET /?fbclid=IwZXh0bgNhZW0CMTEAAR1opxO00L-aaFQiAeCrjaLvJvyN_YJ2_t70z0BFjYMZoB-yUDg99qE-0nU_aem_BGYEAy1aQY6xFSM81U5RFw HTTP/1.1" 200 4131 "https://l.facebook.com/" "Mozilla/5.0 (Linux; Android 13; 23106RN0DA Build/TP1A.220624.014; wv) AppleWebKit/537.36 (KHTML, like Gecko) Version/4.0 Chrome/131.0.6778.131 Mobile Safari/537.36 [FB_IAB/FB4A;FBAV/494.0.0.55.73;IABMV/1;]"
41.56.183.43 - - [03/Jan/2025:22:50:54 -0500] "GET /assets/vendor/glightbox/css/glightbox.min.css HTTP/1.1" 200 2396 "https://www.maso-awards.live/?fbclid=IwZXh0bgNhZW0CMTEAAR1opxO00L-aaFQiAeCrjaLvJvyN_YJ2_t70z0BFjYMZoB-yUDg99qE-0nU_aem_BGYEAy1aQY6xFSM81U5RFw" "Mozilla/5.0 (Linux; Android 13; 23106RN0DA Build/TP1A.220624.014; wv) AppleWebKit/537.36 (KHTML, like Gecko) Version/4.0 Chrome/131.0.6778.131 Mobile Safari/537.36 [FB_IAB/FB4A;FBAV/494.0.0.55.73;IABMV/1;]"
41.56.183.43 - - [03/Jan/2025:22:50:54 -0500] "GET /assets/vendor/aos/aos.css HTTP/1.1" 200 1539 "https://www.maso-awards.live/?fbclid=IwZXh0bgNhZW0CMTEAAR1opxO00L-aaFQiAeCrjaLvJvyN_YJ2_t70z0BFjYMZoB-yUDg99qE-0nU_aem_BGYEAy1aQY6xFSM81U5RFw" "Mozilla/5.0 (Linux; Android 13; 23106RN0DA Build/TP1A.220624.014; wv) AppleWebKit/537.36 (KHTML, like Gecko) Version/4.0 Chrome/131.0.6778.131 Mobile Safari/537.36 [FB_IAB/FB4A;FBAV/494.0.0.55.73;IABMV/1;]"
41.56.183.43 - - [03/Jan/2025:22:50:54 -0500] "GET /assets/vendor/bootstrap-icons/bootstrap-icons.css HTTP/1.1" 200 9350 "https://www.maso-awards.live/?fbclid=IwZXh0bgNhZW0CMTEAAR1opxO00L-aaFQiAeCrjaLvJvyN_YJ2_t70z0BFjYMZoB-yUDg99qE-0nU_aem_BGYEAy1aQY6xFSM81U5RFw" "Mozilla/5.0 (Linux; Android 13; 23106RN0DA Build/TP1A.220624.014; wv) AppleWebKit/537.36 (KHTML, like Gecko) Version/4.0 Chrome/131.0.6778.131 Mobile Safari/537.36 [FB_IAB/FB4A;FBAV/494.0.0.55.73;IABMV/1;]"
41.56.183.43 - - [03/Jan/2025:22:50:54 -0500] "GET /assets/css/style.css HTTP/1.1" 200 5519 "https://www.maso-awards.live/?fbclid=IwZXh0bgNhZW0CMTEAAR1opxO00L-aaFQiAeCrjaLvJvyN_YJ2_t70z0BFjYMZoB-yUDg99qE-0nU_aem_BGYEAy1aQY6xFSM81U5RFw" "Mozilla/5.0 (Linux; Android 13; 23106RN0DA Build/TP1A.220624.014; wv) AppleWebKit/537.36 (KHTML, like Gecko) Version/4.0 Chrome/131.0.6778.131 Mobile Safari/537.36 [FB_IAB/FB4A;FBAV/494.0.0.55.73;IABMV/1;]"
41.56.183.43 - - [03/Jan/2025:22:50:54 -0500] "GET /assets/vendor/bootstrap/css/bootstrap.min.css HTTP/1.1" 200 21225 "https://www.maso-awards.live/?fbclid=IwZXh0bgNhZW0CMTEAAR1opxO00L-aaFQiAeCrjaLvJvyN_YJ2_t70z0BFjYMZoB-yUDg99qE-0nU_aem_BGYEAy1aQY6xFSM81U5RFw" "Mozilla/5.0 (Linux; Android 13; 23106RN0DA Build/TP1A.220624.014; wv) AppleWebKit/537.36 (KHTML, like Gecko) Version/4.0 Chrome/131.0.6778.131 Mobile Safari/537.36 [FB_IAB/FB4A;FBAV/494.0.0.55.73;IABMV/1;]"
41.56.183.43 - - [03/Jan/2025:22:50:54 -0500] "GET /js/sweetalert.min.js HTTP/1.1" 200 11427 "https://www.maso-awards.live/?fbclid=IwZXh0bgNhZW0CMTEAAR1opxO00L-aaFQiAeCrjaLvJvyN_YJ2_t70z0BFjYMZoB-yUDg99qE-0nU_aem_BGYEAy1aQY6xFSM81U5RFw" "Mozilla/5.0 (Linux; Android 13; 23106RN0DA Build/TP1A.220624.014; wv) AppleWebKit/537.36 (KHTML, like Gecko) Version/4.0 Chrome/131.0.6778.131 Mobile Safari/537.36 [FB_IAB/FB4A;FBAV/494.0.0.55.73;IABMV/1;]"
41.56.183.43 - - [03/Jan/2025:22:50:54 -0500] "GET /assets/vendor/swiper/swiper-bundle.min.css HTTP/1.1" 200 4126 "https://www.maso-awards.live/?fbclid=IwZXh0bgNhZW0CMTEAAR1opxO00L-aaFQiAeCrjaLvJvyN_YJ2_t70z0BFjYMZoB-yUDg99qE-0nU_aem_BGYEAy1aQY6xFSM81U5RFw" "Mozilla/5.0 (Linux; Android 13; 23106RN0DA Build/TP1A.220624.014; wv) AppleWebKit/537.36 (KHTML, like Gecko) Version/4.0 Chrome/131.0.6778.131 Mobile Safari/537.36 [FB_IAB/FB4A;FBAV/494.0.0.55.73;IABMV/1;]"
41.56.183.43 - - [03/Jan/2025:22:50:55 -0500] "GET /assets/img/maso-icon.png HTTP/1.1" 200 155634 "https://www.maso-awards.live/?fbclid=IwZXh0bgNhZW0CMTEAAR1opxO00L-aaFQiAeCrjaLvJvyN_YJ2_t70z0BFjYMZoB-yUDg99qE-0nU_aem_BGYEAy1aQY6xFSM81U5RFw" "Mozilla/5.0 (Linux; Android 13; 23106RN0DA Build/TP1A.220624.014; wv) AppleWebKit/537.36 (KHTML, like Gecko) Version/4.0 Chrome/131.0.6778.131 Mobile Safari/537.36 [FB_IAB/FB4A;FBAV/494.0.0.55.73;IABMV/1;]"
41.56.183.43 - - [03/Jan/2025:22:50:55 -0500] "GET /assets/articles/article-20240830-100604.jpg HTTP/1.1" 200 282045 "https://www.maso-awards.live/?fbclid=IwZXh0bgNhZW0CMTEAAR1opxO00L-aaFQiAeCrjaLvJvyN_YJ2_t70z0BFjYMZoB-yUDg99qE-0nU_aem_BGYEAy1aQY6xFSM81U5RFw" "Mozilla/5.0 (Linux; Android 13; 23106RN0DA Build/TP1A.220624.014; wv) AppleWebKit/537.36 (KHTML, like Gecko) Version/4.0 Chrome/131.0.6778.131 Mobile Safari/537.36 [FB_IAB/FB4A;FBAV/494.0.0.55.73;IABMV/1;]"
41.56.183.43 - - [03/Jan/2025:22:50:55 -0500] "GET /assets/articles/article-20240829-174834.jpg HTTP/1.1" 200 260876 "https://www.maso-awards.live/?fbclid=IwZXh0bgNhZW0CMTEAAR1opxO00L-aaFQiAeCrjaLvJvyN_YJ2_t70z0BFjYMZoB-yUDg99qE-0nU_aem_BGYEAy1aQY6xFSM81U5RFw" "Mozilla/5.0 (Linux; Android 13; 23106RN0DA Build/TP1A.220624.014; wv) AppleWebKit/537.36 (KHTML, like Gecko) Version/4.0 Chrome/131.0.6778.131 Mobile Safari/537.36 [FB_IAB/FB4A;FBAV/494.0.0.55.73;IABMV/1;]"
41.56.183.43 - - [03/Jan/2025:22:50:55 -0500] "GET /assets/articles/article-20240828-121825.png HTTP/1.1" 200 163853 "https://www.maso-awards.live/?fbclid=IwZXh0bgNhZW0CMTEAAR1opxO00L-aaFQiAeCrjaLvJvyN_YJ2_t70z0BFjYMZoB-yUDg99qE-0nU_aem_BGYEAy1aQY6xFSM81U5RFw" "Mozilla/5.0 (Linux; Android 13; 23106RN0DA Build/TP1A.220624.014; wv) AppleWebKit/537.36 (KHTML, like Gecko) Version/4.0 Chrome/131.0.6778.131 Mobile Safari/537.36 [FB_IAB/FB4A;FBAV/494.0.0.55.73;IABMV/1;]"
41.56.183.43 - - [03/Jan/2025:22:50:55 -0500] "GET /assets/articles/article-20240701-010152.jpg HTTP/1.1" 200 51261 "https://www.maso-awards.live/?fbclid=IwZXh0bgNhZW0CMTEAAR1opxO00L-aaFQiAeCrjaLvJvyN_YJ2_t70z0BFjYMZoB-yUDg99qE-0nU_aem_BGYEAy1aQY6xFSM81U5RFw" "Mozilla/5.0 (Linux; Android 13; 23106RN0DA Build/TP1A.220624.014; wv) AppleWebKit/537.36 (KHTML, like Gecko) Version/4.0 Chrome/131.0.6778.131 Mobile Safari/537.36 [FB_IAB/FB4A;FBAV/494.0.0.55.73;IABMV/1;]"
41.56.183.43 - - [03/Jan/2025:22:50:55 -0500] "GET /assets/vendor/bootstrap-icons/fonts/bootstrap-icons.woff2?a74547b2f0863226942ff8ded57db345 HTTP/1.1" 200 92004 "https://www.maso-awards.live/assets/vendor/bootstrap-icons/bootstrap-icons.css" "Mozilla/5.0 (Linux; Android 13; 23106RN0DA Build/TP1A.220624.014; wv) AppleWebKit/537.36 (KHTML, like Gecko) Version/4.0 Chrome/131.0.6778.131 Mobile Safari/537.36 [FB_IAB/FB4A;FBAV/494.0.0.55.73;IABMV/1;]"
41.56.183.43 - - [03/Jan/2025:22:50:55 -0500] "GET /fonts/Gothic.ttf HTTP/1.1" 200 112628 "https://www.maso-awards.live/assets/css/style.css" "Mozilla/5.0 (Linux; Android 13; 23106RN0DA Build/TP1A.220624.014; wv) AppleWebKit/537.36 (KHTML, like Gecko) Version/4.0 Chrome/131.0.6778.131 Mobile Safari/537.36 [FB_IAB/FB4A;FBAV/494.0.0.55.73;IABMV/1;]"
41.56.183.43 - - [03/Jan/2025:22:50:55 -0500] "GET /assets/vendor/aos/aos.js HTTP/1.1" 200 4420 "https://www.maso-awards.live/?fbclid=IwZXh0bgNhZW0CMTEAAR1opxO00L-aaFQiAeCrjaLvJvyN_YJ2_t70z0BFjYMZoB-yUDg99qE-0nU_aem_BGYEAy1aQY6xFSM81U5RFw" "Mozilla/5.0 (Linux; Android 13; 23106RN0DA Build/TP1A.220624.014; wv) AppleWebKit/537.36 (KHTML, like Gecko) Version/4.0 Chrome/131.0.6778.131 Mobile Safari/537.36 [FB_IAB/FB4A;FBAV/494.0.0.55.73;IABMV/1;]"
41.56.183.43 - - [03/Jan/2025:22:50:55 -0500] "GET /assets/vendor/glightbox/js/glightbox.min.js HTTP/1.1" 200 14887 "https://www.maso-awards.live/?fbclid=IwZXh0bgNhZW0CMTEAAR1opxO00L-aaFQiAeCrjaLvJvyN_YJ2_t70z0BFjYMZoB-yUDg99qE-0nU_aem_BGYEAy1aQY6xFSM81U5RFw" "Mozilla/5.0 (Linux; Android 13; 23106RN0DA Build/TP1A.220624.014; wv) AppleWebKit/537.36 (KHTML, like Gecko) Version/4.0 Chrome/131.0.6778.131 Mobile Safari/537.36 [FB_IAB/FB4A;FBAV/494.0.0.55.73;IABMV/1;]"
41.56.183.43 - - [03/Jan/2025:22:50:55 -0500] "GET /assets/vendor/bootstrap/js/bootstrap.bundle.min.js HTTP/1.1" 200 22192 "https://www.maso-awards.live/?fbclid=IwZXh0bgNhZW0CMTEAAR1opxO00L-aaFQiAeCrjaLvJvyN_YJ2_t70z0BFjYMZoB-yUDg99qE-0nU_aem_BGYEAy1aQY6xFSM81U5RFw" "Mozilla/5.0 (Linux; Android 13; 23106RN0DA Build/TP1A.220624.014; wv) AppleWebKit/537.36 (KHTML, like Gecko) Version/4.0 Chrome/131.0.6778.131 Mobile Safari/537.36 [FB_IAB/FB4A;FBAV/494.0.0.55.73;IABMV/1;]"
41.56.183.43 - - [03/Jan/2025:22:50:56 -0500] "GET /assets/vendor/swiper/swiper-bundle.min.js HTTP/1.1" 200 36270 "https://www.maso-awards.live/?fbclid=IwZXh0bgNhZW0CMTEAAR1opxO00L-aaFQiAeCrjaLvJvyN_YJ2_t70z0BFjYMZoB-yUDg99qE-0nU_aem_BGYEAy1aQY6xFSM81U5RFw" "Mozilla/5.0 (Linux; Android 13; 23106RN0DA Build/TP1A.220624.014; wv) AppleWebKit/537.36 (KHTML, like Gecko) Version/4.0 Chrome/131.0.6778.131 Mobile Safari/537.36 [FB_IAB/FB4A;FBAV/494.0.0.55.73;IABMV/1;]"
