51.222.253.11 - - [04/Jan/2025:00:06:54 -0500] "GET /singles.php?pageno=25 HTTP/1.1" 200 3664 "-" "Mozilla/5.0 (compatible; AhrefsBot/7.0; +http://ahrefs.com/robot/)"
51.222.253.19 - - [04/Jan/2025:00:07:25 -0500] "GET /sid-658-ntchemo-by-blessed HTTP/1.1" 200 3218 "-" "Mozilla/5.0 (compatible; AhrefsBot/7.0; +http://ahrefs.com/robot/)"
114.119.158.0 - - [04/Jan/2025:00:07:33 -0500] "GET /artist=Melody HTTP/1.1" 200 3987 "https://malawisounds.com/biography?pageno=14" "Mozilla/5.0 (Linux; Android 7.0;) AppleWebKit/537.36 (KHTML, like Gecko) Mobile Safari/537.36 (compatible; PetalBot;+https://webmaster.petalsearch.com/site/petalbot)"
51.222.253.14 - - [04/Jan/2025:00:07:55 -0500] "GET /360-Heart-Breaker-by-Expino HTTP/1.1" 200 3913 "-" "Mozilla/5.0 (compatible; AhrefsBot/7.0; +http://ahrefs.com/robot/)"
85.208.96.207 - - [04/Jan/2025:00:08:11 -0500] "GET /robots.txt HTTP/1.1" 404 1251 "-" "Mozilla/5.0 (compatible; SemrushBot/7~bl; +http://www.semrush.com/bot.html)"
185.191.171.12 - - [04/Jan/2025:00:08:13 -0500] "GET /1661-Loved-by-You-by-Samuel-Peter- HTTP/1.1" 200 4466 "-" "Mozilla/5.0 (compatible; SemrushBot/7~bl; +http://www.semrush.com/bot.html)"
105.234.164.38 - - [04/Jan/2025:00:08:19 -0500] "GET /307-ma-ine-by-eli-njuchi HTTP/1.1" 200 4466 "-" "Mozilla/5.0 (Linux; Android 9; itel W6002 Build/PPR1.180610.011) AppleWebKit/537.36 (KHTML, like Gecko) Chrome/79.0.3945.116 Mobile Safari/537.36"
105.234.164.38 - - [04/Jan/2025:00:08:20 -0500] "GET /bio/mwsounds-20200801042643-Dr.Drew.jpg HTTP/1.1" 200 80629 "https://malawisounds.com/307-ma-ine-by-eli-njuchi" "Mozilla/5.0 (Linux; Android 9; itel W6002 Build/PPR1.180610.011) AppleWebKit/537.36 (KHTML, like Gecko) Chrome/79.0.3945.116 Mobile Safari/537.36"
105.234.164.38 - - [04/Jan/2025:00:08:21 -0500] "GET /fonts/Gothic-B.ttf HTTP/1.1" 200 129676 "https://malawisounds.com/css/load.css" "Mozilla/5.0 (Linux; Android 9; itel W6002 Build/PPR1.180610.011) AppleWebKit/537.36 (KHTML, like Gecko) Chrome/79.0.3945.116 Mobile Safari/537.36"
105.234.164.38 - - [04/Jan/2025:00:08:21 -0500] "GET /fonts/Gothic.ttf HTTP/1.1" 200 112628 "https://malawisounds.com/css/load.css" "Mozilla/5.0 (Linux; Android 9; itel W6002 Build/PPR1.180610.011) AppleWebKit/537.36 (KHTML, like Gecko) Chrome/79.0.3945.116 Mobile Safari/537.36"
105.234.164.38 - - [04/Jan/2025:00:08:21 -0500] "GET /ads/MS%20covid.jpg HTTP/1.1" 200 273002 "https://malawisounds.com/307-ma-ine-by-eli-njuchi" "Mozilla/5.0 (Linux; Android 9; itel W6002 Build/PPR1.180610.011) AppleWebKit/537.36 (KHTML, like Gecko) Chrome/79.0.3945.116 Mobile Safari/537.36"
51.222.253.11 - - [04/Jan/2025:00:08:22 -0500] "GET /1449-Space-by-Meekboy HTTP/1.1" 200 3887 "-" "Mozilla/5.0 (compatible; AhrefsBot/7.0; +http://ahrefs.com/robot/)"
105.234.164.38 - - [04/Jan/2025:00:08:27 -0500] "GET /null HTTP/1.1" 404 1251 "https://malawisounds.com/307-ma-ine-by-eli-njuchi" "Mozilla/5.0 (Linux; Android 9; itel W6002 Build/PPR1.180610.011) AppleWebKit/537.36 (KHTML, like Gecko) Chrome/79.0.3945.116 Mobile Safari/537.36"
105.234.164.38 - - [04/Jan/2025:00:08:29 -0500] "GET /download.php?id=307&name=Eli%20Njuchi-Ma%20Ine HTTP/1.1" 200 298664 "https://malawisounds.com/307-ma-ine-by-eli-njuchi" "Mozilla/5.0 (Linux; Android 9; itel W6002 Build/PPR1.180610.011) AppleWebKit/537.36 (KHTML, like Gecko) Chrome/79.0.3945.116 Mobile Safari/537.36"
105.234.164.38 - - [04/Jan/2025:00:08:32 -0500] "GET /Icons/malawisounds.ico HTTP/1.1" 200 4286 "https://malawisounds.com/307-ma-ine-by-eli-njuchi" "Mozilla/5.0 (Linux; Android 9; itel W6002 Build/PPR1.180610.011) AppleWebKit/537.36 (KHTML, like Gecko) Chrome/79.0.3945.116 Mobile Safari/537.36"
66.249.93.66 - - [04/Jan/2025:00:08:31 -0500] "GET /download.php?id=307&name=Eli+Njuchi-Ma+Ine HTTP/1.1" 200 7643563 "-" "Mozilla/5.0 (Linux; Android 7.0; SM-G930V Build/NRD90M) AppleWebKit/537.36 (KHTML, like Gecko) Chrome/59.0.3071.125 Mobile Safari/537.36 (compatible; Google-Read-Aloud; +https://support.google.com/webmasters/answer/1061943)"
66.249.93.66 - - [04/Jan/2025:00:08:33 -0500] "GET /download.php?id=307&name=Eli+Njuchi-Ma+Ine HTTP/1.1" 200 7643563 "-" "Mozilla/5.0 (Linux; Android 7.0; SM-G930V Build/NRD90M) AppleWebKit/537.36 (KHTML, like Gecko) Chrome/59.0.3071.125 Mobile Safari/537.36 (compatible; Google-Read-Aloud; +https://support.google.com/webmasters/answer/1061943)"
66.249.93.64 - - [04/Jan/2025:00:08:34 -0500] "GET /download.php?id=307&name=Eli+Njuchi-Ma+Ine HTTP/1.1" 200 7643563 "-" "Mozilla/5.0 (Linux; Android 7.0; SM-G930V Build/NRD90M) AppleWebKit/537.36 (KHTML, like Gecko) Chrome/59.0.3071.125 Mobile Safari/537.36 (compatible; Google-Read-Aloud; +https://support.google.com/webmasters/answer/1061943)"
105.234.164.38 - - [04/Jan/2025:00:08:35 -0500] "GET /download.php?id=307&name=Eli%20Njuchi-Ma%20Ine HTTP/1.1" 200 7643563 "-" "com.google.android.apps.searchlite/173804 (Linux; U; Android 9; en_US; itel W6002; Build/PPR1.180610.011; Cronet/76.0.3809.111)"
51.222.253.8 - - [04/Jan/2025:00:08:51 -0500] "GET /sid-669-your-love-by-glocence-manoto HTTP/1.1" 200 3242 "-" "Mozilla/5.0 (compatible; AhrefsBot/7.0; +http://ahrefs.com/robot/)"
51.222.253.3 - - [04/Jan/2025:00:09:18 -0500] "GET /127-Mukhale-nane-by-Jospa-ft-Faith HTTP/1.1" 200 3939 "-" "Mozilla/5.0 (compatible; AhrefsBot/7.0; +http://ahrefs.com/robot/)"
51.222.253.2 - - [04/Jan/2025:00:10:23 -0500] "GET /643-Nyimbo-Ikatha-by-Kelvin-Sings HTTP/1.1" 200 3932 "-" "Mozilla/5.0 (compatible; AhrefsBot/7.0; +http://ahrefs.com/robot/)"
114.119.138.207 - - [04/Jan/2025:00:10:23 -0500] "GET /412-Mabodza-by-LP-ft-sneezy%2Bvendriq%2Blykan%2Bdre-beats HTTP/1.1" 200 4510 "https://malawisounds.com/singles?pageno=11" "Mozilla/5.0 (Linux; Android 7.0;) AppleWebKit/537.36 (KHTML, like Gecko) Mobile Safari/537.36 (compatible; PetalBot;+https://webmaster.petalsearch.com/site/petalbot)"
66.249.73.4 - - [04/Jan/2025:00:10:42 -0500] "GET /images/mwsounds-20210727041119-1627358282312your-mind-by-excepcion-artwork.jpg HTTP/1.1" 200 52138 "-" "Googlebot-Image/1.0"
51.222.253.16 - - [04/Jan/2025:00:10:52 -0500] "GET /1290-Let-me-know-by-Chidaya-Notch HTTP/1.1" 200 3921 "-" "Mozilla/5.0 (compatible; AhrefsBot/7.0; +http://ahrefs.com/robot/)"
66.249.65.162 - - [04/Jan/2025:00:11:11 -0500] "GET /sid-1330-kingdom-first-by-da-redeemed HTTP/1.1" 200 3217 "-" "Mozilla/5.0 (Linux; Android 6.0.1; Nexus 5X Build/MMB29P) AppleWebKit/537.36 (KHTML, like Gecko) Chrome/131.0.6778.204 Mobile Safari/537.36 (compatible; Googlebot/2.1; +http://www.google.com/bot.html)"
51.222.253.1 - - [04/Jan/2025:00:11:21 -0500] "GET /sid-994-palibe-by-emmax HTTP/1.1" 200 3194 "-" "Mozilla/5.0 (compatible; AhrefsBot/7.0; +http://ahrefs.com/robot/)"
51.222.253.10 - - [04/Jan/2025:00:12:12 -0500] "GET /904-Open-your-heart--by-Onesimus HTTP/1.1" 200 3914 "-" "Mozilla/5.0 (compatible; AhrefsBot/7.0; +http://ahrefs.com/robot/)"
105.234.164.38 - - [04/Jan/2025:00:12:28 -0500] "GET /download.php?id=307&name=Eli%20Njuchi-Ma%20Ine HTTP/1.1" 200 7643563 "-" "com.google.android.apps.searchlite/173804 (Linux; U; Android 9; en_US; itel W6002; Build/PPR1.180610.011; Cronet/76.0.3809.111)"
51.222.253.5 - - [04/Jan/2025:00:12:40 -0500] "GET /1160-Samagona-by-Ranken-ft-Reka HTTP/1.1" 200 3929 "-" "Mozilla/5.0 (compatible; AhrefsBot/7.0; +http://ahrefs.com/robot/)"
51.222.253.12 - - [04/Jan/2025:00:13:10 -0500] "GET /sid-622-aye-by-kelvin-sings HTTP/1.1" 200 3231 "-" "Mozilla/5.0 (compatible; AhrefsBot/7.0; +http://ahrefs.com/robot/)"
114.119.158.0 - - [04/Jan/2025:00:13:11 -0500] "GET /145-21(Free-Style)-by-PHRONEE HTTP/1.1" 200 4435 "https://malawisounds.com/singles?pageno=72" "Mozilla/5.0 (Linux; Android 7.0;) AppleWebKit/537.36 (KHTML, like Gecko) Mobile Safari/537.36 (compatible; PetalBot;+https://webmaster.petalsearch.com/site/petalbot)"
31.13.103.9 - - [04/Jan/2025:00:13:17 -0500] "GET /images/mwsounds-20220506-070255-Anointed-For-Showing-by-Israel.jpg HTTP/1.1" 200 24004 "-" "facebookexternalhit/1.1 (+http://www.facebook.com/externalhit_uatext.php)"
51.222.253.8 - - [04/Jan/2025:00:13:44 -0500] "GET /958-gist-by-Lcee-ft-Dada HTTP/1.1" 200 3950 "-" "Mozilla/5.0 (compatible; AhrefsBot/7.0; +http://ahrefs.com/robot/)"
102.70.4.206 - - [04/Jan/2025:00:13:50 -0500] "GET /1668-Timtame-by-Ngale HTTP/1.1" 200 3886 "-" "Mozilla/5.0 (Linux; U; Android 11; M2006C3LII Build/RP1A.200720.011; wv) AppleWebKit/537.36 (KHTML, like Gecko) Version/4.0 Chrome/131.0.6778.135 Mobile Safari/537.36 OPR/86.0.2254.74831"
82.145.212.211 - - [04/Jan/2025:00:13:54 -0500] "GET /ads/MS%20covid.jpg HTTP/1.1" 200 273002 "https://malawisounds.com/1668-Timtame-by-Ngale" "Mozilla/5.0 (Linux; U; Android 11; M2006C3LII Build/RP1A.200720.011; wv) AppleWebKit/537.36 (KHTML, like Gecko) Version/4.0 Chrome/131.0.6778.135 Mobile Safari/537.36 OPR/86.0.2254.74831"
82.145.212.211 - - [04/Jan/2025:00:13:54 -0500] "GET /uploads/Timtame-by-Ngale.mp3 HTTP/1.1" 206 8122648 "https://malawisounds.com/1668-Timtame-by-Ngale" "Mozilla/5.0 (Linux; U; Android 11; M2006C3LII Build/RP1A.200720.011; wv) AppleWebKit/537.36 (KHTML, like Gecko) Version/4.0 Chrome/131.0.6778.135 Mobile Safari/537.36 OPR/86.0.2254.74831"
102.70.4.206 - - [04/Jan/2025:00:13:56 -0500] "GET /uploads/Timtame-by-Ngale.mp3 HTTP/1.1" 206 10285283 "https://malawisounds.com/1668-Timtame-by-Ngale" "Mozilla/5.0 (Linux; U; Android 11; M2006C3LII Build/RP1A.200720.011; wv) AppleWebKit/537.36 (KHTML, like Gecko) Version/4.0 Chrome/131.0.6778.135 Mobile Safari/537.36 OPR/86.0.2254.74831"
102.70.4.206 - - [04/Jan/2025:00:13:58 -0500] "GET /uploads/Timtame-by-Ngale.mp3 HTTP/1.1" 206 11534336 "https://malawisounds.com/1668-Timtame-by-Ngale" "Mozilla/5.0 (Linux; U; Android 11; M2006C3LII Build/RP1A.200720.011; wv) AppleWebKit/537.36 (KHTML, like Gecko) Version/4.0 Chrome/131.0.6778.135 Mobile Safari/537.36 OPR/86.0.2254.74831"
102.70.4.206 - - [04/Jan/2025:00:14:02 -0500] "GET /uploads/Timtame-by-Ngale.mp3 HTTP/1.1" 206 9270921 "https://malawisounds.com/1668-Timtame-by-Ngale" "Mozilla/5.0 (Linux; U; Android 11; M2006C3LII Build/RP1A.200720.011; wv) AppleWebKit/537.36 (KHTML, like Gecko) Version/4.0 Chrome/131.0.6778.135 Mobile Safari/537.36 OPR/86.0.2254.74831"
31.13.103.115 - - [04/Jan/2025:00:14:03 -0500] "GET /article=24 HTTP/1.1" 200 12877 "-" "meta-externalagent/1.1 (+https://developers.facebook.com/docs/sharing/webmasters/crawler)"
102.70.4.206 - - [04/Jan/2025:00:14:05 -0500] "GET /1668-Timtame-by-Ngale HTTP/1.1" 200 3886 "-" "Mozilla/5.0 (Linux; U; Android 11; M2006C3LII Build/RP1A.200720.011; wv) AppleWebKit/537.36 (KHTML, like Gecko) Version/4.0 Chrome/131.0.6778.135 Mobile Safari/537.36 OPR/86.0.2254.74831"
102.70.4.206 - - [04/Jan/2025:00:14:06 -0500] "GET /ads/MS%20covid.jpg HTTP/1.1" 200 273002 "https://malawisounds.com/1668-Timtame-by-Ngale" "Mozilla/5.0 (Linux; U; Android 11; M2006C3LII Build/RP1A.200720.011; wv) AppleWebKit/537.36 (KHTML, like Gecko) Version/4.0 Chrome/131.0.6778.135 Mobile Safari/537.36 OPR/86.0.2254.74831"
102.70.4.206 - - [04/Jan/2025:00:14:06 -0500] "GET /uploads/Timtame-by-Ngale.mp3 HTTP/1.1" 206 12121737 "https://malawisounds.com/1668-Timtame-by-Ngale" "Mozilla/5.0 (Linux; U; Android 11; M2006C3LII Build/RP1A.200720.011; wv) AppleWebKit/537.36 (KHTML, like Gecko) Version/4.0 Chrome/131.0.6778.135 Mobile Safari/537.36 OPR/86.0.2254.74831"
102.70.4.206 - - [04/Jan/2025:00:14:09 -0500] "GET /uploads/Timtame-by-Ngale.mp3 HTTP/1.1" 206 9270921 "https://malawisounds.com/1668-Timtame-by-Ngale" "Mozilla/5.0 (Linux; U; Android 11; M2006C3LII Build/RP1A.200720.011; wv) AppleWebKit/537.36 (KHTML, like Gecko) Version/4.0 Chrome/131.0.6778.135 Mobile Safari/537.36 OPR/86.0.2254.74831"
51.222.253.1 - - [04/Jan/2025:00:14:11 -0500] "GET /videos?pageno=23 HTTP/1.1" 200 2834 "-" "Mozilla/5.0 (compatible; AhrefsBot/7.0; +http://ahrefs.com/robot/)"
105.234.164.38 - - [04/Jan/2025:00:14:09 -0500] "GET /download.php?id=307&name=Eli%20Njuchi-Ma%20Ine HTTP/1.1" 200 7643563 "-" "com.google.android.apps.searchlite/173804 (Linux; U; Android 9; en_US; itel W6002; Build/PPR1.180610.011; Cronet/76.0.3809.111)"
105.234.164.38 - - [04/Jan/2025:00:14:09 -0500] "GET /download.php?id=307&name=Eli%20Njuchi-Ma%20Ine HTTP/1.1" 200 7643563 "-" "com.google.android.apps.searchlite/173804 (Linux; U; Android 9; en_US; itel W6002; Build/PPR1.180610.011; Cronet/76.0.3809.111)"
102.70.4.206 - - [04/Jan/2025:00:14:18 -0500] "GET /searchmusic.php?q=Ch HTTP/1.1" 200 15417 "https://malawisounds.com/1668-Timtame-by-Ngale" "Mozilla/5.0 (Linux; U; Android 11; M2006C3LII Build/RP1A.200720.011; wv) AppleWebKit/537.36 (KHTML, like Gecko) Version/4.0 Chrome/131.0.6778.135 Mobile Safari/537.36 OPR/86.0.2254.74831"
102.70.4.206 - - [04/Jan/2025:00:14:18 -0500] "GET /searchmusic.php?q=C HTTP/1.1" 200 38111 "https://malawisounds.com/1668-Timtame-by-Ngale" "Mozilla/5.0 (Linux; U; Android 11; M2006C3LII Build/RP1A.200720.011; wv) AppleWebKit/537.36 (KHTML, like Gecko) Version/4.0 Chrome/131.0.6778.135 Mobile Safari/537.36 OPR/86.0.2254.74831"
102.70.4.206 - - [04/Jan/2025:00:14:18 -0500] "GET /searchmusic.php?q=Chr HTTP/1.1" 200 2353 "https://malawisounds.com/1668-Timtame-by-Ngale" "Mozilla/5.0 (Linux; U; Android 11; M2006C3LII Build/RP1A.200720.011; wv) AppleWebKit/537.36 (KHTML, like Gecko) Version/4.0 Chrome/131.0.6778.135 Mobile Safari/537.36 OPR/86.0.2254.74831"
102.70.4.206 - - [04/Jan/2025:00:14:19 -0500] "GET /searchmusic.php?q=Chr HTTP/1.1" 200 2353 "https://malawisounds.com/1668-Timtame-by-Ngale" "Mozilla/5.0 (Linux; U; Android 11; M2006C3LII Build/RP1A.200720.011; wv) AppleWebKit/537.36 (KHTML, like Gecko) Version/4.0 Chrome/131.0.6778.135 Mobile Safari/537.36 OPR/86.0.2254.74831"
102.70.4.206 - - [04/Jan/2025:00:14:19 -0500] "GET /images/img-20191012-wa0022.jpg HTTP/1.1" 200 26173 "https://malawisounds.com/1668-Timtame-by-Ngale" "Mozilla/5.0 (Linux; U; Android 11; M2006C3LII Build/RP1A.200720.011; wv) AppleWebKit/537.36 (KHTML, like Gecko) Version/4.0 Chrome/131.0.6778.135 Mobile Safari/537.36 OPR/86.0.2254.74831"
102.70.4.206 - - [04/Jan/2025:00:14:19 -0500] "GET /images/img_20191006_025508.jpg HTTP/1.1" 200 9668 "https://malawisounds.com/1668-Timtame-by-Ngale" "Mozilla/5.0 (Linux; U; Android 11; M2006C3LII Build/RP1A.200720.011; wv) AppleWebKit/537.36 (KHTML, like Gecko) Version/4.0 Chrome/131.0.6778.135 Mobile Safari/537.36 OPR/86.0.2254.74831"
102.70.4.206 - - [04/Jan/2025:00:14:19 -0500] "GET /images/img-20200306-wa0019.jpg HTTP/1.1" 200 26271 "https://malawisounds.com/1668-Timtame-by-Ngale" "Mozilla/5.0 (Linux; U; Android 11; M2006C3LII Build/RP1A.200720.011; wv) AppleWebKit/537.36 (KHTML, like Gecko) Version/4.0 Chrome/131.0.6778.135 Mobile Safari/537.36 OPR/86.0.2254.74831"
102.70.4.206 - - [04/Jan/2025:00:14:19 -0500] "GET /images/official_kuchanya_art.jpg HTTP/1.1" 200 91509 "https://malawisounds.com/1668-Timtame-by-Ngale" "Mozilla/5.0 (Linux; U; Android 11; M2006C3LII Build/RP1A.200720.011; wv) AppleWebKit/537.36 (KHTML, like Gecko) Version/4.0 Chrome/131.0.6778.135 Mobile Safari/537.36 OPR/86.0.2254.74831"
102.70.4.206 - - [04/Jan/2025:00:14:19 -0500] "GET /images/img-20200510-wa0024.jpg HTTP/1.1" 200 25598 "https://malawisounds.com/1668-Timtame-by-Ngale" "Mozilla/5.0 (Linux; U; Android 11; M2006C3LII Build/RP1A.200720.011; wv) AppleWebKit/537.36 (KHTML, like Gecko) Version/4.0 Chrome/131.0.6778.135 Mobile Safari/537.36 OPR/86.0.2254.74831"
102.70.4.206 - - [04/Jan/2025:00:14:19 -0500] "GET /images/christ-final-2-1.jpg HTTP/1.1" 200 261409 "https://malawisounds.com/1668-Timtame-by-Ngale" "Mozilla/5.0 (Linux; U; Android 11; M2006C3LII Build/RP1A.200720.011; wv) AppleWebKit/537.36 (KHTML, like Gecko) Version/4.0 Chrome/131.0.6778.135 Mobile Safari/537.36 OPR/86.0.2254.74831"
102.70.4.206 - - [04/Jan/2025:00:14:19 -0500] "GET /images/img-20200528-wa0008.jpg HTTP/1.1" 200 31498 "https://malawisounds.com/1668-Timtame-by-Ngale" "Mozilla/5.0 (Linux; U; Android 11; M2006C3LII Build/RP1A.200720.011; wv) AppleWebKit/537.36 (KHTML, like Gecko) Version/4.0 Chrome/131.0.6778.135 Mobile Safari/537.36 OPR/86.0.2254.74831"
102.70.4.206 - - [04/Jan/2025:00:14:19 -0500] "GET /images/img_20200210_120706.jpg HTTP/1.1" 200 42570 "https://malawisounds.com/1668-Timtame-by-Ngale" "Mozilla/5.0 (Linux; U; Android 11; M2006C3LII Build/RP1A.200720.011; wv) AppleWebKit/537.36 (KHTML, like Gecko) Version/4.0 Chrome/131.0.6778.135 Mobile Safari/537.36 OPR/86.0.2254.74831"
102.70.4.206 - - [04/Jan/2025:00:14:20 -0500] "GET /searchmusic.php?q=Chri HTTP/1.1" 200 2251 "https://malawisounds.com/1668-Timtame-by-Ngale" "Mozilla/5.0 (Linux; U; Android 11; M2006C3LII Build/RP1A.200720.011; wv) AppleWebKit/537.36 (KHTML, like Gecko) Version/4.0 Chrome/131.0.6778.135 Mobile Safari/537.36 OPR/86.0.2254.74831"
102.70.4.206 - - [04/Jan/2025:00:14:20 -0500] "GET /images/mwsounds-20201120142108-img-20201120-wa0015.jpg HTTP/1.1" 200 25553 "https://malawisounds.com/1668-Timtame-by-Ngale" "Mozilla/5.0 (Linux; U; Android 11; M2006C3LII Build/RP1A.200720.011; wv) AppleWebKit/537.36 (KHTML, like Gecko) Version/4.0 Chrome/131.0.6778.135 Mobile Safari/537.36 OPR/86.0.2254.74831"
102.70.4.206 - - [04/Jan/2025:00:14:20 -0500] "GET /images/mwsounds-20201128004114-img-20201120-wa0004.jpg HTTP/1.1" 200 20466 "https://malawisounds.com/1668-Timtame-by-Ngale" "Mozilla/5.0 (Linux; U; Android 11; M2006C3LII Build/RP1A.200720.011; wv) AppleWebKit/537.36 (KHTML, like Gecko) Version/4.0 Chrome/131.0.6778.135 Mobile Safari/537.36 OPR/86.0.2254.74831"
102.70.4.206 - - [04/Jan/2025:00:14:20 -0500] "GET /searchmusic.php?q=Chris HTTP/1.1" 200 2074 "https://malawisounds.com/1668-Timtame-by-Ngale" "Mozilla/5.0 (Linux; U; Android 11; M2006C3LII Build/RP1A.200720.011; wv) AppleWebKit/537.36 (KHTML, like Gecko) Version/4.0 Chrome/131.0.6778.135 Mobile Safari/537.36 OPR/86.0.2254.74831"
102.70.4.206 - - [04/Jan/2025:00:14:21 -0500] "GET /searchmusic.php?q=Christ HTTP/1.1" 200 1462 "https://malawisounds.com/1668-Timtame-by-Ngale" "Mozilla/5.0 (Linux; U; Android 11; M2006C3LII Build/RP1A.200720.011; wv) AppleWebKit/537.36 (KHTML, like Gecko) Version/4.0 Chrome/131.0.6778.135 Mobile Safari/537.36 OPR/86.0.2254.74831"
102.70.4.206 - - [04/Jan/2025:00:14:21 -0500] "GET /searchmusic.php?q=Chris HTTP/1.1" 200 2124 "https://malawisounds.com/1668-Timtame-by-Ngale" "Mozilla/5.0 (Linux; U; Android 11; M2006C3LII Build/RP1A.200720.011; wv) AppleWebKit/537.36 (KHTML, like Gecko) Version/4.0 Chrome/131.0.6778.135 Mobile Safari/537.36 OPR/86.0.2254.74831"
102.70.4.206 - - [04/Jan/2025:00:14:21 -0500] "GET /images/mwsounds-20210105220924-img-20210106-wa0003.jpg HTTP/1.1" 200 36518 "https://malawisounds.com/1668-Timtame-by-Ngale" "Mozilla/5.0 (Linux; U; Android 11; M2006C3LII Build/RP1A.200720.011; wv) AppleWebKit/537.36 (KHTML, like Gecko) Version/4.0 Chrome/131.0.6778.135 Mobile Safari/537.36 OPR/86.0.2254.74831"
102.70.4.206 - - [04/Jan/2025:00:14:21 -0500] "GET /images/mwsounds-20201224072113-img_20201224_085738.jpg HTTP/1.1" 200 34741 "https://malawisounds.com/1668-Timtame-by-Ngale" "Mozilla/5.0 (Linux; U; Android 11; M2006C3LII Build/RP1A.200720.011; wv) AppleWebKit/537.36 (KHTML, like Gecko) Version/4.0 Chrome/131.0.6778.135 Mobile Safari/537.36 OPR/86.0.2254.74831"
102.70.4.206 - - [04/Jan/2025:00:14:21 -0500] "GET /images/mwsounds-20210201205606-fb_img_1612211635281.jpg HTTP/1.1" 200 39584 "https://malawisounds.com/1668-Timtame-by-Ngale" "Mozilla/5.0 (Linux; U; Android 11; M2006C3LII Build/RP1A.200720.011; wv) AppleWebKit/537.36 (KHTML, like Gecko) Version/4.0 Chrome/131.0.6778.135 Mobile Safari/537.36 OPR/86.0.2254.74831"
102.70.4.206 - - [04/Jan/2025:00:14:21 -0500] "GET /images/mwsounds-20210303101453-fb_img_1614713291647.jpg HTTP/1.1" 200 52373 "https://malawisounds.com/1668-Timtame-by-Ngale" "Mozilla/5.0 (Linux; U; Android 11; M2006C3LII Build/RP1A.200720.011; wv) AppleWebKit/537.36 (KHTML, like Gecko) Version/4.0 Chrome/131.0.6778.135 Mobile Safari/537.36 OPR/86.0.2254.74831"
102.70.4.206 - - [04/Jan/2025:00:14:21 -0500] "GET /images/mwsounds-20210126205908-img-20210123-wa0024.jpg HTTP/1.1" 200 22173 "https://malawisounds.com/1668-Timtame-by-Ngale" "Mozilla/5.0 (Linux; U; Android 11; M2006C3LII Build/RP1A.200720.011; wv) AppleWebKit/537.36 (KHTML, like Gecko) Version/4.0 Chrome/131.0.6778.135 Mobile Safari/537.36 OPR/86.0.2254.74831"
102.70.4.206 - - [04/Jan/2025:00:14:21 -0500] "GET /images/mwsounds-20210402220504-img-20210327-wa0003.jpg HTTP/1.1" 200 34837 "https://malawisounds.com/1668-Timtame-by-Ngale" "Mozilla/5.0 (Linux; U; Android 11; M2006C3LII Build/RP1A.200720.011; wv) AppleWebKit/537.36 (KHTML, like Gecko) Version/4.0 Chrome/131.0.6778.135 Mobile Safari/537.36 OPR/86.0.2254.74831"
102.70.4.206 - - [04/Jan/2025:00:14:21 -0500] "GET /images/mwsounds-20210806104010-6020326856039.jpg HTTP/1.1" 200 18927 "https://malawisounds.com/1668-Timtame-by-Ngale" "Mozilla/5.0 (Linux; U; Android 11; M2006C3LII Build/RP1A.200720.011; wv) AppleWebKit/537.36 (KHTML, like Gecko) Version/4.0 Chrome/131.0.6778.135 Mobile Safari/537.36 OPR/86.0.2254.74831"
102.70.4.206 - - [04/Jan/2025:00:14:21 -0500] "GET /images/mwsounds-20211209-190813-Christmas-is-here-by-Roni.jpg HTTP/1.1" 200 116940 "https://malawisounds.com/1668-Timtame-by-Ngale" "Mozilla/5.0 (Linux; U; Android 11; M2006C3LII Build/RP1A.200720.011; wv) AppleWebKit/537.36 (KHTML, like Gecko) Version/4.0 Chrome/131.0.6778.135 Mobile Safari/537.36 OPR/86.0.2254.74831"
102.70.4.206 - - [04/Jan/2025:00:14:21 -0500] "GET /images/mwsounds-20220217-213604-In-Christ-by-Paul-Saulosi.jpg HTTP/1.1" 200 39772 "https://malawisounds.com/1668-Timtame-by-Ngale" "Mozilla/5.0 (Linux; U; Android 11; M2006C3LII Build/RP1A.200720.011; wv) AppleWebKit/537.36 (KHTML, like Gecko) Version/4.0 Chrome/131.0.6778.135 Mobile Safari/537.36 OPR/86.0.2254.74831"
102.70.4.206 - - [04/Jan/2025:00:14:21 -0500] "GET /images/mwsounds-20220222-151230-A-Gilibatj-by-Same-Chris.jpg HTTP/1.1" 200 35218 "https://malawisounds.com/1668-Timtame-by-Ngale" "Mozilla/5.0 (Linux; U; Android 11; M2006C3LII Build/RP1A.200720.011; wv) AppleWebKit/537.36 (KHTML, like Gecko) Version/4.0 Chrome/131.0.6778.135 Mobile Safari/537.36 OPR/86.0.2254.74831"
102.70.4.206 - - [04/Jan/2025:00:14:21 -0500] "GET /images/mwsounds-20220921-052833-Ambuye-akudza-by-The-Chronicles-Lilongwe-Band-.jpg HTTP/1.1" 200 120412 "https://malawisounds.com/1668-Timtame-by-Ngale" "Mozilla/5.0 (Linux; U; Android 11; M2006C3LII Build/RP1A.200720.011; wv) AppleWebKit/537.36 (KHTML, like Gecko) Version/4.0 Chrome/131.0.6778.135 Mobile Safari/537.36 OPR/86.0.2254.74831"
102.70.4.206 - - [04/Jan/2025:00:14:21 -0500] "GET /images/mwsounds-20220923-090052-Analira-by-The-Chronicles-Lilongwe-Band.jpg HTTP/1.1" 200 13447 "https://malawisounds.com/1668-Timtame-by-Ngale" "Mozilla/5.0 (Linux; U; Android 11; M2006C3LII Build/RP1A.200720.011; wv) AppleWebKit/537.36 (KHTML, like Gecko) Version/4.0 Chrome/131.0.6778.135 Mobile Safari/537.36 OPR/86.0.2254.74831"
102.70.4.206 - - [04/Jan/2025:00:14:21 -0500] "GET /images/mwsounds-20220923-051436-Oyera-by-The-Chronicles-Lilongwe-Band.jpg HTTP/1.1" 200 16496 "https://malawisounds.com/1668-Timtame-by-Ngale" "Mozilla/5.0 (Linux; U; Android 11; M2006C3LII Build/RP1A.200720.011; wv) AppleWebKit/537.36 (KHTML, like Gecko) Version/4.0 Chrome/131.0.6778.135 Mobile Safari/537.36 OPR/86.0.2254.74831"
102.70.4.206 - - [04/Jan/2025:00:14:22 -0500] "GET /images/mwsounds-20221014-103430-I-am-redeemed-by-The-Chronicles-Lilongwe-Band-.jpg HTTP/1.1" 200 154282 "https://malawisounds.com/1668-Timtame-by-Ngale" "Mozilla/5.0 (Linux; U; Android 11; M2006C3LII Build/RP1A.200720.011; wv) AppleWebKit/537.36 (KHTML, like Gecko) Version/4.0 Chrome/131.0.6778.135 Mobile Safari/537.36 OPR/86.0.2254.74831"
102.70.4.206 - - [04/Jan/2025:00:14:22 -0500] "GET /images/mwsounds-20230124-163108-Fatsani-ft.-David-David-Kalirani-and-Josh-Ali-by-I-am-In-Christ.jpg HTTP/1.1" 200 24251 "https://malawisounds.com/1668-Timtame-by-Ngale" "Mozilla/5.0 (Linux; U; Android 11; M2006C3LII Build/RP1A.200720.011; wv) AppleWebKit/537.36 (KHTML, like Gecko) Version/4.0 Chrome/131.0.6778.135 Mobile Safari/537.36 OPR/86.0.2254.74831"
102.70.4.206 - - [04/Jan/2025:00:14:23 -0500] "GET /searchmusic.php?q=Christ HTTP/1.1" 200 1462 "https://malawisounds.com/1668-Timtame-by-Ngale" "Mozilla/5.0 (Linux; U; Android 11; M2006C3LII Build/RP1A.200720.011; wv) AppleWebKit/537.36 (KHTML, like Gecko) Version/4.0 Chrome/131.0.6778.135 Mobile Safari/537.36 OPR/86.0.2254.74831"
102.70.4.206 - - [04/Jan/2025:00:14:24 -0500] "GET /images/mwsounds-20230505-121852-Duwa-by-Chrim-ft.-Hemon.jpg HTTP/1.1" 200 83362 "https://malawisounds.com/1668-Timtame-by-Ngale" "Mozilla/5.0 (Linux; U; Android 11; M2006C3LII Build/RP1A.200720.011; wv) AppleWebKit/537.36 (KHTML, like Gecko) Version/4.0 Chrome/131.0.6778.135 Mobile Safari/537.36 OPR/86.0.2254.74831"
102.70.4.206 - - [04/Jan/2025:00:14:24 -0500] "GET /images/mwsounds-20240106-204922-Onowa-by-Cadet-Ludah-ft-Chrispinixx-andamp;-Ciamiel.jpg HTTP/1.1" 200 54483 "https://malawisounds.com/1668-Timtame-by-Ngale" "Mozilla/5.0 (Linux; U; Android 11; M2006C3LII Build/RP1A.200720.011; wv) AppleWebKit/537.36 (KHTML, like Gecko) Version/4.0 Chrome/131.0.6778.135 Mobile Safari/537.36 OPR/86.0.2254.74831"
102.70.4.206 - - [04/Jan/2025:00:14:24 -0500] "GET /album_images/img-20200317-wa0001.jpg HTTP/1.1" 200 27147 "https://malawisounds.com/1668-Timtame-by-Ngale" "Mozilla/5.0 (Linux; U; Android 11; M2006C3LII Build/RP1A.200720.011; wv) AppleWebKit/537.36 (KHTML, like Gecko) Version/4.0 Chrome/131.0.6778.135 Mobile Safari/537.36 OPR/86.0.2254.74831"
102.70.4.206 - - [04/Jan/2025:00:14:24 -0500] "GET /searchmusic.php?q=Christ HTTP/1.1" 200 1462 "https://malawisounds.com/1668-Timtame-by-Ngale" "Mozilla/5.0 (Linux; U; Android 11; M2006C3LII Build/RP1A.200720.011; wv) AppleWebKit/537.36 (KHTML, like Gecko) Version/4.0 Chrome/131.0.6778.135 Mobile Safari/537.36 OPR/86.0.2254.74831"
102.70.4.206 - - [04/Jan/2025:00:14:36 -0500] "GET /searchmusic.php?q=Christ%20c HTTP/1.1" 200 919 "https://malawisounds.com/1668-Timtame-by-Ngale" "Mozilla/5.0 (Linux; U; Android 11; M2006C3LII Build/RP1A.200720.011; wv) AppleWebKit/537.36 (KHTML, like Gecko) Version/4.0 Chrome/131.0.6778.135 Mobile Safari/537.36 OPR/86.0.2254.74831"
102.70.4.206 - - [04/Jan/2025:00:14:37 -0500] "GET /searchmusic.php?q=Christ%20ch HTTP/1.1" 200 919 "https://malawisounds.com/1668-Timtame-by-Ngale" "Mozilla/5.0 (Linux; U; Android 11; M2006C3LII Build/RP1A.200720.011; wv) AppleWebKit/537.36 (KHTML, like Gecko) Version/4.0 Chrome/131.0.6778.135 Mobile Safari/537.36 OPR/86.0.2254.74831"
51.222.253.4 - - [04/Jan/2025:00:14:37 -0500] "GET /buy-worship-chord-plus-album-by-vin-chizuzu HTTP/1.1" 200 5370 "-" "Mozilla/5.0 (compatible; AhrefsBot/7.0; +http://ahrefs.com/robot/)"
102.70.4.206 - - [04/Jan/2025:00:14:37 -0500] "GET /searchmusic.php?q=Christ%20cho HTTP/1.1" 200 919 "https://malawisounds.com/1668-Timtame-by-Ngale" "Mozilla/5.0 (Linux; U; Android 11; M2006C3LII Build/RP1A.200720.011; wv) AppleWebKit/537.36 (KHTML, like Gecko) Version/4.0 Chrome/131.0.6778.135 Mobile Safari/537.36 OPR/86.0.2254.74831"
102.70.4.206 - - [04/Jan/2025:00:14:39 -0500] "GET /searchmusic.php?q=Christ%20chos HTTP/1.1" 200 919 "https://malawisounds.com/1668-Timtame-by-Ngale" "Mozilla/5.0 (Linux; U; Android 11; M2006C3LII Build/RP1A.200720.011; wv) AppleWebKit/537.36 (KHTML, like Gecko) Version/4.0 Chrome/131.0.6778.135 Mobile Safari/537.36 OPR/86.0.2254.74831"
102.70.4.206 - - [04/Jan/2025:00:14:39 -0500] "GET /searchmusic.php?q=Christ%20chose HTTP/1.1" 200 919 "https://malawisounds.com/1668-Timtame-by-Ngale" "Mozilla/5.0 (Linux; U; Android 11; M2006C3LII Build/RP1A.200720.011; wv) AppleWebKit/537.36 (KHTML, like Gecko) Version/4.0 Chrome/131.0.6778.135 Mobile Safari/537.36 OPR/86.0.2254.74831"
102.70.4.206 - - [04/Jan/2025:00:14:40 -0500] "GET /searchmusic.php?q=Christ%20chosen HTTP/1.1" 200 919 "https://malawisounds.com/1668-Timtame-by-Ngale" "Mozilla/5.0 (Linux; U; Android 11; M2006C3LII Build/RP1A.200720.011; wv) AppleWebKit/537.36 (KHTML, like Gecko) Version/4.0 Chrome/131.0.6778.135 Mobile Safari/537.36 OPR/86.0.2254.74831"
102.70.4.206 - - [04/Jan/2025:00:14:41 -0500] "GET /searchmusic.php?q=Christ%20chosen HTTP/1.1" 200 919 "https://malawisounds.com/1668-Timtame-by-Ngale" "Mozilla/5.0 (Linux; U; Android 11; M2006C3LII Build/RP1A.200720.011; wv) AppleWebKit/537.36 (KHTML, like Gecko) Version/4.0 Chrome/131.0.6778.135 Mobile Safari/537.36 OPR/86.0.2254.74831"
223.109.252.193 - - [04/Jan/2025:00:14:43 -0500] "GET / HTTP/1.1" 200 3709 "-" "Sogou web spider/4.0(+http://www.sogou.com/docs/help/webmasters.htm#07)"
82.145.212.211 - - [04/Jan/2025:00:14:57 -0500] "GET /71-Uplifted-lifted-by-Christ-Chosen HTTP/1.1" 200 4442 "https://malawisounds.com/1668-Timtame-by-Ngale" "Mozilla/5.0 (Linux; U; Android 11; M2006C3LII Build/RP1A.200720.011; wv) AppleWebKit/537.36 (KHTML, like Gecko) Version/4.0 Chrome/131.0.6778.135 Mobile Safari/537.36 OPR/86.0.2254.74831"
82.145.212.211 - - [04/Jan/2025:00:14:58 -0500] "GET /css/animate.css HTTP/1.1" 200 6503 "https://malawisounds.com/71-Uplifted-lifted-by-Christ-Chosen" "Mozilla/5.0 (Linux; U; Android 11; M2006C3LII Build/RP1A.200720.011; wv) AppleWebKit/537.36 (KHTML, like Gecko) Version/4.0 Chrome/131.0.6778.135 Mobile Safari/537.36 OPR/86.0.2254.74831"
82.145.212.211 - - [04/Jan/2025:00:14:58 -0500] "GET /css/load.css HTTP/1.1" 200 10718 "https://malawisounds.com/71-Uplifted-lifted-by-Christ-Chosen" "Mozilla/5.0 (Linux; U; Android 11; M2006C3LII Build/RP1A.200720.011; wv) AppleWebKit/537.36 (KHTML, like Gecko) Version/4.0 Chrome/131.0.6778.135 Mobile Safari/537.36 OPR/86.0.2254.74831"
82.145.212.211 - - [04/Jan/2025:00:14:58 -0500] "GET /images/img_20191006_025508.jpg HTTP/1.1" 200 9668 "https://malawisounds.com/71-Uplifted-lifted-by-Christ-Chosen" "Mozilla/5.0 (Linux; U; Android 11; M2006C3LII Build/RP1A.200720.011; wv) AppleWebKit/537.36 (KHTML, like Gecko) Version/4.0 Chrome/131.0.6778.135 Mobile Safari/537.36 OPR/86.0.2254.74831"
82.145.212.211 - - [04/Jan/2025:00:14:58 -0500] "GET /bio/mwsounds-20230703010954-IMG-20230703-030900.jpg HTTP/1.1" 200 25808 "https://malawisounds.com/71-Uplifted-lifted-by-Christ-Chosen" "Mozilla/5.0 (Linux; U; Android 11; M2006C3LII Build/RP1A.200720.011; wv) AppleWebKit/537.36 (KHTML, like Gecko) Version/4.0 Chrome/131.0.6778.135 Mobile Safari/537.36 OPR/86.0.2254.74831"
82.145.212.211 - - [04/Jan/2025:00:14:58 -0500] "GET /bootstrap/css/bootstrap.min.css HTTP/1.1" 200 25196 "https://malawisounds.com/71-Uplifted-lifted-by-Christ-Chosen" "Mozilla/5.0 (Linux; U; Android 11; M2006C3LII Build/RP1A.200720.011; wv) AppleWebKit/537.36 (KHTML, like Gecko) Version/4.0 Chrome/131.0.6778.135 Mobile Safari/537.36 OPR/86.0.2254.74831"
82.145.212.211 - - [04/Jan/2025:00:14:58 -0500] "GET /bio/mwsounds-20200706205025-tay-grin---Copy.jpg HTTP/1.1" 200 43244 "https://malawisounds.com/71-Uplifted-lifted-by-Christ-Chosen" "Mozilla/5.0 (Linux; U; Android 11; M2006C3LII Build/RP1A.200720.011; wv) AppleWebKit/537.36 (KHTML, like Gecko) Version/4.0 Chrome/131.0.6778.135 Mobile Safari/537.36 OPR/86.0.2254.74831"
82.145.212.211 - - [04/Jan/2025:00:14:58 -0500] "GET /Icons/msounds1.png HTTP/1.1" 200 11619 "https://malawisounds.com/71-Uplifted-lifted-by-Christ-Chosen" "Mozilla/5.0 (Linux; U; Android 11; M2006C3LII Build/RP1A.200720.011; wv) AppleWebKit/537.36 (KHTML, like Gecko) Version/4.0 Chrome/131.0.6778.135 Mobile Safari/537.36 OPR/86.0.2254.74831"
82.145.212.211 - - [04/Jan/2025:00:14:58 -0500] "GET /ads/MS%20covid.jpg HTTP/1.1" 200 273002 "https://malawisounds.com/71-Uplifted-lifted-by-Christ-Chosen" "Mozilla/5.0 (Linux; U; Android 11; M2006C3LII Build/RP1A.200720.011; wv) AppleWebKit/537.36 (KHTML, like Gecko) Version/4.0 Chrome/131.0.6778.135 Mobile Safari/537.36 OPR/86.0.2254.74831"
82.145.212.211 - - [04/Jan/2025:00:14:58 -0500] "GET /bio/mwsounds-20200801042643-Dr.Drew.jpg HTTP/1.1" 200 80629 "https://malawisounds.com/71-Uplifted-lifted-by-Christ-Chosen" "Mozilla/5.0 (Linux; U; Android 11; M2006C3LII Build/RP1A.200720.011; wv) AppleWebKit/537.36 (KHTML, like Gecko) Version/4.0 Chrome/131.0.6778.135 Mobile Safari/537.36 OPR/86.0.2254.74831"
82.145.212.211 - - [04/Jan/2025:00:14:58 -0500] "GET /bio/mwsounds-20200710082408-onesmus.jpg HTTP/1.1" 200 30093 "https://malawisounds.com/71-Uplifted-lifted-by-Christ-Chosen" "Mozilla/5.0 (Linux; U; Android 11; M2006C3LII Build/RP1A.200720.011; wv) AppleWebKit/537.36 (KHTML, like Gecko) Version/4.0 Chrome/131.0.6778.135 Mobile Safari/537.36 OPR/86.0.2254.74831"
82.145.212.211 - - [04/Jan/2025:00:14:58 -0500] "GET /impact/stylesheet.css HTTP/1.1" 200 180 "https://malawisounds.com/71-Uplifted-lifted-by-Christ-Chosen" "Mozilla/5.0 (Linux; U; Android 11; M2006C3LII Build/RP1A.200720.011; wv) AppleWebKit/537.36 (KHTML, like Gecko) Version/4.0 Chrome/131.0.6778.135 Mobile Safari/537.36 OPR/86.0.2254.74831"
82.145.212.211 - - [04/Jan/2025:00:14:58 -0500] "GET /Icons/facebook.png HTTP/1.1" 200 2279 "https://malawisounds.com/71-Uplifted-lifted-by-Christ-Chosen" "Mozilla/5.0 (Linux; U; Android 11; M2006C3LII Build/RP1A.200720.011; wv) AppleWebKit/537.36 (KHTML, like Gecko) Version/4.0 Chrome/131.0.6778.135 Mobile Safari/537.36 OPR/86.0.2254.74831"
82.145.212.211 - - [04/Jan/2025:00:14:58 -0500] "GET /css/w3.css HTTP/1.1" 200 6038 "https://malawisounds.com/71-Uplifted-lifted-by-Christ-Chosen" "Mozilla/5.0 (Linux; U; Android 11; M2006C3LII Build/RP1A.200720.011; wv) AppleWebKit/537.36 (KHTML, like Gecko) Version/4.0 Chrome/131.0.6778.135 Mobile Safari/537.36 OPR/86.0.2254.74831"
82.145.212.211 - - [04/Jan/2025:00:14:58 -0500] "GET /bio/mwsounds-20200706203533-Namadigo.jpg HTTP/1.1" 200 33718 "https://malawisounds.com/71-Uplifted-lifted-by-Christ-Chosen" "Mozilla/5.0 (Linux; U; Android 11; M2006C3LII Build/RP1A.200720.011; wv) AppleWebKit/537.36 (KHTML, like Gecko) Version/4.0 Chrome/131.0.6778.135 Mobile Safari/537.36 OPR/86.0.2254.74831"
82.145.212.211 - - [04/Jan/2025:00:14:58 -0500] "GET /Icons/twitter.png HTTP/1.1" 200 2415 "https://malawisounds.com/71-Uplifted-lifted-by-Christ-Chosen" "Mozilla/5.0 (Linux; U; Android 11; M2006C3LII Build/RP1A.200720.011; wv) AppleWebKit/537.36 (KHTML, like Gecko) Version/4.0 Chrome/131.0.6778.135 Mobile Safari/537.36 OPR/86.0.2254.74831"
82.145.212.211 - - [04/Jan/2025:00:14:58 -0500] "GET /bio/mwsounds-20200706204045-gwamba.jpg HTTP/1.1" 200 39055 "https://malawisounds.com/71-Uplifted-lifted-by-Christ-Chosen" "Mozilla/5.0 (Linux; U; Android 11; M2006C3LII Build/RP1A.200720.011; wv) AppleWebKit/537.36 (KHTML, like Gecko) Version/4.0 Chrome/131.0.6778.135 Mobile Safari/537.36 OPR/86.0.2254.74831"
82.145.212.211 - - [04/Jan/2025:00:14:58 -0500] "GET /bio/mwsounds-20200706120806-FB_IMG_1590948777511.jpg HTTP/1.1" 200 19662 "https://malawisounds.com/71-Uplifted-lifted-by-Christ-Chosen" "Mozilla/5.0 (Linux; U; Android 11; M2006C3LII Build/RP1A.200720.011; wv) AppleWebKit/537.36 (KHTML, like Gecko) Version/4.0 Chrome/131.0.6778.135 Mobile Safari/537.36 OPR/86.0.2254.74831"
82.145.212.211 - - [04/Jan/2025:00:14:58 -0500] "GET /Icons/instagram.png HTTP/1.1" 200 2764 "https://malawisounds.com/71-Uplifted-lifted-by-Christ-Chosen" "Mozilla/5.0 (Linux; U; Android 11; M2006C3LII Build/RP1A.200720.011; wv) AppleWebKit/537.36 (KHTML, like Gecko) Version/4.0 Chrome/131.0.6778.135 Mobile Safari/537.36 OPR/86.0.2254.74831"
82.145.212.211 - - [04/Jan/2025:00:14:59 -0500] "GET /uploads/Timtame-by-Ngale.mp3 HTTP/1.1" 206 9037926 "https://malawisounds.com/71-Uplifted-lifted-by-Christ-Chosen" "Mozilla/5.0 (Linux; U; Android 11; M2006C3LII Build/RP1A.200720.011; wv) AppleWebKit/537.36 (KHTML, like Gecko) Version/4.0 Chrome/131.0.6778.135 Mobile Safari/537.36 OPR/86.0.2254.74831"
102.70.4.206 - - [04/Jan/2025:00:15:01 -0500] "GET /uploads/Timtame-by-Ngale.mp3 HTTP/1.1" 206 12088969 "https://malawisounds.com/71-Uplifted-lifted-by-Christ-Chosen" "Mozilla/5.0 (Linux; U; Android 11; M2006C3LII Build/RP1A.200720.011; wv) AppleWebKit/537.36 (KHTML, like Gecko) Version/4.0 Chrome/131.0.6778.135 Mobile Safari/537.36 OPR/86.0.2254.74831"
102.70.4.206 - - [04/Jan/2025:00:15:06 -0500] "GET /uploads/Timtame-by-Ngale.mp3 HTTP/1.1" 206 8082960 "https://malawisounds.com/71-Uplifted-lifted-by-Christ-Chosen" "Mozilla/5.0 (Linux; U; Android 11; M2006C3LII Build/RP1A.200720.011; wv) AppleWebKit/537.36 (KHTML, like Gecko) Version/4.0 Chrome/131.0.6778.135 Mobile Safari/537.36 OPR/86.0.2254.74831"
102.70.4.206 - - [04/Jan/2025:00:15:08 -0500] "GET /uploads/Timtame-by-Ngale.mp3 HTTP/1.1" 206 786432 "https://malawisounds.com/1668-Timtame-by-Ngale" "Mozilla/5.0 (Linux; U; Android 11; M2006C3LII Build/RP1A.200720.011; wv) AppleWebKit/537.36 (KHTML, like Gecko) Version/4.0 Chrome/131.0.6778.135 Mobile Safari/537.36 OPR/86.0.2254.74831"
105.234.164.35 - - [04/Jan/2025:00:15:09 -0500] "GET /274-kadyelere-by-eliza-mponya HTTP/1.1" 200 3910 "https://www.google.com/" "Mozilla/5.0 (Linux; Android 10; K) AppleWebKit/537.36 (KHTML, like Gecko) Chrome/131.0.0.0 Mobile Safari/537.36"
105.234.164.35 - - [04/Jan/2025:00:15:09 -0500] "GET /css/animate.css HTTP/1.1" 200 4001 "https://malawisounds.com/274-kadyelere-by-eliza-mponya" "Mozilla/5.0 (Linux; Android 10; K) AppleWebKit/537.36 (KHTML, like Gecko) Chrome/131.0.0.0 Mobile Safari/537.36"
105.234.164.35 - - [04/Jan/2025:00:15:09 -0500] "GET /css/load.css HTTP/1.1" 200 8159 "https://malawisounds.com/274-kadyelere-by-eliza-mponya" "Mozilla/5.0 (Linux; Android 10; K) AppleWebKit/537.36 (KHTML, like Gecko) Chrome/131.0.0.0 Mobile Safari/537.36"
105.234.164.35 - - [04/Jan/2025:00:15:09 -0500] "GET /css/w3.css HTTP/1.1" 200 4832 "https://malawisounds.com/274-kadyelere-by-eliza-mponya" "Mozilla/5.0 (Linux; Android 10; K) AppleWebKit/537.36 (KHTML, like Gecko) Chrome/131.0.0.0 Mobile Safari/537.36"
105.234.164.35 - - [04/Jan/2025:00:15:09 -0500] "GET /impact/stylesheet.css HTTP/1.1" 200 153 "https://malawisounds.com/274-kadyelere-by-eliza-mponya" "Mozilla/5.0 (Linux; Android 10; K) AppleWebKit/537.36 (KHTML, like Gecko) Chrome/131.0.0.0 Mobile Safari/537.36"
105.234.164.35 - - [04/Jan/2025:00:15:09 -0500] "GET /Icons/msounds1.png HTTP/1.1" 200 11619 "https://malawisounds.com/274-kadyelere-by-eliza-mponya" "Mozilla/5.0 (Linux; Android 10; K) AppleWebKit/537.36 (KHTML, like Gecko) Chrome/131.0.0.0 Mobile Safari/537.36"
105.234.164.35 - - [04/Jan/2025:00:15:09 -0500] "GET /Icons/facebook.png HTTP/1.1" 200 2279 "https://malawisounds.com/274-kadyelere-by-eliza-mponya" "Mozilla/5.0 (Linux; Android 10; K) AppleWebKit/537.36 (KHTML, like Gecko) Chrome/131.0.0.0 Mobile Safari/537.36"
105.234.164.35 - - [04/Jan/2025:00:15:09 -0500] "GET /bootstrap/css/bootstrap.min.css HTTP/1.1" 200 18270 "https://malawisounds.com/274-kadyelere-by-eliza-mponya" "Mozilla/5.0 (Linux; Android 10; K) AppleWebKit/537.36 (KHTML, like Gecko) Chrome/131.0.0.0 Mobile Safari/537.36"
105.234.164.35 - - [04/Jan/2025:00:15:09 -0500] "GET /js/facebook-api.js HTTP/1.1" 200 183 "https://malawisounds.com/274-kadyelere-by-eliza-mponya" "Mozilla/5.0 (Linux; Android 10; K) AppleWebKit/537.36 (KHTML, like Gecko) Chrome/131.0.0.0 Mobile Safari/537.36"
105.234.164.35 - - [04/Jan/2025:00:15:09 -0500] "GET /js/ajax.js HTTP/1.1" 200 784 "https://malawisounds.com/274-kadyelere-by-eliza-mponya" "Mozilla/5.0 (Linux; Android 10; K) AppleWebKit/537.36 (KHTML, like Gecko) Chrome/131.0.0.0 Mobile Safari/537.36"
102.70.4.206 - - [04/Jan/2025:00:15:09 -0500] "GET /uploads/Timtame-by-Ngale.mp3 HTTP/1.1" 206 9270921 "https://malawisounds.com/1668-Timtame-by-Ngale" "Mozilla/5.0 (Linux; U; Android 11; M2006C3LII Build/RP1A.200720.011; wv) AppleWebKit/537.36 (KHTML, like Gecko) Version/4.0 Chrome/131.0.6778.135 Mobile Safari/537.36 OPR/86.0.2254.74831"
105.234.164.35 - - [04/Jan/2025:00:15:10 -0500] "GET /Icons/instagram.png HTTP/1.1" 200 2764 "https://malawisounds.com/274-kadyelere-by-eliza-mponya" "Mozilla/5.0 (Linux; Android 10; K) AppleWebKit/537.36 (KHTML, like Gecko) Chrome/131.0.0.0 Mobile Safari/537.36"
105.234.164.35 - - [04/Jan/2025:00:15:10 -0500] "GET /Icons/twitter.png HTTP/1.1" 200 2415 "https://malawisounds.com/274-kadyelere-by-eliza-mponya" "Mozilla/5.0 (Linux; Android 10; K) AppleWebKit/537.36 (KHTML, like Gecko) Chrome/131.0.0.0 Mobile Safari/537.36"
105.234.164.35 - - [04/Jan/2025:00:15:10 -0500] "GET /bio/mwsounds-20230703010954-IMG-20230703-030900.jpg HTTP/1.1" 200 25808 "https://malawisounds.com/274-kadyelere-by-eliza-mponya" "Mozilla/5.0 (Linux; Android 10; K) AppleWebKit/537.36 (KHTML, like Gecko) Chrome/131.0.0.0 Mobile Safari/537.36"
105.234.164.35 - - [04/Jan/2025:00:15:10 -0500] "GET /bio/mwsounds-20200801042643-Dr.Drew.jpg HTTP/1.1" 200 80629 "https://malawisounds.com/274-kadyelere-by-eliza-mponya" "Mozilla/5.0 (Linux; Android 10; K) AppleWebKit/537.36 (KHTML, like Gecko) Chrome/131.0.0.0 Mobile Safari/537.36"
105.234.164.35 - - [04/Jan/2025:00:15:10 -0500] "GET /bio/mwsounds-20200710082408-onesmus.jpg HTTP/1.1" 200 30093 "https://malawisounds.com/274-kadyelere-by-eliza-mponya" "Mozilla/5.0 (Linux; Android 10; K) AppleWebKit/537.36 (KHTML, like Gecko) Chrome/131.0.0.0 Mobile Safari/537.36"
105.234.164.35 - - [04/Jan/2025:00:15:10 -0500] "GET /bio/mwsounds-20200706205025-tay-grin---Copy.jpg HTTP/1.1" 200 43244 "https://malawisounds.com/274-kadyelere-by-eliza-mponya" "Mozilla/5.0 (Linux; Android 10; K) AppleWebKit/537.36 (KHTML, like Gecko) Chrome/131.0.0.0 Mobile Safari/537.36"
105.234.164.35 - - [04/Jan/2025:00:15:10 -0500] "GET /bio/mwsounds-20200706204045-gwamba.jpg HTTP/1.1" 200 39055 "https://malawisounds.com/274-kadyelere-by-eliza-mponya" "Mozilla/5.0 (Linux; Android 10; K) AppleWebKit/537.36 (KHTML, like Gecko) Chrome/131.0.0.0 Mobile Safari/537.36"
105.234.164.35 - - [04/Jan/2025:00:15:10 -0500] "GET /bio/mwsounds-20200706203533-Namadigo.jpg HTTP/1.1" 200 33718 "https://malawisounds.com/274-kadyelere-by-eliza-mponya" "Mozilla/5.0 (Linux; Android 10; K) AppleWebKit/537.36 (KHTML, like Gecko) Chrome/131.0.0.0 Mobile Safari/537.36"
105.234.164.35 - - [04/Jan/2025:00:15:10 -0500] "GET /bio/mwsounds-20200706120806-FB_IMG_1590948777511.jpg HTTP/1.1" 200 19662 "https://malawisounds.com/274-kadyelere-by-eliza-mponya" "Mozilla/5.0 (Linux; Android 10; K) AppleWebKit/537.36 (KHTML, like Gecko) Chrome/131.0.0.0 Mobile Safari/537.36"
105.234.164.35 - - [04/Jan/2025:00:15:10 -0500] "GET /js/wow.js HTTP/1.1" 200 3414 "https://malawisounds.com/274-kadyelere-by-eliza-mponya" "Mozilla/5.0 (Linux; Android 10; K) AppleWebKit/537.36 (KHTML, like Gecko) Chrome/131.0.0.0 Mobile Safari/537.36"
105.234.164.35 - - [04/Jan/2025:00:15:10 -0500] "GET /js/jquery.js HTTP/1.1" 200 29664 "https://malawisounds.com/274-kadyelere-by-eliza-mponya" "Mozilla/5.0 (Linux; Android 10; K) AppleWebKit/537.36 (KHTML, like Gecko) Chrome/131.0.0.0 Mobile Safari/537.36"
105.234.164.35 - - [04/Jan/2025:00:15:10 -0500] "GET /js/nav.js HTTP/1.1" 200 99 "https://malawisounds.com/274-kadyelere-by-eliza-mponya" "Mozilla/5.0 (Linux; Android 10; K) AppleWebKit/537.36 (KHTML, like Gecko) Chrome/131.0.0.0 Mobile Safari/537.36"
105.234.164.35 - - [04/Jan/2025:00:15:10 -0500] "GET /images/mwsounds-20200902184621-mpo.jpg HTTP/1.1" 200 16324 "https://malawisounds.com/274-kadyelere-by-eliza-mponya" "Mozilla/5.0 (Linux; Android 10; K) AppleWebKit/537.36 (KHTML, like Gecko) Chrome/131.0.0.0 Mobile Safari/537.36"
105.234.164.35 - - [04/Jan/2025:00:15:10 -0500] "GET /ads/MS%20covid.jpg HTTP/1.1" 200 273002 "https://malawisounds.com/274-kadyelere-by-eliza-mponya" "Mozilla/5.0 (Linux; Android 10; K) AppleWebKit/537.36 (KHTML, like Gecko) Chrome/131.0.0.0 Mobile Safari/537.36"
105.234.164.35 - - [04/Jan/2025:00:15:10 -0500] "GET /fonts/Gothic-B.ttf HTTP/1.1" 200 129676 "https://malawisounds.com/css/load.css" "Mozilla/5.0 (Linux; Android 10; K) AppleWebKit/537.36 (KHTML, like Gecko) Chrome/131.0.0.0 Mobile Safari/537.36"
105.234.164.35 - - [04/Jan/2025:00:15:10 -0500] "GET /bootstrap/fonts/glyphicons-halflings-regular.woff2 HTTP/1.1" 200 18028 "https://malawisounds.com/bootstrap/css/bootstrap.min.css" "Mozilla/5.0 (Linux; Android 10; K) AppleWebKit/537.36 (KHTML, like Gecko) Chrome/131.0.0.0 Mobile Safari/537.36"
105.234.164.35 - - [04/Jan/2025:00:15:10 -0500] "GET /fonts/Gothic.ttf HTTP/1.1" 200 112628 "https://malawisounds.com/css/load.css" "Mozilla/5.0 (Linux; Android 10; K) AppleWebKit/537.36 (KHTML, like Gecko) Chrome/131.0.0.0 Mobile Safari/537.36"
105.234.164.35 - - [04/Jan/2025:00:15:10 -0500] "GET /null HTTP/1.1" 404 1251 "https://malawisounds.com/274-kadyelere-by-eliza-mponya" "Mozilla/5.0 (Linux; Android 10; K) AppleWebKit/537.36 (KHTML, like Gecko) Chrome/131.0.0.0 Mobile Safari/537.36"
105.234.164.35 - - [04/Jan/2025:00:15:15 -0500] "GET /Icons/malawisounds.ico HTTP/1.1" 200 4286 "https://malawisounds.com/274-kadyelere-by-eliza-mponya" "Mozilla/5.0 (Linux; Android 10; K) AppleWebKit/537.36 (KHTML, like Gecko) Chrome/131.0.0.0 Mobile Safari/537.36"
102.70.4.206 - - [04/Jan/2025:00:15:16 -0500] "GET /searchmusic.php?q=Christ%20chosen HTTP/1.1" 200 919 "https://malawisounds.com/1668-Timtame-by-Ngale" "Mozilla/5.0 (Linux; U; Android 11; M2006C3LII Build/RP1A.200720.011; wv) AppleWebKit/537.36 (KHTML, like Gecko) Version/4.0 Chrome/131.0.6778.135 Mobile Safari/537.36 OPR/86.0.2254.74831"
105.234.164.35 - - [04/Jan/2025:00:15:21 -0500] "GET /download.php?id=274&name=Eliza%20Mponya-Kadyelere HTTP/1.1" 200 5279275 "https://malawisounds.com/274-kadyelere-by-eliza-mponya" "Mozilla/5.0 (Linux; Android 10; K) AppleWebKit/537.36 (KHTML, like Gecko) Chrome/131.0.0.0 Mobile Safari/537.36"
82.145.212.211 - - [04/Jan/2025:00:15:33 -0500] "GET /193-I-have-moved-by-Christ-Chosen HTTP/1.1" 200 4442 "https://malawisounds.com/1668-Timtame-by-Ngale" "Mozilla/5.0 (Linux; U; Android 11; M2006C3LII Build/RP1A.200720.011; wv) AppleWebKit/537.36 (KHTML, like Gecko) Version/4.0 Chrome/131.0.6778.135 Mobile Safari/537.36 OPR/86.0.2254.74831"
82.145.212.211 - - [04/Jan/2025:00:15:34 -0500] "GET /images/img-20200528-wa0008.jpg HTTP/1.1" 200 31498 "https://malawisounds.com/193-I-have-moved-by-Christ-Chosen" "Mozilla/5.0 (Linux; U; Android 11; M2006C3LII Build/RP1A.200720.011; wv) AppleWebKit/537.36 (KHTML, like Gecko) Version/4.0 Chrome/131.0.6778.135 Mobile Safari/537.36 OPR/86.0.2254.74831"
82.145.212.211 - - [04/Jan/2025:00:15:49 -0500] "GET /uploads/Timtame-by-Ngale.mp3 HTTP/1.1" 206 9627379 "https://malawisounds.com/1668-Timtame-by-Ngale" "Mozilla/5.0 (Linux; U; Android 11; M2006C3LII Build/RP1A.200720.011; wv) AppleWebKit/537.36 (KHTML, like Gecko) Version/4.0 Chrome/131.0.6778.135 Mobile Safari/537.36 OPR/86.0.2254.74831"
102.70.4.206 - - [04/Jan/2025:00:15:50 -0500] "GET /uploads/Timtame-by-Ngale.mp3 HTTP/1.1" 206 8843915 "https://malawisounds.com/1668-Timtame-by-Ngale" "Mozilla/5.0 (Linux; U; Android 11; M2006C3LII Build/RP1A.200720.011; wv) AppleWebKit/537.36 (KHTML, like Gecko) Version/4.0 Chrome/131.0.6778.135 Mobile Safari/537.36 OPR/86.0.2254.74831"
102.70.4.206 - - [04/Jan/2025:00:15:55 -0500] "GET /searchmusic.php?q=Christ%20chosen HTTP/1.1" 200 919 "https://malawisounds.com/1668-Timtame-by-Ngale" "Mozilla/5.0 (Linux; U; Android 11; M2006C3LII Build/RP1A.200720.011; wv) AppleWebKit/537.36 (KHTML, like Gecko) Version/4.0 Chrome/131.0.6778.135 Mobile Safari/537.36 OPR/86.0.2254.74831"
51.222.253.10 - - [04/Jan/2025:00:16:03 -0500] "GET /1217-1.-Pa-easy-(pa-easy-EP)-by-Naptin HTTP/1.1" 200 3933 "-" "Mozilla/5.0 (compatible; AhrefsBot/7.0; +http://ahrefs.com/robot/)"
82.145.212.211 - - [04/Jan/2025:00:16:13 -0500] "GET /141-You-are-Lord-by-Christ-Chosen HTTP/1.1" 200 4444 "https://malawisounds.com/1668-Timtame-by-Ngale" "Mozilla/5.0 (Linux; U; Android 11; M2006C3LII Build/RP1A.200720.011; wv) AppleWebKit/537.36 (KHTML, like Gecko) Version/4.0 Chrome/131.0.6778.135 Mobile Safari/537.36 OPR/86.0.2254.74831"
82.145.212.211 - - [04/Jan/2025:00:16:13 -0500] "GET /141-You-are-Lord-by-Christ-Chosen HTTP/1.1" 200 4444 "https://malawisounds.com/1668-Timtame-by-Ngale" "Mozilla/5.0 (Linux; U; Android 11; M2006C3LII Build/RP1A.200720.011; wv) AppleWebKit/537.36 (KHTML, like Gecko) Version/4.0 Chrome/131.0.6778.135 Mobile Safari/537.36 OPR/86.0.2254.74831"
82.145.212.211 - - [04/Jan/2025:00:16:13 -0500] "GET /images/img-20200306-wa0019.jpg HTTP/1.1" 200 26271 "https://malawisounds.com/141-You-are-Lord-by-Christ-Chosen" "Mozilla/5.0 (Linux; U; Android 11; M2006C3LII Build/RP1A.200720.011; wv) AppleWebKit/537.36 (KHTML, like Gecko) Version/4.0 Chrome/131.0.6778.135 Mobile Safari/537.36 OPR/86.0.2254.74831"
51.222.253.2 - - [04/Jan/2025:00:16:30 -0500] "GET /contact-us HTTP/1.1" 200 2637 "-" "Mozilla/5.0 (compatible; AhrefsBot/7.0; +http://ahrefs.com/robot/)"
51.222.253.2 - - [04/Jan/2025:00:16:53 -0500] "GET /sid-634-basi-by-kell-kay-and-saint HTTP/1.1" 200 3242 "-" "Mozilla/5.0 (compatible; AhrefsBot/7.0; +http://ahrefs.com/robot/)"
51.222.253.1 - - [04/Jan/2025:00:17:23 -0500] "GET /956-Ndabwera-by-Pat-Eagle-ft-Nthumwi HTTP/1.1" 200 3922 "-" "Mozilla/5.0 (compatible; AhrefsBot/7.0; +http://ahrefs.com/robot/)"
51.222.253.11 - - [04/Jan/2025:00:17:32 -0500] "GET /images/mwsounds-20210721004232-fb-img-1626827953224.jpg HTTP/1.1" 200 44927 "-" "Mozilla/5.0 (compatible; AhrefsBot/7.0; +http://ahrefs.com/robot/)"
66.249.73.4 - - [04/Jan/2025:00:17:54 -0500] "GET /impact/?SD HTTP/1.1" 403 1242 "-" "Mozilla/5.0 (Linux; Android 6.0.1; Nexus 5X Build/MMB29P) AppleWebKit/537.36 (KHTML, like Gecko) Chrome/131.0.6778.139 Mobile Safari/537.36 (compatible; Googlebot/2.1; +http://www.google.com/bot.html)"
51.222.253.1 - - [04/Jan/2025:00:17:57 -0500] "GET /sid-1398-masamu-by-just-lusungu HTTP/1.1" 200 3257 "-" "Mozilla/5.0 (compatible; AhrefsBot/7.0; +http://ahrefs.com/robot/)"
51.222.253.10 - - [04/Jan/2025:00:18:23 -0500] "GET /624-Osamaphweketsa-by-The-Herald-of-God HTTP/1.1" 200 3946 "-" "Mozilla/5.0 (compatible; AhrefsBot/7.0; +http://ahrefs.com/robot/)"
51.222.253.8 - - [04/Jan/2025:00:18:57 -0500] "GET /784-Grateful-by-Delois-Massey HTTP/1.1" 200 3920 "-" "Mozilla/5.0 (compatible; AhrefsBot/7.0; +http://ahrefs.com/robot/)"
