40.77.167.10 - - [03/Jan/2025:16:42:16 -0500] "GET /vu2rasfps.html HTTP/1.1" 404 1251 "-" "Mozilla/5.0 AppleWebKit/537.36 (KHTML, like Gecko; compatible; bingbot/2.0; +http://www.bing.com/bingbot.htm) Chrome/116.0.1938.76 Safari/537.36"
51.222.253.8 - - [03/Jan/2025:16:42:22 -0500] "GET /artist=Promc-the-Vocalist- HTTP/1.1" 200 3403 "-" "Mozilla/5.0 (compatible; AhrefsBot/7.0; +http://ahrefs.com/robot/)"
51.222.253.8 - - [03/Jan/2025:16:42:58 -0500] "GET /aid-307-ep-stream-shades-off HTTP/1.1" 200 3555 "-" "Mozilla/5.0 (compatible; AhrefsBot/7.0; +http://ahrefs.com/robot/)"
51.222.253.12 - - [03/Jan/2025:16:43:32 -0500] "GET /sid-836-amuno-ka-by-slim-sam-ft-jackie-j7-and-mamre-snares HTTP/1.1" 200 3304 "-" "Mozilla/5.0 (compatible; AhrefsBot/7.0; +http://ahrefs.com/robot/)"
172.203.190.141 - - [03/Jan/2025:16:43:41 -0500] "GET /robots.txt HTTP/1.1" 404 1251 "-" "Mozilla/5.0 AppleWebKit/537.36 (KHTML, like Gecko); compatible; OAI-SearchBot/1.0; +https://openai.com/searchbot"
172.203.190.141 - - [03/Jan/2025:16:43:41 -0500] "GET /robots.txt HTTP/1.1" 404 1251 "-" "Mozilla/5.0 AppleWebKit/537.36 (KHTML, like Gecko); compatible; OAI-SearchBot/1.0; +https://openai.com/searchbot"
40.77.167.10 - - [03/Jan/2025:16:44:07 -0500] "GET /pdhihbpq4.html HTTP/1.1" 404 1251 "-" "Mozilla/5.0 AppleWebKit/537.36 (KHTML, like Gecko; compatible; bingbot/2.0; +http://www.bing.com/bingbot.htm) Chrome/116.0.1938.76 Safari/537.36"
51.222.253.5 - - [03/Jan/2025:16:44:16 -0500] "GET /208-They-will-know-by-Phyzix-ft-Hyphen HTTP/1.1" 200 3919 "-" "Mozilla/5.0 (compatible; AhrefsBot/7.0; +http://ahrefs.com/robot/)"
51.222.253.6 - - [03/Jan/2025:16:44:55 -0500] "GET /sid-1391-controller-by-mtk-soldier-sk-music HTTP/1.1" 200 3229 "-" "Mozilla/5.0 (compatible; AhrefsBot/7.0; +http://ahrefs.com/robot/)"
51.222.253.8 - - [03/Jan/2025:16:45:25 -0500] "GET /sid-321-follow-you-(produced-by-mod)-by-mtira HTTP/1.1" 200 3272 "-" "Mozilla/5.0 (compatible; AhrefsBot/7.0; +http://ahrefs.com/robot/)"
51.222.253.13 - - [03/Jan/2025:16:46:47 -0500] "GET /sid-1474-breakout--by-israel-x-haly HTTP/1.1" 200 3270 "-" "Mozilla/5.0 (compatible; AhrefsBot/7.0; +http://ahrefs.com/robot/)"
5.212.135.158 - - [03/Jan/2025:16:46:50 -0500] "GET /css/load.css HTTP/1.1" 200 8159 "-" "Mozilla/5.0 (Linux; Android 10; K) AppleWebKit/537.36 (KHTML, like Gecko) Chrome/131.0.0.0 Mobile Safari/537.36"
5.212.135.158 - - [03/Jan/2025:16:46:50 -0500] "GET /css/animate.css HTTP/1.1" 200 4001 "-" "Mozilla/5.0 (Linux; Android 10; K) AppleWebKit/537.36 (KHTML, like Gecko) Chrome/131.0.0.0 Mobile Safari/537.36"
5.212.135.158 - - [03/Jan/2025:16:46:50 -0500] "GET /css/w3.css HTTP/1.1" 200 4832 "-" "Mozilla/5.0 (Linux; Android 10; K) AppleWebKit/537.36 (KHTML, like Gecko) Chrome/131.0.0.0 Mobile Safari/537.36"
5.212.135.158 - - [03/Jan/2025:16:46:50 -0500] "GET /112-dyodyodyo-by-saxess-ft-cozizwa HTTP/1.1" 200 3920 "https://www.google.com/" "Mozilla/5.0 (Linux; Android 10; K) AppleWebKit/537.36 (KHTML, like Gecko) Chrome/131.0.0.0 Mobile Safari/537.36"
5.212.135.158 - - [03/Jan/2025:16:46:51 -0500] "GET /bootstrap/css/bootstrap.min.css HTTP/1.1" 200 18270 "-" "Mozilla/5.0 (Linux; Android 10; K) AppleWebKit/537.36 (KHTML, like Gecko) Chrome/131.0.0.0 Mobile Safari/537.36"
5.212.135.158 - - [03/Jan/2025:16:46:51 -0500] "GET /impact/stylesheet.css HTTP/1.1" 200 153 "-" "Mozilla/5.0 (Linux; Android 10; K) AppleWebKit/537.36 (KHTML, like Gecko) Chrome/131.0.0.0 Mobile Safari/537.36"
5.212.135.158 - - [03/Jan/2025:16:46:51 -0500] "GET /js/ajax.js HTTP/1.1" 200 784 "https://malawisounds.com/112-dyodyodyo-by-saxess-ft-cozizwa" "Mozilla/5.0 (Linux; Android 10; K) AppleWebKit/537.36 (KHTML, like Gecko) Chrome/131.0.0.0 Mobile Safari/537.36"
5.212.135.158 - - [03/Jan/2025:16:46:51 -0500] "GET /js/facebook-api.js HTTP/1.1" 200 183 "https://malawisounds.com/112-dyodyodyo-by-saxess-ft-cozizwa" "Mozilla/5.0 (Linux; Android 10; K) AppleWebKit/537.36 (KHTML, like Gecko) Chrome/131.0.0.0 Mobile Safari/537.36"
5.212.135.158 - - [03/Jan/2025:16:46:51 -0500] "GET /Icons/msounds1.png HTTP/1.1" 200 11619 "https://malawisounds.com/112-dyodyodyo-by-saxess-ft-cozizwa" "Mozilla/5.0 (Linux; Android 10; K) AppleWebKit/537.36 (KHTML, like Gecko) Chrome/131.0.0.0 Mobile Safari/537.36"
5.212.135.158 - - [03/Jan/2025:16:46:51 -0500] "GET /Icons/facebook.png HTTP/1.1" 200 2279 "https://malawisounds.com/112-dyodyodyo-by-saxess-ft-cozizwa" "Mozilla/5.0 (Linux; Android 10; K) AppleWebKit/537.36 (KHTML, like Gecko) Chrome/131.0.0.0 Mobile Safari/537.36"
5.212.135.158 - - [03/Jan/2025:16:46:51 -0500] "GET /Icons/instagram.png HTTP/1.1" 200 2764 "https://malawisounds.com/112-dyodyodyo-by-saxess-ft-cozizwa" "Mozilla/5.0 (Linux; Android 10; K) AppleWebKit/537.36 (KHTML, like Gecko) Chrome/131.0.0.0 Mobile Safari/537.36"
5.212.135.158 - - [03/Jan/2025:16:46:51 -0500] "GET /Icons/twitter.png HTTP/1.1" 200 2415 "https://malawisounds.com/112-dyodyodyo-by-saxess-ft-cozizwa" "Mozilla/5.0 (Linux; Android 10; K) AppleWebKit/537.36 (KHTML, like Gecko) Chrome/131.0.0.0 Mobile Safari/537.36"
5.212.135.158 - - [03/Jan/2025:16:46:51 -0500] "GET /bio/mwsounds-20230703010954-IMG-20230703-030900.jpg HTTP/1.1" 200 25808 "https://malawisounds.com/112-dyodyodyo-by-saxess-ft-cozizwa" "Mozilla/5.0 (Linux; Android 10; K) AppleWebKit/537.36 (KHTML, like Gecko) Chrome/131.0.0.0 Mobile Safari/537.36"
5.212.135.158 - - [03/Jan/2025:16:46:51 -0500] "GET /js/nav.js HTTP/1.1" 200 99 "https://malawisounds.com/112-dyodyodyo-by-saxess-ft-cozizwa" "Mozilla/5.0 (Linux; Android 10; K) AppleWebKit/537.36 (KHTML, like Gecko) Chrome/131.0.0.0 Mobile Safari/537.36"
5.212.135.158 - - [03/Jan/2025:16:46:51 -0500] "GET /js/jquery.js HTTP/1.1" 200 29664 "https://malawisounds.com/112-dyodyodyo-by-saxess-ft-cozizwa" "Mozilla/5.0 (Linux; Android 10; K) AppleWebKit/537.36 (KHTML, like Gecko) Chrome/131.0.0.0 Mobile Safari/537.36"
5.212.135.158 - - [03/Jan/2025:16:46:51 -0500] "GET /js/wow.js HTTP/1.1" 200 3414 "https://malawisounds.com/112-dyodyodyo-by-saxess-ft-cozizwa" "Mozilla/5.0 (Linux; Android 10; K) AppleWebKit/537.36 (KHTML, like Gecko) Chrome/131.0.0.0 Mobile Safari/537.36"
5.212.135.158 - - [03/Jan/2025:16:46:52 -0500] "GET /bio/mwsounds-20200801042643-Dr.Drew.jpg HTTP/1.1" 200 80629 "https://malawisounds.com/112-dyodyodyo-by-saxess-ft-cozizwa" "Mozilla/5.0 (Linux; Android 10; K) AppleWebKit/537.36 (KHTML, like Gecko) Chrome/131.0.0.0 Mobile Safari/537.36"
5.212.135.158 - - [03/Jan/2025:16:46:52 -0500] "GET /bio/mwsounds-20200706205025-tay-grin---Copy.jpg HTTP/1.1" 200 43244 "https://malawisounds.com/112-dyodyodyo-by-saxess-ft-cozizwa" "Mozilla/5.0 (Linux; Android 10; K) AppleWebKit/537.36 (KHTML, like Gecko) Chrome/131.0.0.0 Mobile Safari/537.36"
5.212.135.158 - - [03/Jan/2025:16:46:52 -0500] "GET /bio/mwsounds-20200710082408-onesmus.jpg HTTP/1.1" 200 30093 "https://malawisounds.com/112-dyodyodyo-by-saxess-ft-cozizwa" "Mozilla/5.0 (Linux; Android 10; K) AppleWebKit/537.36 (KHTML, like Gecko) Chrome/131.0.0.0 Mobile Safari/537.36"
5.212.135.158 - - [03/Jan/2025:16:46:52 -0500] "GET /images/img_20200121_023326.jpg HTTP/1.1" 200 31431 "https://malawisounds.com/112-dyodyodyo-by-saxess-ft-cozizwa" "Mozilla/5.0 (Linux; Android 10; K) AppleWebKit/537.36 (KHTML, like Gecko) Chrome/131.0.0.0 Mobile Safari/537.36"
5.212.135.158 - - [03/Jan/2025:16:46:52 -0500] "GET /ads/MS%20covid.jpg HTTP/1.1" 200 273002 "https://malawisounds.com/112-dyodyodyo-by-saxess-ft-cozizwa" "Mozilla/5.0 (Linux; Android 10; K) AppleWebKit/537.36 (KHTML, like Gecko) Chrome/131.0.0.0 Mobile Safari/537.36"
5.212.135.158 - - [03/Jan/2025:16:46:52 -0500] "GET /bio/mwsounds-20200706204045-gwamba.jpg HTTP/1.1" 200 39055 "https://malawisounds.com/112-dyodyodyo-by-saxess-ft-cozizwa" "Mozilla/5.0 (Linux; Android 10; K) AppleWebKit/537.36 (KHTML, like Gecko) Chrome/131.0.0.0 Mobile Safari/537.36"
5.212.135.158 - - [03/Jan/2025:16:46:52 -0500] "GET /bio/mwsounds-20200706120806-FB_IMG_1590948777511.jpg HTTP/1.1" 200 19662 "https://malawisounds.com/112-dyodyodyo-by-saxess-ft-cozizwa" "Mozilla/5.0 (Linux; Android 10; K) AppleWebKit/537.36 (KHTML, like Gecko) Chrome/131.0.0.0 Mobile Safari/537.36"
5.212.135.158 - - [03/Jan/2025:16:46:52 -0500] "GET /bio/mwsounds-20200706203533-Namadigo.jpg HTTP/1.1" 200 33718 "https://malawisounds.com/112-dyodyodyo-by-saxess-ft-cozizwa" "Mozilla/5.0 (Linux; Android 10; K) AppleWebKit/537.36 (KHTML, like Gecko) Chrome/131.0.0.0 Mobile Safari/537.36"
5.212.135.158 - - [03/Jan/2025:16:46:52 -0500] "GET /null HTTP/1.1" 404 1251 "https://malawisounds.com/112-dyodyodyo-by-saxess-ft-cozizwa" "Mozilla/5.0 (Linux; Android 10; K) AppleWebKit/537.36 (KHTML, like Gecko) Chrome/131.0.0.0 Mobile Safari/537.36"
5.212.135.158 - - [03/Jan/2025:16:46:53 -0500] "GET /fonts/Gothic-B.ttf HTTP/1.1" 200 129676 "https://malawisounds.com/css/load.css" "Mozilla/5.0 (Linux; Android 10; K) AppleWebKit/537.36 (KHTML, like Gecko) Chrome/131.0.0.0 Mobile Safari/537.36"
5.212.135.158 - - [03/Jan/2025:16:46:53 -0500] "GET /fonts/Gothic.ttf HTTP/1.1" 200 112628 "https://malawisounds.com/css/load.css" "Mozilla/5.0 (Linux; Android 10; K) AppleWebKit/537.36 (KHTML, like Gecko) Chrome/131.0.0.0 Mobile Safari/537.36"
5.212.135.158 - - [03/Jan/2025:16:46:53 -0500] "GET /bootstrap/fonts/glyphicons-halflings-regular.woff2 HTTP/1.1" 200 18028 "https://malawisounds.com/bootstrap/css/bootstrap.min.css" "Mozilla/5.0 (Linux; Android 10; K) AppleWebKit/537.36 (KHTML, like Gecko) Chrome/131.0.0.0 Mobile Safari/537.36"
5.212.135.158 - - [03/Jan/2025:16:46:55 -0500] "GET /Icons/malawisounds.ico HTTP/1.1" 200 4286 "https://malawisounds.com/112-dyodyodyo-by-saxess-ft-cozizwa" "Mozilla/5.0 (Linux; Android 10; K) AppleWebKit/537.36 (KHTML, like Gecko) Chrome/131.0.0.0 Mobile Safari/537.36"
51.222.253.18 - - [03/Jan/2025:16:47:16 -0500] "GET /sid-663-i-am-unique-by-nanja HTTP/1.1" 200 3271 "-" "Mozilla/5.0 (compatible; AhrefsBot/7.0; +http://ahrefs.com/robot/)"
52.167.144.187 - - [03/Jan/2025:16:47:34 -0500] "GET /f5p9liwzh.html HTTP/1.1" 404 1251 "-" "Mozilla/5.0 AppleWebKit/537.36 (KHTML, like Gecko; compatible; bingbot/2.0; +http://www.bing.com/bingbot.htm) Chrome/116.0.1938.76 Safari/537.36"
52.167.144.187 - - [03/Jan/2025:16:47:35 -0500] "GET /156w53jepa.html HTTP/1.1" 404 1251 "-" "Mozilla/5.0 AppleWebKit/537.36 (KHTML, like Gecko; compatible; bingbot/2.0; +http://www.bing.com/bingbot.htm) Chrome/116.0.1938.76 Safari/537.36"
40.77.167.32 - - [03/Jan/2025:16:47:37 -0500] "GET /13vhukxvt1.html HTTP/1.1" 404 1251 "-" "Mozilla/5.0 AppleWebKit/537.36 (KHTML, like Gecko; compatible; bingbot/2.0; +http://www.bing.com/bingbot.htm) Chrome/116.0.1938.76 Safari/537.36"
51.222.253.4 - - [03/Jan/2025:16:48:03 -0500] "GET /aid-48-free-stream-bwenzi-lokometsetsa HTTP/1.1" 200 3529 "-" "Mozilla/5.0 (compatible; AhrefsBot/7.0; +http://ahrefs.com/robot/)"
66.249.73.3 - - [03/Jan/2025:16:48:29 -0500] "GET /robots.txt HTTP/1.1" 404 1251 "-" "Mozilla/5.0 (compatible; Googlebot/2.1; +http://www.google.com/bot.html)"
66.249.73.2 - - [03/Jan/2025:16:48:29 -0500] "GET /images/mwsounds-20210402114823-dr-drew---anandimasula.jpg HTTP/1.1" 200 60544 "-" "Googlebot-Image/1.0"
51.222.253.14 - - [03/Jan/2025:16:48:38 -0500] "GET /1675-Ndinu-Oyera-by-Keyz-Kingston HTTP/1.1" 200 3979 "-" "Mozilla/5.0 (compatible; AhrefsBot/7.0; +http://ahrefs.com/robot/)"
102.91.4.150 - - [03/Jan/2025:16:49:01 -0500] "GET /833-Nokia-tone-amapiano--by-Dj-TryMoo- HTTP/1.1" 200 3950 "https://www.google.com/" "Mozilla/5.0 (Linux; Android 10; K) AppleWebKit/537.36 (KHTML, like Gecko) Chrome/129.0.0.0 Mobile Safari/537.36"
102.91.4.150 - - [03/Jan/2025:16:49:02 -0500] "GET /css/animate.css HTTP/1.1" 200 4001 "https://www.malawisounds.com/833-Nokia-tone-amapiano--by-Dj-TryMoo-" "Mozilla/5.0 (Linux; Android 10; K) AppleWebKit/537.36 (KHTML, like Gecko) Chrome/129.0.0.0 Mobile Safari/537.36"
102.91.4.150 - - [03/Jan/2025:16:49:02 -0500] "GET /css/load.css HTTP/1.1" 200 8159 "https://www.malawisounds.com/833-Nokia-tone-amapiano--by-Dj-TryMoo-" "Mozilla/5.0 (Linux; Android 10; K) AppleWebKit/537.36 (KHTML, like Gecko) Chrome/129.0.0.0 Mobile Safari/537.36"
102.91.4.150 - - [03/Jan/2025:16:49:02 -0500] "GET /css/w3.css HTTP/1.1" 200 4832 "https://www.malawisounds.com/833-Nokia-tone-amapiano--by-Dj-TryMoo-" "Mozilla/5.0 (Linux; Android 10; K) AppleWebKit/537.36 (KHTML, like Gecko) Chrome/129.0.0.0 Mobile Safari/537.36"
102.91.4.150 - - [03/Jan/2025:16:49:02 -0500] "GET /bootstrap/css/bootstrap.min.css HTTP/1.1" 200 18270 "https://www.malawisounds.com/833-Nokia-tone-amapiano--by-Dj-TryMoo-" "Mozilla/5.0 (Linux; Android 10; K) AppleWebKit/537.36 (KHTML, like Gecko) Chrome/129.0.0.0 Mobile Safari/537.36"
102.91.4.150 - - [03/Jan/2025:16:49:02 -0500] "GET /impact/stylesheet.css HTTP/1.1" 200 153 "https://www.malawisounds.com/833-Nokia-tone-amapiano--by-Dj-TryMoo-" "Mozilla/5.0 (Linux; Android 10; K) AppleWebKit/537.36 (KHTML, like Gecko) Chrome/129.0.0.0 Mobile Safari/537.36"
102.91.4.150 - - [03/Jan/2025:16:49:02 -0500] "GET /js/ajax.js HTTP/1.1" 200 784 "https://www.malawisounds.com/833-Nokia-tone-amapiano--by-Dj-TryMoo-" "Mozilla/5.0 (Linux; Android 10; K) AppleWebKit/537.36 (KHTML, like Gecko) Chrome/129.0.0.0 Mobile Safari/537.36"
102.91.4.150 - - [03/Jan/2025:16:49:02 -0500] "GET /js/facebook-api.js HTTP/1.1" 200 183 "https://www.malawisounds.com/833-Nokia-tone-amapiano--by-Dj-TryMoo-" "Mozilla/5.0 (Linux; Android 10; K) AppleWebKit/537.36 (KHTML, like Gecko) Chrome/129.0.0.0 Mobile Safari/537.36"
102.91.4.150 - - [03/Jan/2025:16:49:02 -0500] "GET /Icons/msounds1.png HTTP/1.1" 200 11619 "https://www.malawisounds.com/833-Nokia-tone-amapiano--by-Dj-TryMoo-" "Mozilla/5.0 (Linux; Android 10; K) AppleWebKit/537.36 (KHTML, like Gecko) Chrome/129.0.0.0 Mobile Safari/537.36"
102.91.4.150 - - [03/Jan/2025:16:49:02 -0500] "GET /Icons/facebook.png HTTP/1.1" 200 2279 "https://www.malawisounds.com/833-Nokia-tone-amapiano--by-Dj-TryMoo-" "Mozilla/5.0 (Linux; Android 10; K) AppleWebKit/537.36 (KHTML, like Gecko) Chrome/129.0.0.0 Mobile Safari/537.36"
102.91.4.150 - - [03/Jan/2025:16:49:02 -0500] "GET /Icons/instagram.png HTTP/1.1" 200 2764 "https://www.malawisounds.com/833-Nokia-tone-amapiano--by-Dj-TryMoo-" "Mozilla/5.0 (Linux; Android 10; K) AppleWebKit/537.36 (KHTML, like Gecko) Chrome/129.0.0.0 Mobile Safari/537.36"
102.91.4.150 - - [03/Jan/2025:16:49:02 -0500] "GET /Icons/twitter.png HTTP/1.1" 200 2415 "https://www.malawisounds.com/833-Nokia-tone-amapiano--by-Dj-TryMoo-" "Mozilla/5.0 (Linux; Android 10; K) AppleWebKit/537.36 (KHTML, like Gecko) Chrome/129.0.0.0 Mobile Safari/537.36"
102.91.4.150 - - [03/Jan/2025:16:49:02 -0500] "GET /bio/mwsounds-20230703010954-IMG-20230703-030900.jpg HTTP/1.1" 200 25808 "https://www.malawisounds.com/833-Nokia-tone-amapiano--by-Dj-TryMoo-" "Mozilla/5.0 (Linux; Android 10; K) AppleWebKit/537.36 (KHTML, like Gecko) Chrome/129.0.0.0 Mobile Safari/537.36"
102.91.4.150 - - [03/Jan/2025:16:49:03 -0500] "GET /js/jquery.js HTTP/1.1" 200 29664 "https://www.malawisounds.com/833-Nokia-tone-amapiano--by-Dj-TryMoo-" "Mozilla/5.0 (Linux; Android 10; K) AppleWebKit/537.36 (KHTML, like Gecko) Chrome/129.0.0.0 Mobile Safari/537.36"
102.91.4.150 - - [03/Jan/2025:16:49:03 -0500] "GET /js/nav.js HTTP/1.1" 200 99 "https://www.malawisounds.com/833-Nokia-tone-amapiano--by-Dj-TryMoo-" "Mozilla/5.0 (Linux; Android 10; K) AppleWebKit/537.36 (KHTML, like Gecko) Chrome/129.0.0.0 Mobile Safari/537.36"
102.91.4.150 - - [03/Jan/2025:16:49:03 -0500] "GET /js/wow.js HTTP/1.1" 200 3414 "https://www.malawisounds.com/833-Nokia-tone-amapiano--by-Dj-TryMoo-" "Mozilla/5.0 (Linux; Android 10; K) AppleWebKit/537.36 (KHTML, like Gecko) Chrome/129.0.0.0 Mobile Safari/537.36"
102.91.4.150 - - [03/Jan/2025:16:49:03 -0500] "GET /bio/mwsounds-20200801042643-Dr.Drew.jpg HTTP/1.1" 200 80629 "https://www.malawisounds.com/833-Nokia-tone-amapiano--by-Dj-TryMoo-" "Mozilla/5.0 (Linux; Android 10; K) AppleWebKit/537.36 (KHTML, like Gecko) Chrome/129.0.0.0 Mobile Safari/537.36"
102.91.4.150 - - [03/Jan/2025:16:49:03 -0500] "GET /bio/mwsounds-20200710082408-onesmus.jpg HTTP/1.1" 200 30093 "https://www.malawisounds.com/833-Nokia-tone-amapiano--by-Dj-TryMoo-" "Mozilla/5.0 (Linux; Android 10; K) AppleWebKit/537.36 (KHTML, like Gecko) Chrome/129.0.0.0 Mobile Safari/537.36"
102.91.4.150 - - [03/Jan/2025:16:49:03 -0500] "GET /bio/mwsounds-20200706205025-tay-grin---Copy.jpg HTTP/1.1" 200 43244 "https://www.malawisounds.com/833-Nokia-tone-amapiano--by-Dj-TryMoo-" "Mozilla/5.0 (Linux; Android 10; K) AppleWebKit/537.36 (KHTML, like Gecko) Chrome/129.0.0.0 Mobile Safari/537.36"
102.91.4.150 - - [03/Jan/2025:16:49:03 -0500] "GET /images/mwsounds-20220204-114806-Nokia-tone-amapiano-by-Dj-TryMoo-.jpg HTTP/1.1" 200 26083 "https://www.malawisounds.com/833-Nokia-tone-amapiano--by-Dj-TryMoo-" "Mozilla/5.0 (Linux; Android 10; K) AppleWebKit/537.36 (KHTML, like Gecko) Chrome/129.0.0.0 Mobile Safari/537.36"
102.91.4.150 - - [03/Jan/2025:16:49:03 -0500] "GET /ads/MS%20covid.jpg HTTP/1.1" 200 273002 "https://www.malawisounds.com/833-Nokia-tone-amapiano--by-Dj-TryMoo-" "Mozilla/5.0 (Linux; Android 10; K) AppleWebKit/537.36 (KHTML, like Gecko) Chrome/129.0.0.0 Mobile Safari/537.36"
102.91.4.150 - - [03/Jan/2025:16:49:04 -0500] "GET /bio/mwsounds-20200706204045-gwamba.jpg HTTP/1.1" 200 39055 "https://www.malawisounds.com/833-Nokia-tone-amapiano--by-Dj-TryMoo-" "Mozilla/5.0 (Linux; Android 10; K) AppleWebKit/537.36 (KHTML, like Gecko) Chrome/129.0.0.0 Mobile Safari/537.36"
102.91.4.150 - - [03/Jan/2025:16:49:04 -0500] "GET /bio/mwsounds-20200706203533-Namadigo.jpg HTTP/1.1" 200 33718 "https://www.malawisounds.com/833-Nokia-tone-amapiano--by-Dj-TryMoo-" "Mozilla/5.0 (Linux; Android 10; K) AppleWebKit/537.36 (KHTML, like Gecko) Chrome/129.0.0.0 Mobile Safari/537.36"
102.91.4.150 - - [03/Jan/2025:16:49:04 -0500] "GET /bio/mwsounds-20200706120806-FB_IMG_1590948777511.jpg HTTP/1.1" 200 19662 "https://www.malawisounds.com/833-Nokia-tone-amapiano--by-Dj-TryMoo-" "Mozilla/5.0 (Linux; Android 10; K) AppleWebKit/537.36 (KHTML, like Gecko) Chrome/129.0.0.0 Mobile Safari/537.36"
102.91.4.150 - - [03/Jan/2025:16:49:04 -0500] "GET /null HTTP/1.1" 404 1251 "https://www.malawisounds.com/833-Nokia-tone-amapiano--by-Dj-TryMoo-" "Mozilla/5.0 (Linux; Android 10; K) AppleWebKit/537.36 (KHTML, like Gecko) Chrome/129.0.0.0 Mobile Safari/537.36"
102.91.4.150 - - [03/Jan/2025:16:49:05 -0500] "GET /fonts/Gothic-B.ttf HTTP/1.1" 200 129676 "https://www.malawisounds.com/css/load.css" "Mozilla/5.0 (Linux; Android 10; K) AppleWebKit/537.36 (KHTML, like Gecko) Chrome/129.0.0.0 Mobile Safari/537.36"
102.91.4.150 - - [03/Jan/2025:16:49:05 -0500] "GET /bootstrap/fonts/glyphicons-halflings-regular.woff2 HTTP/1.1" 200 18028 "https://www.malawisounds.com/bootstrap/css/bootstrap.min.css" "Mozilla/5.0 (Linux; Android 10; K) AppleWebKit/537.36 (KHTML, like Gecko) Chrome/129.0.0.0 Mobile Safari/537.36"
102.91.4.150 - - [03/Jan/2025:16:49:05 -0500] "GET /fonts/Gothic.ttf HTTP/1.1" 200 112628 "https://www.malawisounds.com/css/load.css" "Mozilla/5.0 (Linux; Android 10; K) AppleWebKit/537.36 (KHTML, like Gecko) Chrome/129.0.0.0 Mobile Safari/537.36"
102.91.4.150 - - [03/Jan/2025:16:49:13 -0500] "GET /Icons/malawisounds.ico HTTP/1.1" 200 4286 "https://www.malawisounds.com/833-Nokia-tone-amapiano--by-Dj-TryMoo-" "Mozilla/5.0 (Linux; Android 10; K) AppleWebKit/537.36 (KHTML, like Gecko) Chrome/129.0.0.0 Mobile Safari/537.36"
102.91.4.150 - - [03/Jan/2025:16:49:21 -0500] "GET /833-Nokia-tone-amapiano--by-Dj-TryMoo- HTTP/1.1" 200 3950 "https://www.google.com/" "Mozilla/5.0 (Linux; Android 10; K) AppleWebKit/537.36 (KHTML, like Gecko) Chrome/129.0.0.0 Mobile Safari/537.36"
102.91.4.150 - - [03/Jan/2025:16:49:23 -0500] "GET /null HTTP/1.1" 404 1251 "https://www.malawisounds.com/833-Nokia-tone-amapiano--by-Dj-TryMoo-" "Mozilla/5.0 (Linux; Android 10; K) AppleWebKit/537.36 (KHTML, like Gecko) Chrome/129.0.0.0 Mobile Safari/537.36"
51.222.253.13 - - [03/Jan/2025:16:50:39 -0500] "GET /472-Need-you-by-Winji HTTP/1.1" 200 3894 "-" "Mozilla/5.0 (compatible; AhrefsBot/7.0; +http://ahrefs.com/robot/)"
41.223.117.72 - - [03/Jan/2025:16:51:20 -0500] "GET /683-mr.-nobody-by-onesimus- HTTP/1.1" 200 3906 "https://www.google.com/" "Mozilla/5.0 (iPhone; CPU iPhone OS 18_2 like Mac OS X) AppleWebKit/605.1.15 (KHTML, like Gecko) Version/18.2 Mobile/15E148 Safari/604.1"
41.223.117.72 - - [03/Jan/2025:16:51:21 -0500] "GET /css/animate.css HTTP/1.1" 200 4001 "https://malawisounds.com/683-mr.-nobody-by-onesimus-" "Mozilla/5.0 (iPhone; CPU iPhone OS 18_2 like Mac OS X) AppleWebKit/605.1.15 (KHTML, like Gecko) Version/18.2 Mobile/15E148 Safari/604.1"
41.223.117.72 - - [03/Jan/2025:16:51:21 -0500] "GET /css/load.css HTTP/1.1" 200 8159 "https://malawisounds.com/683-mr.-nobody-by-onesimus-" "Mozilla/5.0 (iPhone; CPU iPhone OS 18_2 like Mac OS X) AppleWebKit/605.1.15 (KHTML, like Gecko) Version/18.2 Mobile/15E148 Safari/604.1"
41.223.117.72 - - [03/Jan/2025:16:51:21 -0500] "GET /css/w3.css HTTP/1.1" 200 4832 "https://malawisounds.com/683-mr.-nobody-by-onesimus-" "Mozilla/5.0 (iPhone; CPU iPhone OS 18_2 like Mac OS X) AppleWebKit/605.1.15 (KHTML, like Gecko) Version/18.2 Mobile/15E148 Safari/604.1"
41.223.117.72 - - [03/Jan/2025:16:51:21 -0500] "GET /bootstrap/css/bootstrap.min.css HTTP/1.1" 200 18270 "https://malawisounds.com/683-mr.-nobody-by-onesimus-" "Mozilla/5.0 (iPhone; CPU iPhone OS 18_2 like Mac OS X) AppleWebKit/605.1.15 (KHTML, like Gecko) Version/18.2 Mobile/15E148 Safari/604.1"
41.223.117.72 - - [03/Jan/2025:16:51:21 -0500] "GET /impact/stylesheet.css HTTP/1.1" 200 153 "https://malawisounds.com/683-mr.-nobody-by-onesimus-" "Mozilla/5.0 (iPhone; CPU iPhone OS 18_2 like Mac OS X) AppleWebKit/605.1.15 (KHTML, like Gecko) Version/18.2 Mobile/15E148 Safari/604.1"
41.223.117.72 - - [03/Jan/2025:16:51:21 -0500] "GET /js/ajax.js HTTP/1.1" 200 784 "https://malawisounds.com/683-mr.-nobody-by-onesimus-" "Mozilla/5.0 (iPhone; CPU iPhone OS 18_2 like Mac OS X) AppleWebKit/605.1.15 (KHTML, like Gecko) Version/18.2 Mobile/15E148 Safari/604.1"
41.223.117.72 - - [03/Jan/2025:16:51:21 -0500] "GET /js/facebook-api.js HTTP/1.1" 200 183 "https://malawisounds.com/683-mr.-nobody-by-onesimus-" "Mozilla/5.0 (iPhone; CPU iPhone OS 18_2 like Mac OS X) AppleWebKit/605.1.15 (KHTML, like Gecko) Version/18.2 Mobile/15E148 Safari/604.1"
41.223.117.72 - - [03/Jan/2025:16:51:21 -0500] "GET /js/jquery.js HTTP/1.1" 200 29664 "https://malawisounds.com/683-mr.-nobody-by-onesimus-" "Mozilla/5.0 (iPhone; CPU iPhone OS 18_2 like Mac OS X) AppleWebKit/605.1.15 (KHTML, like Gecko) Version/18.2 Mobile/15E148 Safari/604.1"
41.223.117.72 - - [03/Jan/2025:16:51:21 -0500] "GET /js/nav.js HTTP/1.1" 200 99 "https://malawisounds.com/683-mr.-nobody-by-onesimus-" "Mozilla/5.0 (iPhone; CPU iPhone OS 18_2 like Mac OS X) AppleWebKit/605.1.15 (KHTML, like Gecko) Version/18.2 Mobile/15E148 Safari/604.1"
41.223.117.72 - - [03/Jan/2025:16:51:21 -0500] "GET /js/wow.js HTTP/1.1" 200 3414 "https://malawisounds.com/683-mr.-nobody-by-onesimus-" "Mozilla/5.0 (iPhone; CPU iPhone OS 18_2 like Mac OS X) AppleWebKit/605.1.15 (KHTML, like Gecko) Version/18.2 Mobile/15E148 Safari/604.1"
41.223.117.72 - - [03/Jan/2025:16:51:21 -0500] "GET /Icons/msounds1.png HTTP/1.1" 200 11619 "https://malawisounds.com/683-mr.-nobody-by-onesimus-" "Mozilla/5.0 (iPhone; CPU iPhone OS 18_2 like Mac OS X) AppleWebKit/605.1.15 (KHTML, like Gecko) Version/18.2 Mobile/15E148 Safari/604.1"
41.223.117.72 - - [03/Jan/2025:16:51:21 -0500] "GET /fonts/Gothic.ttf HTTP/1.1" 200 112628 "https://malawisounds.com/683-mr.-nobody-by-onesimus-" "Mozilla/5.0 (iPhone; CPU iPhone OS 18_2 like Mac OS X) AppleWebKit/605.1.15 (KHTML, like Gecko) Version/18.2 Mobile/15E148 Safari/604.1"
41.223.117.72 - - [03/Jan/2025:16:51:21 -0500] "GET /bootstrap/fonts/glyphicons-halflings-regular.woff2 HTTP/1.1" 200 18028 "https://malawisounds.com/683-mr.-nobody-by-onesimus-" "Mozilla/5.0 (iPhone; CPU iPhone OS 18_2 like Mac OS X) AppleWebKit/605.1.15 (KHTML, like Gecko) Version/18.2 Mobile/15E148 Safari/604.1"
41.223.117.72 - - [03/Jan/2025:16:51:21 -0500] "GET /fonts/Gothic-B.ttf HTTP/1.1" 200 129676 "https://malawisounds.com/683-mr.-nobody-by-onesimus-" "Mozilla/5.0 (iPhone; CPU iPhone OS 18_2 like Mac OS X) AppleWebKit/605.1.15 (KHTML, like Gecko) Version/18.2 Mobile/15E148 Safari/604.1"
41.223.117.72 - - [03/Jan/2025:16:51:22 -0500] "GET /bio/mwsounds-20200801042643-Dr.Drew.jpg HTTP/1.1" 200 80629 "https://malawisounds.com/683-mr.-nobody-by-onesimus-" "Mozilla/5.0 (iPhone; CPU iPhone OS 18_2 like Mac OS X) AppleWebKit/605.1.15 (KHTML, like Gecko) Version/18.2 Mobile/15E148 Safari/604.1"
41.223.117.72 - - [03/Jan/2025:16:51:22 -0500] "GET /bio/mwsounds-20200710082408-onesmus.jpg HTTP/1.1" 200 30093 "https://malawisounds.com/683-mr.-nobody-by-onesimus-" "Mozilla/5.0 (iPhone; CPU iPhone OS 18_2 like Mac OS X) AppleWebKit/605.1.15 (KHTML, like Gecko) Version/18.2 Mobile/15E148 Safari/604.1"
41.223.117.72 - - [03/Jan/2025:16:51:22 -0500] "GET /Icons/instagram.png HTTP/1.1" 200 2764 "https://malawisounds.com/683-mr.-nobody-by-onesimus-" "Mozilla/5.0 (iPhone; CPU iPhone OS 18_2 like Mac OS X) AppleWebKit/605.1.15 (KHTML, like Gecko) Version/18.2 Mobile/15E148 Safari/604.1"
41.223.117.72 - - [03/Jan/2025:16:51:22 -0500] "GET /Icons/facebook.png HTTP/1.1" 200 2279 "https://malawisounds.com/683-mr.-nobody-by-onesimus-" "Mozilla/5.0 (iPhone; CPU iPhone OS 18_2 like Mac OS X) AppleWebKit/605.1.15 (KHTML, like Gecko) Version/18.2 Mobile/15E148 Safari/604.1"
41.223.117.72 - - [03/Jan/2025:16:51:22 -0500] "GET /bio/mwsounds-20230703010954-IMG-20230703-030900.jpg HTTP/1.1" 200 25808 "https://malawisounds.com/683-mr.-nobody-by-onesimus-" "Mozilla/5.0 (iPhone; CPU iPhone OS 18_2 like Mac OS X) AppleWebKit/605.1.15 (KHTML, like Gecko) Version/18.2 Mobile/15E148 Safari/604.1"
41.223.117.72 - - [03/Jan/2025:16:51:22 -0500] "GET /Icons/twitter.png HTTP/1.1" 200 2415 "https://malawisounds.com/683-mr.-nobody-by-onesimus-" "Mozilla/5.0 (iPhone; CPU iPhone OS 18_2 like Mac OS X) AppleWebKit/605.1.15 (KHTML, like Gecko) Version/18.2 Mobile/15E148 Safari/604.1"
41.223.117.72 - - [03/Jan/2025:16:51:22 -0500] "GET /ads/MS%20covid.jpg HTTP/1.1" 200 273002 "https://malawisounds.com/683-mr.-nobody-by-onesimus-" "Mozilla/5.0 (iPhone; CPU iPhone OS 18_2 like Mac OS X) AppleWebKit/605.1.15 (KHTML, like Gecko) Version/18.2 Mobile/15E148 Safari/604.1"
41.223.117.72 - - [03/Jan/2025:16:51:22 -0500] "GET /images/mwsounds-20210824104840-fb-img-1629753946030.jpg HTTP/1.1" 200 26407 "https://malawisounds.com/683-mr.-nobody-by-onesimus-" "Mozilla/5.0 (iPhone; CPU iPhone OS 18_2 like Mac OS X) AppleWebKit/605.1.15 (KHTML, like Gecko) Version/18.2 Mobile/15E148 Safari/604.1"
41.223.117.72 - - [03/Jan/2025:16:51:23 -0500] "GET /bio/mwsounds-20200706205025-tay-grin---Copy.jpg HTTP/1.1" 200 43244 "https://malawisounds.com/683-mr.-nobody-by-onesimus-" "Mozilla/5.0 (iPhone; CPU iPhone OS 18_2 like Mac OS X) AppleWebKit/605.1.15 (KHTML, like Gecko) Version/18.2 Mobile/15E148 Safari/604.1"
41.223.117.72 - - [03/Jan/2025:16:51:23 -0500] "GET /bio/mwsounds-20200706204045-gwamba.jpg HTTP/1.1" 200 39055 "https://malawisounds.com/683-mr.-nobody-by-onesimus-" "Mozilla/5.0 (iPhone; CPU iPhone OS 18_2 like Mac OS X) AppleWebKit/605.1.15 (KHTML, like Gecko) Version/18.2 Mobile/15E148 Safari/604.1"
41.223.117.72 - - [03/Jan/2025:16:51:23 -0500] "GET /bio/mwsounds-20200706203533-Namadigo.jpg HTTP/1.1" 200 33718 "https://malawisounds.com/683-mr.-nobody-by-onesimus-" "Mozilla/5.0 (iPhone; CPU iPhone OS 18_2 like Mac OS X) AppleWebKit/605.1.15 (KHTML, like Gecko) Version/18.2 Mobile/15E148 Safari/604.1"
41.223.117.72 - - [03/Jan/2025:16:51:23 -0500] "GET /bio/mwsounds-20200706120806-FB_IMG_1590948777511.jpg HTTP/1.1" 200 19662 "https://malawisounds.com/683-mr.-nobody-by-onesimus-" "Mozilla/5.0 (iPhone; CPU iPhone OS 18_2 like Mac OS X) AppleWebKit/605.1.15 (KHTML, like Gecko) Version/18.2 Mobile/15E148 Safari/604.1"
41.223.117.72 - - [03/Jan/2025:16:51:24 -0500] "GET /null HTTP/1.1" 404 1251 "https://malawisounds.com/683-mr.-nobody-by-onesimus-" "Mozilla/5.0 (iPhone; CPU iPhone OS 18_2 like Mac OS X) AppleWebKit/605.1.15 (KHTML, like Gecko) Version/18.2 Mobile/15E148 Safari/604.1"
41.223.117.72 - - [03/Jan/2025:16:51:24 -0500] "GET /Icons/malawisounds.ico HTTP/1.1" 200 4286 "https://malawisounds.com/683-mr.-nobody-by-onesimus-" "Mozilla/5.0 (iPhone; CPU iPhone OS 18_2 like Mac OS X) AppleWebKit/605.1.15 (KHTML, like Gecko) Version/18.2 Mobile/15E148 Safari/604.1"
52.167.144.161 - - [03/Jan/2025:16:51:26 -0500] "GET /1333-sindikupanga-nawo-by-papaa-pee HTTP/1.1" 200 3905 "-" "Mozilla/5.0 AppleWebKit/537.36 (KHTML, like Gecko; compatible; bingbot/2.0; +http://www.bing.com/bingbot.htm) Chrome/116.0.1938.76 Safari/537.36"
41.223.117.72 - - [03/Jan/2025:16:51:27 -0500] "GET /download.php?id=683&name=Onesimus%20-Mr.%20Nobody HTTP/1.1" 200 7866634 "https://malawisounds.com/683-mr.-nobody-by-onesimus-" "Mozilla/5.0 (iPhone; CPU iPhone OS 18_2 like Mac OS X) AppleWebKit/605.1.15 (KHTML, like Gecko) Version/18.2 Mobile/15E148 Safari/604.1"
41.223.117.72 - - [03/Jan/2025:16:51:38 -0500] "GET /artists HTTP/1.1" 200 4565 "https://malawisounds.com/683-mr.-nobody-by-onesimus-" "Mozilla/5.0 (iPhone; CPU iPhone OS 18_2 like Mac OS X) AppleWebKit/605.1.15 (KHTML, like Gecko) Version/18.2 Mobile/15E148 Safari/604.1"
41.223.117.72 - - [03/Jan/2025:16:51:38 -0500] "GET /bootstrap/css/bootstrap.css HTTP/1.1" 200 19973 "https://malawisounds.com/artists" "Mozilla/5.0 (iPhone; CPU iPhone OS 18_2 like Mac OS X) AppleWebKit/605.1.15 (KHTML, like Gecko) Version/18.2 Mobile/15E148 Safari/604.1"
41.223.117.72 - - [03/Jan/2025:16:51:38 -0500] "GET /bio/1001098448.jpg HTTP/1.1" 200 279849 "https://malawisounds.com/artists" "Mozilla/5.0 (iPhone; CPU iPhone OS 18_2 like Mac OS X) AppleWebKit/605.1.15 (KHTML, like Gecko) Version/18.2 Mobile/15E148 Safari/604.1"
41.223.117.72 - - [03/Jan/2025:16:51:39 -0500] "GET /bio/Made%20in%20his%20image%20artwork.jpg HTTP/1.1" 200 1968095 "https://malawisounds.com/artists" "Mozilla/5.0 (iPhone; CPU iPhone OS 18_2 like Mac OS X) AppleWebKit/605.1.15 (KHTML, like Gecko) Version/18.2 Mobile/15E148 Safari/604.1"
41.223.117.72 - - [03/Jan/2025:16:51:39 -0500] "GET /bio/1711033852531.jpg HTTP/1.1" 200 17471 "https://malawisounds.com/artists" "Mozilla/5.0 (iPhone; CPU iPhone OS 18_2 like Mac OS X) AppleWebKit/605.1.15 (KHTML, like Gecko) Version/18.2 Mobile/15E148 Safari/604.1"
41.223.117.72 - - [03/Jan/2025:16:51:39 -0500] "GET /bio/20240206_132746.JPG HTTP/1.1" 200 43544 "https://malawisounds.com/artists" "Mozilla/5.0 (iPhone; CPU iPhone OS 18_2 like Mac OS X) AppleWebKit/605.1.15 (KHTML, like Gecko) Version/18.2 Mobile/15E148 Safari/604.1"
41.223.117.72 - - [03/Jan/2025:16:51:39 -0500] "GET /bio/mwsounds-20240714180141-IMG-20240710-WA0083.jpg HTTP/1.1" 200 60645 "https://malawisounds.com/artists" "Mozilla/5.0 (iPhone; CPU iPhone OS 18_2 like Mac OS X) AppleWebKit/605.1.15 (KHTML, like Gecko) Version/18.2 Mobile/15E148 Safari/604.1"
41.223.117.72 - - [03/Jan/2025:16:51:39 -0500] "GET /bio/1000299630.jpg HTTP/1.1" 200 1036493 "https://malawisounds.com/artists" "Mozilla/5.0 (iPhone; CPU iPhone OS 18_2 like Mac OS X) AppleWebKit/605.1.15 (KHTML, like Gecko) Version/18.2 Mobile/15E148 Safari/604.1"
41.223.117.72 - - [03/Jan/2025:16:51:39 -0500] "GET /null HTTP/1.1" 404 1251 "https://malawisounds.com/artists" "Mozilla/5.0 (iPhone; CPU iPhone OS 18_2 like Mac OS X) AppleWebKit/605.1.15 (KHTML, like Gecko) Version/18.2 Mobile/15E148 Safari/604.1"
41.223.117.72 - - [03/Jan/2025:16:51:39 -0500] "GET /bio/mwsounds-20231114214417-IMG-20231114-WA0036.jpg HTTP/1.1" 200 25463 "https://malawisounds.com/artists" "Mozilla/5.0 (iPhone; CPU iPhone OS 18_2 like Mac OS X) AppleWebKit/605.1.15 (KHTML, like Gecko) Version/18.2 Mobile/15E148 Safari/604.1"
41.223.117.72 - - [03/Jan/2025:16:51:39 -0500] "GET /bio/mwsounds-20230810171007-IMG-20230810-WA0015.jpg HTTP/1.1" 200 59319 "https://malawisounds.com/artists" "Mozilla/5.0 (iPhone; CPU iPhone OS 18_2 like Mac OS X) AppleWebKit/605.1.15 (KHTML, like Gecko) Version/18.2 Mobile/15E148 Safari/604.1"
41.223.117.72 - - [03/Jan/2025:16:51:39 -0500] "GET /bio/mwsounds-20230610171648-IMG-20230530-WA0036.jpg HTTP/1.1" 200 83868 "https://malawisounds.com/artists" "Mozilla/5.0 (iPhone; CPU iPhone OS 18_2 like Mac OS X) AppleWebKit/605.1.15 (KHTML, like Gecko) Version/18.2 Mobile/15E148 Safari/604.1"
41.223.117.72 - - [03/Jan/2025:16:51:39 -0500] "GET /bio/Elikam%20-%20Image%20edited.jpg HTTP/1.1" 200 39026 "https://malawisounds.com/artists" "Mozilla/5.0 (iPhone; CPU iPhone OS 18_2 like Mac OS X) AppleWebKit/605.1.15 (KHTML, like Gecko) Version/18.2 Mobile/15E148 Safari/604.1"
41.223.117.72 - - [03/Jan/2025:16:51:39 -0500] "GET /bio/mwsounds-20230626063306-IMG-20230623-WA0006.jpg HTTP/1.1" 200 31006 "https://malawisounds.com/artists" "Mozilla/5.0 (iPhone; CPU iPhone OS 18_2 like Mac OS X) AppleWebKit/605.1.15 (KHTML, like Gecko) Version/18.2 Mobile/15E148 Safari/604.1"
41.223.117.72 - - [03/Jan/2025:16:51:39 -0500] "GET /bio/mwsounds-20230909165449-compressed-570-2023-09-09-18-36-35.png HTTP/1.1" 200 800284 "https://malawisounds.com/artists" "Mozilla/5.0 (iPhone; CPU iPhone OS 18_2 like Mac OS X) AppleWebKit/605.1.15 (KHTML, like Gecko) Version/18.2 Mobile/15E148 Safari/604.1"
51.222.253.12 - - [03/Jan/2025:16:51:55 -0500] "GET /sid-1473-umunthu-by-ishmael HTTP/1.1" 200 3199 "-" "Mozilla/5.0 (compatible; AhrefsBot/7.0; +http://ahrefs.com/robot/)"
51.222.253.13 - - [03/Jan/2025:16:53:10 -0500] "GET /sid-1212-zilibwino--by-rated-18 HTTP/1.1" 200 3228 "-" "Mozilla/5.0 (compatible; AhrefsBot/7.0; +http://ahrefs.com/robot/)"
31.13.103.113 - - [03/Jan/2025:16:53:55 -0500] "GET /songs.php?id=1532 HTTP/1.1" 200 14551 "-" "facebookexternalhit/1.1 (+http://www.facebook.com/externalhit_uatext.php)"
31.13.103.5 - - [03/Jan/2025:16:53:55 -0500] "GET /songs.php?id=1532 HTTP/1.1" 200 14551 "-" "facebookexternalhit/1.1 (+http://www.facebook.com/externalhit_uatext.php)"
51.222.253.10 - - [03/Jan/2025:16:54:20 -0500] "GET /sid-699-zinasintha-by-k-staffoh-ft.-vacaan HTTP/1.1" 200 3245 "-" "Mozilla/5.0 (compatible; AhrefsBot/7.0; +http://ahrefs.com/robot/)"
217.113.194.50 - - [03/Jan/2025:16:54:21 -0500] "GET /download.php?id=298&name=Kell%20Kay%20Ft.%20TayGrin-Nakupenda HTTP/1.1" 200 4464698 "-" "Mozilla/5.0 (compatible; Barkrowler/0.9; +https://babbar.tech/crawler)"
154.54.249.197 - - [03/Jan/2025:16:54:56 -0500] "GET /download.php?id=119&name=FrancO%20ft%20CKrist-Amanjenjemera%20satana HTTP/1.1" 200 4467893 "-" "Mozilla/5.0 (compatible; Barkrowler/0.9; +https://babbar.tech/crawler)"
217.113.194.244 - - [03/Jan/2025:16:55:06 -0500] "GET /download.php?id=586&name=Wize%20King+Nile+Uzmo-Ndimafuna HTTP/1.1" 200 5948126 "-" "Mozilla/5.0 (compatible; Barkrowler/0.9; +https://babbar.tech/crawler)"
154.54.249.197 - - [03/Jan/2025:16:55:32 -0500] "GET /download.php?id=712&name=Frk%20ft.%20Mbeu%20GLD-Good%20%20Father HTTP/1.1" 200 3630806 "-" "Mozilla/5.0 (compatible; Barkrowler/0.9; +https://babbar.tech/crawler)"
217.113.194.43 - - [03/Jan/2025:16:55:42 -0500] "GET /download.php?id=768&name=Naptin%20ft%20Fred%20mineo-Saafuna%20Badman HTTP/1.1" 200 4370946 "-" "Mozilla/5.0 (compatible; Barkrowler/0.9; +https://babbar.tech/crawler)"
217.113.194.244 - - [03/Jan/2025:16:56:04 -0500] "GET /download.php?id=666&name=Saxess%20ft.%20Grace%20Jr-Andichengetela HTTP/1.1" 200 8820519 "-" "Mozilla/5.0 (compatible; Barkrowler/0.9; +https://babbar.tech/crawler)"
217.113.194.45 - - [03/Jan/2025:16:56:31 -0500] "GET /download.php?id=1322&name=Prince%20Bellion%20ft%20Dumi%20Skn-Hannah HTTP/1.1" 200 2845552 "-" "Mozilla/5.0 (compatible; Barkrowler/0.9; +https://babbar.tech/crawler)"
51.222.253.15 - - [03/Jan/2025:16:56:51 -0500] "GET /christ-life-by-christ-life-music HTTP/1.1" 200 4203 "-" "Mozilla/5.0 (compatible; AhrefsBot/7.0; +http://ahrefs.com/robot/)"
217.113.194.45 - - [03/Jan/2025:16:56:59 -0500] "GET /download.php?id=972&name=dF%20ft.%20Mzati-Mumandikondabe-single HTTP/1.1" 200 10903454 "-" "Mozilla/5.0 (compatible; Barkrowler/0.9; +https://babbar.tech/crawler)"
217.113.194.44 - - [03/Jan/2025:16:57:16 -0500] "GET /download.php?id=886&name=OMJAZZ%20FT%20K%20FELLA-OBOWA HTTP/1.1" 200 3104887 "-" "Mozilla/5.0 (compatible; Barkrowler/0.9; +https://babbar.tech/crawler)"
217.113.194.45 - - [03/Jan/2025:16:57:43 -0500] "GET /download.php?id=899&name=Chago%20Platnumz%20ft%20Lp-tili%20limodzi HTTP/1.1" 200 3620864 "-" "Mozilla/5.0 (compatible; Barkrowler/0.9; +https://babbar.tech/crawler)"
217.113.194.48 - - [03/Jan/2025:16:57:53 -0500] "GET /download.php?id=519&name=Stominem%20ft.%20X-109-Big%20Small%20Scales HTTP/1.1" 200 6457472 "-" "Mozilla/5.0 (compatible; Barkrowler/0.9; +https://babbar.tech/crawler)"
51.222.253.16 - - [03/Jan/2025:16:57:53 -0500] "GET /sid-1042-fire-by-cynthia-n.y-music HTTP/1.1" 200 3219 "-" "Mozilla/5.0 (compatible; AhrefsBot/7.0; +http://ahrefs.com/robot/)"
217.113.194.244 - - [03/Jan/2025:16:58:17 -0500] "GET /download.php?id=667&name=ToniCity-Poly%20Math%20Science%20Cypher%202021 HTTP/1.1" 200 5960104 "-" "Mozilla/5.0 (compatible; Barkrowler/0.9; +https://babbar.tech/crawler)"
114.119.135.84 - - [03/Jan/2025:16:58:35 -0500] "GET /sid-301-blessing-by-bligle-ft.-x-109-kardesh HTTP/1.1" 200 3610 "https://www.malawisounds.com/301-Blessing-by-Bligle-Ft.-X-109-Kardesh" "Mozilla/5.0 (Linux; Android 7.0;) AppleWebKit/537.36 (KHTML, like Gecko) Mobile Safari/537.36 (compatible; PetalBot;+https://webmaster.petalsearch.com/site/petalbot)"
217.113.194.50 - - [03/Jan/2025:16:58:43 -0500] "GET /download.php?id=1195&name=Beng%20Marley-NOH%20NUH%20GWAAN HTTP/1.1" 200 3018204 "-" "Mozilla/5.0 (compatible; Barkrowler/0.9; +https://babbar.tech/crawler)"
52.167.144.17 - - [03/Jan/2025:16:59:07 -0500] "GET /up8udpmpx.html HTTP/1.1" 404 1251 "-" "Mozilla/5.0 AppleWebKit/537.36 (KHTML, like Gecko; compatible; bingbot/2.0; +http://www.bing.com/bingbot.htm) Chrome/116.0.1938.76 Safari/537.36"
217.113.194.51 - - [03/Jan/2025:16:59:09 -0500] "GET /download.php?id=1291&name=Ril%20Taxy%20ft%20Minad%20-Iwe%20ndi%20ine HTTP/1.1" 200 9693312 "-" "Mozilla/5.0 (compatible; Barkrowler/0.9; +https://babbar.tech/crawler)"
217.113.194.244 - - [03/Jan/2025:16:59:21 -0500] "GET /download.php?id=577&name=Jay%20Jay%20Cee%20ft%20Piksy-I%20miss%20you HTTP/1.1" 200 7969823 "-" "Mozilla/5.0 (compatible; Barkrowler/0.9; +https://babbar.tech/crawler)"
217.113.194.50 - - [03/Jan/2025:16:59:45 -0500] "GET /download.php?id=196&name=Cornelius%20Mpesi-LEAP(Spoken%20Word) HTTP/1.1" 200 3448161 "-" "Mozilla/5.0 (compatible; Barkrowler/0.9; +https://babbar.tech/crawler)"
217.113.194.44 - - [03/Jan/2025:17:00:07 -0500] "GET /download.php?id=42&name=Kay%20Taii-Ndiwe(Prod%20by%20Sispense) HTTP/1.1" 200 3330063 "-" "Mozilla/5.0 (compatible; Barkrowler/0.9; +https://babbar.tech/crawler)"
217.113.194.244 - - [03/Jan/2025:17:00:34 -0500] "GET /download.php?id=554&name=The%20Herald%20of%20God-Yesu%20Amandikwanira HTTP/1.1" 200 4118647 "-" "Mozilla/5.0 (compatible; Barkrowler/0.9; +https://babbar.tech/crawler)"
217.113.194.46 - - [03/Jan/2025:17:01:13 -0500] "GET /download.php?id=924&name=Cross%20heart%20ft.%20Excel-Follow(call%20all) HTTP/1.1" 200 5511378 "-" "Mozilla/5.0 (compatible; Barkrowler/0.9; +https://babbar.tech/crawler)"
114.119.135.84 - - [03/Jan/2025:17:01:17 -0500] "GET /biography?pageno=58 HTTP/1.1" 404 1251 "https://malawisounds.com/biography?pageno=59" "Mozilla/5.0 (Linux; Android 7.0;) AppleWebKit/537.36 (KHTML, like Gecko) Mobile Safari/537.36 (compatible; PetalBot;+https://webmaster.petalsearch.com/site/petalbot)"
110.249.202.169 - - [03/Jan/2025:17:01:32 -0500] "GET /artist=Sangie HTTP/1.1" 200 3128 "-" "Mozilla/5.0 (Linux; Android 5.0) AppleWebKit/537.36 (KHTML, like Gecko) Mobile Safari/537.36 (compatible; Bytespider; https://zhanzhang.toutiao.com/)"
110.249.202.169 - - [03/Jan/2025:17:01:33 -0500] "GET /null HTTP/1.1" 404 1251 "https://malawisounds.com/artist=Sangie" "Mozilla/5.0 (Linux; Android 5.0) AppleWebKit/537.36 (KHTML, like Gecko) Mobile Safari/537.36 (compatible; Bytespider; https://zhanzhang.toutiao.com/)"
110.249.202.169 - - [03/Jan/2025:17:01:33 -0500] "GET /js/nav.js HTTP/1.1" 200 99 "https://malawisounds.com/artist=Sangie" "Mozilla/5.0 (Linux; Android 5.0) AppleWebKit/537.36 (KHTML, like Gecko) Mobile Safari/537.36 (compatible; Bytespider; https://zhanzhang.toutiao.com/)"
110.249.202.169 - - [03/Jan/2025:17:01:33 -0500] "GET /Icons/facebook.png HTTP/1.1" 206 500 "https://malawisounds.com/artist=Sangie" "Mozilla/5.0 (Linux; Android 5.0) AppleWebKit/537.36 (KHTML, like Gecko) Mobile Safari/537.36 (compatible; Bytespider; https://zhanzhang.toutiao.com/)"
110.249.202.169 - - [03/Jan/2025:17:01:33 -0500] "GET /bio/mwsounds-20200708214335-sangie.jpg HTTP/1.1" 206 500 "https://malawisounds.com/artist=Sangie" "Mozilla/5.0 (Linux; Android 5.0) AppleWebKit/537.36 (KHTML, like Gecko) Mobile Safari/537.36 (compatible; Bytespider; https://zhanzhang.toutiao.com/)"
217.113.194.47 - - [03/Jan/2025:17:01:39 -0500] "GET /download.php?id=1375&name=Marcus%20ft%20240%20Niggaz%20-Sopantepofye HTTP/1.1" 200 10926568 "-" "Mozilla/5.0 (compatible; Barkrowler/0.9; +https://babbar.tech/crawler)"
217.113.194.50 - - [03/Jan/2025:17:01:53 -0500] "GET /download.php?id=685&name=Sir%20Mwetho%20ft%20Son%20Bird-Ndapata HTTP/1.1" 200 3782238 "-" "Mozilla/5.0 (compatible; Barkrowler/0.9; +https://babbar.tech/crawler)"
51.222.253.6 - - [03/Jan/2025:17:02:04 -0500] "GET /sid-1013-zilibwino-by-tsebe-gma HTTP/1.1" 200 3212 "-" "Mozilla/5.0 (compatible; AhrefsBot/7.0; +http://ahrefs.com/robot/)"
217.113.194.46 - - [03/Jan/2025:17:02:19 -0500] "GET /download.php?id=424&name=Robertson%20Music%20ft.%20Rhuninha-Ndamupeza HTTP/1.1" 200 9879525 "-" "Mozilla/5.0 (compatible; Barkrowler/0.9; +https://babbar.tech/crawler)"
217.113.194.44 - - [03/Jan/2025:17:02:31 -0500] "GET /download.php?id=462&name=Louid%20ft.%20Martse%20and%20toxeec-%20Babe HTTP/1.1" 200 4973486 "-" "Mozilla/5.0 (compatible; Barkrowler/0.9; +https://babbar.tech/crawler)"
51.222.253.13 - - [03/Jan/2025:17:02:53 -0500] "GET /539-Street-Kids-(Yohane-Banda-Foundation)-by-Antidoti HTTP/1.1" 200 3952 "-" "Mozilla/5.0 (compatible; AhrefsBot/7.0; +http://ahrefs.com/robot/)"
191.96.78.220 - - [03/Jan/2025:17:02:59 -0500] "GET /uploaded.php HTTP/1.1" 404 1251 "-" "Mozilla/5.0 (Windows NT 10.0; Win64; x64) AppleWebKit/537.36 (KHTML, like Gecko) Chrome/109.0.0.0 Safari/537.36"
217.113.194.43 - - [03/Jan/2025:17:03:02 -0500] "GET /download.php?id=226&name=Blessings%20Gondwe-Kuyenda%20ndi%20Yesu HTTP/1.1" 200 4633560 "-" "Mozilla/5.0 (compatible; Barkrowler/0.9; +https://babbar.tech/crawler)"
217.113.194.244 - - [03/Jan/2025:17:03:24 -0500] "GET /download.php?id=1331&name=Ril%20Taxy%20ft%20Shidex%20mw%20-Achitonde HTTP/1.1" 200 8652928 "-" "Mozilla/5.0 (compatible; Barkrowler/0.9; +https://babbar.tech/crawler)"
51.222.253.15 - - [03/Jan/2025:17:03:49 -0500] "GET /sid-536-wizeso-by-pawalo-ft-auditor-general HTTP/1.1" 200 3260 "-" "Mozilla/5.0 (compatible; AhrefsBot/7.0; +http://ahrefs.com/robot/)"
154.54.249.197 - - [03/Jan/2025:17:03:51 -0500] "GET /download.php?id=1204&name=Naxy%20B%20ft%20Jay%20Blasst-Tembenuza HTTP/1.1" 200 3531594 "-" "Mozilla/5.0 (compatible; Barkrowler/0.9; +https://babbar.tech/crawler)"
217.113.194.46 - - [03/Jan/2025:17:04:01 -0500] "GET /download.php?id=848&name=Genious%20drey%20ft%20Sparo%20Ug-Amina%20Kon HTTP/1.1" 200 3085339 "-" "Mozilla/5.0 (compatible; Barkrowler/0.9; +https://babbar.tech/crawler)"
217.113.194.49 - - [03/Jan/2025:17:04:19 -0500] "GET /download.php?id=405&name=Keenalf%20ft%20Khetwayo-Chiyembekezo HTTP/1.1" 200 8056326 "-" "Mozilla/5.0 (compatible; Barkrowler/0.9; +https://babbar.tech/crawler)"
51.222.253.8 - - [03/Jan/2025:17:04:34 -0500] "GET /sid-331-dance-with-you-by-joe-kellz HTTP/1.1" 200 3236 "-" "Mozilla/5.0 (compatible; AhrefsBot/7.0; +http://ahrefs.com/robot/)"
217.113.194.45 - - [03/Jan/2025:17:04:50 -0500] "GET /download.php?id=68&name=Patience%20Namadingo-Ng'wi%20Ng'wi HTTP/1.1" 200 9861995 "-" "Mozilla/5.0 (compatible; Barkrowler/0.9; +https://babbar.tech/crawler)"
217.113.194.48 - - [03/Jan/2025:17:05:05 -0500] "GET /download.php?id=916&name=Phyzix%20ft.Dare%20Devils-Show%20me%20the%20way HTTP/1.1" 200 6601945 "-" "Mozilla/5.0 (compatible; Barkrowler/0.9; +https://babbar.tech/crawler)"
217.113.194.50 - - [03/Jan/2025:17:05:28 -0500] "GET /download.php?id=121&name=Abel%20Williams-I%20do%20believe(Spoken%20word) HTTP/1.1" 200 5840514 "-" "Mozilla/5.0 (compatible; Barkrowler/0.9; +https://babbar.tech/crawler)"
217.113.194.47 - - [03/Jan/2025:17:05:57 -0500] "GET /download.php?id=105&name=Sam%20Mwakanema-6%20Months%20to%20MSCE%20Success HTTP/1.1" 200 10964311 "-" "Mozilla/5.0 (compatible; Barkrowler/0.9; +https://babbar.tech/crawler)"
66.249.65.162 - - [03/Jan/2025:17:06:06 -0500] "GET /images/mwsounds-20210216032633-fb_img_1613444028321.jpg HTTP/1.1" 200 34806 "-" "Googlebot-Image/1.0"
217.113.194.45 - - [03/Jan/2025:17:06:07 -0500] "GET /download.php?id=670&name=Charisma%20ft.%20Dan%20Lu-Mpaka%20Mpaka HTTP/1.1" 200 7664411 "-" "Mozilla/5.0 (compatible; Barkrowler/0.9; +https://babbar.tech/crawler)"
66.249.73.3 - - [03/Jan/2025:17:06:22 -0500] "GET /upload-music HTTP/1.1" 200 5139 "-" "Mozilla/5.0 (Linux; Android 6.0.1; Nexus 5X Build/MMB29P) AppleWebKit/537.36 (KHTML, like Gecko) Chrome/131.0.6778.139 Mobile Safari/537.36 (compatible; Googlebot/2.1; +http://www.google.com/bot.html)"
217.113.194.43 - - [03/Jan/2025:17:06:32 -0500] "GET /download.php?id=1255&name=Ras%20pupa%20x%20Md%20-Muthawi%20yadima HTTP/1.1" 200 3817430 "-" "Mozilla/5.0 (compatible; Barkrowler/0.9; +https://babbar.tech/crawler)"
51.222.253.13 - - [03/Jan/2025:17:06:40 -0500] "GET /sid-1430-i-love-you-by-auspicious-musiq HTTP/1.1" 200 3233 "-" "Mozilla/5.0 (compatible; AhrefsBot/7.0; +http://ahrefs.com/robot/)"
103.131.71.43 - - [03/Jan/2025:17:06:43 -0500] "GET /robots.txt HTTP/1.1" 404 1251 "-" "Mozilla/5.0 (compatible; coccocbot-image/1.0; +http://help.coccoc.com/searchengine)"
103.131.71.45 - - [03/Jan/2025:17:06:45 -0500] "GET /Icons/msounds1.png HTTP/1.1" 304 0 "-" "Mozilla/5.0 (compatible; coccocbot-image/1.0; +http://help.coccoc.com/searchengine)"
217.113.194.47 - - [03/Jan/2025:17:06:51 -0500] "GET /download.php?id=995&name=Costry%20ft.%20Sir%20Odilo-Got%20Me HTTP/1.1" 200 5774692 "-" "Mozilla/5.0 (compatible; Barkrowler/0.9; +https://babbar.tech/crawler)"
66.249.73.3 - - [03/Jan/2025:17:07:08 -0500] "GET /js/jquery.form.min.js HTTP/1.1" 200 6236 "https://www.malawisounds.com/upload-music" "Mozilla/5.0 (Linux; Android 6.0.1; Nexus 5X Build/MMB29P) AppleWebKit/537.36 (KHTML, like Gecko) Chrome/131.0.6778.139 Mobile Safari/537.36 (compatible; Googlebot/2.1; +http://www.google.com/bot.html)"
66.249.73.3 - - [03/Jan/2025:17:07:09 -0500] "GET /js/jquery-3.3.1.min.js HTTP/1.1" 200 29664 "https://www.malawisounds.com/upload-music" "Mozilla/5.0 (Linux; Android 6.0.1; Nexus 5X Build/MMB29P) AppleWebKit/537.36 (KHTML, like Gecko) Chrome/131.0.6778.139 Mobile Safari/537.36 (compatible; Googlebot/2.1; +http://www.google.com/bot.html)"
103.131.71.45 - - [03/Jan/2025:17:07:10 -0500] "GET /robots.txt HTTP/1.1" 404 1251 "-" "Mozilla/5.0 (compatible; coccocbot-image/1.0; +http://help.coccoc.com/searchengine)"
47.128.60.64 - - [03/Jan/2025:17:07:12 -0500] "GET /sid-1677-h-n%27-p-by-r3alxtra-mlw-ft-troy6ix HTTP/1.1" 200 3263 "-" "Mozilla/5.0 (Linux; Android 5.0) AppleWebKit/537.36 (KHTML, like Gecko) Mobile Safari/537.36 (compatible; Bytespider; spider-feedback@bytedance.com)"
47.128.60.64 - - [03/Jan/2025:17:07:12 -0500] "GET /images/mwsounds-20241231-215121-H-n-P-by-R3ALXTRA-MLW-FT-TROY6iX.jpg HTTP/1.1" 206 500 "https://malawisounds.com/sid-1677-h-n%27-p-by-r3alxtra-mlw-ft-troy6ix" "Mozilla/5.0 (Linux; Android 5.0) AppleWebKit/537.36 (KHTML, like Gecko) Mobile Safari/537.36 (compatible; Bytespider; spider-feedback@bytedance.com)"
103.131.71.30 - - [03/Jan/2025:17:07:14 -0500] "GET /Icons/twitter.png HTTP/1.1" 304 0 "-" "Mozilla/5.0 (compatible; coccocbot-image/1.0; +http://help.coccoc.com/searchengine)"
217.113.194.48 - - [03/Jan/2025:17:07:17 -0500] "GET /download.php?id=919&name=Vin%20Chizuzu-Yenda(Miracle%20song) HTTP/1.1" 200 4295155 "-" "Mozilla/5.0 (compatible; Barkrowler/0.9; +https://babbar.tech/crawler)"
51.222.253.20 - - [03/Jan/2025:17:07:20 -0500] "GET /1670-God-of-all-by-Faith-Music-x-Wezzie-Singz HTTP/1.1" 200 3948 "-" "Mozilla/5.0 (compatible; AhrefsBot/7.0; +http://ahrefs.com/robot/)"
154.54.249.197 - - [03/Jan/2025:17:07:31 -0500] "GET /download.php?id=242&name=Wamaka%20Ft%20Victor%20Jr-Know%20your%20heart HTTP/1.1" 200 7119632 "-" "Mozilla/5.0 (compatible; Barkrowler/0.9; +https://babbar.tech/crawler)"
217.113.194.45 - - [03/Jan/2025:17:07:40 -0500] "GET /download.php?id=1219&name=Eliza%20Mponya-Mwandiulutsa(Remix) HTTP/1.1" 200 3821598 "-" "Mozilla/5.0 (compatible; Barkrowler/0.9; +https://babbar.tech/crawler)"
51.222.253.1 - - [03/Jan/2025:17:07:43 -0500] "GET /sid-1478-unconditional-love-by-paul-saulo HTTP/1.1" 200 3231 "-" "Mozilla/5.0 (compatible; AhrefsBot/7.0; +http://ahrefs.com/robot/)"
217.113.194.49 - - [03/Jan/2025:17:08:05 -0500] "GET /download.php?id=429&name=Mazopenga%20ft%20various%20artists-Tizimvana HTTP/1.1" 200 4641084 "-" "Mozilla/5.0 (compatible; Barkrowler/0.9; +https://babbar.tech/crawler)"
51.222.253.2 - - [03/Jan/2025:17:08:31 -0500] "GET /sid-489-hold-on-by-variousartists HTTP/1.1" 200 3247 "-" "Mozilla/5.0 (compatible; AhrefsBot/7.0; +http://ahrefs.com/robot/)"
217.113.194.51 - - [03/Jan/2025:17:08:33 -0500] "GET /download.php?id=260&name=Susan%20Kumwenda%20ft%20Saxess-Im%20Okay HTTP/1.1" 200 5138895 "-" "Mozilla/5.0 (compatible; Barkrowler/0.9; +https://babbar.tech/crawler)"
51.222.253.13 - - [03/Jan/2025:17:08:53 -0500] "GET /1091-Khalidwe-by-Gift-Scot HTTP/1.1" 200 3902 "-" "Mozilla/5.0 (compatible; AhrefsBot/7.0; +http://ahrefs.com/robot/)"
