197.87.51.15 - - [04/Jan/2025:03:00:06 -0500] "GET /searchmusic.php?q=Emera HTTP/1.1" 200 854 "https://www.malawisounds.com/" "Mozilla/5.0 (Linux; Android 10; K) AppleWebKit/537.36 (KHTML, like Gecko) Chrome/111.0.0.0 Mobile Safari/537.36"
197.87.51.15 - - [04/Jan/2025:03:00:03 -0500] "GET /images/mwsounds-20230917-074207-Kill-dem-by-DTERK-x-Leon-off.png HTTP/1.1" 200 5866727 "https://www.malawisounds.com/" "Mozilla/5.0 (Linux; Android 10; K) AppleWebKit/537.36 (KHTML, like Gecko) Chrome/111.0.0.0 Mobile Safari/537.36"
197.87.51.15 - - [04/Jan/2025:03:00:07 -0500] "GET /searchmusic.php?q=Emera HTTP/1.1" 200 854 "https://www.malawisounds.com/" "Mozilla/5.0 (Linux; Android 10; K) AppleWebKit/537.36 (KHTML, like Gecko) Chrome/111.0.0.0 Mobile Safari/537.36"
51.222.253.16 - - [04/Jan/2025:03:00:09 -0500] "GET /546-Intuition--by-Ser7n HTTP/1.1" 200 3898 "-" "Mozilla/5.0 (compatible; AhrefsBot/7.0; +http://ahrefs.com/robot/)"
197.87.51.15 - - [04/Jan/2025:03:00:13 -0500] "GET /1665-Gratitude-by-Emerald HTTP/1.1" 200 3907 "https://www.malawisounds.com/" "Mozilla/5.0 (Linux; Android 10; K) AppleWebKit/537.36 (KHTML, like Gecko) Chrome/111.0.0.0 Mobile Safari/537.36"
197.87.51.15 - - [04/Jan/2025:03:00:14 -0500] "GET /null HTTP/1.1" 404 1251 "https://www.malawisounds.com/1665-Gratitude-by-Emerald" "Mozilla/5.0 (Linux; Android 10; K) AppleWebKit/537.36 (KHTML, like Gecko) Chrome/111.0.0.0 Mobile Safari/537.36"
197.87.51.15 - - [04/Jan/2025:03:00:22 -0500] "GET /null HTTP/1.1" 404 1251 "https://www.malawisounds.com/" "Mozilla/5.0 (Linux; Android 10; K) AppleWebKit/537.36 (KHTML, like Gecko) Chrome/111.0.0.0 Mobile Safari/537.36"
197.87.51.15 - - [04/Jan/2025:03:00:29 -0500] "GET /searchmusic.php?q=Emera HTTP/1.1" 200 854 "https://www.malawisounds.com/" "Mozilla/5.0 (Linux; Android 10; K) AppleWebKit/537.36 (KHTML, like Gecko) Chrome/111.0.0.0 Mobile Safari/537.36"
197.87.51.15 - - [04/Jan/2025:03:00:30 -0500] "GET /searchmusic.php?q=Emer HTTP/1.1" 200 1068 "https://www.malawisounds.com/" "Mozilla/5.0 (Linux; Android 10; K) AppleWebKit/537.36 (KHTML, like Gecko) Chrome/111.0.0.0 Mobile Safari/537.36"
197.87.51.15 - - [04/Jan/2025:03:00:30 -0500] "GET /searchmusic.php?q=Eme HTTP/1.1" 200 1941 "https://www.malawisounds.com/" "Mozilla/5.0 (Linux; Android 10; K) AppleWebKit/537.36 (KHTML, like Gecko) Chrome/111.0.0.0 Mobile Safari/537.36"
197.87.51.15 - - [04/Jan/2025:03:00:30 -0500] "GET /searchmusic.php?q=Em HTTP/1.1" 200 7432 "https://www.malawisounds.com/" "Mozilla/5.0 (Linux; Android 10; K) AppleWebKit/537.36 (KHTML, like Gecko) Chrome/111.0.0.0 Mobile Safari/537.36"
197.87.51.15 - - [04/Jan/2025:03:00:30 -0500] "GET /searchmusic.php?q=E HTTP/1.1" 200 65271 "https://www.malawisounds.com/" "Mozilla/5.0 (Linux; Android 10; K) AppleWebKit/537.36 (KHTML, like Gecko) Chrome/111.0.0.0 Mobile Safari/537.36"
197.87.51.15 - - [04/Jan/2025:03:00:31 -0500] "GET /searchmusic.php?q=K HTTP/1.1" 200 31177 "https://www.malawisounds.com/" "Mozilla/5.0 (Linux; Android 10; K) AppleWebKit/537.36 (KHTML, like Gecko) Chrome/111.0.0.0 Mobile Safari/537.36"
197.87.51.15 - - [04/Jan/2025:03:00:31 -0500] "GET /searchmusic.php?q=Ku HTTP/1.1" 200 5356 "https://www.malawisounds.com/" "Mozilla/5.0 (Linux; Android 10; K) AppleWebKit/537.36 (KHTML, like Gecko) Chrome/111.0.0.0 Mobile Safari/537.36"
197.87.51.15 - - [04/Jan/2025:03:00:32 -0500] "GET /searchmusic.php?q=Kun HTTP/1.1" 200 1223 "https://www.malawisounds.com/" "Mozilla/5.0 (Linux; Android 10; K) AppleWebKit/537.36 (KHTML, like Gecko) Chrome/111.0.0.0 Mobile Safari/537.36"
197.87.51.15 - - [04/Jan/2025:03:00:32 -0500] "GET /searchmusic.php?q=Kung HTTP/1.1" 200 842 "https://www.malawisounds.com/" "Mozilla/5.0 (Linux; Android 10; K) AppleWebKit/537.36 (KHTML, like Gecko) Chrome/111.0.0.0 Mobile Safari/537.36"
197.87.51.15 - - [04/Jan/2025:03:00:33 -0500] "GET /searchmusic.php?q=Kungo HTTP/1.1" 200 787 "https://www.malawisounds.com/" "Mozilla/5.0 (Linux; Android 10; K) AppleWebKit/537.36 (KHTML, like Gecko) Chrome/111.0.0.0 Mobile Safari/537.36"
197.87.51.15 - - [04/Jan/2025:03:00:34 -0500] "GET /searchmusic.php?q=Kungot HTTP/1.1" 200 616 "https://www.malawisounds.com/" "Mozilla/5.0 (Linux; Android 10; K) AppleWebKit/537.36 (KHTML, like Gecko) Chrome/111.0.0.0 Mobile Safari/537.36"
197.87.51.15 - - [04/Jan/2025:03:00:35 -0500] "GET /searchmusic.php?q=Kungo HTTP/1.1" 200 787 "https://www.malawisounds.com/" "Mozilla/5.0 (Linux; Android 10; K) AppleWebKit/537.36 (KHTML, like Gecko) Chrome/111.0.0.0 Mobile Safari/537.36"
114.119.136.72 - - [04/Jan/2025:03:00:35 -0500] "GET /download.php?id=874&name=Naptin%20o03-Shut%20up HTTP/1.1" 200 4230418 "https://malawisounds.com/874-Shut-up-by-Naptin-o03" "Mozilla/5.0 (Linux; Android 7.0;) AppleWebKit/537.36 (KHTML, like Gecko) Mobile Safari/537.36 (compatible; PetalBot;+https://webmaster.petalsearch.com/site/petalbot)"
197.87.51.15 - - [04/Jan/2025:03:00:37 -0500] "GET /1676-Kungoyamika-by-Chisomo-Chimoto HTTP/1.1" 200 3916 "https://www.malawisounds.com/" "Mozilla/5.0 (Linux; Android 10; K) AppleWebKit/537.36 (KHTML, like Gecko) Chrome/111.0.0.0 Mobile Safari/537.36"
197.87.51.15 - - [04/Jan/2025:03:00:38 -0500] "GET /null HTTP/1.1" 404 1251 "https://www.malawisounds.com/1676-Kungoyamika-by-Chisomo-Chimoto" "Mozilla/5.0 (Linux; Android 10; K) AppleWebKit/537.36 (KHTML, like Gecko) Chrome/111.0.0.0 Mobile Safari/537.36"
197.87.51.15 - - [04/Jan/2025:03:00:41 -0500] "GET /sid-1676-kungoyamika-by-chisomo-chimoto HTTP/1.1" 200 3227 "https://www.malawisounds.com/1676-Kungoyamika-by-Chisomo-Chimoto" "Mozilla/5.0 (Linux; Android 10; K) AppleWebKit/537.36 (KHTML, like Gecko) Chrome/111.0.0.0 Mobile Safari/537.36"
197.87.51.15 - - [04/Jan/2025:03:00:41 -0500] "GET /js/codespace_api.js HTTP/1.1" 304 0 "https://www.malawisounds.com/sid-1676-kungoyamika-by-chisomo-chimoto" "Mozilla/5.0 (Linux; Android 10; K) AppleWebKit/537.36 (KHTML, like Gecko) Chrome/111.0.0.0 Mobile Safari/537.36"
197.87.51.15 - - [04/Jan/2025:03:00:41 -0500] "GET /bootstrap/css/bootstrap.css HTTP/1.1" 304 0 "https://www.malawisounds.com/sid-1676-kungoyamika-by-chisomo-chimoto" "Mozilla/5.0 (Linux; Android 10; K) AppleWebKit/537.36 (KHTML, like Gecko) Chrome/111.0.0.0 Mobile Safari/537.36"
197.87.51.15 - - [04/Jan/2025:03:00:41 -0500] "GET /css/audio.css HTTP/1.1" 304 0 "https://www.malawisounds.com/sid-1676-kungoyamika-by-chisomo-chimoto" "Mozilla/5.0 (Linux; Android 10; K) AppleWebKit/537.36 (KHTML, like Gecko) Chrome/111.0.0.0 Mobile Safari/537.36"
197.87.51.15 - - [04/Jan/2025:03:00:42 -0500] "GET /uploads/Kungoyamika-by-Chisomo-Chimoto.mp3 HTTP/1.1" 206 8726904 "https://www.malawisounds.com/sid-1676-kungoyamika-by-chisomo-chimoto" "Mozilla/5.0 (Linux; Android 10; K) AppleWebKit/537.36 (KHTML, like Gecko) Chrome/111.0.0.0 Mobile Safari/537.36"
157.55.39.201 - - [04/Jan/2025:03:00:53 -0500] "GET /15c7kamvze.html HTTP/1.1" 404 1251 "-" "Mozilla/5.0 AppleWebKit/537.36 (KHTML, like Gecko; compatible; bingbot/2.0; +http://www.bing.com/bingbot.htm) Chrome/116.0.1938.76 Safari/537.36"
51.222.253.12 - - [04/Jan/2025:03:01:08 -0500] "GET /sid-1183-not-to-us-by-phil HTTP/1.1" 200 3223 "-" "Mozilla/5.0 (compatible; AhrefsBot/7.0; +http://ahrefs.com/robot/)"
173.252.107.17 - - [04/Jan/2025:03:01:47 -0500] "GET /artist=Martse HTTP/1.1" 200 12020 "-" "meta-externalagent/1.1 (+https://developers.facebook.com/docs/sharing/webmasters/crawler)"
52.167.144.187 - - [04/Jan/2025:03:02:05 -0500] "GET /images/mwsounds-20220311-024619-Mkazi-Wako-by-FUEX.jpg HTTP/1.1" 200 469708 "-" "Mozilla/5.0 AppleWebKit/537.36 (KHTML, like Gecko; compatible; bingbot/2.0; +http://www.bing.com/bingbot.htm) Chrome/116.0.1938.76 Safari/537.36"
51.222.253.4 - - [04/Jan/2025:03:02:14 -0500] "GET /683-Mr.-Nobody-by-Onesimus- HTTP/1.1" 200 3906 "-" "Mozilla/5.0 (compatible; AhrefsBot/7.0; +http://ahrefs.com/robot/)"
51.222.253.17 - - [04/Jan/2025:03:02:45 -0500] "GET /381-Still-Dee-by-David-Kalirani-ft-Zanera HTTP/1.1" 200 3974 "-" "Mozilla/5.0 (compatible; AhrefsBot/7.0; +http://ahrefs.com/robot/)"
114.119.135.84 - - [04/Jan/2025:03:03:21 -0500] "GET /songs.php?id=1548&name=Astra-Bongo HTTP/1.1" 200 4415 "https://www.malawisounds.com/view.php" "Mozilla/5.0 (Linux; Android 7.0;) AppleWebKit/537.36 (KHTML, like Gecko) Mobile Safari/537.36 (compatible; PetalBot;+https://webmaster.petalsearch.com/site/petalbot)"
114.119.135.84 - - [04/Jan/2025:03:03:22 -0500] "GET /singles?pageno=119 HTTP/1.1" 200 4270 "https://www.malawisounds.com/singles?pageno=120" "Mozilla/5.0 (Linux; Android 7.0;) AppleWebKit/537.36 (KHTML, like Gecko) Mobile Safari/537.36 (compatible; PetalBot;+https://webmaster.petalsearch.com/site/petalbot)"
51.222.253.10 - - [04/Jan/2025:03:03:50 -0500] "GET /sid-597-down-for-me-by-south-west-ft-ray-shine HTTP/1.1" 200 3238 "-" "Mozilla/5.0 (compatible; AhrefsBot/7.0; +http://ahrefs.com/robot/)"
51.222.253.10 - - [04/Jan/2025:03:04:20 -0500] "GET /386-I-am-Awake-by-Crossheart-ft.-mislizy-and-Tannah HTTP/1.1" 200 4029 "-" "Mozilla/5.0 (compatible; AhrefsBot/7.0; +http://ahrefs.com/robot/)"
51.222.253.12 - - [04/Jan/2025:03:04:56 -0500] "GET /aid-195-ep-stream-full-of-glory HTTP/1.1" 200 3550 "-" "Mozilla/5.0 (compatible; AhrefsBot/7.0; +http://ahrefs.com/robot/)"
199.168.98.202 - - [04/Jan/2025:03:05:19 -0500] "GET /zipped-albums/admin.php HTTP/1.1" 200 96005 "-" "Mozilla/5.0 (Windows NT 10.0; Win64; x64) AppleWebKit/537.36 (KHTML, like Gecko) Chrome/113.0.0.0 Safari/537.36"
199.168.98.202 - - [04/Jan/2025:03:05:19 -0500] "GET /zipped-albums/admin.php HTTP/1.1" 200 96005 "-" "Mozilla/5.0 (Windows NT 10.0; Win64; x64) AppleWebKit/537.36 (KHTML, like Gecko) Chrome/113.0.0.0 Safari/537.36"
199.168.98.202 - - [04/Jan/2025:03:05:20 -0500] "GET /zipped-albums/admin.php HTTP/1.1" 200 96005 "https://malawisounds.com/zipped-albums/admin.php" "Mozilla/5.0 (Windows NT 10.0; Win64; x64) AppleWebKit/537.36 (KHTML, like Gecko) Chrome/113.0.0.0 Safari/537.36"
199.168.98.202 - - [04/Jan/2025:03:05:20 -0500] "POST /zipped-albums/admin.php?dir=L2hvbWUva3dhY3VxaWcvbWFsYXdpc291bmRzLmNvbS96aXBwZWQtYWxidW1z HTTP/1.1" 200 97398 "-" "Mozilla/5.0 (Windows NT 10.0; Win64; x64) AppleWebKit/537.36 (KHTML, like Gecko) Chrome/113.0.0.0 Safari/537.36"
199.168.98.202 - - [04/Jan/2025:03:05:21 -0500] "GET /zipped-albums/lock360.php?ac=p&api=&path=&t=514b4fe013fe40523fce2f421e5757bc HTTP/1.1" 200 39 "-" "Mozilla/5.0 (Windows NT 10.0; Win64; x64) AppleWebKit/537.36 (KHTML, like Gecko) Chrome/113.0.0.0 Safari/537.36"
199.168.98.202 - - [04/Jan/2025:03:05:21 -0500] "GET /zipped-albums/lock360.php?ac=code_existed&api=&path=/home/kwacuqig/malawisounds.com/index.php&t=514b4fe013fe40523fce2f421e5757bc&s=1 HTTP/1.1" 200 14 "-" "Mozilla/5.0 (Windows NT 10.0; Win64; x64) AppleWebKit/537.36 (KHTML, like Gecko) Chrome/113.0.0.0 Safari/537.36"
199.168.98.202 - - [04/Jan/2025:03:05:22 -0500] "GET /zipped-albums/lock360.php?ac=u-about&api=&path=&t=514b4fe013fe40523fce2f421e5757bc HTTP/1.1" 200 46 "-" "Mozilla/5.0 (Windows NT 10.0; Win64; x64) AppleWebKit/537.36 (KHTML, like Gecko) Chrome/113.0.0.0 Safari/537.36"
199.168.98.202 - - [04/Jan/2025:03:05:23 -0500] "GET /zipped-albums/lock360.php?ac=i_old&api=http://6063-ch4-v276.img9yahoo.com&path=/home/kwacuqig/malawisounds.com&t=514b4fe013fe40523fce2f421e5757bc&s=1 HTTP/1.1" 200 21 "-" "Mozilla/5.0 (Windows NT 10.0; Win64; x64) AppleWebKit/537.36 (KHTML, like Gecko) Chrome/113.0.0.0 Safari/537.36"
199.168.98.202 - - [04/Jan/2025:03:05:23 -0500] "GET / HTTP/1.1" 403 1242 "-" "Mozilla/5.0 (Windows NT 10.0; Win64; x64) AppleWebKit/537.36 (KHTML, like Gecko) Chrome/113.0.0.0 Safari/537.36"
199.168.98.202 - - [04/Jan/2025:03:05:23 -0500] "GET /?page-test-.shtml HTTP/1.1" 403 1242 "https://www.yahoo.co.jp/" "Mozilla/5.0 (Windows NT 10.0; Win64; x64) AppleWebKit/537.36 (KHTML, like Gecko) Chrome/81.0.4044.92 Safari/537.36"
199.168.98.202 - - [04/Jan/2025:03:05:23 -0500] "GET /zipped-albums/lock360.php?ac=delete_myself&api=&path=&t=514b4fe013fe40523fce2f421e5757bc HTTP/1.1" 200 15 "-" "Mozilla/5.0 (Windows NT 10.0; Win64; x64) AppleWebKit/537.36 (KHTML, like Gecko) Chrome/113.0.0.0 Safari/537.36"
51.222.253.7 - - [04/Jan/2025:03:05:29 -0500] "GET /sid-233-tea-omwera-mbewa-by-allan-namoko-and-chimvu-jazz-band HTTP/1.1" 200 3247 "-" "Mozilla/5.0 (compatible; AhrefsBot/7.0; +http://ahrefs.com/robot/)"
51.222.253.18 - - [04/Jan/2025:03:06:08 -0500] "GET /1166-We-Come-Running--by-Charity HTTP/1.1" 200 3901 "-" "Mozilla/5.0 (compatible; AhrefsBot/7.0; +http://ahrefs.com/robot/)"
114.119.138.207 - - [04/Jan/2025:03:06:13 -0500] "GET /download.php?id=358&name=WeLee%20Ft%20Sky-Only%20one HTTP/1.1" 200 7985052 "https://malawisounds.com/358-Only-one-by-WeLee-Ft-Sky" "Mozilla/5.0 (Linux; Android 7.0;) AppleWebKit/537.36 (KHTML, like Gecko) Mobile Safari/537.36 (compatible; PetalBot;+https://webmaster.petalsearch.com/site/petalbot)"
82.145.223.141 - - [04/Jan/2025:03:06:40 -0500] "GET /746-mbembembe-by-beracah HTTP/1.1" 200 4434 "https://www.google.com/search?q=Beracah%20mbembembe%20audio%20&client=ms-opera-mini&channel=new" "Opera/9.80 (SpreadTrum; Opera Mini/4.4.33961/191.361; U; en) Presto/2.12.423 Version/12.16"
82.145.223.141 - - [04/Jan/2025:03:06:40 -0500] "GET /Icons/malawisounds.ico HTTP/1.1" 200 4286 "https://malawisounds.com/746-mbembembe-by-beracah" "Opera/9.80 (SpreadTrum; Opera Mini/4.4.33961/191.361; U; en) Presto/2.12.423 Version/12.16"
82.145.223.141 - - [04/Jan/2025:03:06:40 -0500] "GET /js/ajax.js HTTP/1.1" 200 965 "https://malawisounds.com/746-mbembembe-by-beracah" "Opera/9.80 (SpreadTrum; Opera Mini/4.4.33961/191.361; U; en) Presto/2.12.423 Version/12.16"
82.145.223.141 - - [04/Jan/2025:03:06:41 -0500] "GET /bio/mwsounds-20230703010954-IMG-20230703-030900.jpg HTTP/1.1" 200 25808 "https://malawisounds.com/746-mbembembe-by-beracah" "Opera/9.80 (SpreadTrum; Opera Mini/4.4.33961/191.361; U; en) Presto/2.12.423 Version/12.16"
82.145.223.141 - - [04/Jan/2025:03:06:41 -0500] "GET /bio/mwsounds-20200706120806-FB_IMG_1590948777511.jpg HTTP/1.1" 200 19662 "https://malawisounds.com/746-mbembembe-by-beracah" "Opera/9.80 (SpreadTrum; Opera Mini/4.4.33961/191.361; U; en) Presto/2.12.423 Version/12.16"
82.145.223.141 - - [04/Jan/2025:03:06:41 -0500] "GET /css/w3.css HTTP/1.1" 200 6038 "https://malawisounds.com/746-mbembembe-by-beracah" "Opera/9.80 (SpreadTrum; Opera Mini/4.4.33961/191.361; U; en) Presto/2.12.423 Version/12.16"
82.145.223.141 - - [04/Jan/2025:03:06:41 -0500] "GET /bootstrap/css/bootstrap.min.css HTTP/1.1" 200 25196 "https://malawisounds.com/746-mbembembe-by-beracah" "Opera/9.80 (SpreadTrum; Opera Mini/4.4.33961/191.361; U; en) Presto/2.12.423 Version/12.16"
82.145.223.141 - - [04/Jan/2025:03:06:41 -0500] "GET /js/facebook-api.js HTTP/1.1" 200 281 "https://malawisounds.com/746-mbembembe-by-beracah" "Opera/9.80 (SpreadTrum; Opera Mini/4.4.33961/191.361; U; en) Presto/2.12.423 Version/12.16"
82.145.223.141 - - [04/Jan/2025:03:06:41 -0500] "GET /Icons/facebook.png HTTP/1.1" 200 2279 "https://malawisounds.com/746-mbembembe-by-beracah" "Opera/9.80 (SpreadTrum; Opera Mini/4.4.33961/191.361; U; en) Presto/2.12.423 Version/12.16"
82.145.223.141 - - [04/Jan/2025:03:06:41 -0500] "GET /Icons/instagram.png HTTP/1.1" 200 2764 "https://malawisounds.com/746-mbembembe-by-beracah" "Opera/9.80 (SpreadTrum; Opera Mini/4.4.33961/191.361; U; en) Presto/2.12.423 Version/12.16"
82.145.223.141 - - [04/Jan/2025:03:06:41 -0500] "GET /css/load.css HTTP/1.1" 200 10718 "https://malawisounds.com/746-mbembembe-by-beracah" "Opera/9.80 (SpreadTrum; Opera Mini/4.4.33961/191.361; U; en) Presto/2.12.423 Version/12.16"
82.145.223.141 - - [04/Jan/2025:03:06:41 -0500] "GET /css/animate.css HTTP/1.1" 200 6503 "https://malawisounds.com/746-mbembembe-by-beracah" "Opera/9.80 (SpreadTrum; Opera Mini/4.4.33961/191.361; U; en) Presto/2.12.423 Version/12.16"
82.145.223.141 - - [04/Jan/2025:03:06:41 -0500] "GET /impact/stylesheet.css HTTP/1.1" 200 180 "https://malawisounds.com/746-mbembembe-by-beracah" "Opera/9.80 (SpreadTrum; Opera Mini/4.4.33961/191.361; U; en) Presto/2.12.423 Version/12.16"
82.145.223.141 - - [04/Jan/2025:03:06:41 -0500] "GET /bio/mwsounds-20200706205025-tay-grin---Copy.jpg HTTP/1.1" 200 43244 "https://malawisounds.com/746-mbembembe-by-beracah" "Opera/9.80 (SpreadTrum; Opera Mini/4.4.33961/191.361; U; en) Presto/2.12.423 Version/12.16"
82.145.223.141 - - [04/Jan/2025:03:06:41 -0500] "GET /Icons/msounds1.png HTTP/1.1" 200 11619 "https://malawisounds.com/746-mbembembe-by-beracah" "Opera/9.80 (SpreadTrum; Opera Mini/4.4.33961/191.361; U; en) Presto/2.12.423 Version/12.16"
82.145.223.141 - - [04/Jan/2025:03:06:41 -0500] "GET /bio/mwsounds-20200801042643-Dr.Drew.jpg HTTP/1.1" 200 80629 "https://malawisounds.com/746-mbembembe-by-beracah" "Opera/9.80 (SpreadTrum; Opera Mini/4.4.33961/191.361; U; en) Presto/2.12.423 Version/12.16"
82.145.223.141 - - [04/Jan/2025:03:06:41 -0500] "GET /bio/mwsounds-20200706204045-gwamba.jpg HTTP/1.1" 200 39055 "https://malawisounds.com/746-mbembembe-by-beracah" "Opera/9.80 (SpreadTrum; Opera Mini/4.4.33961/191.361; U; en) Presto/2.12.423 Version/12.16"
82.145.223.141 - - [04/Jan/2025:03:06:41 -0500] "GET /Icons/twitter.png HTTP/1.1" 200 2415 "https://malawisounds.com/746-mbembembe-by-beracah" "Opera/9.80 (SpreadTrum; Opera Mini/4.4.33961/191.361; U; en) Presto/2.12.423 Version/12.16"
82.145.223.141 - - [04/Jan/2025:03:06:41 -0500] "GET /bio/mwsounds-20200710082408-onesmus.jpg HTTP/1.1" 200 30093 "https://malawisounds.com/746-mbembembe-by-beracah" "Opera/9.80 (SpreadTrum; Opera Mini/4.4.33961/191.361; U; en) Presto/2.12.423 Version/12.16"
82.145.223.141 - - [04/Jan/2025:03:06:41 -0500] "GET /bio/mwsounds-20200706203533-Namadigo.jpg HTTP/1.1" 200 33718 "https://malawisounds.com/746-mbembembe-by-beracah" "Opera/9.80 (SpreadTrum; Opera Mini/4.4.33961/191.361; U; en) Presto/2.12.423 Version/12.16"
82.145.223.141 - - [04/Jan/2025:03:06:41 -0500] "GET /js/jquery.js HTTP/1.1" 200 35358 "https://malawisounds.com/746-mbembembe-by-beracah" "Opera/9.80 (SpreadTrum; Opera Mini/4.4.33961/191.361; U; en) Presto/2.12.423 Version/12.16"
82.145.223.141 - - [04/Jan/2025:03:06:41 -0500] "GET /images/mwsounds-20211011202312-1633983614520mbembembe.jpg HTTP/1.1" 200 27746 "https://malawisounds.com/746-mbembembe-by-beracah" "Opera/9.80 (SpreadTrum; Opera Mini/4.4.33961/191.361; U; en) Presto/2.12.423 Version/12.16"
82.145.223.141 - - [04/Jan/2025:03:06:41 -0500] "GET /js/nav.js HTTP/1.1" 200 99 "https://malawisounds.com/746-mbembembe-by-beracah" "Opera/9.80 (SpreadTrum; Opera Mini/4.4.33961/191.361; U; en) Presto/2.12.423 Version/12.16"
82.145.223.141 - - [04/Jan/2025:03:06:41 -0500] "GET /images/mwsounds-20211011202312-1633983614520mbembembe.jpg HTTP/1.1" 200 27746 "https://malawisounds.com/746-mbembembe-by-beracah" "Opera/9.80 (SpreadTrum; Opera Mini/4.4.33961/191.361; U; en) Presto/2.12.423 Version/12.16"
82.145.223.141 - - [04/Jan/2025:03:06:41 -0500] "GET /js/wow.js HTTP/1.1" 200 4305 "https://malawisounds.com/746-mbembembe-by-beracah" "Opera/9.80 (SpreadTrum; Opera Mini/4.4.33961/191.361; U; en) Presto/2.12.423 Version/12.16"
82.145.223.141 - - [04/Jan/2025:03:06:41 -0500] "GET /ads/MS%20covid.jpg HTTP/1.1" 200 273002 "https://malawisounds.com/746-mbembembe-by-beracah" "Opera/9.80 (SpreadTrum; Opera Mini/4.4.33961/191.361; U; en) Presto/2.12.423 Version/12.16"
82.145.223.141 - - [04/Jan/2025:03:06:41 -0500] "GET /js/nav.js HTTP/1.1" 200 99 "https://malawisounds.com/746-mbembembe-by-beracah" "Opera/9.80 (SpreadTrum; Opera Mini/4.4.33961/191.361; U; en) Presto/2.12.423 Version/12.16"
82.145.223.141 - - [04/Jan/2025:03:06:41 -0500] "GET /ads/MS%20covid.jpg HTTP/1.1" 200 273002 "https://malawisounds.com/746-mbembembe-by-beracah" "Opera/9.80 (SpreadTrum; Opera Mini/4.4.33961/191.361; U; en) Presto/2.12.423 Version/12.16"
82.145.223.141 - - [04/Jan/2025:03:06:41 -0500] "GET /fonts/Gothic.ttf HTTP/1.1" 200 112628 "https://malawisounds.com/746-mbembembe-by-beracah" "Opera/9.80 (SpreadTrum; Opera Mini/4.4.33961/191.361; U; en) Presto/2.12.423 Version/12.16"
82.145.223.141 - - [04/Jan/2025:03:06:41 -0500] "GET /fonts/Gothic-B.ttf HTTP/1.1" 200 129676 "https://malawisounds.com/746-mbembembe-by-beracah" "Opera/9.80 (SpreadTrum; Opera Mini/4.4.33961/191.361; U; en) Presto/2.12.423 Version/12.16"
82.145.223.141 - - [04/Jan/2025:03:06:42 -0500] "GET /bootstrap/fonts/glyphicons-halflings-regular.woff HTTP/1.1" 200 23424 "https://malawisounds.com/746-mbembembe-by-beracah" "Opera/9.80 (SpreadTrum; Opera Mini/4.4.33961/191.361; U; en) Presto/2.12.423 Version/12.16"
51.222.253.1 - - [04/Jan/2025:03:06:44 -0500] "GET /151-Chilungamo-by-Charis-Phiri HTTP/1.1" 200 3890 "-" "Mozilla/5.0 (compatible; AhrefsBot/7.0; +http://ahrefs.com/robot/)"
51.222.253.11 - - [04/Jan/2025:03:07:23 -0500] "GET /499-Missionaries-by-Massive-ft.-Sir-Odilo HTTP/1.1" 200 3969 "-" "Mozilla/5.0 (compatible; AhrefsBot/7.0; +http://ahrefs.com/robot/)"
51.222.253.11 - - [04/Jan/2025:03:08:31 -0500] "GET /1344-COMING-by-Josper-G-Sir-Badman-prod-by-blacktezi. HTTP/1.1" 200 3975 "-" "Mozilla/5.0 (compatible; AhrefsBot/7.0; +http://ahrefs.com/robot/)"
52.167.144.146 - - [04/Jan/2025:03:08:34 -0500] "GET /download.php?id=528&name=Zyugha%20and%20Mwanie-Bize HTTP/1.1" 200 9169376 "-" "Mozilla/5.0 AppleWebKit/537.36 (KHTML, like Gecko; compatible; bingbot/2.0; +http://www.bing.com/bingbot.htm) Chrome/116.0.1938.76 Safari/537.36"
82.145.210.230 - - [04/Jan/2025:03:08:41 -0500] "GET /683-mr.-nobody-by-onesimus- HTTP/1.1" 200 4440 "https://www.google.com/" "Mozilla/5.0 (Linux; U; Android 13; Nokia G10 Build/TP1A.220624.014; wv) AppleWebKit/537.36 (KHTML, like Gecko) Version/4.0 Chrome/131.0.6778.135 Mobile Safari/537.36 OPR/87.0.2254.75067"
82.145.210.230 - - [04/Jan/2025:03:08:42 -0500] "GET /css/animate.css HTTP/1.1" 200 6503 "https://malawisounds.com/683-mr.-nobody-by-onesimus-" "Mozilla/5.0 (Linux; U; Android 13; Nokia G10 Build/TP1A.220624.014; wv) AppleWebKit/537.36 (KHTML, like Gecko) Version/4.0 Chrome/131.0.6778.135 Mobile Safari/537.36 OPR/87.0.2254.75067"
82.145.210.230 - - [04/Jan/2025:03:08:42 -0500] "GET /css/load.css HTTP/1.1" 200 10718 "https://malawisounds.com/683-mr.-nobody-by-onesimus-" "Mozilla/5.0 (Linux; U; Android 13; Nokia G10 Build/TP1A.220624.014; wv) AppleWebKit/537.36 (KHTML, like Gecko) Version/4.0 Chrome/131.0.6778.135 Mobile Safari/537.36 OPR/87.0.2254.75067"
82.145.210.230 - - [04/Jan/2025:03:08:42 -0500] "GET /css/w3.css HTTP/1.1" 200 6038 "https://malawisounds.com/683-mr.-nobody-by-onesimus-" "Mozilla/5.0 (Linux; U; Android 13; Nokia G10 Build/TP1A.220624.014; wv) AppleWebKit/537.36 (KHTML, like Gecko) Version/4.0 Chrome/131.0.6778.135 Mobile Safari/537.36 OPR/87.0.2254.75067"
82.145.210.230 - - [04/Jan/2025:03:08:42 -0500] "GET /bootstrap/css/bootstrap.min.css HTTP/1.1" 200 25196 "https://malawisounds.com/683-mr.-nobody-by-onesimus-" "Mozilla/5.0 (Linux; U; Android 13; Nokia G10 Build/TP1A.220624.014; wv) AppleWebKit/537.36 (KHTML, like Gecko) Version/4.0 Chrome/131.0.6778.135 Mobile Safari/537.36 OPR/87.0.2254.75067"
82.145.210.230 - - [04/Jan/2025:03:08:42 -0500] "GET /impact/stylesheet.css HTTP/1.1" 200 180 "https://malawisounds.com/683-mr.-nobody-by-onesimus-" "Mozilla/5.0 (Linux; U; Android 13; Nokia G10 Build/TP1A.220624.014; wv) AppleWebKit/537.36 (KHTML, like Gecko) Version/4.0 Chrome/131.0.6778.135 Mobile Safari/537.36 OPR/87.0.2254.75067"
82.145.210.230 - - [04/Jan/2025:03:08:42 -0500] "GET /Icons/facebook.png HTTP/1.1" 200 2279 "https://malawisounds.com/683-mr.-nobody-by-onesimus-" "Mozilla/5.0 (Linux; U; Android 13; Nokia G10 Build/TP1A.220624.014; wv) AppleWebKit/537.36 (KHTML, like Gecko) Version/4.0 Chrome/131.0.6778.135 Mobile Safari/537.36 OPR/87.0.2254.75067"
82.145.210.230 - - [04/Jan/2025:03:08:42 -0500] "GET /Icons/msounds1.png HTTP/1.1" 200 11619 "https://malawisounds.com/683-mr.-nobody-by-onesimus-" "Mozilla/5.0 (Linux; U; Android 13; Nokia G10 Build/TP1A.220624.014; wv) AppleWebKit/537.36 (KHTML, like Gecko) Version/4.0 Chrome/131.0.6778.135 Mobile Safari/537.36 OPR/87.0.2254.75067"
82.145.210.230 - - [04/Jan/2025:03:08:42 -0500] "GET /Icons/instagram.png HTTP/1.1" 200 2764 "https://malawisounds.com/683-mr.-nobody-by-onesimus-" "Mozilla/5.0 (Linux; U; Android 13; Nokia G10 Build/TP1A.220624.014; wv) AppleWebKit/537.36 (KHTML, like Gecko) Version/4.0 Chrome/131.0.6778.135 Mobile Safari/537.36 OPR/87.0.2254.75067"
82.145.210.230 - - [04/Jan/2025:03:08:42 -0500] "GET /bio/mwsounds-20200706203533-Namadigo.jpg HTTP/1.1" 200 33718 "https://malawisounds.com/683-mr.-nobody-by-onesimus-" "Mozilla/5.0 (Linux; U; Android 13; Nokia G10 Build/TP1A.220624.014; wv) AppleWebKit/537.36 (KHTML, like Gecko) Version/4.0 Chrome/131.0.6778.135 Mobile Safari/537.36 OPR/87.0.2254.75067"
82.145.210.230 - - [04/Jan/2025:03:08:42 -0500] "GET /bio/mwsounds-20200706205025-tay-grin---Copy.jpg HTTP/1.1" 200 43244 "https://malawisounds.com/683-mr.-nobody-by-onesimus-" "Mozilla/5.0 (Linux; U; Android 13; Nokia G10 Build/TP1A.220624.014; wv) AppleWebKit/537.36 (KHTML, like Gecko) Version/4.0 Chrome/131.0.6778.135 Mobile Safari/537.36 OPR/87.0.2254.75067"
82.145.210.230 - - [04/Jan/2025:03:08:42 -0500] "GET /bio/mwsounds-20200706120806-FB_IMG_1590948777511.jpg HTTP/1.1" 200 19662 "https://malawisounds.com/683-mr.-nobody-by-onesimus-" "Mozilla/5.0 (Linux; U; Android 13; Nokia G10 Build/TP1A.220624.014; wv) AppleWebKit/537.36 (KHTML, like Gecko) Version/4.0 Chrome/131.0.6778.135 Mobile Safari/537.36 OPR/87.0.2254.75067"
82.145.210.230 - - [04/Jan/2025:03:08:42 -0500] "GET /bio/mwsounds-20230703010954-IMG-20230703-030900.jpg HTTP/1.1" 200 25808 "https://malawisounds.com/683-mr.-nobody-by-onesimus-" "Mozilla/5.0 (Linux; U; Android 13; Nokia G10 Build/TP1A.220624.014; wv) AppleWebKit/537.36 (KHTML, like Gecko) Version/4.0 Chrome/131.0.6778.135 Mobile Safari/537.36 OPR/87.0.2254.75067"
82.145.210.230 - - [04/Jan/2025:03:08:42 -0500] "GET /bio/mwsounds-20200801042643-Dr.Drew.jpg HTTP/1.1" 200 80629 "https://malawisounds.com/683-mr.-nobody-by-onesimus-" "Mozilla/5.0 (Linux; U; Android 13; Nokia G10 Build/TP1A.220624.014; wv) AppleWebKit/537.36 (KHTML, like Gecko) Version/4.0 Chrome/131.0.6778.135 Mobile Safari/537.36 OPR/87.0.2254.75067"
82.145.210.230 - - [04/Jan/2025:03:08:42 -0500] "GET /bio/mwsounds-20200710082408-onesmus.jpg HTTP/1.1" 200 30093 "https://malawisounds.com/683-mr.-nobody-by-onesimus-" "Mozilla/5.0 (Linux; U; Android 13; Nokia G10 Build/TP1A.220624.014; wv) AppleWebKit/537.36 (KHTML, like Gecko) Version/4.0 Chrome/131.0.6778.135 Mobile Safari/537.36 OPR/87.0.2254.75067"
82.145.210.230 - - [04/Jan/2025:03:08:42 -0500] "GET /bio/mwsounds-20200706204045-gwamba.jpg HTTP/1.1" 200 39055 "https://malawisounds.com/683-mr.-nobody-by-onesimus-" "Mozilla/5.0 (Linux; U; Android 13; Nokia G10 Build/TP1A.220624.014; wv) AppleWebKit/537.36 (KHTML, like Gecko) Version/4.0 Chrome/131.0.6778.135 Mobile Safari/537.36 OPR/87.0.2254.75067"
82.145.210.230 - - [04/Jan/2025:03:08:42 -0500] "GET /Icons/twitter.png HTTP/1.1" 200 2415 "https://malawisounds.com/683-mr.-nobody-by-onesimus-" "Mozilla/5.0 (Linux; U; Android 13; Nokia G10 Build/TP1A.220624.014; wv) AppleWebKit/537.36 (KHTML, like Gecko) Version/4.0 Chrome/131.0.6778.135 Mobile Safari/537.36 OPR/87.0.2254.75067"
82.145.210.230 - - [04/Jan/2025:03:08:42 -0500] "GET /ads/MS%20covid.jpg HTTP/1.1" 200 273002 "https://malawisounds.com/683-mr.-nobody-by-onesimus-" "Mozilla/5.0 (Linux; U; Android 13; Nokia G10 Build/TP1A.220624.014; wv) AppleWebKit/537.36 (KHTML, like Gecko) Version/4.0 Chrome/131.0.6778.135 Mobile Safari/537.36 OPR/87.0.2254.75067"
82.145.210.230 - - [04/Jan/2025:03:08:42 -0500] "GET /images/mwsounds-20210824104840-fb-img-1629753946030.jpg HTTP/1.1" 200 26407 "https://malawisounds.com/683-mr.-nobody-by-onesimus-" "Mozilla/5.0 (Linux; U; Android 13; Nokia G10 Build/TP1A.220624.014; wv) AppleWebKit/537.36 (KHTML, like Gecko) Version/4.0 Chrome/131.0.6778.135 Mobile Safari/537.36 OPR/87.0.2254.75067"
82.145.210.230 - - [04/Jan/2025:03:08:43 -0500] "GET /js/ajax.js HTTP/1.1" 200 965 "https://malawisounds.com/683-mr.-nobody-by-onesimus-" "Mozilla/5.0 (Linux; U; Android 13; Nokia G10 Build/TP1A.220624.014; wv) AppleWebKit/537.36 (KHTML, like Gecko) Version/4.0 Chrome/131.0.6778.135 Mobile Safari/537.36 OPR/87.0.2254.75067"
82.145.210.230 - - [04/Jan/2025:03:08:43 -0500] "GET /js/facebook-api.js HTTP/1.1" 200 281 "https://malawisounds.com/683-mr.-nobody-by-onesimus-" "Mozilla/5.0 (Linux; U; Android 13; Nokia G10 Build/TP1A.220624.014; wv) AppleWebKit/537.36 (KHTML, like Gecko) Version/4.0 Chrome/131.0.6778.135 Mobile Safari/537.36 OPR/87.0.2254.75067"
82.145.210.230 - - [04/Jan/2025:03:08:43 -0500] "GET /js/jquery.js HTTP/1.1" 200 35358 "https://malawisounds.com/683-mr.-nobody-by-onesimus-" "Mozilla/5.0 (Linux; U; Android 13; Nokia G10 Build/TP1A.220624.014; wv) AppleWebKit/537.36 (KHTML, like Gecko) Version/4.0 Chrome/131.0.6778.135 Mobile Safari/537.36 OPR/87.0.2254.75067"
82.145.210.230 - - [04/Jan/2025:03:08:43 -0500] "GET /js/wow.js HTTP/1.1" 200 4305 "https://malawisounds.com/683-mr.-nobody-by-onesimus-" "Mozilla/5.0 (Linux; U; Android 13; Nokia G10 Build/TP1A.220624.014; wv) AppleWebKit/537.36 (KHTML, like Gecko) Version/4.0 Chrome/131.0.6778.135 Mobile Safari/537.36 OPR/87.0.2254.75067"
82.145.210.230 - - [04/Jan/2025:03:08:43 -0500] "GET /js/nav.js HTTP/1.1" 200 99 "https://malawisounds.com/683-mr.-nobody-by-onesimus-" "Mozilla/5.0 (Linux; U; Android 13; Nokia G10 Build/TP1A.220624.014; wv) AppleWebKit/537.36 (KHTML, like Gecko) Version/4.0 Chrome/131.0.6778.135 Mobile Safari/537.36 OPR/87.0.2254.75067"
82.145.210.230 - - [04/Jan/2025:03:08:44 -0500] "GET /fonts/Gothic-B.ttf HTTP/1.1" 200 129676 "https://malawisounds.com/css/load.css" "Mozilla/5.0 (Linux; U; Android 13; Nokia G10 Build/TP1A.220624.014; wv) AppleWebKit/537.36 (KHTML, like Gecko) Version/4.0 Chrome/131.0.6778.135 Mobile Safari/537.36 OPR/87.0.2254.75067"
82.145.210.230 - - [04/Jan/2025:03:08:44 -0500] "GET /fonts/Gothic.ttf HTTP/1.1" 200 112628 "https://malawisounds.com/css/load.css" "Mozilla/5.0 (Linux; U; Android 13; Nokia G10 Build/TP1A.220624.014; wv) AppleWebKit/537.36 (KHTML, like Gecko) Version/4.0 Chrome/131.0.6778.135 Mobile Safari/537.36 OPR/87.0.2254.75067"
82.145.210.230 - - [04/Jan/2025:03:08:44 -0500] "GET /bootstrap/fonts/glyphicons-halflings-regular.woff2 HTTP/1.1" 200 18028 "https://malawisounds.com/bootstrap/css/bootstrap.min.css" "Mozilla/5.0 (Linux; U; Android 13; Nokia G10 Build/TP1A.220624.014; wv) AppleWebKit/537.36 (KHTML, like Gecko) Version/4.0 Chrome/131.0.6778.135 Mobile Safari/537.36 OPR/87.0.2254.75067"
82.145.210.230 - - [04/Jan/2025:03:08:45 -0500] "GET /null HTTP/1.1" 404 1251 "https://malawisounds.com/683-mr.-nobody-by-onesimus-" "Mozilla/5.0 (Linux; U; Android 13; Nokia G10 Build/TP1A.220624.014; wv) AppleWebKit/537.36 (KHTML, like Gecko) Version/4.0 Chrome/131.0.6778.135 Mobile Safari/537.36 OPR/87.0.2254.75067"
82.145.210.230 - - [04/Jan/2025:03:08:48 -0500] "GET /Icons/malawisounds.ico HTTP/1.1" 200 4286 "https://malawisounds.com/683-mr.-nobody-by-onesimus-" "Mozilla/5.0 (Linux; U; Android 13; Nokia G10 Build/TP1A.220624.014; wv) AppleWebKit/537.36 (KHTML, like Gecko) Version/4.0 Chrome/131.0.6778.135 Mobile Safari/537.36 OPR/87.0.2254.75067"
82.145.210.230 - - [04/Jan/2025:03:08:53 -0500] "GET /download.php?id=683&name=Onesimus%20-Mr.%20Nobody HTTP/1.1" 200 7371888 "https://malawisounds.com/683-mr.-nobody-by-onesimus-" "Mozilla/5.0 (Linux; U; Android 13; Nokia G10 Build/TP1A.220624.014; wv) AppleWebKit/537.36 (KHTML, like Gecko) Version/4.0 Chrome/131.0.6778.135 Mobile Safari/537.36 OPR/87.0.2254.75067"
45.215.255.30 - - [04/Jan/2025:03:08:55 -0500] "GET /download.php?id=683&name=Onesimus%20-Mr.%20Nobody HTTP/1.1" 200 6573736 "https://malawisounds.com/683-mr.-nobody-by-onesimus-" "Mozilla/5.0 (Linux; U; Android 13; Nokia G10 Build/TP1A.220624.014; wv) AppleWebKit/537.36 (KHTML, like Gecko) Version/4.0 Chrome/131.0.6778.135 Mobile Safari/537.36 OPR/87.0.2254.75067"
112.94.253.228 - - [04/Jan/2025:03:09:00 -0500] "GET /ipfs/bafkreicyqcbhpicbos7ev4mrxofwqx6hvvge7pahpta6xuspr44crai5by HTTP/1.1" 404 1251 "-" "Mozilla/5.0184010163 Mozilla/5.0 (Windows NT 6.1; Win64; x64; rv:57.0) Gecko/20100101 Firefox/57.0"
45.215.255.30 - - [04/Jan/2025:03:09:01 -0500] "GET /download.php?id=683&name=Onesimus%20-Mr.%20Nobody HTTP/1.1" 200 7866634 "https://malawisounds.com/683-mr.-nobody-by-onesimus-" "Mozilla/5.0 (Linux; U; Android 13; Nokia G10 Build/TP1A.220624.014; wv) AppleWebKit/537.36 (KHTML, like Gecko) Version/4.0 Chrome/131.0.6778.135 Mobile Safari/537.36 OPR/87.0.2254.75067"
45.215.255.30 - - [04/Jan/2025:03:09:04 -0500] "GET /download.php?id=683&name=Onesimus%20-Mr.%20Nobody HTTP/1.1" 200 7109744 "https://malawisounds.com/683-mr.-nobody-by-onesimus-" "Mozilla/5.0 (Linux; U; Android 13; Nokia G10 Build/TP1A.220624.014; wv) AppleWebKit/537.36 (KHTML, like Gecko) Version/4.0 Chrome/131.0.6778.135 Mobile Safari/537.36 OPR/87.0.2254.75067"
45.215.255.30 - - [04/Jan/2025:03:09:04 -0500] "GET /download.php?id=683&name=Onesimus%20-Mr.%20Nobody HTTP/1.1" 200 7109638 "https://malawisounds.com/683-mr.-nobody-by-onesimus-" "Mozilla/5.0 (Linux; U; Android 13; Nokia G10 Build/TP1A.220624.014; wv) AppleWebKit/537.36 (KHTML, like Gecko) Version/4.0 Chrome/131.0.6778.135 Mobile Safari/537.36 OPR/87.0.2254.75067"
45.215.255.30 - - [04/Jan/2025:03:09:04 -0500] "GET /download.php?id=683&name=Onesimus%20-Mr.%20Nobody HTTP/1.1" 200 7109638 "https://malawisounds.com/683-mr.-nobody-by-onesimus-" "Mozilla/5.0 (Linux; U; Android 13; Nokia G10 Build/TP1A.220624.014; wv) AppleWebKit/537.36 (KHTML, like Gecko) Version/4.0 Chrome/131.0.6778.135 Mobile Safari/537.36 OPR/87.0.2254.75067"
51.222.253.13 - - [04/Jan/2025:03:09:05 -0500] "GET /sid-629-the-resolve-by-mcluther- HTTP/1.1" 200 3216 "-" "Mozilla/5.0 (compatible; AhrefsBot/7.0; +http://ahrefs.com/robot/)"
4.43.184.114 - - [04/Jan/2025:03:09:16 -0500] "GET / HTTP/1.0" 403 1242 "-" "Mozilla/4.0 (compatible; MSIE 8.0; Windows NT 6.1)"
51.222.253.5 - - [04/Jan/2025:03:10:12 -0500] "GET /794-Usalire-by-JAYZIE-B-ft-Amoeba HTTP/1.1" 200 3911 "-" "Mozilla/5.0 (compatible; AhrefsBot/7.0; +http://ahrefs.com/robot/)"
51.222.253.1 - - [04/Jan/2025:03:10:47 -0500] "GET /408-Kandilore-by-Slap-kay HTTP/1.1" 200 3934 "-" "Mozilla/5.0 (compatible; AhrefsBot/7.0; +http://ahrefs.com/robot/)"
157.55.39.6 - - [04/Jan/2025:03:11:16 -0500] "GET /download.php?id=713&name=Frk%20ft.%20Big%20G%20Luko%20and%20Earnester-Shudder HTTP/1.1" 200 9883266 "-" "Mozilla/5.0 AppleWebKit/537.36 (KHTML, like Gecko; compatible; bingbot/2.0; +http://www.bing.com/bingbot.htm) Chrome/116.0.1938.76 Safari/537.36"
51.222.253.10 - - [04/Jan/2025:03:11:19 -0500] "GET /albums?pageno=17 HTTP/1.1" 200 2896 "-" "Mozilla/5.0 (compatible; AhrefsBot/7.0; +http://ahrefs.com/robot/)"
51.222.253.16 - - [04/Jan/2025:03:12:02 -0500] "GET /800-with-my-baby-by-snazzy HTTP/1.1" 200 3951 "-" "Mozilla/5.0 (compatible; AhrefsBot/7.0; +http://ahrefs.com/robot/)"
141.0.13.61 - - [04/Jan/2025:03:12:16 -0500] "GET /bio/mwsounds-20200708214335-sangie.jpg HTTP/1.1" 200 32792 "https://www.google.com/imgres?imgurl=https://malawisounds.com/bio/mwsounds-20200708214335-sangie.jpg&imgrefurl=https://www.malawisounds.com/artist%3DSangie&h=1000&w=1000&tbnid=w19Dk0R0-xw-pM&q=SANGIE&tbnh=225&tbnw=225&iact=rc&usg=AI4_-kR3MCpcxxtKVBD3g-7MCnciybOCOQ&vet=1&docid=PLkQfpbo8x9IMM&itg=1&tbm=isch&client=ms-opera-mini&sa=X&ved=2ahUKEwin2tX6ztuKAxUXgv0HHb_uJfQQrQN6BAgSEAE" "Opera/9.80 (MAUI Runtime; Opera Mini/4.4.33576/191.361; U; en) Presto/2.12.423 Version/12.16"
154.38.167.39 - - [04/Jan/2025:03:12:24 -0500] "GET /contact-us HTTP/1.1" 200 2637 "-" "Mozilla/5.0 (Windows NT 10.0; WOW64) AppleWebKit/537.36 (KHTML, like Gecko) Chrome/114.0.0.0 Safari/537.36"
154.38.167.39 - - [04/Jan/2025:03:12:25 -0500] "POST /contact.php HTTP/1.1" 200 2979 "https://malawisounds.com/contact-us" "Mozilla/5.0 (Windows NT 10.0; WOW64) AppleWebKit/537.36 (KHTML, like Gecko) Chrome/114.0.0.0 Safari/537.36"
69.171.249.1 - - [04/Jan/2025:03:12:41 -0500] "GET /images/mwsounds-20241130-134601-God-of-all-by-Faith-Music-x-Wezzie-Singz.jpg HTTP/1.1" 200 296970 "-" "facebookexternalhit/1.1 (+http://www.facebook.com/externalhit_uatext.php)"
51.222.253.3 - - [04/Jan/2025:03:12:42 -0500] "GET /sid-631-m'mayitha-by-claymo-x-eze-grail-x-zax-d HTTP/1.1" 200 3237 "-" "Mozilla/5.0 (compatible; AhrefsBot/7.0; +http://ahrefs.com/robot/)"
69.171.249.8 - - [04/Jan/2025:03:12:49 -0500] "GET /songs.php?id=1670 HTTP/1.1" 200 14580 "-" "facebookexternalhit/1.1 (+http://www.facebook.com/externalhit_uatext.php)"
51.222.253.12 - - [04/Jan/2025:03:13:15 -0500] "GET /sid-363-family-first-by-rasko-and-nyast HTTP/1.1" 200 3223 "-" "Mozilla/5.0 (compatible; AhrefsBot/7.0; +http://ahrefs.com/robot/)"
105.234.182.183 - - [04/Jan/2025:03:13:23 -0500] "GET /bio/mwsounds-20200706204045-gwamba.jpg HTTP/1.1" 200 39055 "https://myactivity.google.com/" "Mozilla/5.0 (Linux; Android 8.1.0; SM-A260F Build/OPR6) AppleWebKit/537.36 (KHTML, like Gecko) Chrome/114.0.5735.196 Mobile Safari/537.36"
51.222.253.6 - - [04/Jan/2025:03:13:34 -0500] "GET /images/mwsounds-20211224-222458-with-my-baby-by-snazzy.jpg HTTP/1.1" 200 72333 "-" "Mozilla/5.0 (compatible; AhrefsBot/7.0; +http://ahrefs.com/robot/)"
51.222.253.9 - - [04/Jan/2025:03:13:35 -0500] "GET /800-with-my-baby-by-snazzy HTTP/1.1" 200 3903 "-" "Mozilla/5.0 (compatible; AhrefsBot/7.0; +http://ahrefs.com/robot/)"
112.86.225.46 - - [04/Jan/2025:03:14:39 -0500] "GET / HTTP/1.1" 403 1242 "-" "Sogou web spider/4.0(+http://www.sogou.com/docs/help/webmasters.htm#07)"
51.222.253.2 - - [04/Jan/2025:03:15:07 -0500] "GET /sid-637-agalu-olusa-by-jin-cristah-ft-big-man-alex HTTP/1.1" 200 3229 "-" "Mozilla/5.0 (compatible; AhrefsBot/7.0; +http://ahrefs.com/robot/)"
23.80.166.72 - - [04/Jan/2025:03:15:31 -0500] "GET /contact-us HTTP/1.1" 200 2637 "-" "Mozilla/5.0 (Windows NT 10.0; WOW64) AppleWebKit/537.36 (KHTML, like Gecko) Chrome/114.0.0.0 Safari/537.36"
23.80.166.72 - - [04/Jan/2025:03:15:36 -0500] "POST /contact.php HTTP/1.1" 200 3081 "https://malawisounds.com/contact-us" "Mozilla/5.0 (Windows NT 10.0; WOW64) AppleWebKit/537.36 (KHTML, like Gecko) Chrome/114.0.0.0 Safari/537.36"
52.167.144.146 - - [04/Jan/2025:03:15:44 -0500] "GET /buf3h3asj.html HTTP/1.1" 404 1251 "-" "Mozilla/5.0 AppleWebKit/537.36 (KHTML, like Gecko; compatible; bingbot/2.0; +http://www.bing.com/bingbot.htm) Chrome/116.0.1938.76 Safari/537.36"
51.222.253.15 - - [04/Jan/2025:03:15:52 -0500] "GET /6-Lets-Party-by-Davaspah-ft-Princess HTTP/1.1" 200 3941 "-" "Mozilla/5.0 (compatible; AhrefsBot/7.0; +http://ahrefs.com/robot/)"
51.222.253.18 - - [04/Jan/2025:03:16:30 -0500] "GET /sid-327-golide-by-bucci HTTP/1.1" 200 3264 "-" "Mozilla/5.0 (compatible; AhrefsBot/7.0; +http://ahrefs.com/robot/)"
52.167.144.146 - - [04/Jan/2025:03:16:54 -0500] "GET /oc226ltet.html HTTP/1.1" 404 1251 "-" "Mozilla/5.0 AppleWebKit/537.36 (KHTML, like Gecko; compatible; bingbot/2.0; +http://www.bing.com/bingbot.htm) Chrome/116.0.1938.76 Safari/537.36"
51.222.253.1 - - [04/Jan/2025:03:16:56 -0500] "GET /sid-635-kontroller-(remix)-by-sqanji3-ft-kleva-roots HTTP/1.1" 200 3290 "-" "Mozilla/5.0 (compatible; AhrefsBot/7.0; +http://ahrefs.com/robot/)"
51.222.253.12 - - [04/Jan/2025:03:17:33 -0500] "GET /albums?pageno=61 HTTP/1.1" 200 2895 "-" "Mozilla/5.0 (compatible; AhrefsBot/7.0; +http://ahrefs.com/robot/)"
103.131.71.222 - - [04/Jan/2025:03:18:40 -0500] "GET /robots.txt HTTP/1.1" 404 1251 "-" "Mozilla/5.0 (compatible; coccocbot-web/1.0; +http://help.coccoc.com/searchengine)"
103.131.71.133 - - [04/Jan/2025:03:18:43 -0500] "GET /367-Wih-Stand-Strong-by-Squizzer HTTP/1.1" 200 4448 "-" "Mozilla/5.0 (compatible; coccocbot-web/1.0; +http://help.coccoc.com/searchengine)"
103.131.71.167 - - [04/Jan/2025:03:18:48 -0500] "GET /robots.txt HTTP/1.1" 404 1251 "-" "Mozilla/5.0 (compatible; coccocbot-web/1.0; +http://help.coccoc.com/searchengine)"
103.131.71.160 - - [04/Jan/2025:03:18:49 -0500] "GET /sid-367-wih-stand-strong-by-squizzer HTTP/1.1" 200 3591 "-" "Mozilla/5.0 (compatible; coccocbot-web/1.0; +http://help.coccoc.com/searchengine)"
51.222.253.20 - - [04/Jan/2025:03:19:02 -0500] "GET /sid-452-crown-by-comte-ft-b-willz HTTP/1.1" 200 3250 "-" "Mozilla/5.0 (compatible; AhrefsBot/7.0; +http://ahrefs.com/robot/)"
66.249.73.2 - - [04/Jan/2025:03:19:15 -0500] "GET /songs.php?id=113 HTTP/1.1" 200 3945 "-" "Mozilla/5.0 (Linux; Android 6.0.1; Nexus 5X Build/MMB29P) AppleWebKit/537.36 (KHTML, like Gecko) Chrome/131.0.6778.139 Mobile Safari/537.36 (compatible; Googlebot/2.1; +http://www.google.com/bot.html)"
66.249.65.161 - - [04/Jan/2025:03:19:24 -0500] "GET /623-Nkhondo-ndi-anasi-by-Suffix HTTP/1.1" 200 3926 "-" "Mozilla/5.0 (Linux; Android 6.0.1; Nexus 5X Build/MMB29P) AppleWebKit/537.36 (KHTML, like Gecko) Chrome/131.0.6778.139 Mobile Safari/537.36 (compatible; Googlebot/2.1; +http://www.google.com/bot.html)"
51.222.253.3 - - [04/Jan/2025:03:19:33 -0500] "GET /artist=Eli-Njuchi HTTP/1.1" 200 3040 "-" "Mozilla/5.0 (compatible; AhrefsBot/7.0; +http://ahrefs.com/robot/)"
66.249.65.161 - - [04/Jan/2025:03:19:41 -0500] "GET /songs.php?id=119&name=FrancO-ft-CKrist-Amanjenjemera-satana HTTP/1.1" 200 3926 "-" "Mozilla/5.0 (Linux; Android 6.0.1; Nexus 5X Build/MMB29P) AppleWebKit/537.36 (KHTML, like Gecko) Chrome/131.0.6778.139 Mobile Safari/537.36 (compatible; Googlebot/2.1; +http://www.google.com/bot.html)"
51.222.253.11 - - [04/Jan/2025:03:20:05 -0500] "GET /videos HTTP/1.1" 200 3388 "-" "Mozilla/5.0 (compatible; AhrefsBot/7.0; +http://ahrefs.com/robot/)"
69.171.249.116 - - [04/Jan/2025:03:20:16 -0500] "GET /songs.php?id=1583 HTTP/1.1" 200 14476 "-" "facebookexternalhit/1.1 (+http://www.facebook.com/externalhit_uatext.php)"
69.171.249.113 - - [04/Jan/2025:03:20:16 -0500] "GET /songs.php?id=1583 HTTP/1.1" 200 14476 "-" "facebookexternalhit/1.1 (+http://www.facebook.com/externalhit_uatext.php)"
51.222.253.19 - - [04/Jan/2025:03:20:34 -0500] "GET /artist=Gwamba HTTP/1.1" 200 3139 "-" "Mozilla/5.0 (compatible; AhrefsBot/7.0; +http://ahrefs.com/robot/)"
51.222.253.8 - - [04/Jan/2025:03:21:11 -0500] "GET /artist=TayGrin HTTP/1.1" 200 3168 "-" "Mozilla/5.0 (compatible; AhrefsBot/7.0; +http://ahrefs.com/robot/)"
51.222.253.2 - - [04/Jan/2025:03:22:27 -0500] "GET /sid-1289-tell-the-world--by-jowie HTTP/1.1" 200 3224 "-" "Mozilla/5.0 (compatible; AhrefsBot/7.0; +http://ahrefs.com/robot/)"
114.119.134.192 - - [04/Jan/2025:03:22:38 -0500] "GET /singles?pageno=31 HTTP/1.1" 200 4242 "https://malawisounds.com/singles?pageno=30" "Mozilla/5.0 (Linux; Android 7.0;) AppleWebKit/537.36 (KHTML, like Gecko) Mobile Safari/537.36 (compatible; PetalBot;+https://webmaster.petalsearch.com/site/petalbot)"
51.222.253.11 - - [04/Jan/2025:03:23:06 -0500] "GET /611-Muzandisowa-by-Real-C HTTP/1.1" 200 3900 "-" "Mozilla/5.0 (compatible; AhrefsBot/7.0; +http://ahrefs.com/robot/)"
51.222.253.13 - - [04/Jan/2025:03:23:40 -0500] "GET /artist=SINDI-MARIA HTTP/1.1" 200 3203 "-" "Mozilla/5.0 (compatible; AhrefsBot/7.0; +http://ahrefs.com/robot/)"
40.77.167.46 - - [04/Jan/2025:03:23:42 -0500] "GET /pvw4wdebi.html HTTP/1.1" 404 1251 "-" "Mozilla/5.0 AppleWebKit/537.36 (KHTML, like Gecko; compatible; bingbot/2.0; +http://www.bing.com/bingbot.htm) Chrome/116.0.1938.76 Safari/537.36"
51.222.253.13 - - [04/Jan/2025:03:24:16 -0500] "GET /554-Yesu-Amandikwanira-by-The-Herald-of-God HTTP/1.1" 200 4002 "-" "Mozilla/5.0 (compatible; AhrefsBot/7.0; +http://ahrefs.com/robot/)"
173.252.107.19 - - [04/Jan/2025:03:24:51 -0500] "GET /images/mwsounds-20220506-070255-Anointed-For-Showing-by-Israel.jpg HTTP/1.1" 200 24004 "-" "facebookexternalhit/1.1 (+http://www.facebook.com/externalhit_uatext.php)"
114.119.136.72 - - [04/Jan/2025:03:25:25 -0500] "GET /artist=Chigo HTTP/1.1" 200 3929 "https://malawisounds.com/biography?pageno=7" "Mozilla/5.0 (Linux; Android 7.0;) AppleWebKit/537.36 (KHTML, like Gecko) Mobile Safari/537.36 (compatible; PetalBot;+https://webmaster.petalsearch.com/site/petalbot)"
51.222.253.8 - - [04/Jan/2025:03:25:35 -0500] "GET /637-Agalu-Olusa-by-Jin-Cristah-ft-Big-man-Alex HTTP/1.1" 200 3940 "-" "Mozilla/5.0 (compatible; AhrefsBot/7.0; +http://ahrefs.com/robot/)"
52.167.144.161 - - [04/Jan/2025:03:25:37 -0500] "GET /?jonzs/j489096.html HTTP/1.1" 403 1242 "-" "Mozilla/5.0 AppleWebKit/537.36 (KHTML, like Gecko; compatible; bingbot/2.0; +http://www.bing.com/bingbot.htm) Chrome/116.0.1938.76 Safari/537.36"
103.249.133.23 - - [04/Jan/2025:03:27:09 -0500] "GET /album_songs.php?title=%27nvOpzp;%20AND%201=1%20OR%20(%3C%27%22%3EiKO)),&name=%27nvOpzp;%20AND%201=1%20OR%20(%3C%27%22%3EiKO)), HTTP/1.1" 200 41 "-" "-"
51.222.253.13 - - [04/Jan/2025:03:28:06 -0500] "GET /1437-Genner-[produced-by-R6]-by-Typhan-Crea HTTP/1.1" 200 3937 "-" "Mozilla/5.0 (compatible; AhrefsBot/7.0; +http://ahrefs.com/robot/)"
51.222.253.11 - - [04/Jan/2025:03:28:53 -0500] "GET /1023-Mphasha-zanga-by-Harofeel-x-Louid HTTP/1.1" 200 3944 "-" "Mozilla/5.0 (compatible; AhrefsBot/7.0; +http://ahrefs.com/robot/)"
157.55.39.201 - - [04/Jan/2025:03:28:57 -0500] "GET /1qe5p5ubmq.html HTTP/1.1" 404 1251 "-" "Mozilla/5.0 AppleWebKit/537.36 (KHTML, like Gecko; compatible; bingbot/2.0; +http://www.bing.com/bingbot.htm) Chrome/116.0.1938.76 Safari/537.36"
157.55.39.201 - - [04/Jan/2025:03:29:18 -0500] "GET /150ptrwthv.html HTTP/1.1" 404 1251 "-" "Mozilla/5.0 AppleWebKit/537.36 (KHTML, like Gecko; compatible; bingbot/2.0; +http://www.bing.com/bingbot.htm) Chrome/116.0.1938.76 Safari/537.36"
51.222.253.6 - - [04/Jan/2025:03:30:28 -0500] "GET /artist=Khenzoa HTTP/1.1" 200 3103 "-" "Mozilla/5.0 (compatible; AhrefsBot/7.0; +http://ahrefs.com/robot/)"
204.12.231.34 - - [04/Jan/2025:03:30:44 -0500] "GET /about.php?520 HTTP/1.1" 404 1251 "-" "Mozilla/5.0 (Windows NT 10.0; Win64; x64) AppleWebKit/537.36 (KHTML, like Gecko) Chrome/131.0.0.0 Safari/537.36"
204.12.231.34 - - [04/Jan/2025:03:30:44 -0500] "GET /favicon.ico HTTP/1.1" 404 1251 "https://malawisounds.com/about.php?520" "Mozilla/5.0 (Windows NT 10.0; Win64; x64) AppleWebKit/537.36 (KHTML, like Gecko) Chrome/131.0.0.0 Safari/537.36"
51.222.253.6 - - [04/Jan/2025:03:31:09 -0500] "GET /sid-33-wachiona-ndani?-by-sir-jent-kago-ft-bee-o-gee HTTP/1.1" 200 3285 "-" "Mozilla/5.0 (compatible; AhrefsBot/7.0; +http://ahrefs.com/robot/)"
40.77.167.121 - - [04/Jan/2025:03:31:25 -0500] "GET /snsvtg1j2.html HTTP/1.1" 404 1251 "-" "Mozilla/5.0 AppleWebKit/537.36 (KHTML, like Gecko; compatible; bingbot/2.0; +http://www.bing.com/bingbot.htm) Chrome/116.0.1938.76 Safari/537.36"
51.222.253.1 - - [04/Jan/2025:03:31:57 -0500] "GET /sid-1521-bless-the-lord-by-phil HTTP/1.1" 200 3215 "-" "Mozilla/5.0 (compatible; AhrefsBot/7.0; +http://ahrefs.com/robot/)"
85.208.96.209 - - [04/Jan/2025:03:32:09 -0500] "GET /1638-how-can-you-get-these-money-by-bugger-ft-jay-two HTTP/1.1" 200 4490 "-" "Mozilla/5.0 (compatible; SemrushBot/7~bl; +http://www.semrush.com/bot.html)"
69.171.249.19 - - [04/Jan/2025:03:32:16 -0500] "GET /songs.php?id=355 HTTP/1.1" 200 14501 "-" "facebookexternalhit/1.1 (+http://www.facebook.com/externalhit_uatext.php)"
69.171.249.8 - - [04/Jan/2025:03:32:16 -0500] "GET /songs.php?id=355 HTTP/1.1" 200 14501 "-" "facebookexternalhit/1.1 (+http://www.facebook.com/externalhit_uatext.php)"
4.43.184.114 - - [04/Jan/2025:03:32:31 -0500] "GET / HTTP/1.0" 403 1242 "-" "Mozilla/4.0 (compatible; MSIE 8.0; Windows NT 5.1; Trident/4.0)"
51.222.253.13 - - [04/Jan/2025:03:33:31 -0500] "GET /1022-Muchepese-by-Louid-x-Augusteen-x-K-mbizo HTTP/1.1" 200 4019 "-" "Mozilla/5.0 (compatible; AhrefsBot/7.0; +http://ahrefs.com/robot/)"
204.12.231.34 - - [04/Jan/2025:03:33:51 -0500] "GET /zipped-albums/admin.php HTTP/1.1" 200 6702 "-" "Mozilla/5.0 (Windows NT 10.0; Win64; x64) AppleWebKit/537.36 (KHTML, like Gecko) Chrome/131.0.0.0 Safari/537.36"
51.222.253.14 - - [04/Jan/2025:03:34:13 -0500] "GET /sid-1513-when-i-pray-by-minister-jeremiah-ft.-shalom HTTP/1.1" 200 3249 "-" "Mozilla/5.0 (compatible; AhrefsBot/7.0; +http://ahrefs.com/robot/)"
51.222.253.5 - - [04/Jan/2025:03:35:02 -0500] "GET /videos?pageno=44 HTTP/1.1" 200 2834 "-" "Mozilla/5.0 (compatible; AhrefsBot/7.0; +http://ahrefs.com/robot/)"
204.12.231.34 - - [04/Jan/2025:03:35:49 -0500] "POST /zipped-albums/admin.php?dir=L2hvbWUva3dhY3VxaWcvbWFsYXdpc291bmRzLmNvbS96aXBwZWQtYWxidW1z HTTP/1.1" 403 1242 "https://malawisounds.com/zipped-albums/admin.php" "Mozilla/5.0 (Windows NT 10.0; Win64; x64) AppleWebKit/537.36 (KHTML, like Gecko) Chrome/131.0.0.0 Safari/537.36"
51.222.253.11 - - [04/Jan/2025:03:35:55 -0500] "GET /1043-siungathe-kuziwa-by-stack HTTP/1.1" 200 3884 "-" "Mozilla/5.0 (compatible; AhrefsBot/7.0; +http://ahrefs.com/robot/)"
85.208.96.193 - - [04/Jan/2025:03:36:02 -0500] "GET /952-Shawty-by-MAVERLIC-BLEXADO-ft-nellzy.-O-x HTTP/1.1" 200 4490 "-" "Mozilla/5.0 (compatible; SemrushBot/7~bl; +http://www.semrush.com/bot.html)"
204.12.231.34 - - [04/Jan/2025:03:36:07 -0500] "GET /zipped-albums/admin.php HTTP/1.1" 200 7054 "-" "Mozilla/5.0 (Windows NT 10.0; Win64; x64) AppleWebKit/537.36 (KHTML, like Gecko) Chrome/131.0.0.0 Safari/537.36"
157.55.39.201 - - [04/Jan/2025:03:36:07 -0500] "GET /krkftot3h.html HTTP/1.1" 404 1251 "-" "Mozilla/5.0 AppleWebKit/537.36 (KHTML, like Gecko; compatible; bingbot/2.0; +http://www.bing.com/bingbot.htm) Chrome/116.0.1938.76 Safari/537.36"
31.13.115.116 - - [04/Jan/2025:03:36:15 -0500] "GET /article=24 HTTP/1.1" 200 12877 "-" "meta-externalagent/1.1 (+https://developers.facebook.com/docs/sharing/webmasters/crawler)"
52.167.144.162 - - [04/Jan/2025:03:36:47 -0500] "GET /1n9pfbrkcp.html HTTP/1.1" 404 1251 "-" "Mozilla/5.0 AppleWebKit/537.36 (KHTML, like Gecko; compatible; bingbot/2.0; +http://www.bing.com/bingbot.htm) Chrome/116.0.1938.76 Safari/537.36"
51.222.253.19 - - [04/Jan/2025:03:36:47 -0500] "GET /sid-1130-sadziwa-by-galisogah HTTP/1.1" 200 3273 "-" "Mozilla/5.0 (compatible; AhrefsBot/7.0; +http://ahrefs.com/robot/)"
