51.222.253.15 - - [03/Jan/2025:22:51:12 -0500] "GET /sid-255-stop-abuse-by-douger-b-goodson-+-lp-ft-earnestar HTTP/1.1" 200 3262 "-" "Mozilla/5.0 (compatible; AhrefsBot/7.0; +http://ahrefs.com/robot/)"
102.70.0.235 - - [03/Jan/2025:22:52:16 -0500] "GET /null HTTP/1.1" 404 1251 "https://www.malawisounds.com/shes-human-by-phillip-sajiwa" "Mozilla/5.0 (Linux; Android 10; K) AppleWebKit/537.36 (KHTML, like Gecko) Chrome/131.0.0.0 Mobile Safari/537.36"
102.70.0.235 - - [03/Jan/2025:22:52:17 -0500] "GET /css/Icons/nyc.jpg HTTP/1.1" 404 1251 "https://www.malawisounds.com/css/load.css" "Mozilla/5.0 (Linux; Android 10; K) AppleWebKit/537.36 (KHTML, like Gecko) Chrome/131.0.0.0 Mobile Safari/537.36"
102.70.0.235 - - [03/Jan/2025:22:52:17 -0500] "GET /null HTTP/1.1" 404 1251 "https://www.malawisounds.com/" "Mozilla/5.0 (Linux; Android 10; K) AppleWebKit/537.36 (KHTML, like Gecko) Chrome/131.0.0.0 Mobile Safari/537.36"
51.222.253.6 - - [03/Jan/2025:22:52:19 -0500] "GET /sid-328-kasambara-by-gwamba HTTP/1.1" 200 3244 "-" "Mozilla/5.0 (compatible; AhrefsBot/7.0; +http://ahrefs.com/robot/)"
102.70.0.235 - - [03/Jan/2025:22:52:21 -0500] "GET /searchmusic.php?q=Philli HTTP/1.1" 200 886 "https://www.malawisounds.com/" "Mozilla/5.0 (Linux; Android 10; K) AppleWebKit/537.36 (KHTML, like Gecko) Chrome/131.0.0.0 Mobile Safari/537.36"
102.70.0.235 - - [03/Jan/2025:22:52:21 -0500] "GET /css/Icons/nyc.jpg HTTP/1.1" 404 1251 "https://www.malawisounds.com/css/load.css" "Mozilla/5.0 (Linux; Android 10; K) AppleWebKit/537.36 (KHTML, like Gecko) Chrome/131.0.0.0 Mobile Safari/537.36"
102.70.0.235 - - [03/Jan/2025:22:52:25 -0500] "GET /inception-ep-by-phillip-sajiwa HTTP/1.1" 200 4220 "https://www.malawisounds.com/" "Mozilla/5.0 (Linux; Android 10; K) AppleWebKit/537.36 (KHTML, like Gecko) Chrome/131.0.0.0 Mobile Safari/537.36"
102.70.0.235 - - [03/Jan/2025:22:52:26 -0500] "GET /null HTTP/1.1" 404 1251 "https://www.malawisounds.com/inception-ep-by-phillip-sajiwa" "Mozilla/5.0 (Linux; Android 10; K) AppleWebKit/537.36 (KHTML, like Gecko) Chrome/131.0.0.0 Mobile Safari/537.36"
102.70.0.235 - - [03/Jan/2025:22:52:33 -0500] "GET /download_album.php?id=168 HTTP/1.1" 200 7237733 "https://www.malawisounds.com/inception-ep-by-phillip-sajiwa" "Mozilla/5.0 (Linux; Android 10; K) AppleWebKit/537.36 (KHTML, like Gecko) Chrome/131.0.0.0 Mobile Safari/537.36"
102.70.0.235 - - [03/Jan/2025:22:52:36 -0500] "GET /download_album.php?id=169 HTTP/1.1" 200 18 "https://www.malawisounds.com/inception-ep-by-phillip-sajiwa" "Mozilla/5.0 (Linux; Android 10; K) AppleWebKit/537.36 (KHTML, like Gecko) Chrome/131.0.0.0 Mobile Safari/537.36"
102.70.0.235 - - [03/Jan/2025:22:52:37 -0500] "GET /favicon.ico HTTP/1.1" 404 1251 "https://www.malawisounds.com/download_album.php?id=169" "Mozilla/5.0 (Linux; Android 10; K) AppleWebKit/537.36 (KHTML, like Gecko) Chrome/131.0.0.0 Mobile Safari/537.36"
102.70.0.235 - - [03/Jan/2025:22:52:39 -0500] "GET /download_album.php?id=169 HTTP/1.1" 200 18 "https://www.malawisounds.com/inception-ep-by-phillip-sajiwa" "Mozilla/5.0 (Linux; Android 10; K) AppleWebKit/537.36 (KHTML, like Gecko) Chrome/131.0.0.0 Mobile Safari/537.36"
102.70.0.235 - - [03/Jan/2025:22:52:45 -0500] "GET /download_album.php?id=169 HTTP/1.1" 200 18 "https://www.malawisounds.com/inception-ep-by-phillip-sajiwa" "Mozilla/5.0 (Linux; Android 10; K) AppleWebKit/537.36 (KHTML, like Gecko) Chrome/131.0.0.0 Mobile Safari/537.36"
102.70.0.235 - - [03/Jan/2025:22:52:49 -0500] "GET /download_album.php?id=170 HTTP/1.1" 200 7970157 "https://www.malawisounds.com/inception-ep-by-phillip-sajiwa" "Mozilla/5.0 (Linux; Android 10; K) AppleWebKit/537.36 (KHTML, like Gecko) Chrome/131.0.0.0 Mobile Safari/537.36"
102.70.0.235 - - [03/Jan/2025:22:52:58 -0500] "GET /download_album.php?id=171 HTTP/1.1" 200 2950468 "https://www.malawisounds.com/inception-ep-by-phillip-sajiwa" "Mozilla/5.0 (Linux; Android 10; K) AppleWebKit/537.36 (KHTML, like Gecko) Chrome/131.0.0.0 Mobile Safari/537.36"
51.222.253.17 - - [03/Jan/2025:22:52:58 -0500] "GET /518-Mwabona-by-Anchanza-ft.-Niekay HTTP/1.1" 200 3954 "-" "Mozilla/5.0 (compatible; AhrefsBot/7.0; +http://ahrefs.com/robot/)"
102.70.0.235 - - [03/Jan/2025:22:53:06 -0500] "GET /download_album.php?id=172 HTTP/1.1" 200 8050614 "https://www.malawisounds.com/inception-ep-by-phillip-sajiwa" "Mozilla/5.0 (Linux; Android 10; K) AppleWebKit/537.36 (KHTML, like Gecko) Chrome/131.0.0.0 Mobile Safari/537.36"
102.70.0.235 - - [03/Jan/2025:22:53:10 -0500] "GET /download_album.php?id=173 HTTP/1.1" 200 6654631 "https://www.malawisounds.com/inception-ep-by-phillip-sajiwa" "Mozilla/5.0 (Linux; Android 10; K) AppleWebKit/537.36 (KHTML, like Gecko) Chrome/131.0.0.0 Mobile Safari/537.36"
102.70.0.235 - - [03/Jan/2025:22:53:16 -0500] "GET /download_album.php?id=169 HTTP/1.1" 200 18 "https://www.malawisounds.com/inception-ep-by-phillip-sajiwa" "Mozilla/5.0 (Linux; Android 10; K) AppleWebKit/537.36 (KHTML, like Gecko) Chrome/131.0.0.0 Mobile Safari/537.36"
102.70.0.235 - - [03/Jan/2025:22:53:18 -0500] "GET /aid-169-ep-stream-morning-ft-loviisa HTTP/1.1" 200 3584 "https://www.malawisounds.com/inception-ep-by-phillip-sajiwa" "Mozilla/5.0 (Linux; Android 10; K) AppleWebKit/537.36 (KHTML, like Gecko) Chrome/131.0.0.0 Mobile Safari/537.36"
102.70.0.235 - - [03/Jan/2025:22:53:18 -0500] "GET /css/audio.css HTTP/1.1" 200 143 "https://www.malawisounds.com/aid-169-ep-stream-morning-ft-loviisa" "Mozilla/5.0 (Linux; Android 10; K) AppleWebKit/537.36 (KHTML, like Gecko) Chrome/131.0.0.0 Mobile Safari/537.36"
102.70.0.235 - - [03/Jan/2025:22:53:18 -0500] "GET /js/codespace_api.js HTTP/1.1" 200 3842 "https://www.malawisounds.com/aid-169-ep-stream-morning-ft-loviisa" "Mozilla/5.0 (Linux; Android 10; K) AppleWebKit/537.36 (KHTML, like Gecko) Chrome/131.0.0.0 Mobile Safari/537.36"
102.70.0.235 - - [03/Jan/2025:22:53:18 -0500] "GET /bootstrap/css/bootstrap.css HTTP/1.1" 200 19973 "https://www.malawisounds.com/aid-169-ep-stream-morning-ft-loviisa" "Mozilla/5.0 (Linux; Android 10; K) AppleWebKit/537.36 (KHTML, like Gecko) Chrome/131.0.0.0 Mobile Safari/537.36"
102.70.0.235 - - [03/Jan/2025:22:53:19 -0500] "GET /album_songs/02---morning-(feat.-loviis%EF%BF%BD)..mp3 HTTP/1.1" 404 1251 "https://www.malawisounds.com/aid-169-ep-stream-morning-ft-loviisa" "Mozilla/5.0 (Linux; Android 10; K) AppleWebKit/537.36 (KHTML, like Gecko) Chrome/131.0.0.0 Mobile Safari/537.36"
102.70.0.235 - - [03/Jan/2025:22:53:28 -0500] "GET /download_album.php?id=169 HTTP/1.1" 200 18 "https://www.malawisounds.com/inception-ep-by-phillip-sajiwa" "Mozilla/5.0 (Linux; Android 10; K) AppleWebKit/537.36 (KHTML, like Gecko) Chrome/131.0.0.0 Mobile Safari/537.36"
51.222.253.20 - - [03/Jan/2025:22:53:40 -0500] "GET /666-Andichengetela-by-Saxess-ft.-Grace-Jr HTTP/1.1" 200 3922 "-" "Mozilla/5.0 (compatible; AhrefsBot/7.0; +http://ahrefs.com/robot/)"
51.222.253.4 - - [03/Jan/2025:22:54:23 -0500] "GET /602-Uzandikumbuka-by-Real-C HTTP/1.1" 200 3914 "-" "Mozilla/5.0 (compatible; AhrefsBot/7.0; +http://ahrefs.com/robot/)"
4.43.184.114 - - [03/Jan/2025:22:54:33 -0500] "GET / HTTP/1.0" 200 12109 "-" "Mozilla/5.0 (Windows; U; Windows NT 6.1; en-US; rv:1.9.2.7) Gecko/20100713 Firefox/3.6.7"
216.244.66.237 - - [03/Jan/2025:22:54:34 -0500] "GET /robots.txt HTTP/1.1" 404 1251 "-" "Mozilla/5.0 (compatible; DotBot/1.2; +https://opensiteexplorer.org/dotbot; help@moz.com)"
216.244.66.237 - - [03/Jan/2025:22:54:34 -0500] "GET /robots.txt HTTP/1.1" 404 1251 "-" "Mozilla/5.0 (compatible; DotBot/1.2; +https://opensiteexplorer.org/dotbot; help@moz.com)"
207.46.13.150 - - [03/Jan/2025:22:54:40 -0500] "GET /album_images/mwsounds-20210514230736-back-cover-2.jpg HTTP/1.1" 200 16374 "-" "Mozilla/5.0 AppleWebKit/537.36 (KHTML, like Gecko; compatible; bingbot/2.0; +http://www.bing.com/bingbot.htm) Chrome/116.0.1938.76 Safari/537.36"
51.222.253.12 - - [03/Jan/2025:22:54:59 -0500] "GET /sid-618-fwasa-by-pawalo-ft-achina-forces HTTP/1.1" 200 3257 "-" "Mozilla/5.0 (compatible; AhrefsBot/7.0; +http://ahrefs.com/robot/)"
51.222.253.9 - - [03/Jan/2025:22:55:38 -0500] "GET /sid-303-be-alright(prod-by-its-23)-by-erich-wallace HTTP/1.1" 200 3259 "-" "Mozilla/5.0 (compatible; AhrefsBot/7.0; +http://ahrefs.com/robot/)"
51.222.253.2 - - [03/Jan/2025:22:56:21 -0500] "GET /sid-1300-ndagoma-nanu-ndinu-mulungu-medley-by-harris-chiwalo HTTP/1.1" 200 3252 "-" "Mozilla/5.0 (compatible; AhrefsBot/7.0; +http://ahrefs.com/robot/)"
51.222.253.20 - - [03/Jan/2025:22:56:59 -0500] "GET /sid-1085-pretend-by-gift-scot-and-p_midribiz HTTP/1.1" 200 3263 "-" "Mozilla/5.0 (compatible; AhrefsBot/7.0; +http://ahrefs.com/robot/)"
51.222.253.13 - - [03/Jan/2025:22:57:41 -0500] "GET /900-Paradise-by-MJAYS-ft.-Phronee99- HTTP/1.1" 200 3939 "-" "Mozilla/5.0 (compatible; AhrefsBot/7.0; +http://ahrefs.com/robot/)"
51.222.253.11 - - [03/Jan/2025:22:58:19 -0500] "GET /history-yanga-by-nels-elias HTTP/1.1" 200 3985 "-" "Mozilla/5.0 (compatible; AhrefsBot/7.0; +http://ahrefs.com/robot/)"
51.222.253.13 - - [03/Jan/2025:22:58:59 -0500] "GET /sid-746-mbembembe-by-beracah HTTP/1.1" 200 3209 "-" "Mozilla/5.0 (compatible; AhrefsBot/7.0; +http://ahrefs.com/robot/)"
51.222.253.20 - - [03/Jan/2025:23:00:12 -0500] "GET /artist=Eminent-1 HTTP/1.1" 500 0 "-" "Mozilla/5.0 (compatible; AhrefsBot/7.0; +http://ahrefs.com/robot/)"
51.222.253.9 - - [03/Jan/2025:23:02:04 -0500] "GET /1449-Space-by-Meekboy HTTP/1.1" 200 3887 "-" "Mozilla/5.0 (compatible; AhrefsBot/7.0; +http://ahrefs.com/robot/)"
216.244.66.237 - - [03/Jan/2025:23:02:17 -0500] "GET /sid-1076-uko-by-nanja HTTP/1.1" 200 10214 "-" "Mozilla/5.0 (compatible; DotBot/1.2; +https://opensiteexplorer.org/dotbot; help@moz.com)"
52.38.30.53 - - [03/Jan/2025:23:02:22 -0500] "GET /video_thumbnail/index.jpg HTTP/1.1" 200 21012 "-" "Mozilla/5.0 (Windows NT 10.0; Win64; x64) AppleWebKit/537.36 (KHTML, like Gecko) Chrome/89.0.4389.114 Safari/537.36"
51.222.253.6 - - [03/Jan/2025:23:03:16 -0500] "GET /599-Irrelevant--by-Charis-Phiri HTTP/1.1" 200 3920 "-" "Mozilla/5.0 (compatible; AhrefsBot/7.0; +http://ahrefs.com/robot/)"
51.222.253.19 - - [03/Jan/2025:23:04:35 -0500] "GET /artist=Harris-Chiwalo HTTP/1.1" 200 3204 "-" "Mozilla/5.0 (compatible; AhrefsBot/7.0; +http://ahrefs.com/robot/)"
216.244.66.237 - - [03/Jan/2025:23:05:03 -0500] "GET /sid-454-nzanga-by-piksy HTTP/1.1" 200 10248 "-" "Mozilla/5.0 (compatible; DotBot/1.2; +https://opensiteexplorer.org/dotbot; help@moz.com)"
66.249.65.160 - - [03/Jan/2025:23:05:54 -0500] "GET /images/mwsounds-20211227-222134-Territory-by-Tayanjana-Nandolo(Mdzodzo).jpg HTTP/1.1" 200 89272 "-" "Googlebot-Image/1.0"
52.167.144.186 - - [03/Jan/2025:23:06:01 -0500] "GET /sitemap.xml HTTP/1.1" 200 29621 "-" "Mozilla/5.0 AppleWebKit/537.36 (KHTML, like Gecko; compatible; bingbot/2.0; +http://www.bing.com/bingbot.htm) Chrome/116.0.1938.76 Safari/537.36"
51.222.253.12 - - [03/Jan/2025:23:06:01 -0500] "GET /sid-978-yahweh-by-l-more-x-elida-x-jessie HTTP/1.1" 200 3240 "-" "Mozilla/5.0 (compatible; AhrefsBot/7.0; +http://ahrefs.com/robot/)"
51.222.253.4 - - [03/Jan/2025:23:07:20 -0500] "GET /648-Still-and-Always-by-Tsa-Leo HTTP/1.1" 200 3924 "-" "Mozilla/5.0 (compatible; AhrefsBot/7.0; +http://ahrefs.com/robot/)"
216.244.66.237 - - [03/Jan/2025:23:07:37 -0500] "GET /download.php?id=677&name=Twin-light%20ft%20Saxess-You%20Alone HTTP/1.1" 200 9647346 "-" "Mozilla/5.0 (compatible; DotBot/1.2; +https://opensiteexplorer.org/dotbot; help@moz.com)"
93.158.98.56 - - [03/Jan/2025:23:08:10 -0500] "GET /robots.txt HTTP/1.1" 404 1251 "http://malawisounds.com/robots.txt" "Mozilla/5.0 (Windows NT 10.0; Win64; x64) AppleWebKit/537.36 (KHTML, like Gecko) Chrome/122.0.0.0 Safari/537.36 Agency/93.8.2357.5"
130.255.165.110 - - [03/Jan/2025:23:08:11 -0500] "GET / HTTP/1.1" 200 3739 "http://malawisounds.com/" "Mozilla/5.0 (Windows NT 10.0; Win64; x64) AppleWebKit/537.36 (KHTML, like Gecko) Chrome/122.0.0.0 Safari/537.36 Agency/93.8.2357.5"
85.208.96.195 - - [03/Jan/2025:23:08:18 -0500] "GET /robots.txt HTTP/1.1" 404 1251 "-" "Mozilla/5.0 (compatible; SemrushBot/7~bl; +http://www.semrush.com/bot.html)"
85.208.96.195 - - [03/Jan/2025:23:08:18 -0500] "GET /1158-her-by-costry-ft-tusa-&-sir-odilo HTTP/1.1" 200 4503 "-" "Mozilla/5.0 (compatible; SemrushBot/7~bl; +http://www.semrush.com/bot.html)"
23.82.81.95 - - [03/Jan/2025:23:08:45 -0500] "GET /contact-us HTTP/1.1" 200 2659 "-" "Mozilla/5.0 (Windows NT 10.0; WOW64) AppleWebKit/537.36 (KHTML, like Gecko) Chrome/114.0.0.0 Safari/537.36"
23.82.81.95 - - [03/Jan/2025:23:08:46 -0500] "POST /contact.php HTTP/1.1" 200 3195 "https://malawisounds.com/contact-us" "Mozilla/5.0 (Windows NT 10.0; WOW64) AppleWebKit/537.36 (KHTML, like Gecko) Chrome/114.0.0.0 Safari/537.36"
85.208.96.211 - - [03/Jan/2025:23:08:52 -0500] "GET /16-u'ganja-by-go-fetch HTTP/1.1" 200 4424 "-" "Mozilla/5.0 (compatible; SemrushBot/7~bl; +http://www.semrush.com/bot.html)"
51.222.253.15 - - [03/Jan/2025:23:09:50 -0500] "GET /sid-1175-unimaginable-god-by-tyrant-jay HTTP/1.1" 200 3236 "-" "Mozilla/5.0 (compatible; AhrefsBot/7.0; +http://ahrefs.com/robot/)"
159.223.203.214 - - [03/Jan/2025:23:11:11 -0500] "GET /kcfinder/upload.php HTTP/1.1" 404 1251 "-" "Mozilla/5.0 (X11; Linux x86_64) AppleWebKit/537.36 (KHTML, like Gecko) Chrome/78.0.3904.62 Safari/537.36"
159.223.203.214 - - [03/Jan/2025:23:11:15 -0500] "GET /js/kcfinder/upload.php HTTP/1.1" 404 1251 "-" "Mozilla/5.0 (X11; Linux x86_64) AppleWebKit/537.36 (KHTML, like Gecko) Chrome/78.0.3904.62 Safari/537.36"
173.249.42.61 - - [03/Jan/2025:23:12:14 -0500] "GET /wp-content/plugins/WordPressCore/include.php HTTP/1.1" 404 1251 "-" "Mozlila/5.0 (Linux; Android 7.0; SM-G892A Bulid/NRD90M; wv) AppleWebKit/537.36 (KHTML, like Gecko) Version/4.0 Chrome/60.0.3112.107 Moblie Safari/537.36"
173.249.42.61 - - [03/Jan/2025:23:12:19 -0500] "GET /wp-content/plugins/WordPressCore/include.php HTTP/1.1" 404 1251 "-" "Mozlila/5.0 (Linux; Android 7.0; SM-G892A Bulid/NRD90M; wv) AppleWebKit/537.36 (KHTML, like Gecko) Version/4.0 Chrome/60.0.3112.107 Moblie Safari/537.36"
51.222.253.10 - - [03/Jan/2025:23:12:19 -0500] "GET /911-Otam-emiku--by-Mtk-soldier-ft-born-zoo- HTTP/1.1" 200 3958 "-" "Mozilla/5.0 (compatible; AhrefsBot/7.0; +http://ahrefs.com/robot/)"
82.145.222.81 - - [03/Jan/2025:23:12:19 -0500] "GET /463-you'll-be-good-by-praise-umali HTTP/1.1" 200 4457 "https://www.google.com/search?client=ms-opera-mini&sca_esv=b37a9820ca5db713&oq=Praise+umali+you&aqs=mobile-gws-lite..&source=hp&q=Praise+umali+you" "Opera/9.80 (SpreadTrum; Opera Mini/4.4.33961/191.361; U; en) Presto/2.12.423 Version/12.16"
82.145.222.81 - - [03/Jan/2025:23:12:19 -0500] "GET /Icons/malawisounds.ico HTTP/1.1" 200 4286 "https://www.malawisounds.com/463-you'll-be-good-by-praise-umali" "Opera/9.80 (SpreadTrum; Opera Mini/4.4.33961/191.361; U; en) Presto/2.12.423 Version/12.16"
82.145.222.81 - - [03/Jan/2025:23:12:19 -0500] "GET /js/ajax.js HTTP/1.1" 200 965 "https://www.malawisounds.com/463-you'll-be-good-by-praise-umali" "Opera/9.80 (SpreadTrum; Opera Mini/4.4.33961/191.361; U; en) Presto/2.12.423 Version/12.16"
82.145.222.81 - - [03/Jan/2025:23:12:20 -0500] "GET /bio/mwsounds-20230703010954-IMG-20230703-030900.jpg HTTP/1.1" 200 25808 "https://www.malawisounds.com/463-you'll-be-good-by-praise-umali" "Opera/9.80 (SpreadTrum; Opera Mini/4.4.33961/191.361; U; en) Presto/2.12.423 Version/12.16"
82.145.222.81 - - [03/Jan/2025:23:12:20 -0500] "GET /css/load.css HTTP/1.1" 200 10718 "https://www.malawisounds.com/463-you'll-be-good-by-praise-umali" "Opera/9.80 (SpreadTrum; Opera Mini/4.4.33961/191.361; U; en) Presto/2.12.423 Version/12.16"
82.145.222.81 - - [03/Jan/2025:23:12:20 -0500] "GET /js/facebook-api.js HTTP/1.1" 200 281 "https://www.malawisounds.com/463-you'll-be-good-by-praise-umali" "Opera/9.80 (SpreadTrum; Opera Mini/4.4.33961/191.361; U; en) Presto/2.12.423 Version/12.16"
82.145.222.81 - - [03/Jan/2025:23:12:20 -0500] "GET /bootstrap/css/bootstrap.min.css HTTP/1.1" 200 25196 "https://www.malawisounds.com/463-you'll-be-good-by-praise-umali" "Opera/9.80 (SpreadTrum; Opera Mini/4.4.33961/191.361; U; en) Presto/2.12.423 Version/12.16"
82.145.222.81 - - [03/Jan/2025:23:12:20 -0500] "GET /css/w3.css HTTP/1.1" 200 6038 "https://www.malawisounds.com/463-you'll-be-good-by-praise-umali" "Opera/9.80 (SpreadTrum; Opera Mini/4.4.33961/191.361; U; en) Presto/2.12.423 Version/12.16"
82.145.222.81 - - [03/Jan/2025:23:12:20 -0500] "GET /impact/stylesheet.css HTTP/1.1" 200 180 "https://www.malawisounds.com/463-you'll-be-good-by-praise-umali" "Opera/9.80 (SpreadTrum; Opera Mini/4.4.33961/191.361; U; en) Presto/2.12.423 Version/12.16"
82.145.222.81 - - [03/Jan/2025:23:12:20 -0500] "GET /bio/mwsounds-20200706120806-FB_IMG_1590948777511.jpg HTTP/1.1" 200 19662 "https://www.malawisounds.com/463-you'll-be-good-by-praise-umali" "Opera/9.80 (SpreadTrum; Opera Mini/4.4.33961/191.361; U; en) Presto/2.12.423 Version/12.16"
82.145.222.81 - - [03/Jan/2025:23:12:20 -0500] "GET /css/animate.css HTTP/1.1" 200 6503 "https://www.malawisounds.com/463-you'll-be-good-by-praise-umali" "Opera/9.80 (SpreadTrum; Opera Mini/4.4.33961/191.361; U; en) Presto/2.12.423 Version/12.16"
82.145.222.81 - - [03/Jan/2025:23:12:20 -0500] "GET /Icons/twitter.png HTTP/1.1" 200 2415 "https://www.malawisounds.com/463-you'll-be-good-by-praise-umali" "Opera/9.80 (SpreadTrum; Opera Mini/4.4.33961/191.361; U; en) Presto/2.12.423 Version/12.16"
82.145.222.81 - - [03/Jan/2025:23:12:20 -0500] "GET /Icons/instagram.png HTTP/1.1" 200 2764 "https://www.malawisounds.com/463-you'll-be-good-by-praise-umali" "Opera/9.80 (SpreadTrum; Opera Mini/4.4.33961/191.361; U; en) Presto/2.12.423 Version/12.16"
82.145.222.81 - - [03/Jan/2025:23:12:20 -0500] "GET /Icons/msounds1.png HTTP/1.1" 200 11619 "https://www.malawisounds.com/463-you'll-be-good-by-praise-umali" "Opera/9.80 (SpreadTrum; Opera Mini/4.4.33961/191.361; U; en) Presto/2.12.423 Version/12.16"
82.145.222.81 - - [03/Jan/2025:23:12:20 -0500] "GET /Icons/facebook.png HTTP/1.1" 200 2279 "https://www.malawisounds.com/463-you'll-be-good-by-praise-umali" "Opera/9.80 (SpreadTrum; Opera Mini/4.4.33961/191.361; U; en) Presto/2.12.423 Version/12.16"
82.145.222.81 - - [03/Jan/2025:23:12:20 -0500] "GET /bio/mwsounds-20200706203533-Namadigo.jpg HTTP/1.1" 200 33718 "https://www.malawisounds.com/463-you'll-be-good-by-praise-umali" "Opera/9.80 (SpreadTrum; Opera Mini/4.4.33961/191.361; U; en) Presto/2.12.423 Version/12.16"
82.145.222.81 - - [03/Jan/2025:23:12:20 -0500] "GET /bio/mwsounds-20200710082408-onesmus.jpg HTTP/1.1" 200 30093 "https://www.malawisounds.com/463-you'll-be-good-by-praise-umali" "Opera/9.80 (SpreadTrum; Opera Mini/4.4.33961/191.361; U; en) Presto/2.12.423 Version/12.16"
82.145.222.81 - - [03/Jan/2025:23:12:20 -0500] "GET /bio/mwsounds-20200706205025-tay-grin---Copy.jpg HTTP/1.1" 200 43244 "https://www.malawisounds.com/463-you'll-be-good-by-praise-umali" "Opera/9.80 (SpreadTrum; Opera Mini/4.4.33961/191.361; U; en) Presto/2.12.423 Version/12.16"
82.145.222.81 - - [03/Jan/2025:23:12:20 -0500] "GET /bio/mwsounds-20200706204045-gwamba.jpg HTTP/1.1" 200 39055 "https://www.malawisounds.com/463-you'll-be-good-by-praise-umali" "Opera/9.80 (SpreadTrum; Opera Mini/4.4.33961/191.361; U; en) Presto/2.12.423 Version/12.16"
82.145.222.81 - - [03/Jan/2025:23:12:20 -0500] "GET /bio/mwsounds-20200801042643-Dr.Drew.jpg HTTP/1.1" 200 80629 "https://www.malawisounds.com/463-you'll-be-good-by-praise-umali" "Opera/9.80 (SpreadTrum; Opera Mini/4.4.33961/191.361; U; en) Presto/2.12.423 Version/12.16"
82.145.222.81 - - [03/Jan/2025:23:12:20 -0500] "GET /js/wow.js HTTP/1.1" 200 4305 "https://www.malawisounds.com/463-you'll-be-good-by-praise-umali" "Opera/9.80 (SpreadTrum; Opera Mini/4.4.33961/191.361; U; en) Presto/2.12.423 Version/12.16"
82.145.222.81 - - [03/Jan/2025:23:12:20 -0500] "GET /js/nav.js HTTP/1.1" 200 99 "https://www.malawisounds.com/463-you'll-be-good-by-praise-umali" "Opera/9.80 (SpreadTrum; Opera Mini/4.4.33961/191.361; U; en) Presto/2.12.423 Version/12.16"
82.145.222.81 - - [03/Jan/2025:23:12:20 -0500] "GET /js/jquery.js HTTP/1.1" 200 35358 "https://www.malawisounds.com/463-you'll-be-good-by-praise-umali" "Opera/9.80 (SpreadTrum; Opera Mini/4.4.33961/191.361; U; en) Presto/2.12.423 Version/12.16"
82.145.222.81 - - [03/Jan/2025:23:12:20 -0500] "GET /images/mwsounds-20210223045427-fb_img_1614054496832.jpg HTTP/1.1" 200 22332 "https://www.malawisounds.com/463-you'll-be-good-by-praise-umali" "Opera/9.80 (SpreadTrum; Opera Mini/4.4.33961/191.361; U; en) Presto/2.12.423 Version/12.16"
82.145.222.81 - - [03/Jan/2025:23:12:20 -0500] "GET /ads/MS%20covid.jpg HTTP/1.1" 200 273002 "https://www.malawisounds.com/463-you'll-be-good-by-praise-umali" "Opera/9.80 (SpreadTrum; Opera Mini/4.4.33961/191.361; U; en) Presto/2.12.423 Version/12.16"
82.145.222.81 - - [03/Jan/2025:23:12:20 -0500] "GET /images/mwsounds-20210223045427-fb_img_1614054496832.jpg HTTP/1.1" 200 22332 "https://www.malawisounds.com/463-you'll-be-good-by-praise-umali" "Opera/9.80 (SpreadTrum; Opera Mini/4.4.33961/191.361; U; en) Presto/2.12.423 Version/12.16"
82.145.222.81 - - [03/Jan/2025:23:12:20 -0500] "GET /js/jquery.js HTTP/1.1" 200 35358 "https://www.malawisounds.com/463-you'll-be-good-by-praise-umali" "Opera/9.80 (SpreadTrum; Opera Mini/4.4.33961/191.361; U; en) Presto/2.12.423 Version/12.16"
82.145.222.81 - - [03/Jan/2025:23:12:21 -0500] "GET /fonts/Gothic-B.ttf HTTP/1.1" 200 129676 "https://www.malawisounds.com/463-you'll-be-good-by-praise-umali" "Opera/9.80 (SpreadTrum; Opera Mini/4.4.33961/191.361; U; en) Presto/2.12.423 Version/12.16"
82.145.222.81 - - [03/Jan/2025:23:12:21 -0500] "GET /bootstrap/fonts/glyphicons-halflings-regular.woff HTTP/1.1" 200 23424 "https://www.malawisounds.com/463-you'll-be-good-by-praise-umali" "Opera/9.80 (SpreadTrum; Opera Mini/4.4.33961/191.361; U; en) Presto/2.12.423 Version/12.16"
82.145.222.81 - - [03/Jan/2025:23:12:21 -0500] "GET /fonts/Gothic.ttf HTTP/1.1" 200 112628 "https://www.malawisounds.com/463-you'll-be-good-by-praise-umali" "Opera/9.80 (SpreadTrum; Opera Mini/4.4.33961/191.361; U; en) Presto/2.12.423 Version/12.16"
173.249.42.61 - - [03/Jan/2025:23:12:24 -0500] "GET /wp-content/themes/include.php HTTP/1.1" 404 1251 "-" "Mozlila/5.0 (Linux; Android 7.0; SM-G892A Bulid/NRD90M; wv) AppleWebKit/537.36 (KHTML, like Gecko) Version/4.0 Chrome/60.0.3112.107 Moblie Safari/537.36"
173.249.42.61 - - [03/Jan/2025:23:12:29 -0500] "GET /wp-content/themes/include.php HTTP/1.1" 404 1251 "-" "Mozlila/5.0 (Linux; Android 7.0; SM-G892A Bulid/NRD90M; wv) AppleWebKit/537.36 (KHTML, like Gecko) Version/4.0 Chrome/60.0.3112.107 Moblie Safari/537.36"
173.249.42.61 - - [03/Jan/2025:23:12:35 -0500] "GET /wp-content/plugins/include.php HTTP/1.1" 404 1251 "-" "Mozlila/5.0 (Linux; Android 7.0; SM-G892A Bulid/NRD90M; wv) AppleWebKit/537.36 (KHTML, like Gecko) Version/4.0 Chrome/60.0.3112.107 Moblie Safari/537.36"
173.249.42.61 - - [03/Jan/2025:23:12:40 -0500] "GET /wp-content/plugins/include.php HTTP/1.1" 404 1251 "-" "Mozlila/5.0 (Linux; Android 7.0; SM-G892A Bulid/NRD90M; wv) AppleWebKit/537.36 (KHTML, like Gecko) Version/4.0 Chrome/60.0.3112.107 Moblie Safari/537.36"
82.145.222.81 - - [03/Jan/2025:23:12:52 -0500] "GET /download.php?id=463&name=Praise%20Umali-You'll%20be%20good HTTP/1.1" 200 7902366 "https://www.malawisounds.com/463-you'll-be-good-by-praise-umali" "Opera/9.80 (SpreadTrum; Opera Mini/4.4.33961/191.361; U; en) Presto/2.12.423 Version/12.16"
66.249.65.162 - - [03/Jan/2025:23:12:59 -0500] "GET /sid-1027-vala-zilimbe-by-louid-x-reduce-(prod-by-dj-brown) HTTP/1.1" 200 3274 "-" "Mozilla/5.0 (Linux; Android 6.0.1; Nexus 5X Build/MMB29P) AppleWebKit/537.36 (KHTML, like Gecko) Chrome/131.0.6778.204 Mobile Safari/537.36 (compatible; Googlebot/2.1; +http://www.google.com/bot.html)"
51.222.253.18 - - [03/Jan/2025:23:13:38 -0500] "GET /60-Panado-by-C-tray-ft-Jomo HTTP/1.1" 200 3959 "-" "Mozilla/5.0 (compatible; AhrefsBot/7.0; +http://ahrefs.com/robot/)"
51.222.253.4 - - [03/Jan/2025:23:14:52 -0500] "GET /758-Special-loving--by-Mdnayo-Enecho- HTTP/1.1" 200 3931 "-" "Mozilla/5.0 (compatible; AhrefsBot/7.0; +http://ahrefs.com/robot/)"
51.222.253.18 - - [03/Jan/2025:23:18:41 -0500] "GET /album-zip.php?title=la-vida-es-corta&name=servant-aaron-and-watie-michael-noah HTTP/1.1" 302 0 "-" "Mozilla/5.0 (compatible; AhrefsBot/7.0; +http://ahrefs.com/robot/)"
31.13.103.2 - - [03/Jan/2025:23:19:15 -0500] "GET /images/mwsounds-20221224-210456-Your-Presence-Is-Home-by-Chigo-Grace.jpg HTTP/1.1" 200 26279 "-" "facebookexternalhit/1.1 (+http://www.facebook.com/externalhit_uatext.php)"
58.49.233.126 - - [03/Jan/2025:23:19:50 -0500] "GET / HTTP/1.1" 200 3709 "http://www.malawisounds.com" "Mozilla/5.0 (iPhone; CPU iPhone OS 13_2_3 like Mac OS X) AppleWebKit/605.1.15 (KHTML, like Gecko) Version/13.0.3 Mobile/15E148 Safari/604.1"
51.222.253.14 - - [03/Jan/2025:23:19:51 -0500] "GET /aid-197-ep-stream-sokosoko HTTP/1.1" 200 3540 "-" "Mozilla/5.0 (compatible; AhrefsBot/7.0; +http://ahrefs.com/robot/)"
66.249.73.4 - - [03/Jan/2025:23:20:17 -0500] "GET /album_images/mwsounds-20230305192012-art1678043153911.jpeg HTTP/1.1" 200 99937 "-" "Googlebot-Image/1.0"
51.222.253.4 - - [03/Jan/2025:23:20:28 -0500] "GET /213-You-are-Jesus-by-Gloria-Praise HTTP/1.1" 200 3929 "-" "Mozilla/5.0 (compatible; AhrefsBot/7.0; +http://ahrefs.com/robot/)"
51.222.253.5 - - [03/Jan/2025:23:21:06 -0500] "GET /629-The-resolve-by-Mcluther- HTTP/1.1" 200 3913 "-" "Mozilla/5.0 (compatible; AhrefsBot/7.0; +http://ahrefs.com/robot/)"
51.222.253.10 - - [03/Jan/2025:23:21:48 -0500] "GET /1456-Friends-with-benefit--by-Troamray- HTTP/1.1" 200 3921 "-" "Mozilla/5.0 (compatible; AhrefsBot/7.0; +http://ahrefs.com/robot/)"
51.222.253.13 - - [03/Jan/2025:23:22:30 -0500] "GET /779-Usakhale-Chete-by-Sam-Lael HTTP/1.1" 200 3910 "-" "Mozilla/5.0 (compatible; AhrefsBot/7.0; +http://ahrefs.com/robot/)"
157.55.39.55 - - [03/Jan/2025:23:22:53 -0500] "GET /248-Nena-Zako-by-Michael-Yekha HTTP/1.1" 200 3917 "-" "Mozilla/5.0 AppleWebKit/537.36 (KHTML, like Gecko; compatible; bingbot/2.0; +http://www.bing.com/bingbot.htm) Chrome/116.0.1938.76 Safari/537.36"
51.222.253.4 - - [03/Jan/2025:23:23:14 -0500] "GET /cgi-sys/suspendedpage.cgi?pageno=74 HTTP/1.1" 200 3903 "-" "Mozilla/5.0 (compatible; AhrefsBot/7.0; +http://ahrefs.com/robot/)"
51.222.253.4 - - [03/Jan/2025:23:23:46 -0500] "GET /359-My-Shot-by-WeLee-Ft-Dav-Risen HTTP/1.1" 200 3926 "-" "Mozilla/5.0 (compatible; AhrefsBot/7.0; +http://ahrefs.com/robot/)"
51.222.253.12 - - [03/Jan/2025:23:25:05 -0500] "GET /sid-579-miyala-by-barry-uno-ft-maskal HTTP/1.1" 200 3264 "-" "Mozilla/5.0 (compatible; AhrefsBot/7.0; +http://ahrefs.com/robot/)"
52.167.144.191 - - [03/Jan/2025:23:26:00 -0500] "GET /545-Ndasankha-by-Eliza-Mponya HTTP/1.1" 200 3923 "-" "Mozilla/5.0 AppleWebKit/537.36 (KHTML, like Gecko; compatible; bingbot/2.0; +http://www.bing.com/bingbot.htm) Chrome/116.0.1938.76 Safari/537.36"
51.222.253.20 - - [03/Jan/2025:23:26:27 -0500] "GET /30-My-hustle-by-Tim-Zich HTTP/1.1" 200 3923 "-" "Mozilla/5.0 (compatible; AhrefsBot/7.0; +http://ahrefs.com/robot/)"
31.13.127.19 - - [03/Jan/2025:23:27:03 -0500] "GET /article=24 HTTP/1.1" 200 12877 "-" "meta-externalagent/1.1 (+https://developers.facebook.com/docs/sharing/webmasters/crawler)"
51.222.253.19 - - [03/Jan/2025:23:27:35 -0500] "GET /sid-1538-we-lift-your-name-by-zizy- HTTP/1.1" 200 3227 "-" "Mozilla/5.0 (compatible; AhrefsBot/7.0; +http://ahrefs.com/robot/)"
51.222.253.10 - - [03/Jan/2025:23:28:23 -0500] "GET /sid-928-vision-by-cee-jonez HTTP/1.1" 200 3260 "-" "Mozilla/5.0 (compatible; AhrefsBot/7.0; +http://ahrefs.com/robot/)"
51.222.253.10 - - [03/Jan/2025:23:29:11 -0500] "GET /sid-536-wizeso-by-pawalo-ft-auditor-general HTTP/1.1" 200 3260 "-" "Mozilla/5.0 (compatible; AhrefsBot/7.0; +http://ahrefs.com/robot/)"
51.222.253.12 - - [03/Jan/2025:23:30:00 -0500] "GET /617-Kontolola-by-Goddy HTTP/1.1" 200 3940 "-" "Mozilla/5.0 (compatible; AhrefsBot/7.0; +http://ahrefs.com/robot/)"
51.222.253.5 - - [03/Jan/2025:23:30:50 -0500] "GET /1037-Finish-Line-by-Ser7n-ft.-Phronee99 HTTP/1.1" 200 3988 "-" "Mozilla/5.0 (compatible; AhrefsBot/7.0; +http://ahrefs.com/robot/)"
51.222.253.3 - - [03/Jan/2025:23:31:50 -0500] "GET /sid-1-amazipopa-by-aoc-ft-slim-p-x-sneezy-x-mr-vendriq HTTP/1.1" 200 3202 "-" "Mozilla/5.0 (compatible; AhrefsBot/7.0; +http://ahrefs.com/robot/)"
51.222.253.19 - - [03/Jan/2025:23:32:51 -0500] "GET /1371-chisankho-by-Richard-chirumba- HTTP/1.1" 200 3890 "-" "Mozilla/5.0 (compatible; AhrefsBot/7.0; +http://ahrefs.com/robot/)"
51.222.253.5 - - [03/Jan/2025:23:33:32 -0500] "GET /986-Remember--by-Marvin-mw HTTP/1.1" 200 3967 "-" "Mozilla/5.0 (compatible; AhrefsBot/7.0; +http://ahrefs.com/robot/)"
51.222.253.7 - - [03/Jan/2025:23:33:53 -0500] "GET /921-Nkhani-ku-inbox-by-Wakuda HTTP/1.1" 200 3958 "-" "Mozilla/5.0 (compatible; AhrefsBot/7.0; +http://ahrefs.com/robot/)"
51.222.253.11 - - [03/Jan/2025:23:34:32 -0500] "GET /679-Galu-wapadzara-by-Stainless-musiq HTTP/1.1" 200 3930 "-" "Mozilla/5.0 (compatible; AhrefsBot/7.0; +http://ahrefs.com/robot/)"
66.249.65.160 - - [03/Jan/2025:23:34:41 -0500] "GET /images/mwsounds-20220912-144230-Mmanja-Olutchaila-by-Fatsani.jpg HTTP/1.1" 200 24976 "-" "Googlebot-Image/1.0"
51.222.253.10 - - [03/Jan/2025:23:35:06 -0500] "GET /905-Have-your-way-by-Khumbi HTTP/1.1" 200 3897 "-" "Mozilla/5.0 (compatible; AhrefsBot/7.0; +http://ahrefs.com/robot/)"
51.222.253.20 - - [03/Jan/2025:23:35:33 -0500] "GET /1331-Achitonde--by-Ril-Taxy-ft-Shidex-mw- HTTP/1.1" 200 3986 "-" "Mozilla/5.0 (compatible; AhrefsBot/7.0; +http://ahrefs.com/robot/)"
51.222.253.3 - - [03/Jan/2025:23:36:22 -0500] "GET /sid-396-kazembe-by-dj-mpho HTTP/1.1" 200 3236 "-" "Mozilla/5.0 (compatible; AhrefsBot/7.0; +http://ahrefs.com/robot/)"
51.222.253.15 - - [03/Jan/2025:23:36:43 -0500] "GET /801-the-candy-(interlude)-by-snazzy HTTP/1.1" 200 3971 "-" "Mozilla/5.0 (compatible; AhrefsBot/7.0; +http://ahrefs.com/robot/)"
31.13.103.10 - - [03/Jan/2025:23:37:01 -0500] "GET /images/mwsounds-20210728102417-song-artwork.jpg HTTP/1.1" 200 82169 "-" "facebookexternalhit/1.1 (+http://www.facebook.com/externalhit_uatext.php)"
51.222.253.17 - - [03/Jan/2025:23:37:01 -0500] "GET /468-How-Can-I-Not-by-Crecile HTTP/1.1" 200 3907 "-" "Mozilla/5.0 (compatible; AhrefsBot/7.0; +http://ahrefs.com/robot/)"
51.222.253.8 - - [03/Jan/2025:23:37:40 -0500] "GET /648-Still-and-Always-by-Tsa-Leo HTTP/1.1" 200 3924 "-" "Mozilla/5.0 (compatible; AhrefsBot/7.0; +http://ahrefs.com/robot/)"
51.222.253.2 - - [03/Jan/2025:23:38:49 -0500] "GET /676-Maphunziro-by-Sir-Mwetho-ft-Glory HTTP/1.1" 200 3973 "-" "Mozilla/5.0 (compatible; AhrefsBot/7.0; +http://ahrefs.com/robot/)"
51.222.253.14 - - [03/Jan/2025:23:39:12 -0500] "GET /1291-Iwe-ndi-ine-by-Ril-Taxy-ft-Minad- HTTP/1.1" 200 3986 "-" "Mozilla/5.0 (compatible; AhrefsBot/7.0; +http://ahrefs.com/robot/)"
51.222.253.18 - - [03/Jan/2025:23:39:31 -0500] "GET /sid-1016-paperboy--by-just-lusungu-ft.-phronee99 HTTP/1.1" 200 3249 "-" "Mozilla/5.0 (compatible; AhrefsBot/7.0; +http://ahrefs.com/robot/)"
216.244.66.237 - - [03/Jan/2025:23:39:54 -0500] "GET /robots.txt HTTP/1.1" 404 1251 "-" "Mozilla/5.0 (compatible; DotBot/1.2; +https://opensiteexplorer.org/dotbot; help@moz.com)"
51.222.253.13 - - [03/Jan/2025:23:39:57 -0500] "GET /1183-Not-To-Us-by-Phil HTTP/1.1" 200 3941 "-" "Mozilla/5.0 (compatible; AhrefsBot/7.0; +http://ahrefs.com/robot/)"
51.222.253.19 - - [03/Jan/2025:23:40:18 -0500] "GET /sid-1203-chikhondi-chapa-season--by-danny-blacka- HTTP/1.1" 200 3253 "-" "Mozilla/5.0 (compatible; AhrefsBot/7.0; +http://ahrefs.com/robot/)"
51.222.253.10 - - [03/Jan/2025:23:40:41 -0500] "GET /sid-348-bushiri-wabwera-by-namadingo HTTP/1.1" 200 3233 "-" "Mozilla/5.0 (compatible; AhrefsBot/7.0; +http://ahrefs.com/robot/)"
156.59.198.136 - - [03/Jan/2025:23:41:03 -0500] "GET /images/img-20200602-wa0005.jpg HTTP/1.1" 404 1251 "-" "Mozilla/5.0 (Linux; Android 5.0) AppleWebKit/537.36 (KHTML, like Gecko) Mobile Safari/537.36 (compatible; Bytespider; spider-feedback@bytedance.com)"
51.222.253.13 - - [03/Jan/2025:23:42:06 -0500] "GET /613-Whispering-Love-by-Tuwiche HTTP/1.1" 200 3904 "-" "Mozilla/5.0 (compatible; AhrefsBot/7.0; +http://ahrefs.com/robot/)"
51.222.253.13 - - [03/Jan/2025:23:42:29 -0500] "GET /sid-614-kwathu-by-mr.-blaq HTTP/1.1" 200 3247 "-" "Mozilla/5.0 (compatible; AhrefsBot/7.0; +http://ahrefs.com/robot/)"
51.222.253.16 - - [03/Jan/2025:23:42:50 -0500] "GET /sid-975-every-week-and-weekend-by-swack-cee HTTP/1.1" 200 3250 "-" "Mozilla/5.0 (compatible; AhrefsBot/7.0; +http://ahrefs.com/robot/)"
51.222.253.10 - - [03/Jan/2025:23:43:15 -0500] "GET /sid-894-malawi-by-harofeel HTTP/1.1" 200 3210 "-" "Mozilla/5.0 (compatible; AhrefsBot/7.0; +http://ahrefs.com/robot/)"
51.222.253.4 - - [03/Jan/2025:23:43:34 -0500] "GET /892-Ndikanalephera-by-Sindi-Maria HTTP/1.1" 200 3974 "-" "Mozilla/5.0 (compatible; AhrefsBot/7.0; +http://ahrefs.com/robot/)"
51.222.253.10 - - [03/Jan/2025:23:44:00 -0500] "GET /1218-Sindilora-(pa-easy-EP)-by-Naptin HTTP/1.1" 200 3913 "-" "Mozilla/5.0 (compatible; AhrefsBot/7.0; +http://ahrefs.com/robot/)"
114.119.136.72 - - [03/Jan/2025:23:45:22 -0500] "GET /539-Street-Kids-(Yohane-Banda-Foundation)-by-Antidoti HTTP/1.1" 200 4474 "https://www.malawisounds.com/singles?pageno=90" "Mozilla/5.0 (Linux; Android 7.0;) AppleWebKit/537.36 (KHTML, like Gecko) Mobile Safari/537.36 (compatible; PetalBot;+https://webmaster.petalsearch.com/site/petalbot)"
52.81.221.161 - - [03/Jan/2025:23:46:38 -0500] "GET / HTTP/1.1" 200 3228 "-" "Mozilla/5.0 (Linux; Android 10; HD1900 Build/QKQ1.190716.003; wv) AppleWebKit/537.36 (KHTML, like Gecko) Version/4.0 Chrome/75.0.3770.156 Mobile Safari/537.36  aweme_230400 JsSdk/1.0 NetType/WIFI  AppName/aweme app_version/23.4.0 ByteLocale/zh-CN Region/CN AppSkin/white AppTheme/light BytedanceWebview/d8a21c6 WebView/075113004008"
51.222.253.17 - - [03/Jan/2025:23:46:38 -0500] "GET /1155-Angry-Sound-04-by-Sam-Sarrfontain HTTP/1.1" 200 3943 "-" "Mozilla/5.0 (compatible; AhrefsBot/7.0; +http://ahrefs.com/robot/)"
52.81.221.161 - - [03/Jan/2025:23:46:39 -0500] "GET /css/animate.css HTTP/1.1" 200 4001 "https://www.malawisounds.com/" "Mozilla/5.0 (Linux; Android 10; HD1900 Build/QKQ1.190716.003; wv) AppleWebKit/537.36 (KHTML, like Gecko) Version/4.0 Chrome/75.0.3770.156 Mobile Safari/537.36  aweme_230400 JsSdk/1.0 NetType/WIFI  AppName/aweme app_version/23.4.0 ByteLocale/zh-CN Region/CN AppSkin/white AppTheme/light BytedanceWebview/d8a21c6 WebView/075113004008"
52.81.221.161 - - [03/Jan/2025:23:46:39 -0500] "GET /css/w3.css HTTP/1.1" 200 4832 "https://www.malawisounds.com/" "Mozilla/5.0 (Linux; Android 10; HD1900 Build/QKQ1.190716.003; wv) AppleWebKit/537.36 (KHTML, like Gecko) Version/4.0 Chrome/75.0.3770.156 Mobile Safari/537.36  aweme_230400 JsSdk/1.0 NetType/WIFI  AppName/aweme app_version/23.4.0 ByteLocale/zh-CN Region/CN AppSkin/white AppTheme/light BytedanceWebview/d8a21c6 WebView/075113004008"
52.81.221.161 - - [03/Jan/2025:23:46:39 -0500] "GET /css/load.css HTTP/1.1" 200 8159 "https://www.malawisounds.com/" "Mozilla/5.0 (Linux; Android 10; HD1900 Build/QKQ1.190716.003; wv) AppleWebKit/537.36 (KHTML, like Gecko) Version/4.0 Chrome/75.0.3770.156 Mobile Safari/537.36  aweme_230400 JsSdk/1.0 NetType/WIFI  AppName/aweme app_version/23.4.0 ByteLocale/zh-CN Region/CN AppSkin/white AppTheme/light BytedanceWebview/d8a21c6 WebView/075113004008"
52.81.221.161 - - [03/Jan/2025:23:46:39 -0500] "GET /impact/stylesheet.css HTTP/1.1" 200 153 "https://www.malawisounds.com/" "Mozilla/5.0 (Linux; Android 10; HD1900 Build/QKQ1.190716.003; wv) AppleWebKit/537.36 (KHTML, like Gecko) Version/4.0 Chrome/75.0.3770.156 Mobile Safari/537.36  aweme_230400 JsSdk/1.0 NetType/WIFI  AppName/aweme app_version/23.4.0 ByteLocale/zh-CN Region/CN AppSkin/white AppTheme/light BytedanceWebview/d8a21c6 WebView/075113004008"
52.81.221.161 - - [03/Jan/2025:23:46:39 -0500] "GET /js/facebook-api.js HTTP/1.1" 200 183 "https://www.malawisounds.com/" "Mozilla/5.0 (Linux; Android 10; HD1900 Build/QKQ1.190716.003; wv) AppleWebKit/537.36 (KHTML, like Gecko) Version/4.0 Chrome/75.0.3770.156 Mobile Safari/537.36  aweme_230400 JsSdk/1.0 NetType/WIFI  AppName/aweme app_version/23.4.0 ByteLocale/zh-CN Region/CN AppSkin/white AppTheme/light BytedanceWebview/d8a21c6 WebView/075113004008"
52.81.221.161 - - [03/Jan/2025:23:46:39 -0500] "GET /js/ajax.js HTTP/1.1" 200 784 "https://www.malawisounds.com/" "Mozilla/5.0 (Linux; Android 10; HD1900 Build/QKQ1.190716.003; wv) AppleWebKit/537.36 (KHTML, like Gecko) Version/4.0 Chrome/75.0.3770.156 Mobile Safari/537.36  aweme_230400 JsSdk/1.0 NetType/WIFI  AppName/aweme app_version/23.4.0 ByteLocale/zh-CN Region/CN AppSkin/white AppTheme/light BytedanceWebview/d8a21c6 WebView/075113004008"
52.81.221.161 - - [03/Jan/2025:23:46:39 -0500] "GET /bootstrap/css/bootstrap.min.css HTTP/1.1" 200 18270 "https://www.malawisounds.com/" "Mozilla/5.0 (Linux; Android 10; HD1900 Build/QKQ1.190716.003; wv) AppleWebKit/537.36 (KHTML, like Gecko) Version/4.0 Chrome/75.0.3770.156 Mobile Safari/537.36  aweme_230400 JsSdk/1.0 NetType/WIFI  AppName/aweme app_version/23.4.0 ByteLocale/zh-CN Region/CN AppSkin/white AppTheme/light BytedanceWebview/d8a21c6 WebView/075113004008"
52.81.221.161 - - [03/Jan/2025:23:46:39 -0500] "GET /js/jquery.js HTTP/1.1" 200 29664 "https://www.malawisounds.com/" "Mozilla/5.0 (Linux; Android 10; HD1900 Build/QKQ1.190716.003; wv) AppleWebKit/537.36 (KHTML, like Gecko) Version/4.0 Chrome/75.0.3770.156 Mobile Safari/537.36  aweme_230400 JsSdk/1.0 NetType/WIFI  AppName/aweme app_version/23.4.0 ByteLocale/zh-CN Region/CN AppSkin/white AppTheme/light BytedanceWebview/d8a21c6 WebView/075113004008"
52.81.221.161 - - [03/Jan/2025:23:46:40 -0500] "GET /js/nav.js HTTP/1.1" 200 99 "https://www.malawisounds.com/" "Mozilla/5.0 (Linux; Android 10; HD1900 Build/QKQ1.190716.003; wv) AppleWebKit/537.36 (KHTML, like Gecko) Version/4.0 Chrome/75.0.3770.156 Mobile Safari/537.36  aweme_230400 JsSdk/1.0 NetType/WIFI  AppName/aweme app_version/23.4.0 ByteLocale/zh-CN Region/CN AppSkin/white AppTheme/light BytedanceWebview/d8a21c6 WebView/075113004008"
52.81.221.161 - - [03/Jan/2025:23:46:40 -0500] "GET /css/Icons/nyc.jpg HTTP/1.1" 404 1251 "https://www.malawisounds.com/css/load.css" "Mozilla/5.0 (Linux; Android 10; HD1900 Build/QKQ1.190716.003; wv) AppleWebKit/537.36 (KHTML, like Gecko) Version/4.0 Chrome/75.0.3770.156 Mobile Safari/537.36  aweme_230400 JsSdk/1.0 NetType/WIFI  AppName/aweme app_version/23.4.0 ByteLocale/zh-CN Region/CN AppSkin/white AppTheme/light BytedanceWebview/d8a21c6 WebView/075113004008"
52.81.221.161 - - [03/Jan/2025:23:46:40 -0500] "GET /Icons/facebook.png HTTP/1.1" 200 2279 "https://www.malawisounds.com/" "Mozilla/5.0 (Linux; Android 10; HD1900 Build/QKQ1.190716.003; wv) AppleWebKit/537.36 (KHTML, like Gecko) Version/4.0 Chrome/75.0.3770.156 Mobile Safari/537.36  aweme_230400 JsSdk/1.0 NetType/WIFI  AppName/aweme app_version/23.4.0 ByteLocale/zh-CN Region/CN AppSkin/white AppTheme/light BytedanceWebview/d8a21c6 WebView/075113004008"
52.81.221.161 - - [03/Jan/2025:23:46:40 -0500] "GET /Icons/msounds1.png HTTP/1.1" 200 11619 "https://www.malawisounds.com/" "Mozilla/5.0 (Linux; Android 10; HD1900 Build/QKQ1.190716.003; wv) AppleWebKit/537.36 (KHTML, like Gecko) Version/4.0 Chrome/75.0.3770.156 Mobile Safari/537.36  aweme_230400 JsSdk/1.0 NetType/WIFI  AppName/aweme app_version/23.4.0 ByteLocale/zh-CN Region/CN AppSkin/white AppTheme/light BytedanceWebview/d8a21c6 WebView/075113004008"
52.81.221.161 - - [03/Jan/2025:23:46:40 -0500] "GET /images/mwsounds-20241226-132716-Ndinu-Oyera-by-Keyz-Kingston.jpg HTTP/1.1" 200 74272 "https://www.malawisounds.com/" "Mozilla/5.0 (Linux; Android 10; HD1900 Build/QKQ1.190716.003; wv) AppleWebKit/537.36 (KHTML, like Gecko) Version/4.0 Chrome/75.0.3770.156 Mobile Safari/537.36  aweme_230400 JsSdk/1.0 NetType/WIFI  AppName/aweme app_version/23.4.0 ByteLocale/zh-CN Region/CN AppSkin/white AppTheme/light BytedanceWebview/d8a21c6 WebView/075113004008"
52.81.221.161 - - [03/Jan/2025:23:46:40 -0500] "GET /Icons/instagram.png HTTP/1.1" 200 2764 "https://www.malawisounds.com/" "Mozilla/5.0 (Linux; Android 10; HD1900 Build/QKQ1.190716.003; wv) AppleWebKit/537.36 (KHTML, like Gecko) Version/4.0 Chrome/75.0.3770.156 Mobile Safari/537.36  aweme_230400 JsSdk/1.0 NetType/WIFI  AppName/aweme app_version/23.4.0 ByteLocale/zh-CN Region/CN AppSkin/white AppTheme/light BytedanceWebview/d8a21c6 WebView/075113004008"
52.81.221.161 - - [03/Jan/2025:23:46:40 -0500] "GET /js/wow.js HTTP/1.1" 200 3414 "https://www.malawisounds.com/" "Mozilla/5.0 (Linux; Android 10; HD1900 Build/QKQ1.190716.003; wv) AppleWebKit/537.36 (KHTML, like Gecko) Version/4.0 Chrome/75.0.3770.156 Mobile Safari/537.36  aweme_230400 JsSdk/1.0 NetType/WIFI  AppName/aweme app_version/23.4.0 ByteLocale/zh-CN Region/CN AppSkin/white AppTheme/light BytedanceWebview/d8a21c6 WebView/075113004008"
52.81.221.161 - - [03/Jan/2025:23:46:40 -0500] "GET /news/article-20240828-121825.png HTTP/1.1" 200 163853 "https://www.malawisounds.com/" "Mozilla/5.0 (Linux; Android 10; HD1900 Build/QKQ1.190716.003; wv) AppleWebKit/537.36 (KHTML, like Gecko) Version/4.0 Chrome/75.0.3770.156 Mobile Safari/537.36  aweme_230400 JsSdk/1.0 NetType/WIFI  AppName/aweme app_version/23.4.0 ByteLocale/zh-CN Region/CN AppSkin/white AppTheme/light BytedanceWebview/d8a21c6 WebView/075113004008"
52.81.221.161 - - [03/Jan/2025:23:46:40 -0500] "GET /Icons/twitter.png HTTP/1.1" 200 2415 "https://www.malawisounds.com/" "Mozilla/5.0 (Linux; Android 10; HD1900 Build/QKQ1.190716.003; wv) AppleWebKit/537.36 (KHTML, like Gecko) Version/4.0 Chrome/75.0.3770.156 Mobile Safari/537.36  aweme_230400 JsSdk/1.0 NetType/WIFI  AppName/aweme app_version/23.4.0 ByteLocale/zh-CN Region/CN AppSkin/white AppTheme/light BytedanceWebview/d8a21c6 WebView/075113004008"
52.81.221.161 - - [03/Jan/2025:23:46:40 -0500] "GET /images/mwsounds-20241130-141713-SACRIFICE-by-TASHA-DAFFRECE.jpg HTTP/1.1" 200 144840 "https://www.malawisounds.com/" "Mozilla/5.0 (Linux; Android 10; HD1900 Build/QKQ1.190716.003; wv) AppleWebKit/537.36 (KHTML, like Gecko) Version/4.0 Chrome/75.0.3770.156 Mobile Safari/537.36  aweme_230400 JsSdk/1.0 NetType/WIFI  AppName/aweme app_version/23.4.0 ByteLocale/zh-CN Region/CN AppSkin/white AppTheme/light BytedanceWebview/d8a21c6 WebView/075113004008"
52.81.221.161 - - [03/Jan/2025:23:46:40 -0500] "GET /null HTTP/1.1" 404 1251 "https://www.malawisounds.com/" "Mozilla/5.0 (Linux; Android 10; HD1900 Build/QKQ1.190716.003; wv) AppleWebKit/537.36 (KHTML, like Gecko) Version/4.0 Chrome/75.0.3770.156 Mobile Safari/537.36  aweme_230400 JsSdk/1.0 NetType/WIFI  AppName/aweme app_version/23.4.0 ByteLocale/zh-CN Region/CN AppSkin/white AppTheme/light BytedanceWebview/d8a21c6 WebView/075113004008"
52.81.221.161 - - [03/Jan/2025:23:46:40 -0500] "GET /ads/MS%20covid.jpg HTTP/1.1" 200 273002 "https://www.malawisounds.com/" "Mozilla/5.0 (Linux; Android 10; HD1900 Build/QKQ1.190716.003; wv) AppleWebKit/537.36 (KHTML, like Gecko) Version/4.0 Chrome/75.0.3770.156 Mobile Safari/537.36  aweme_230400 JsSdk/1.0 NetType/WIFI  AppName/aweme app_version/23.4.0 ByteLocale/zh-CN Region/CN AppSkin/white AppTheme/light BytedanceWebview/d8a21c6 WebView/075113004008"
52.81.221.161 - - [03/Jan/2025:23:46:40 -0500] "GET /fonts/Gothic.ttf HTTP/1.1" 200 112628 "https://www.malawisounds.com/css/load.css" "Mozilla/5.0 (Linux; Android 10; HD1900 Build/QKQ1.190716.003; wv) AppleWebKit/537.36 (KHTML, like Gecko) Version/4.0 Chrome/75.0.3770.156 Mobile Safari/537.36  aweme_230400 JsSdk/1.0 NetType/WIFI  AppName/aweme app_version/23.4.0 ByteLocale/zh-CN Region/CN AppSkin/white AppTheme/light BytedanceWebview/d8a21c6 WebView/075113004008"
52.81.221.161 - - [03/Jan/2025:23:46:40 -0500] "GET /fonts/Gothic-B.ttf HTTP/1.1" 200 129676 "https://www.malawisounds.com/css/load.css" "Mozilla/5.0 (Linux; Android 10; HD1900 Build/QKQ1.190716.003; wv) AppleWebKit/537.36 (KHTML, like Gecko) Version/4.0 Chrome/75.0.3770.156 Mobile Safari/537.36  aweme_230400 JsSdk/1.0 NetType/WIFI  AppName/aweme app_version/23.4.0 ByteLocale/zh-CN Region/CN AppSkin/white AppTheme/light BytedanceWebview/d8a21c6 WebView/075113004008"
51.222.253.3 - - [03/Jan/2025:23:44:24 -0500] "GET /59-Dzuka-by-Masomphenya HTTP/1.1" 200 3890 "-" "Mozilla/5.0 (compatible; AhrefsBot/7.0; +http://ahrefs.com/robot/)"
51.222.253.16 - - [03/Jan/2025:23:44:49 -0500] "GET /sid-511-anafera-ine-by-gidden HTTP/1.1" 200 3262 "-" "Mozilla/5.0 (compatible; AhrefsBot/7.0; +http://ahrefs.com/robot/)"
52.81.221.161 - - [03/Jan/2025:23:46:40 -0500] "GET /bootstrap/fonts/glyphicons-halflings-regular.woff2 HTTP/1.1" 200 18028 "https://www.malawisounds.com/bootstrap/css/bootstrap.min.css" "Mozilla/5.0 (Linux; Android 10; HD1900 Build/QKQ1.190716.003; wv) AppleWebKit/537.36 (KHTML, like Gecko) Version/4.0 Chrome/75.0.3770.156 Mobile Safari/537.36  aweme_230400 JsSdk/1.0 NetType/WIFI  AppName/aweme app_version/23.4.0 ByteLocale/zh-CN Region/CN AppSkin/white AppTheme/light BytedanceWebview/d8a21c6 WebView/075113004008"
52.81.221.161 - - [03/Jan/2025:23:46:40 -0500] "GET /home.php HTTP/1.1" 200 5195 "https://www.malawisounds.com/" "Mozilla/5.0 (Linux; Android 10; HD1900 Build/QKQ1.190716.003; wv) AppleWebKit/537.36 (KHTML, like Gecko) Version/4.0 Chrome/75.0.3770.156 Mobile Safari/537.36  aweme_230400 JsSdk/1.0 NetType/WIFI  AppName/aweme app_version/23.4.0 ByteLocale/zh-CN Region/CN AppSkin/white AppTheme/light BytedanceWebview/d8a21c6 WebView/075113004008"
52.81.221.161 - - [03/Jan/2025:23:46:49 -0500] "GET /bio/mwsounds-20200801042643-Dr.Drew.jpg HTTP/1.1" 200 80629 "https://www.malawisounds.com/home.php" "Mozilla/5.0 (Linux; Android 10; HD1900 Build/QKQ1.190716.003; wv) AppleWebKit/537.36 (KHTML, like Gecko) Version/4.0 Chrome/75.0.3770.156 Mobile Safari/537.36  aweme_230400 JsSdk/1.0 NetType/WIFI  AppName/aweme app_version/23.4.0 ByteLocale/zh-CN Region/CN AppSkin/white AppTheme/light BytedanceWebview/d8a21c6 WebView/075113004008"
52.81.221.161 - - [03/Jan/2025:23:46:49 -0500] "GET /bio/mwsounds-20230703010954-IMG-20230703-030900.jpg HTTP/1.1" 200 25808 "https://www.malawisounds.com/home.php" "Mozilla/5.0 (Linux; Android 10; HD1900 Build/QKQ1.190716.003; wv) AppleWebKit/537.36 (KHTML, like Gecko) Version/4.0 Chrome/75.0.3770.156 Mobile Safari/537.36  aweme_230400 JsSdk/1.0 NetType/WIFI  AppName/aweme app_version/23.4.0 ByteLocale/zh-CN Region/CN AppSkin/white AppTheme/light BytedanceWebview/d8a21c6 WebView/075113004008"
52.81.221.161 - - [03/Jan/2025:23:46:49 -0500] "GET /bio/mwsounds-20200706205025-tay-grin---Copy.jpg HTTP/1.1" 200 43244 "https://www.malawisounds.com/home.php" "Mozilla/5.0 (Linux; Android 10; HD1900 Build/QKQ1.190716.003; wv) AppleWebKit/537.36 (KHTML, like Gecko) Version/4.0 Chrome/75.0.3770.156 Mobile Safari/537.36  aweme_230400 JsSdk/1.0 NetType/WIFI  AppName/aweme app_version/23.4.0 ByteLocale/zh-CN Region/CN AppSkin/white AppTheme/light BytedanceWebview/d8a21c6 WebView/075113004008"
52.81.221.161 - - [03/Jan/2025:23:46:49 -0500] "GET /bio/mwsounds-20200710082408-onesmus.jpg HTTP/1.1" 200 30093 "https://www.malawisounds.com/home.php" "Mozilla/5.0 (Linux; Android 10; HD1900 Build/QKQ1.190716.003; wv) AppleWebKit/537.36 (KHTML, like Gecko) Version/4.0 Chrome/75.0.3770.156 Mobile Safari/537.36  aweme_230400 JsSdk/1.0 NetType/WIFI  AppName/aweme app_version/23.4.0 ByteLocale/zh-CN Region/CN AppSkin/white AppTheme/light BytedanceWebview/d8a21c6 WebView/075113004008"
52.81.221.161 - - [03/Jan/2025:23:46:49 -0500] "GET /bio/mwsounds-20200706204045-gwamba.jpg HTTP/1.1" 200 39055 "https://www.malawisounds.com/home.php" "Mozilla/5.0 (Linux; Android 10; HD1900 Build/QKQ1.190716.003; wv) AppleWebKit/537.36 (KHTML, like Gecko) Version/4.0 Chrome/75.0.3770.156 Mobile Safari/537.36  aweme_230400 JsSdk/1.0 NetType/WIFI  AppName/aweme app_version/23.4.0 ByteLocale/zh-CN Region/CN AppSkin/white AppTheme/light BytedanceWebview/d8a21c6 WebView/075113004008"
52.81.221.161 - - [03/Jan/2025:23:46:49 -0500] "GET /bio/mwsounds-20200706203533-Namadigo.jpg HTTP/1.1" 200 33718 "https://www.malawisounds.com/home.php" "Mozilla/5.0 (Linux; Android 10; HD1900 Build/QKQ1.190716.003; wv) AppleWebKit/537.36 (KHTML, like Gecko) Version/4.0 Chrome/75.0.3770.156 Mobile Safari/537.36  aweme_230400 JsSdk/1.0 NetType/WIFI  AppName/aweme app_version/23.4.0 ByteLocale/zh-CN Region/CN AppSkin/white AppTheme/light BytedanceWebview/d8a21c6 WebView/075113004008"
52.81.221.161 - - [03/Jan/2025:23:46:49 -0500] "GET /images/mwsounds-20240521-181643-Ena-by-Matiti.jpg HTTP/1.1" 200 56241 "https://www.malawisounds.com/home.php" "Mozilla/5.0 (Linux; Android 10; HD1900 Build/QKQ1.190716.003; wv) AppleWebKit/537.36 (KHTML, like Gecko) Version/4.0 Chrome/75.0.3770.156 Mobile Safari/537.36  aweme_230400 JsSdk/1.0 NetType/WIFI  AppName/aweme app_version/23.4.0 ByteLocale/zh-CN Region/CN AppSkin/white AppTheme/light BytedanceWebview/d8a21c6 WebView/075113004008"
52.81.221.161 - - [03/Jan/2025:23:46:49 -0500] "GET /images/mwsounds-20241106-081214-Sinampeze-by-Sarai-ft.-Harris.jpg HTTP/1.1" 200 66025 "https://www.malawisounds.com/home.php" "Mozilla/5.0 (Linux; Android 10; HD1900 Build/QKQ1.190716.003; wv) AppleWebKit/537.36 (KHTML, like Gecko) Version/4.0 Chrome/75.0.3770.156 Mobile Safari/537.36  aweme_230400 JsSdk/1.0 NetType/WIFI  AppName/aweme app_version/23.4.0 ByteLocale/zh-CN Region/CN AppSkin/white AppTheme/light BytedanceWebview/d8a21c6 WebView/075113004008"
52.81.221.161 - - [03/Jan/2025:23:46:49 -0500] "GET /Icons/new.png HTTP/1.1" 200 17810 "https://www.malawisounds.com/home.php" "Mozilla/5.0 (Linux; Android 10; HD1900 Build/QKQ1.190716.003; wv) AppleWebKit/537.36 (KHTML, like Gecko) Version/4.0 Chrome/75.0.3770.156 Mobile Safari/537.36  aweme_230400 JsSdk/1.0 NetType/WIFI  AppName/aweme app_version/23.4.0 ByteLocale/zh-CN Region/CN AppSkin/white AppTheme/light BytedanceWebview/d8a21c6 WebView/075113004008"
