51.222.253.17 - - [04/Jan/2025:00:19:25 -0500] "GET /1034-Muzonse-(prod-by-OBK)-by-Chikondi-Banda HTTP/1.1" 200 3941 "-" "Mozilla/5.0 (compatible; AhrefsBot/7.0; +http://ahrefs.com/robot/)"
31.13.103.8 - - [04/Jan/2025:00:19:38 -0500] "GET /images/mwsounds-20241130-134601-God-of-all-by-Faith-Music-x-Wezzie-Singz.jpg HTTP/1.1" 200 296970 "-" "facebookexternalhit/1.1 (+http://www.facebook.com/externalhit_uatext.php)"
51.222.253.4 - - [04/Jan/2025:00:19:54 -0500] "GET /13-Akubwera-by-Wangisa- HTTP/1.1" 200 3923 "-" "Mozilla/5.0 (compatible; AhrefsBot/7.0; +http://ahrefs.com/robot/)"
105.234.164.38 - - [04/Jan/2025:00:19:55 -0500] "GET /download.php?id=307&name=Eli%20Njuchi-Ma%20Ine HTTP/1.1" 200 7643563 "-" "com.google.android.apps.searchlite/173804 (Linux; U; Android 9; en_US; itel W6002; Build/PPR1.180610.011; Cronet/76.0.3809.111)"
51.222.253.16 - - [04/Jan/2025:00:20:21 -0500] "GET /singles.php?pageno=164 HTTP/1.1" 200 3204 "-" "Mozilla/5.0 (compatible; AhrefsBot/7.0; +http://ahrefs.com/robot/)"
51.222.253.8 - - [04/Jan/2025:00:20:46 -0500] "GET /676-Maphunziro-by-Sir-Mwetho-ft-Glory HTTP/1.1" 200 3931 "-" "Mozilla/5.0 (compatible; AhrefsBot/7.0; +http://ahrefs.com/robot/)"
51.222.253.4 - - [04/Jan/2025:00:21:17 -0500] "GET /sid-236-blow-my-mind(remix)-by-limoblaze-ft.-kelvin-sings-+-beracah HTTP/1.1" 200 3274 "-" "Mozilla/5.0 (compatible; AhrefsBot/7.0; +http://ahrefs.com/robot/)"
173.252.107.14 - - [04/Jan/2025:00:21:48 -0500] "GET /songs.php?id=1052 HTTP/1.1" 200 14601 "-" "facebookexternalhit/1.1 (+http://www.facebook.com/externalhit_uatext.php)"
51.222.253.1 - - [04/Jan/2025:00:22:08 -0500] "GET /sid-963-this-is-gonna-make-me-crash-marnie's-computer-by-henry-jc HTTP/1.1" 200 3254 "-" "Mozilla/5.0 (compatible; AhrefsBot/7.0; +http://ahrefs.com/robot/)"
47.128.49.162 - - [04/Jan/2025:00:22:41 -0500] "GET /1675-Ndinu-Oyera-by-Keyz-Kingston HTTP/1.1" 200 3942 "-" "Mozilla/5.0 (compatible; Bytespider; spider-feedback@bytedance.com) AppleWebKit/537.36 (KHTML, like Gecko) Chrome/70.0.0.0 Safari/537.36"
47.128.49.162 - - [04/Jan/2025:00:22:41 -0500] "GET /Icons/twitter.png HTTP/1.1" 206 500 "https://www.malawisounds.com/1675-Ndinu-Oyera-by-Keyz-Kingston" "Mozilla/5.0 (compatible; Bytespider; spider-feedback@bytedance.com) AppleWebKit/537.36 (KHTML, like Gecko) Chrome/70.0.0.0 Safari/537.36"
47.128.49.162 - - [04/Jan/2025:00:22:42 -0500] "GET /bio/mwsounds-20200706205025-tay-grin---Copy.jpg HTTP/1.1" 206 500 "https://www.malawisounds.com/1675-Ndinu-Oyera-by-Keyz-Kingston" "Mozilla/5.0 (compatible; Bytespider; spider-feedback@bytedance.com) AppleWebKit/537.36 (KHTML, like Gecko) Chrome/70.0.0.0 Safari/537.36"
47.128.49.162 - - [04/Jan/2025:00:22:42 -0500] "GET /bio/mwsounds-20200710082408-onesmus.jpg HTTP/1.1" 206 500 "https://www.malawisounds.com/1675-Ndinu-Oyera-by-Keyz-Kingston" "Mozilla/5.0 (compatible; Bytespider; spider-feedback@bytedance.com) AppleWebKit/537.36 (KHTML, like Gecko) Chrome/70.0.0.0 Safari/537.36"
47.128.49.162 - - [04/Jan/2025:00:22:42 -0500] "GET /bio/mwsounds-20200706204045-gwamba.jpg HTTP/1.1" 206 500 "https://www.malawisounds.com/1675-Ndinu-Oyera-by-Keyz-Kingston" "Mozilla/5.0 (compatible; Bytespider; spider-feedback@bytedance.com) AppleWebKit/537.36 (KHTML, like Gecko) Chrome/70.0.0.0 Safari/537.36"
47.128.49.162 - - [04/Jan/2025:00:22:42 -0500] "GET /bio/mwsounds-20230703010954-IMG-20230703-030900.jpg HTTP/1.1" 206 500 "https://www.malawisounds.com/1675-Ndinu-Oyera-by-Keyz-Kingston" "Mozilla/5.0 (compatible; Bytespider; spider-feedback@bytedance.com) AppleWebKit/537.36 (KHTML, like Gecko) Chrome/70.0.0.0 Safari/537.36"
47.128.49.162 - - [04/Jan/2025:00:22:42 -0500] "GET /null HTTP/1.1" 404 1251 "https://www.malawisounds.com/1675-Ndinu-Oyera-by-Keyz-Kingston" "Mozilla/5.0 (compatible; Bytespider; spider-feedback@bytedance.com) AppleWebKit/537.36 (KHTML, like Gecko) Chrome/70.0.0.0 Safari/537.36"
51.222.253.9 - - [04/Jan/2025:00:23:25 -0500] "GET /629-The-resolve-by-Mcluther- HTTP/1.1" 200 3913 "-" "Mozilla/5.0 (compatible; AhrefsBot/7.0; +http://ahrefs.com/robot/)"
51.222.253.10 - - [04/Jan/2025:00:24:47 -0500] "GET /1003-Zikomo-by-Sarai HTTP/1.1" 200 3881 "-" "Mozilla/5.0 (compatible; AhrefsBot/7.0; +http://ahrefs.com/robot/)"
66.249.73.4 - - [04/Jan/2025:00:24:58 -0500] "GET /images/mwsounds-20210727041845-kelvin-sings-(null).jpeg HTTP/1.1" 200 106578 "-" "Googlebot-Image/1.0"
31.13.127.20 - - [04/Jan/2025:00:25:13 -0500] "GET /images/mwsounds-20230623-133957-Vuto-by-Mike-sackson-ft-kita.jpg HTTP/1.1" 200 111647 "-" "facebookexternalhit/1.1 (+http://www.facebook.com/externalhit_uatext.php)"
51.222.253.2 - - [04/Jan/2025:00:25:21 -0500] "GET /1124-Analowa-Yesu-Mtimanga-by-The-Tribute-Messages-Quartet HTTP/1.1" 200 3960 "-" "Mozilla/5.0 (compatible; AhrefsBot/7.0; +http://ahrefs.com/robot/)"
51.222.253.8 - - [04/Jan/2025:00:26:01 -0500] "GET /646-Chi-Vibe-by-Riffle-Dynamic-ft.-Ace-Jizzy-and--Bee-Jay HTTP/1.1" 200 4023 "-" "Mozilla/5.0 (compatible; AhrefsBot/7.0; +http://ahrefs.com/robot/)"
17.241.219.21 - - [04/Jan/2025:00:26:17 -0500] "GET /robots.txt HTTP/1.1" 404 1251 "-" "Mozilla/5.0 (Macintosh; Intel Mac OS X 10_15_7) AppleWebKit/605.1.15 (KHTML, like Gecko) Version/17.4 Safari/605.1.15 (Applebot/0.1; +http://www.apple.com/go/applebot)"
17.241.219.21 - - [04/Jan/2025:00:26:17 -0500] "GET /images/mwsounds-20200707191959-fb_img_1594167031254.jpg HTTP/1.1" 200 13047 "-" "Mozilla/5.0 (Macintosh; Intel Mac OS X 10_15_7) AppleWebKit/605.1.15 (KHTML, like Gecko) Version/17.4 Safari/605.1.15 (Applebot/0.1; +http://www.apple.com/go/applebot)"
51.222.253.10 - - [04/Jan/2025:00:26:39 -0500] "GET /sid-591-wa-chi-lhomwe-by-arthur-smile HTTP/1.1" 200 3219 "-" "Mozilla/5.0 (compatible; AhrefsBot/7.0; +http://ahrefs.com/robot/)"
51.222.253.5 - - [04/Jan/2025:00:27:21 -0500] "GET /artist=Blackmale- HTTP/1.1" 200 3061 "-" "Mozilla/5.0 (compatible; AhrefsBot/7.0; +http://ahrefs.com/robot/)"
51.222.253.2 - - [04/Jan/2025:00:28:02 -0500] "GET /sid-459-your-love-by-sir-odilo-ft.-massive HTTP/1.1" 200 3293 "-" "Mozilla/5.0 (compatible; AhrefsBot/7.0; +http://ahrefs.com/robot/)"
31.13.127.29 - - [04/Jan/2025:00:28:07 -0500] "GET /images/mwsounds-20241226-132716-Ndinu-Oyera-by-Keyz-Kingston.jpg HTTP/1.1" 200 74272 "-" "facebookexternalhit/1.1 (+http://www.facebook.com/externalhit_uatext.php)"
51.222.253.13 - - [04/Jan/2025:00:28:45 -0500] "GET /370-Spot-ya-dada-by-Mobi HTTP/1.1" 200 3896 "-" "Mozilla/5.0 (compatible; AhrefsBot/7.0; +http://ahrefs.com/robot/)"
51.222.253.10 - - [04/Jan/2025:00:29:28 -0500] "GET /sid-896-kaning'ina--by-rabecca-mwafulirwa HTTP/1.1" 200 3235 "-" "Mozilla/5.0 (compatible; AhrefsBot/7.0; +http://ahrefs.com/robot/)"
66.249.65.161 - - [04/Jan/2025:00:29:58 -0500] "GET /1368-chosen-one-2.0-by-jahves HTTP/1.1" 200 3922 "-" "Mozilla/5.0 (Linux; Android 6.0.1; Nexus 5X Build/MMB29P) AppleWebKit/537.36 (KHTML, like Gecko) Chrome/131.0.6778.204 Mobile Safari/537.36 (compatible; Googlebot/2.1; +http://www.google.com/bot.html)"
105.234.162.15 - - [04/Jan/2025:00:30:24 -0500] "GET /sid-274-kadyelere-by-eliza-mponya HTTP/1.1" 200 3205 "https://www.google.com/" "Mozilla/5.0 (Linux; Android 10; K) AppleWebKit/537.36 (KHTML, like Gecko) Chrome/131.0.0.0 Mobile Safari/537.36"
105.234.162.15 - - [04/Jan/2025:00:30:26 -0500] "GET /bootstrap/css/bootstrap.css HTTP/1.1" 200 19973 "https://www.malawisounds.com/sid-274-kadyelere-by-eliza-mponya" "Mozilla/5.0 (Linux; Android 10; K) AppleWebKit/537.36 (KHTML, like Gecko) Chrome/131.0.0.0 Mobile Safari/537.36"
105.234.162.15 - - [04/Jan/2025:00:30:26 -0500] "GET /css/w3.css HTTP/1.1" 200 4832 "https://www.malawisounds.com/sid-274-kadyelere-by-eliza-mponya" "Mozilla/5.0 (Linux; Android 10; K) AppleWebKit/537.36 (KHTML, like Gecko) Chrome/131.0.0.0 Mobile Safari/537.36"
105.234.162.15 - - [04/Jan/2025:00:30:26 -0500] "GET /css/load.css HTTP/1.1" 200 8159 "https://www.malawisounds.com/sid-274-kadyelere-by-eliza-mponya" "Mozilla/5.0 (Linux; Android 10; K) AppleWebKit/537.36 (KHTML, like Gecko) Chrome/131.0.0.0 Mobile Safari/537.36"
105.234.162.15 - - [04/Jan/2025:00:30:26 -0500] "GET /impact/stylesheet.css HTTP/1.1" 200 153 "https://www.malawisounds.com/sid-274-kadyelere-by-eliza-mponya" "Mozilla/5.0 (Linux; Android 10; K) AppleWebKit/537.36 (KHTML, like Gecko) Chrome/131.0.0.0 Mobile Safari/537.36"
105.234.162.15 - - [04/Jan/2025:00:30:26 -0500] "GET /js/codespace_api.js HTTP/1.1" 200 3842 "https://www.malawisounds.com/sid-274-kadyelere-by-eliza-mponya" "Mozilla/5.0 (Linux; Android 10; K) AppleWebKit/537.36 (KHTML, like Gecko) Chrome/131.0.0.0 Mobile Safari/537.36"
105.234.162.15 - - [04/Jan/2025:00:30:26 -0500] "GET /css/audio.css HTTP/1.1" 200 143 "https://www.malawisounds.com/sid-274-kadyelere-by-eliza-mponya" "Mozilla/5.0 (Linux; Android 10; K) AppleWebKit/537.36 (KHTML, like Gecko) Chrome/131.0.0.0 Mobile Safari/537.36"
105.234.162.15 - - [04/Jan/2025:00:30:26 -0500] "GET /images/mwsounds-20200902184621-mpo.jpg HTTP/1.1" 200 16324 "https://www.malawisounds.com/sid-274-kadyelere-by-eliza-mponya" "Mozilla/5.0 (Linux; Android 10; K) AppleWebKit/537.36 (KHTML, like Gecko) Chrome/131.0.0.0 Mobile Safari/537.36"
105.234.162.15 - - [04/Jan/2025:00:30:27 -0500] "GET /fonts/Gothic-B.ttf HTTP/1.1" 200 129676 "https://www.malawisounds.com/css/load.css" "Mozilla/5.0 (Linux; Android 10; K) AppleWebKit/537.36 (KHTML, like Gecko) Chrome/131.0.0.0 Mobile Safari/537.36"
105.234.162.15 - - [04/Jan/2025:00:30:27 -0500] "GET /fonts/Gothic.ttf HTTP/1.1" 200 112628 "https://www.malawisounds.com/css/load.css" "Mozilla/5.0 (Linux; Android 10; K) AppleWebKit/537.36 (KHTML, like Gecko) Chrome/131.0.0.0 Mobile Safari/537.36"
105.234.162.15 - - [04/Jan/2025:00:30:27 -0500] "GET /bootstrap/fonts/glyphicons-halflings-regular.woff2 HTTP/1.1" 200 18028 "https://www.malawisounds.com/bootstrap/css/bootstrap.css" "Mozilla/5.0 (Linux; Android 10; K) AppleWebKit/537.36 (KHTML, like Gecko) Chrome/131.0.0.0 Mobile Safari/537.36"
105.234.162.15 - - [04/Jan/2025:00:30:27 -0500] "GET /uploads/kadyelere.mp3 HTTP/1.1" 206 5279275 "https://www.malawisounds.com/sid-274-kadyelere-by-eliza-mponya" "Mozilla/5.0 (Linux; Android 10; K) AppleWebKit/537.36 (KHTML, like Gecko) Chrome/131.0.0.0 Mobile Safari/537.36"
51.222.253.15 - - [04/Jan/2025:00:30:51 -0500] "GET /sid-567-chete-by-alle HTTP/1.1" 200 3216 "-" "Mozilla/5.0 (compatible; AhrefsBot/7.0; +http://ahrefs.com/robot/)"
52.167.144.220 - - [04/Jan/2025:00:31:05 -0500] "GET /1khgukc7kg.html HTTP/1.1" 404 1251 "-" "Mozilla/5.0 AppleWebKit/537.36 (KHTML, like Gecko; compatible; bingbot/2.0; +http://www.bing.com/bingbot.htm) Chrome/116.0.1938.76 Safari/537.36"
51.222.253.14 - - [04/Jan/2025:00:31:26 -0500] "GET /sid-739-you-are-the-one--by-mr-a-k-47-malawian-boy- HTTP/1.1" 200 3239 "-" "Mozilla/5.0 (compatible; AhrefsBot/7.0; +http://ahrefs.com/robot/)"
66.249.73.3 - - [04/Jan/2025:00:32:02 -0500] "GET /bio/mwsounds-20200706204045-gwamba.jpg HTTP/1.1" 200 39055 "-" "Googlebot-Image/1.0"
51.222.253.5 - - [04/Jan/2025:00:32:04 -0500] "GET /sid-1379-no-capping-(nevergiveup)-by-triggle-x-dupa-zenneth HTTP/1.1" 200 3247 "-" "Mozilla/5.0 (compatible; AhrefsBot/7.0; +http://ahrefs.com/robot/)"
51.222.253.16 - - [04/Jan/2025:00:32:42 -0500] "GET /buy-breathe-in-me-album-by-chigo-grace HTTP/1.1" 200 5361 "-" "Mozilla/5.0 (compatible; AhrefsBot/7.0; +http://ahrefs.com/robot/)"
51.222.253.18 - - [04/Jan/2025:00:33:59 -0500] "GET /1183-Not-To-Us-by-Phil HTTP/1.1" 200 3902 "-" "Mozilla/5.0 (compatible; AhrefsBot/7.0; +http://ahrefs.com/robot/)"
52.167.144.222 - - [04/Jan/2025:00:34:54 -0500] "GET /2eqnhvqwnf.html HTTP/1.1" 404 1251 "-" "Mozilla/5.0 AppleWebKit/537.36 (KHTML, like Gecko; compatible; bingbot/2.0; +http://www.bing.com/bingbot.htm) Chrome/116.0.1938.76 Safari/537.36"
40.77.167.17 - - [04/Jan/2025:00:35:11 -0500] "GET /199-Rejoice-by-Saxess-ft-Allan-Chirwa HTTP/1.1" 200 3941 "-" "Mozilla/5.0 AppleWebKit/537.36 (KHTML, like Gecko; compatible; bingbot/2.0; +http://www.bing.com/bingbot.htm) Chrome/116.0.1938.76 Safari/537.36"
51.222.253.6 - - [04/Jan/2025:00:35:22 -0500] "GET /sid-1502-chikhochikho-by-pastor-bentry HTTP/1.1" 200 3213 "-" "Mozilla/5.0 (compatible; AhrefsBot/7.0; +http://ahrefs.com/robot/)"
51.222.253.20 - - [04/Jan/2025:00:36:06 -0500] "GET /sid-680-zimveke-bwa-by-hyphen-ft.-achina-gatta-ase-and-gd HTTP/1.1" 200 3280 "-" "Mozilla/5.0 (compatible; AhrefsBot/7.0; +http://ahrefs.com/robot/)"
40.77.167.17 - - [04/Jan/2025:00:36:50 -0500] "GET /?ojmaa/w191461.html HTTP/1.1" 200 3228 "-" "Mozilla/5.0 AppleWebKit/537.36 (KHTML, like Gecko; compatible; bingbot/2.0; +http://www.bing.com/bingbot.htm) Chrome/116.0.1938.76 Safari/537.36"
51.222.253.14 - - [04/Jan/2025:00:36:52 -0500] "GET /sid-548-dancing-floor--by-achina-gattah-ase%C3%97black-jack%C3%97icemotious HTTP/1.1" 200 3305 "-" "Mozilla/5.0 (compatible; AhrefsBot/7.0; +http://ahrefs.com/robot/)"
157.55.39.51 - - [04/Jan/2025:00:37:01 -0500] "GET /k8b2fqmr1.html HTTP/1.1" 404 1251 "-" "Mozilla/5.0 AppleWebKit/537.36 (KHTML, like Gecko; compatible; bingbot/2.0; +http://www.bing.com/bingbot.htm) Chrome/116.0.1938.76 Safari/537.36"
51.222.253.16 - - [04/Jan/2025:00:37:34 -0500] "GET /sid-417-i'm-not-crazy-by-phronee HTTP/1.1" 200 3238 "-" "Mozilla/5.0 (compatible; AhrefsBot/7.0; +http://ahrefs.com/robot/)"
40.77.167.17 - - [04/Jan/2025:00:38:11 -0500] "GET /2gt2cbtwwj.html HTTP/1.1" 404 1251 "-" "Mozilla/5.0 AppleWebKit/537.36 (KHTML, like Gecko; compatible; bingbot/2.0; +http://www.bing.com/bingbot.htm) Chrome/116.0.1938.76 Safari/537.36"
51.222.253.6 - - [04/Jan/2025:00:38:13 -0500] "GET /sid-439-mulungu-kulibe-by-masomphenya-ft.-s.a.m.u.e.l-ft-suffix HTTP/1.1" 200 3281 "-" "Mozilla/5.0 (compatible; AhrefsBot/7.0; +http://ahrefs.com/robot/)"
157.55.39.195 - - [04/Jan/2025:00:39:31 -0500] "GET /20h2u6qy1a.html HTTP/1.1" 404 1251 "-" "Mozilla/5.0 AppleWebKit/537.36 (KHTML, like Gecko; compatible; bingbot/2.0; +http://www.bing.com/bingbot.htm) Chrome/116.0.1938.76 Safari/537.36"
51.222.253.8 - - [04/Jan/2025:00:39:33 -0500] "GET /519-Big-Small-Scales-by-Stominem-ft.-X-109 HTTP/1.1" 200 3928 "-" "Mozilla/5.0 (compatible; AhrefsBot/7.0; +http://ahrefs.com/robot/)"
40.77.167.72 - - [04/Jan/2025:00:40:05 -0500] "GET /6poeuali7.html HTTP/1.1" 404 1251 "-" "Mozilla/5.0 AppleWebKit/537.36 (KHTML, like Gecko; compatible; bingbot/2.0; +http://www.bing.com/bingbot.htm) Chrome/116.0.1938.76 Safari/537.36"
51.222.253.20 - - [04/Jan/2025:00:40:18 -0500] "GET /137-Yahweh-by-Nara-418 HTTP/1.1" 200 3901 "-" "Mozilla/5.0 (compatible; AhrefsBot/7.0; +http://ahrefs.com/robot/)"
51.222.253.5 - - [04/Jan/2025:00:40:59 -0500] "GET /sid-835-thank-you-by-ray-bee HTTP/1.1" 200 3216 "-" "Mozilla/5.0 (compatible; AhrefsBot/7.0; +http://ahrefs.com/robot/)"
51.222.253.12 - - [04/Jan/2025:00:41:40 -0500] "GET /597-Down-for-me-by-South-West-ft-Ray-Shine HTTP/1.1" 200 3933 "-" "Mozilla/5.0 (compatible; AhrefsBot/7.0; +http://ahrefs.com/robot/)"
40.77.167.17 - - [04/Jan/2025:00:42:50 -0500] "GET /19rpcldfew.html HTTP/1.1" 404 1251 "-" "Mozilla/5.0 AppleWebKit/537.36 (KHTML, like Gecko; compatible; bingbot/2.0; +http://www.bing.com/bingbot.htm) Chrome/116.0.1938.76 Safari/537.36"
51.222.253.6 - - [04/Jan/2025:00:44:17 -0500] "GET /sid-374-manda-a-mbeta-by-its-priceless-fam HTTP/1.1" 200 3221 "-" "Mozilla/5.0 (compatible; AhrefsBot/7.0; +http://ahrefs.com/robot/)"
207.46.13.154 - - [04/Jan/2025:00:44:52 -0500] "GET /hk898teik.html HTTP/1.1" 404 1251 "-" "Mozilla/5.0 AppleWebKit/537.36 (KHTML, like Gecko; compatible; bingbot/2.0; +http://www.bing.com/bingbot.htm) Chrome/116.0.1938.76 Safari/537.36"
51.222.253.2 - - [04/Jan/2025:00:44:58 -0500] "GET /sid-262-zoe-by-melvin-music HTTP/1.1" 200 3225 "-" "Mozilla/5.0 (compatible; AhrefsBot/7.0; +http://ahrefs.com/robot/)"
66.249.65.161 - - [04/Jan/2025:00:45:16 -0500] "GET /38-you-uplifted-me-by-jowie HTTP/1.1" 200 3899 "-" "Mozilla/5.0 (Linux; Android 6.0.1; Nexus 5X Build/MMB29P) AppleWebKit/537.36 (KHTML, like Gecko) Chrome/131.0.6778.204 Mobile Safari/537.36 (compatible; Googlebot/2.1; +http://www.google.com/bot.html)"
104.168.133.238 - - [04/Jan/2025:00:45:32 -0500] "GET /contact-us HTTP/1.1" 200 2637 "-" "Mozilla/5.0 (Windows NT 10.0; WOW64) AppleWebKit/537.36 (KHTML, like Gecko) Chrome/114.0.0.0 Safari/537.36"
104.168.133.238 - - [04/Jan/2025:00:45:33 -0500] "POST /contact.php HTTP/1.1" 200 3219 "https://malawisounds.com/contact-us" "Mozilla/5.0 (Windows NT 10.0; WOW64) AppleWebKit/537.36 (KHTML, like Gecko) Chrome/114.0.0.0 Safari/537.36"
173.252.107.1 - - [04/Jan/2025:00:45:39 -0500] "GET /images/mwsounds-20240127-105909-We-lift-your-name-by-Zizy-.jpg HTTP/1.1" 200 42691 "-" "facebookexternalhit/1.1 (+http://www.facebook.com/externalhit_uatext.php)"
207.46.13.154 - - [04/Jan/2025:00:46:01 -0500] "GET /bio/mwsounds-20200708214100-malinga.jpg HTTP/1.1" 200 18315 "-" "Mozilla/5.0 AppleWebKit/537.36 (KHTML, like Gecko; compatible; bingbot/2.0; +http://www.bing.com/bingbot.htm) Chrome/116.0.1938.76 Safari/537.36"
51.222.253.2 - - [04/Jan/2025:00:46:01 -0500] "GET /videos?pageno=21 HTTP/1.1" 200 2866 "-" "Mozilla/5.0 (compatible; AhrefsBot/7.0; +http://ahrefs.com/robot/)"
207.46.13.154 - - [04/Jan/2025:00:46:01 -0500] "GET /mq9hqepci.html HTTP/1.1" 404 1251 "-" "Mozilla/5.0 AppleWebKit/537.36 (KHTML, like Gecko; compatible; bingbot/2.0; +http://www.bing.com/bingbot.htm) Chrome/116.0.1938.76 Safari/537.36"
40.77.167.241 - - [04/Jan/2025:00:46:20 -0500] "GET /867-Spirit-by-Ex-leo HTTP/1.1" 200 3903 "-" "Mozilla/5.0 AppleWebKit/537.36 (KHTML, like Gecko; compatible; bingbot/2.0; +http://www.bing.com/bingbot.htm) Chrome/116.0.1938.76 Safari/537.36"
51.222.253.4 - - [04/Jan/2025:00:46:36 -0500] "GET /906-Looking-for-love-by-KidMa HTTP/1.1" 200 3967 "-" "Mozilla/5.0 (compatible; AhrefsBot/7.0; +http://ahrefs.com/robot/)"
51.222.253.6 - - [04/Jan/2025:00:46:57 -0500] "GET /sid-1432-luthando-by-cadet-ludah-ft-n-gist HTTP/1.1" 200 3279 "-" "Mozilla/5.0 (compatible; AhrefsBot/7.0; +http://ahrefs.com/robot/)"
51.222.253.15 - - [04/Jan/2025:00:47:22 -0500] "GET /550-Amandikonda-by-Tione-Chirwa HTTP/1.1" 200 3943 "-" "Mozilla/5.0 (compatible; AhrefsBot/7.0; +http://ahrefs.com/robot/)"
51.222.253.11 - - [04/Jan/2025:00:47:30 -0500] "GET /videos?pageno=21 HTTP/1.1" 200 2834 "-" "Mozilla/5.0 (compatible; AhrefsBot/7.0; +http://ahrefs.com/robot/)"
51.222.253.5 - - [04/Jan/2025:00:47:51 -0500] "GET /1481-Chiphona-by-Sir-Mwetho-ft-DJ-Brano HTTP/1.1" 200 3933 "-" "Mozilla/5.0 (compatible; AhrefsBot/7.0; +http://ahrefs.com/robot/)"
51.222.253.18 - - [04/Jan/2025:00:48:10 -0500] "GET /aid-240-ep-stream-street-luv-ft.-jay-c,-s.o.g,-ashelly-extoll,kodrah-and-nasil- HTTP/1.1" 200 3751 "-" "Mozilla/5.0 (compatible; AhrefsBot/7.0; +http://ahrefs.com/robot/)"
51.222.253.16 - - [04/Jan/2025:00:48:29 -0500] "GET /699-Zinasintha-by-K-Staffoh-ft.-Vacaan HTTP/1.1" 200 3928 "-" "Mozilla/5.0 (compatible; AhrefsBot/7.0; +http://ahrefs.com/robot/)"
51.222.253.9 - - [04/Jan/2025:00:48:50 -0500] "GET /sid-286-amakhala-busy-by-robertson-x-shammah-vocalz-x-saxess HTTP/1.1" 200 3237 "-" "Mozilla/5.0 (compatible; AhrefsBot/7.0; +http://ahrefs.com/robot/)"
51.222.253.10 - - [04/Jan/2025:00:49:14 -0500] "GET /631-M'mayitha-by-Claymo-x-Eze-Grail-x-Zax-D HTTP/1.1" 200 4000 "-" "Mozilla/5.0 (compatible; AhrefsBot/7.0; +http://ahrefs.com/robot/)"
51.20.89.127 - - [04/Jan/2025:00:49:30 -0500] "HEAD /wordpress HTTP/1.1" 404 0 "http://www.malawisounds.com/wordpress" "Mozilla/5.0 (Windows NT 10.0; Win64; x64) AppleWebKit/537.36 (KHTML, like Gecko) Chrome/74.0.3729.169 Safari/537.36"
51.20.89.127 - - [04/Jan/2025:00:49:30 -0500] "HEAD / HTTP/1.1" 200 0 "http://www.malawisounds.com/" "Mozilla/5.0 (Windows NT 10.0; Win64; x64) AppleWebKit/537.36 (KHTML, like Gecko) Chrome/74.0.3729.169 Safari/537.36"
51.20.89.127 - - [04/Jan/2025:00:49:30 -0500] "HEAD /wp HTTP/1.1" 404 0 "http://www.malawisounds.com/wp" "Mozilla/5.0 (Windows NT 10.0; Win64; x64) AppleWebKit/537.36 (KHTML, like Gecko) Chrome/74.0.3729.169 Safari/537.36"
51.20.89.127 - - [04/Jan/2025:00:49:31 -0500] "HEAD /bc HTTP/1.1" 404 0 "http://www.malawisounds.com/bc" "Mozilla/5.0 (Windows NT 10.0; Win64; x64) AppleWebKit/537.36 (KHTML, like Gecko) Chrome/74.0.3729.169 Safari/537.36"
51.20.89.127 - - [04/Jan/2025:00:49:31 -0500] "HEAD /bk HTTP/1.1" 404 0 "http://www.malawisounds.com/bk" "Mozilla/5.0 (Windows NT 10.0; Win64; x64) AppleWebKit/537.36 (KHTML, like Gecko) Chrome/74.0.3729.169 Safari/537.36"
51.20.89.127 - - [04/Jan/2025:00:49:31 -0500] "HEAD /backup HTTP/1.1" 404 0 "http://www.malawisounds.com/backup" "Mozilla/5.0 (Windows NT 10.0; Win64; x64) AppleWebKit/537.36 (KHTML, like Gecko) Chrome/74.0.3729.169 Safari/537.36"
51.20.89.127 - - [04/Jan/2025:00:49:32 -0500] "HEAD /old HTTP/1.1" 404 0 "http://www.malawisounds.com/old" "Mozilla/5.0 (Windows NT 10.0; Win64; x64) AppleWebKit/537.36 (KHTML, like Gecko) Chrome/74.0.3729.169 Safari/537.36"
51.20.89.127 - - [04/Jan/2025:00:49:32 -0500] "HEAD /new HTTP/1.1" 404 0 "http://www.malawisounds.com/new" "Mozilla/5.0 (Windows NT 10.0; Win64; x64) AppleWebKit/537.36 (KHTML, like Gecko) Chrome/74.0.3729.169 Safari/537.36"
51.20.89.127 - - [04/Jan/2025:00:49:32 -0500] "HEAD /main HTTP/1.1" 404 0 "http://www.malawisounds.com/main" "Mozilla/5.0 (Windows NT 10.0; Win64; x64) AppleWebKit/537.36 (KHTML, like Gecko) Chrome/74.0.3729.169 Safari/537.36"
51.20.89.127 - - [04/Jan/2025:00:49:33 -0500] "HEAD /home HTTP/1.1" 200 0 "http://www.malawisounds.com/home" "Mozilla/5.0 (Windows NT 10.0; Win64; x64) AppleWebKit/537.36 (KHTML, like Gecko) Chrome/74.0.3729.169 Safari/537.36"
51.222.253.1 - - [04/Jan/2025:00:50:21 -0500] "GET /57-Zomwe-Timadziwa-by-Cornerstone-Music HTTP/1.1" 200 3976 "-" "Mozilla/5.0 (compatible; AhrefsBot/7.0; +http://ahrefs.com/robot/)"
51.222.253.3 - - [04/Jan/2025:00:50:39 -0500] "GET /201-buy-You-can-be-by-LE-CEO HTTP/1.1" 200 3014 "-" "Mozilla/5.0 (compatible; AhrefsBot/7.0; +http://ahrefs.com/robot/)"
51.222.253.13 - - [04/Jan/2025:00:51:04 -0500] "GET /554-Yesu-Amandikwanira-by-The-Herald-of-God HTTP/1.1" 200 4001 "-" "Mozilla/5.0 (compatible; AhrefsBot/7.0; +http://ahrefs.com/robot/)"
51.222.253.16 - - [04/Jan/2025:00:52:13 -0500] "GET /638-Eternity-by-Ishmael- HTTP/1.1" 200 3914 "-" "Mozilla/5.0 (compatible; AhrefsBot/7.0; +http://ahrefs.com/robot/)"
137.64.0.4 - - [04/Jan/2025:00:52:27 -0500] "GET /1674-AMEN-by-YOHA9NE-&-HEMMAH HTTP/1.1" 200 3927 "-" "Mozilla/5.0 (Linux; Android 10; K) AppleWebKit/537.36 (KHTML, like Gecko) Chrome/124.0.0.0 Mobile Safari/537.36"
137.64.0.4 - - [04/Jan/2025:00:52:28 -0500] "GET /css/animate.css HTTP/1.1" 200 4001 "https://www.malawisounds.com/1674-AMEN-by-YOHA9NE-&-HEMMAH" "Mozilla/5.0 (Linux; Android 10; K) AppleWebKit/537.36 (KHTML, like Gecko) Chrome/124.0.0.0 Mobile Safari/537.36"
137.64.0.4 - - [04/Jan/2025:00:52:28 -0500] "GET /css/load.css HTTP/1.1" 200 8159 "https://www.malawisounds.com/1674-AMEN-by-YOHA9NE-&-HEMMAH" "Mozilla/5.0 (Linux; Android 10; K) AppleWebKit/537.36 (KHTML, like Gecko) Chrome/124.0.0.0 Mobile Safari/537.36"
137.64.0.4 - - [04/Jan/2025:00:52:28 -0500] "GET /css/w3.css HTTP/1.1" 200 4832 "https://www.malawisounds.com/1674-AMEN-by-YOHA9NE-&-HEMMAH" "Mozilla/5.0 (Linux; Android 10; K) AppleWebKit/537.36 (KHTML, like Gecko) Chrome/124.0.0.0 Mobile Safari/537.36"
137.64.0.4 - - [04/Jan/2025:00:52:28 -0500] "GET /bootstrap/css/bootstrap.min.css HTTP/1.1" 200 18270 "https://www.malawisounds.com/1674-AMEN-by-YOHA9NE-&-HEMMAH" "Mozilla/5.0 (Linux; Android 10; K) AppleWebKit/537.36 (KHTML, like Gecko) Chrome/124.0.0.0 Mobile Safari/537.36"
137.64.0.4 - - [04/Jan/2025:00:52:28 -0500] "GET /impact/stylesheet.css HTTP/1.1" 200 153 "https://www.malawisounds.com/1674-AMEN-by-YOHA9NE-&-HEMMAH" "Mozilla/5.0 (Linux; Android 10; K) AppleWebKit/537.36 (KHTML, like Gecko) Chrome/124.0.0.0 Mobile Safari/537.36"
137.64.0.4 - - [04/Jan/2025:00:52:28 -0500] "GET /js/ajax.js HTTP/1.1" 200 784 "https://www.malawisounds.com/1674-AMEN-by-YOHA9NE-&-HEMMAH" "Mozilla/5.0 (Linux; Android 10; K) AppleWebKit/537.36 (KHTML, like Gecko) Chrome/124.0.0.0 Mobile Safari/537.36"
137.64.0.4 - - [04/Jan/2025:00:52:28 -0500] "GET /js/facebook-api.js HTTP/1.1" 200 183 "https://www.malawisounds.com/1674-AMEN-by-YOHA9NE-&-HEMMAH" "Mozilla/5.0 (Linux; Android 10; K) AppleWebKit/537.36 (KHTML, like Gecko) Chrome/124.0.0.0 Mobile Safari/537.36"
137.64.0.4 - - [04/Jan/2025:00:52:28 -0500] "GET /Icons/facebook.png HTTP/1.1" 200 2279 "https://www.malawisounds.com/1674-AMEN-by-YOHA9NE-&-HEMMAH" "Mozilla/5.0 (Linux; Android 10; K) AppleWebKit/537.36 (KHTML, like Gecko) Chrome/124.0.0.0 Mobile Safari/537.36"
137.64.0.4 - - [04/Jan/2025:00:52:28 -0500] "GET /Icons/msounds1.png HTTP/1.1" 200 11619 "https://www.malawisounds.com/1674-AMEN-by-YOHA9NE-&-HEMMAH" "Mozilla/5.0 (Linux; Android 10; K) AppleWebKit/537.36 (KHTML, like Gecko) Chrome/124.0.0.0 Mobile Safari/537.36"
137.64.0.4 - - [04/Jan/2025:00:52:29 -0500] "GET /Icons/instagram.png HTTP/1.1" 200 2764 "https://www.malawisounds.com/1674-AMEN-by-YOHA9NE-&-HEMMAH" "Mozilla/5.0 (Linux; Android 10; K) AppleWebKit/537.36 (KHTML, like Gecko) Chrome/124.0.0.0 Mobile Safari/537.36"
137.64.0.4 - - [04/Jan/2025:00:52:29 -0500] "GET /Icons/twitter.png HTTP/1.1" 200 2415 "https://www.malawisounds.com/1674-AMEN-by-YOHA9NE-&-HEMMAH" "Mozilla/5.0 (Linux; Android 10; K) AppleWebKit/537.36 (KHTML, like Gecko) Chrome/124.0.0.0 Mobile Safari/537.36"
137.64.0.4 - - [04/Jan/2025:00:52:29 -0500] "GET /bio/mwsounds-20230703010954-IMG-20230703-030900.jpg HTTP/1.1" 200 25808 "https://www.malawisounds.com/1674-AMEN-by-YOHA9NE-&-HEMMAH" "Mozilla/5.0 (Linux; Android 10; K) AppleWebKit/537.36 (KHTML, like Gecko) Chrome/124.0.0.0 Mobile Safari/537.36"
137.64.0.4 - - [04/Jan/2025:00:52:29 -0500] "GET /js/jquery.js HTTP/1.1" 200 29664 "https://www.malawisounds.com/1674-AMEN-by-YOHA9NE-&-HEMMAH" "Mozilla/5.0 (Linux; Android 10; K) AppleWebKit/537.36 (KHTML, like Gecko) Chrome/124.0.0.0 Mobile Safari/537.36"
137.64.0.4 - - [04/Jan/2025:00:52:29 -0500] "GET /js/nav.js HTTP/1.1" 200 99 "https://www.malawisounds.com/1674-AMEN-by-YOHA9NE-&-HEMMAH" "Mozilla/5.0 (Linux; Android 10; K) AppleWebKit/537.36 (KHTML, like Gecko) Chrome/124.0.0.0 Mobile Safari/537.36"
137.64.0.4 - - [04/Jan/2025:00:52:29 -0500] "GET /bio/mwsounds-20200706204045-gwamba.jpg HTTP/1.1" 200 39055 "https://www.malawisounds.com/1674-AMEN-by-YOHA9NE-&-HEMMAH" "Mozilla/5.0 (Linux; Android 10; K) AppleWebKit/537.36 (KHTML, like Gecko) Chrome/124.0.0.0 Mobile Safari/537.36"
137.64.0.4 - - [04/Jan/2025:00:52:29 -0500] "GET /js/wow.js HTTP/1.1" 200 3414 "https://www.malawisounds.com/1674-AMEN-by-YOHA9NE-&-HEMMAH" "Mozilla/5.0 (Linux; Android 10; K) AppleWebKit/537.36 (KHTML, like Gecko) Chrome/124.0.0.0 Mobile Safari/537.36"
137.64.0.4 - - [04/Jan/2025:00:52:29 -0500] "GET /bio/mwsounds-20200706120806-FB_IMG_1590948777511.jpg HTTP/1.1" 200 19662 "https://www.malawisounds.com/1674-AMEN-by-YOHA9NE-&-HEMMAH" "Mozilla/5.0 (Linux; Android 10; K) AppleWebKit/537.36 (KHTML, like Gecko) Chrome/124.0.0.0 Mobile Safari/537.36"
137.64.0.4 - - [04/Jan/2025:00:52:29 -0500] "GET /bio/mwsounds-20200710082408-onesmus.jpg HTTP/1.1" 200 30093 "https://www.malawisounds.com/1674-AMEN-by-YOHA9NE-&-HEMMAH" "Mozilla/5.0 (Linux; Android 10; K) AppleWebKit/537.36 (KHTML, like Gecko) Chrome/124.0.0.0 Mobile Safari/537.36"
137.64.0.4 - - [04/Jan/2025:00:52:29 -0500] "GET /bio/mwsounds-20200706203533-Namadigo.jpg HTTP/1.1" 200 33718 "https://www.malawisounds.com/1674-AMEN-by-YOHA9NE-&-HEMMAH" "Mozilla/5.0 (Linux; Android 10; K) AppleWebKit/537.36 (KHTML, like Gecko) Chrome/124.0.0.0 Mobile Safari/537.36"
137.64.0.4 - - [04/Jan/2025:00:52:29 -0500] "GET /images/mwsounds-20241225-125130-AMEN-by-YOHA9NE-HEMMAH.jpg HTTP/1.1" 200 56324 "https://www.malawisounds.com/1674-AMEN-by-YOHA9NE-&-HEMMAH" "Mozilla/5.0 (Linux; Android 10; K) AppleWebKit/537.36 (KHTML, like Gecko) Chrome/124.0.0.0 Mobile Safari/537.36"
137.64.0.4 - - [04/Jan/2025:00:52:29 -0500] "GET /bio/mwsounds-20200801042643-Dr.Drew.jpg HTTP/1.1" 200 80629 "https://www.malawisounds.com/1674-AMEN-by-YOHA9NE-&-HEMMAH" "Mozilla/5.0 (Linux; Android 10; K) AppleWebKit/537.36 (KHTML, like Gecko) Chrome/124.0.0.0 Mobile Safari/537.36"
137.64.0.4 - - [04/Jan/2025:00:52:29 -0500] "GET /bio/mwsounds-20200706205025-tay-grin---Copy.jpg HTTP/1.1" 200 43244 "https://www.malawisounds.com/1674-AMEN-by-YOHA9NE-&-HEMMAH" "Mozilla/5.0 (Linux; Android 10; K) AppleWebKit/537.36 (KHTML, like Gecko) Chrome/124.0.0.0 Mobile Safari/537.36"
137.64.0.4 - - [04/Jan/2025:00:52:29 -0500] "GET /ads/MS%20covid.jpg HTTP/1.1" 200 273002 "https://www.malawisounds.com/1674-AMEN-by-YOHA9NE-&-HEMMAH" "Mozilla/5.0 (Linux; Android 10; K) AppleWebKit/537.36 (KHTML, like Gecko) Chrome/124.0.0.0 Mobile Safari/537.36"
137.64.0.4 - - [04/Jan/2025:00:52:29 -0500] "GET /fonts/Gothic-B.ttf HTTP/1.1" 200 129676 "https://www.malawisounds.com/css/load.css" "Mozilla/5.0 (Linux; Android 10; K) AppleWebKit/537.36 (KHTML, like Gecko) Chrome/124.0.0.0 Mobile Safari/537.36"
137.64.0.4 - - [04/Jan/2025:00:52:29 -0500] "GET /fonts/Gothic.ttf HTTP/1.1" 200 112628 "https://www.malawisounds.com/css/load.css" "Mozilla/5.0 (Linux; Android 10; K) AppleWebKit/537.36 (KHTML, like Gecko) Chrome/124.0.0.0 Mobile Safari/537.36"
137.64.0.4 - - [04/Jan/2025:00:52:29 -0500] "GET /bootstrap/fonts/glyphicons-halflings-regular.woff2 HTTP/1.1" 200 18028 "https://www.malawisounds.com/bootstrap/css/bootstrap.min.css" "Mozilla/5.0 (Linux; Android 10; K) AppleWebKit/537.36 (KHTML, like Gecko) Chrome/124.0.0.0 Mobile Safari/537.36"
137.64.0.4 - - [04/Jan/2025:00:52:30 -0500] "GET /null HTTP/1.1" 404 1251 "https://www.malawisounds.com/1674-AMEN-by-YOHA9NE-&-HEMMAH" "Mozilla/5.0 (Linux; Android 10; K) AppleWebKit/537.36 (KHTML, like Gecko) Chrome/124.0.0.0 Mobile Safari/537.36"
137.64.0.4 - - [04/Jan/2025:00:52:37 -0500] "GET /Icons/malawisounds.ico HTTP/1.1" 200 4286 "https://www.malawisounds.com/1674-AMEN-by-YOHA9NE-&-HEMMAH" "Mozilla/5.0 (Linux; Android 10; K) AppleWebKit/537.36 (KHTML, like Gecko) Chrome/124.0.0.0 Mobile Safari/537.36"
51.222.253.11 - - [04/Jan/2025:00:52:54 -0500] "GET /138-Ndikudabwa-by-Kid-Ma HTTP/1.1" 200 3899 "-" "Mozilla/5.0 (compatible; AhrefsBot/7.0; +http://ahrefs.com/robot/)"
51.222.253.4 - - [04/Jan/2025:00:53:34 -0500] "GET /875-Roots-by-Limn-and-Mcluther- HTTP/1.1" 200 3961 "-" "Mozilla/5.0 (compatible; AhrefsBot/7.0; +http://ahrefs.com/robot/)"
51.222.253.2 - - [04/Jan/2025:00:54:20 -0500] "GET /1023-Mphasha-zanga-by-Harofeel-x-Louid HTTP/1.1" 200 3944 "-" "Mozilla/5.0 (compatible; AhrefsBot/7.0; +http://ahrefs.com/robot/)"
114.119.128.158 - - [04/Jan/2025:00:55:03 -0500] "GET /aid-286-ep-stream-clan-ii HTTP/1.1" 200 3923 "https://www.malawisounds.com/clan-by-imbash-" "Mozilla/5.0 (Linux; Android 7.0;) AppleWebKit/537.36 (KHTML, like Gecko) Mobile Safari/537.36 (compatible; PetalBot;+https://webmaster.petalsearch.com/site/petalbot)"
51.222.253.1 - - [04/Jan/2025:00:55:38 -0500] "GET /artist=Classick HTTP/1.1" 200 3076 "-" "Mozilla/5.0 (compatible; AhrefsBot/7.0; +http://ahrefs.com/robot/)"
51.222.253.17 - - [04/Jan/2025:00:56:19 -0500] "GET /to-whom-it-may-concern-by-persian-kids HTTP/1.1" 200 4071 "-" "Mozilla/5.0 (compatible; AhrefsBot/7.0; +http://ahrefs.com/robot/)"
51.222.253.18 - - [04/Jan/2025:00:57:04 -0500] "GET /594-Undigwire-by-Tuno-ft-Bucci HTTP/1.1" 200 3909 "-" "Mozilla/5.0 (compatible; AhrefsBot/7.0; +http://ahrefs.com/robot/)"
51.222.253.3 - - [04/Jan/2025:00:57:46 -0500] "GET /sid-582-ayayaya-by-da-redeemed HTTP/1.1" 200 3274 "-" "Mozilla/5.0 (compatible; AhrefsBot/7.0; +http://ahrefs.com/robot/)"
51.222.253.20 - - [04/Jan/2025:00:58:24 -0500] "GET /sid-1173-they-dont-know-by-jomaa-mw-ft-echorino-and-regenerate HTTP/1.1" 200 3310 "-" "Mozilla/5.0 (compatible; AhrefsBot/7.0; +http://ahrefs.com/robot/)"
111.225.148.219 - - [04/Jan/2025:00:59:01 -0500] "GET /sid-1337-daily-bread-by-kneenja HTTP/1.1" 200 3211 "-" "Mozilla/5.0 (Linux; Android 5.0) AppleWebKit/537.36 (KHTML, like Gecko) Mobile Safari/537.36 (compatible; Bytespider; https://zhanzhang.toutiao.com/)"
111.225.148.219 - - [04/Jan/2025:00:59:01 -0500] "GET /js/codespace_api.js HTTP/1.1" 200 3842 "https://malawisounds.com/sid-1337-daily-bread-by-kneenja" "Mozilla/5.0 (Linux; Android 5.0) AppleWebKit/537.36 (KHTML, like Gecko) Mobile Safari/537.36 (compatible; Bytespider; https://zhanzhang.toutiao.com/)"
111.225.148.219 - - [04/Jan/2025:00:59:01 -0500] "GET /impact/stylesheet.css HTTP/1.1" 200 153 "https://malawisounds.com/sid-1337-daily-bread-by-kneenja" "Mozilla/5.0 (Linux; Android 5.0) AppleWebKit/537.36 (KHTML, like Gecko) Mobile Safari/537.36 (compatible; Bytespider; https://zhanzhang.toutiao.com/)"
111.225.148.219 - - [04/Jan/2025:00:59:01 -0500] "GET /images/mwsounds-20230626-064244-Daily-Bread-by-Kneenja.jpg HTTP/1.1" 206 500 "https://malawisounds.com/sid-1337-daily-bread-by-kneenja" "Mozilla/5.0 (Linux; Android 5.0) AppleWebKit/537.36 (KHTML, like Gecko) Mobile Safari/537.36 (compatible; Bytespider; https://zhanzhang.toutiao.com/)"
51.222.253.9 - - [04/Jan/2025:00:59:02 -0500] "GET /644-Maria-by-Onesimus-ft.-Vusi-Nova HTTP/1.1" 200 3949 "-" "Mozilla/5.0 (compatible; AhrefsBot/7.0; +http://ahrefs.com/robot/)"
202.8.42.162 - - [04/Jan/2025:00:59:03 -0500] "GET /impact/stylesheet.css HTTP/1.1" 200 153 "https://malawisounds.com/644-Maria-by-Onesimus-ft.-Vusi-Nova" "Mozilla/5.0 (compatible; AhrefsBot/7.0; +http://ahrefs.com/robot/)"
202.8.42.162 - - [04/Jan/2025:00:59:03 -0500] "GET /css/animate.css HTTP/1.1" 200 4001 "https://malawisounds.com/644-Maria-by-Onesimus-ft.-Vusi-Nova" "Mozilla/5.0 (compatible; AhrefsBot/7.0; +http://ahrefs.com/robot/)"
202.8.42.162 - - [04/Jan/2025:00:59:03 -0500] "GET /css/load.css HTTP/1.1" 200 8159 "https://malawisounds.com/644-Maria-by-Onesimus-ft.-Vusi-Nova" "Mozilla/5.0 (compatible; AhrefsBot/7.0; +http://ahrefs.com/robot/)"
202.8.42.162 - - [04/Jan/2025:00:59:03 -0500] "GET /js/ajax.js HTTP/1.1" 200 784 "https://malawisounds.com/644-Maria-by-Onesimus-ft.-Vusi-Nova" "Mozilla/5.0 (compatible; AhrefsBot/7.0; +http://ahrefs.com/robot/)"
202.8.42.162 - - [04/Jan/2025:00:59:03 -0500] "GET /css/w3.css HTTP/1.1" 200 4832 "https://malawisounds.com/644-Maria-by-Onesimus-ft.-Vusi-Nova" "Mozilla/5.0 (compatible; AhrefsBot/7.0; +http://ahrefs.com/robot/)"
202.8.42.162 - - [04/Jan/2025:00:59:03 -0500] "GET /bootstrap/css/bootstrap.min.css HTTP/1.1" 200 18270 "https://malawisounds.com/644-Maria-by-Onesimus-ft.-Vusi-Nova" "Mozilla/5.0 (compatible; AhrefsBot/7.0; +http://ahrefs.com/robot/)"
202.8.42.162 - - [04/Jan/2025:00:59:03 -0500] "GET /js/facebook-api.js HTTP/1.1" 200 183 "https://malawisounds.com/644-Maria-by-Onesimus-ft.-Vusi-Nova" "Mozilla/5.0 (compatible; AhrefsBot/7.0; +http://ahrefs.com/robot/)"
202.8.42.162 - - [04/Jan/2025:00:59:03 -0500] "GET /js/nav.js HTTP/1.1" 200 99 "https://malawisounds.com/644-Maria-by-Onesimus-ft.-Vusi-Nova" "Mozilla/5.0 (compatible; AhrefsBot/7.0; +http://ahrefs.com/robot/)"
202.8.42.162 - - [04/Jan/2025:00:59:03 -0500] "GET /js/jquery.js HTTP/1.1" 200 29664 "https://malawisounds.com/644-Maria-by-Onesimus-ft.-Vusi-Nova" "Mozilla/5.0 (compatible; AhrefsBot/7.0; +http://ahrefs.com/robot/)"
202.8.42.162 - - [04/Jan/2025:00:59:03 -0500] "GET /js/wow.js HTTP/1.1" 200 3414 "https://malawisounds.com/644-Maria-by-Onesimus-ft.-Vusi-Nova" "Mozilla/5.0 (compatible; AhrefsBot/7.0; +http://ahrefs.com/robot/)"
202.8.42.162 - - [04/Jan/2025:00:59:03 -0500] "GET /fonts/Gothic-B.ttf HTTP/1.1" 200 129676 "https://malawisounds.com/css/load.css" "Mozilla/5.0 (compatible; AhrefsBot/7.0; +http://ahrefs.com/robot/)"
184.94.240.88 - - [04/Jan/2025:01:03:07 -0500] "GET / HTTP/1.1" 200 12109 "-" "Mozilla/5.0 (Windows NT 10.0; Win64; x64; rv:65.0) Gecko/20100101 Firefox/65.0"
184.94.240.88 - - [04/Jan/2025:01:03:08 -0500] "GET /about-us HTTP/1.1" 200 5686 "-" "Mozilla/5.0 (Windows NT 10.0; Win64; x64; rv:65.0) Gecko/20100101 Firefox/65.0"
184.94.240.88 - - [04/Jan/2025:01:03:09 -0500] "GET /home.php HTTP/1.1" 200 43034 "-" "Mozilla/5.0 (Windows NT 10.0; Win64; x64; rv:65.0) Gecko/20100101 Firefox/65.0"
51.222.253.3 - - [04/Jan/2025:01:03:11 -0500] "GET /sid-1010-promise-by-hyper-kc-ft-jaylad HTTP/1.1" 200 3217 "-" "Mozilla/5.0 (compatible; AhrefsBot/7.0; +http://ahrefs.com/robot/)"
184.94.240.88 - - [04/Jan/2025:01:03:11 -0500] "GET /about-us/about-us HTTP/1.1" 200 5686 "-" "Mozilla/5.0 (Windows NT 10.0; Win64; x64; rv:65.0) Gecko/20100101 Firefox/65.0"
202.8.42.162 - - [04/Jan/2025:00:59:03 -0500] "GET /fonts/Gothic.ttf HTTP/1.1" 200 112628 "https://malawisounds.com/css/load.css" "Mozilla/5.0 (compatible; AhrefsBot/7.0; +http://ahrefs.com/robot/)"
202.8.42.162 - - [04/Jan/2025:00:59:03 -0500] "GET /bootstrap/fonts/glyphicons-halflings-regular.woff2 HTTP/1.1" 200 18028 "https://malawisounds.com/bootstrap/css/bootstrap.min.css" "Mozilla/5.0 (compatible; AhrefsBot/7.0; +http://ahrefs.com/robot/)"
185.191.171.9 - - [04/Jan/2025:00:59:06 -0500] "GET /robots.txt HTTP/1.1" 404 1251 "-" "Mozilla/5.0 (compatible; SemrushBot/7~bl; +http://www.semrush.com/bot.html)"
85.208.96.205 - - [04/Jan/2025:00:59:07 -0500] "GET /1277-Mtima-Wina-by-Bligle HTTP/1.1" 200 4435 "-" "Mozilla/5.0 (compatible; SemrushBot/7~bl; +http://www.semrush.com/bot.html)"
51.222.253.16 - - [04/Jan/2025:00:59:42 -0500] "GET /sid-84-party-by-semu-boy-ft-don-gogo HTTP/1.1" 200 3275 "-" "Mozilla/5.0 (compatible; AhrefsBot/7.0; +http://ahrefs.com/robot/)"
51.222.253.9 - - [04/Jan/2025:01:00:25 -0500] "GET /sid-886-obowa-by-omjazz-ft-k-fella HTTP/1.1" 200 3286 "-" "Mozilla/5.0 (compatible; AhrefsBot/7.0; +http://ahrefs.com/robot/)"
17.241.219.67 - - [04/Jan/2025:01:00:47 -0500] "GET /robots.txt HTTP/1.1" 404 1251 "-" "Mozilla/5.0 (Macintosh; Intel Mac OS X 10_15_7) AppleWebKit/605.1.15 (KHTML, like Gecko) Version/17.4 Safari/605.1.15 (Applebot/0.1; +http://www.apple.com/go/applebot)"
17.241.219.67 - - [04/Jan/2025:01:00:47 -0500] "GET /images/mwsounds-20211001161814-img-20210911-wa0016.jpg HTTP/1.1" 200 46072 "-" "Mozilla/5.0 (Macintosh; Intel Mac OS X 10_15_7) AppleWebKit/605.1.15 (KHTML, like Gecko) Version/17.4 Safari/605.1.15 (Applebot/0.1; +http://www.apple.com/go/applebot)"
40.77.167.42 - - [04/Jan/2025:01:00:48 -0500] "GET /450-Mbambande-by-McLuther HTTP/1.1" 200 3894 "-" "Mozilla/5.0 AppleWebKit/537.36 (KHTML, like Gecko; compatible; bingbot/2.0; +http://www.bing.com/bingbot.htm) Chrome/116.0.1938.76 Safari/537.36"
52.167.144.191 - - [04/Jan/2025:01:01:02 -0500] "GET /bootstrap/css/bootstrap.min.css HTTP/1.1" 200 18270 "-" "Mozilla/5.0 AppleWebKit/537.36 (KHTML, like Gecko; compatible; bingbot/2.0; +http://www.bing.com/bingbot.htm) Chrome/116.0.1938.76 Safari/537.36"
52.167.144.191 - - [04/Jan/2025:01:01:02 -0500] "GET /js/facebook-api.js HTTP/1.1" 200 183 "-" "Mozilla/5.0 AppleWebKit/537.36 (KHTML, like Gecko; compatible; bingbot/2.0; +http://www.bing.com/bingbot.htm) Chrome/116.0.1938.76 Safari/537.36"
52.167.144.191 - - [04/Jan/2025:01:01:02 -0500] "GET /js/jquery.js HTTP/1.1" 200 29664 "-" "Mozilla/5.0 AppleWebKit/537.36 (KHTML, like Gecko; compatible; bingbot/2.0; +http://www.bing.com/bingbot.htm) Chrome/116.0.1938.76 Safari/537.36"
51.222.253.3 - - [04/Jan/2025:01:01:03 -0500] "GET /sid-1665-gratitude-by-emerald HTTP/1.1" 200 3264 "-" "Mozilla/5.0 (compatible; AhrefsBot/7.0; +http://ahrefs.com/robot/)"
40.77.167.42 - - [04/Jan/2025:01:01:10 -0500] "GET /ud1sdqu77.html HTTP/1.1" 404 1251 "-" "Mozilla/5.0 AppleWebKit/537.36 (KHTML, like Gecko; compatible; bingbot/2.0; +http://www.bing.com/bingbot.htm) Chrome/116.0.1938.76 Safari/537.36"
51.222.253.18 - - [04/Jan/2025:01:01:47 -0500] "GET /aid-229-ep-stream-influence-(intro) HTTP/1.1" 200 3716 "-" "Mozilla/5.0 (compatible; AhrefsBot/7.0; +http://ahrefs.com/robot/)"
52.167.144.191 - - [04/Jan/2025:01:03:33 -0500] "GET /29akwnzlql.html HTTP/1.1" 404 1251 "-" "Mozilla/5.0 AppleWebKit/537.36 (KHTML, like Gecko; compatible; bingbot/2.0; +http://www.bing.com/bingbot.htm) Chrome/116.0.1938.76 Safari/537.36"
51.222.253.14 - - [04/Jan/2025:01:04:35 -0500] "GET /1347-BAKASHABAKASHA-by-Richard-Mcalira HTTP/1.1" 200 3935 "-" "Mozilla/5.0 (compatible; AhrefsBot/7.0; +http://ahrefs.com/robot/)"
4.43.184.114 - - [04/Jan/2025:01:04:46 -0500] "GET / HTTP/1.0" 200 12109 "-" "Mozilla/5.0 (X11; U; Linux x86_64; en-US; rv:1.9.2.13) Gecko/20101206 Ubuntu/10.04 (lucid) Firefox/3.6.13"
51.222.253.20 - - [04/Jan/2025:01:05:53 -0500] "GET /thicker-than-blood-by-revolution HTTP/1.1" 200 4058 "-" "Mozilla/5.0 (compatible; AhrefsBot/7.0; +http://ahrefs.com/robot/)"
185.191.171.14 - - [04/Jan/2025:01:06:17 -0500] "GET /440-Joanna-by-Bonky HTTP/1.1" 200 4434 "-" "Mozilla/5.0 (compatible; SemrushBot/7~bl; +http://www.semrush.com/bot.html)"
47.128.127.59 - - [04/Jan/2025:01:07:35 -0500] "GET /aid-503-ep-stream-Your-Love HTTP/1.1" 200 3437 "-" "Mozilla/5.0 (Linux; Android 5.0) AppleWebKit/537.36 (KHTML, like Gecko) Mobile Safari/537.36 (compatible; Bytespider; spider-feedback@bytedance.com)"
47.128.127.59 - - [04/Jan/2025:01:07:35 -0500] "GET /album_images/mwsounds-20240329153706-love-ep1.jpg HTTP/1.1" 206 500 "https://www.malawisounds.com/aid-503-ep-stream-Your-Love" "Mozilla/5.0 (Linux; Android 5.0) AppleWebKit/537.36 (KHTML, like Gecko) Mobile Safari/537.36 (compatible; Bytespider; spider-feedback@bytedance.com)"
51.222.253.3 - - [04/Jan/2025:01:08:11 -0500] "GET /sid-920-tseke-tseke-by-deyfrah-mw HTTP/1.1" 200 3213 "-" "Mozilla/5.0 (compatible; AhrefsBot/7.0; +http://ahrefs.com/robot/)"
40.77.167.70 - - [04/Jan/2025:01:08:34 -0500] "GET /download.php?id=1670&name=Faith%20Music%20x%20Wezzie%20Singz-God%20of%20all HTTP/1.1" 200 13458700 "-" "Mozilla/5.0 AppleWebKit/537.36 (KHTML, like Gecko; compatible; bingbot/2.0; +http://www.bing.com/bingbot.htm) Chrome/116.0.1938.76 Safari/537.36"
51.222.253.4 - - [04/Jan/2025:01:09:48 -0500] "GET /sid-185-victory-by-eagle-king-x-eljey-x-ntchana-reck HTTP/1.1" 200 3299 "-" "Mozilla/5.0 (compatible; AhrefsBot/7.0; +http://ahrefs.com/robot/)"
51.222.253.4 - - [04/Jan/2025:01:10:43 -0500] "GET /sid-859-testimony-by-lady-cathy-kirabo HTTP/1.1" 200 3228 "-" "Mozilla/5.0 (compatible; AhrefsBot/7.0; +http://ahrefs.com/robot/)"
31.13.103.6 - - [04/Jan/2025:01:11:02 -0500] "GET /images/mwsounds-20241225-043510-Wabadwa-by-Dr.-Drew-feat.-Rudo-Chakwera.jpg HTTP/1.1" 200 448056 "-" "facebookexternalhit/1.1 (+http://www.facebook.com/externalhit_uatext.php)"
51.222.253.2 - - [04/Jan/2025:01:11:39 -0500] "GET /sid-434-stay-high-by-big-emm-ft.-king-d HTTP/1.1" 200 3241 "-" "Mozilla/5.0 (compatible; AhrefsBot/7.0; +http://ahrefs.com/robot/)"
51.222.253.20 - - [04/Jan/2025:01:12:28 -0500] "GET /sid-759-waliko-by-chigo-nyasulu HTTP/1.1" 200 3231 "-" "Mozilla/5.0 (compatible; AhrefsBot/7.0; +http://ahrefs.com/robot/)"
51.222.253.2 - - [04/Jan/2025:01:13:31 -0500] "GET /115-My-desire-by-Ollie HTTP/1.1" 200 3879 "-" "Mozilla/5.0 (compatible; AhrefsBot/7.0; +http://ahrefs.com/robot/)"
51.222.253.2 - - [04/Jan/2025:01:14:25 -0500] "GET /477-Anandimasula-by-Dr.-Drew HTTP/1.1" 200 3891 "-" "Mozilla/5.0 (compatible; AhrefsBot/7.0; +http://ahrefs.com/robot/)"
51.222.253.17 - - [04/Jan/2025:01:14:57 -0500] "GET /sid-374-manda-a-mbeta-by-its-priceless-fam HTTP/1.1" 200 3264 "-" "Mozilla/5.0 (compatible; AhrefsBot/7.0; +http://ahrefs.com/robot/)"
185.191.171.6 - - [04/Jan/2025:01:15:09 -0500] "GET /robots.txt HTTP/1.1" 404 1251 "-" "Mozilla/5.0 (compatible; SemrushBot/7~bl; +http://www.semrush.com/bot.html)"
185.191.171.13 - - [04/Jan/2025:01:15:09 -0500] "GET /1450-Stand-firm--by-Debra-N HTTP/1.1" 200 4435 "-" "Mozilla/5.0 (compatible; SemrushBot/7~bl; +http://www.semrush.com/bot.html)"
51.222.253.13 - - [04/Jan/2025:01:15:21 -0500] "GET /sid-304-miracle-ways-by-martina HTTP/1.1" 200 3220 "-" "Mozilla/5.0 (compatible; AhrefsBot/7.0; +http://ahrefs.com/robot/)"
173.252.79.113 - - [04/Jan/2025:01:15:28 -0500] "GET /article=24 HTTP/1.1" 200 12877 "-" "meta-externalagent/1.1 (+https://developers.facebook.com/docs/sharing/webmasters/crawler)"
173.252.79.9 - - [04/Jan/2025:01:15:29 -0500] "GET /article=24 HTTP/1.1" 200 12877 "-" "meta-externalagent/1.1 (+https://developers.facebook.com/docs/sharing/webmasters/crawler)"
51.222.253.10 - - [04/Jan/2025:01:15:46 -0500] "GET /1270-ilove-by-meekboy HTTP/1.1" 200 3889 "-" "Mozilla/5.0 (compatible; AhrefsBot/7.0; +http://ahrefs.com/robot/)"
173.252.83.28 - - [04/Jan/2025:01:15:58 -0500] "GET /article=24 HTTP/1.1" 200 12877 "-" "meta-externalagent/1.1 (+https://developers.facebook.com/docs/sharing/webmasters/crawler)"
51.222.253.16 - - [04/Jan/2025:01:16:09 -0500] "GET /sid-511-anafera-ine-by-gidden HTTP/1.1" 200 3218 "-" "Mozilla/5.0 (compatible; AhrefsBot/7.0; +http://ahrefs.com/robot/)"
51.222.253.8 - - [04/Jan/2025:01:16:30 -0500] "GET /627-Wonderfully-Made-by-Hope-Makupete HTTP/1.1" 200 3919 "-" "Mozilla/5.0 (compatible; AhrefsBot/7.0; +http://ahrefs.com/robot/)"
216.244.66.237 - - [04/Jan/2025:01:16:56 -0500] "GET /robots.txt HTTP/1.1" 404 1251 "-" "Mozilla/5.0 (compatible; DotBot/1.2; +https://opensiteexplorer.org/dotbot; help@moz.com)"
51.222.253.1 - - [04/Jan/2025:01:16:56 -0500] "GET /sid-825-bata-by-ray-bee HTTP/1.1" 200 3226 "-" "Mozilla/5.0 (compatible; AhrefsBot/7.0; +http://ahrefs.com/robot/)"
40.77.202.122 - - [04/Jan/2025:01:17:33 -0500] "GET /bootstrap/fonts/glyphicons-halflings-regular.woff2 HTTP/1.1" 200 18028 "-" "Mozilla/5.0 AppleWebKit/537.36 (KHTML, like Gecko; compatible; bingbot/2.0; +http://www.bing.com/bingbot.htm) Chrome/100.0.4896.127 Safari/537.36"
40.77.202.142 - - [04/Jan/2025:01:17:33 -0500] "GET /fonts/Gothic.ttf HTTP/1.1" 200 112628 "-" "Mozilla/5.0 AppleWebKit/537.36 (KHTML, like Gecko; compatible; bingbot/2.0; +http://www.bing.com/bingbot.htm) Chrome/100.0.4896.127 Safari/537.36"
157.55.39.51 - - [04/Jan/2025:01:17:34 -0500] "GET /olgcy6nt4.html HTTP/1.1" 404 1251 "-" "Mozilla/5.0 AppleWebKit/537.36 (KHTML, like Gecko; compatible; bingbot/2.0; +http://www.bing.com/bingbot.htm) Chrome/116.0.1938.76 Safari/537.36"
51.222.253.5 - - [04/Jan/2025:01:17:39 -0500] "GET /sid-312-business-unusual-by-slessor-ft.-hayze-angola HTTP/1.1" 200 3293 "-" "Mozilla/5.0 (compatible; AhrefsBot/7.0; +http://ahrefs.com/robot/)"
157.55.39.6 - - [04/Jan/2025:01:18:24 -0500] "GET /jenteu2x3.html HTTP/1.1" 404 1251 "-" "Mozilla/5.0 AppleWebKit/537.36 (KHTML, like Gecko; compatible; bingbot/2.0; +http://www.bing.com/bingbot.htm) Chrome/116.0.1938.76 Safari/537.36"
51.222.253.15 - - [04/Jan/2025:01:19:06 -0500] "GET /sid-1123-linga-by-eliza-mponya HTTP/1.1" 200 3225 "-" "Mozilla/5.0 (compatible; AhrefsBot/7.0; +http://ahrefs.com/robot/)"
157.55.39.51 - - [04/Jan/2025:01:19:15 -0500] "GET /1bnkcesirn.html HTTP/1.1" 404 1251 "-" "Mozilla/5.0 AppleWebKit/537.36 (KHTML, like Gecko; compatible; bingbot/2.0; +http://www.bing.com/bingbot.htm) Chrome/116.0.1938.76 Safari/537.36"
51.222.253.3 - - [04/Jan/2025:01:19:32 -0500] "GET /aid-231-ep-stream-what-did-i-do-ft.-parker- HTTP/1.1" 200 3706 "-" "Mozilla/5.0 (compatible; AhrefsBot/7.0; +http://ahrefs.com/robot/)"
69.171.249.1 - - [04/Jan/2025:01:19:48 -0500] "GET /article=8 HTTP/1.1" 200 13709 "-" "meta-externalagent/1.1 (+https://developers.facebook.com/docs/sharing/webmasters/crawler)"
173.252.95.114 - - [04/Jan/2025:01:19:53 -0500] "GET /news/img_20200711_045229.jpg HTTP/1.1" 200 17855 "-" "facebookexternalhit/1.1 (+http://www.facebook.com/externalhit_uatext.php)"
173.252.69.10 - - [04/Jan/2025:01:19:56 -0500] "GET /news/img_20200711_045229.jpg HTTP/1.1" 200 17855 "-" "facebookexternalhit/1.1 (+http://www.facebook.com/externalhit_uatext.php)"
51.222.253.9 - - [04/Jan/2025:01:19:56 -0500] "GET /sid-1008-rooted!-open-verse-challenge-by-skipper-on-it HTTP/1.1" 200 3244 "-" "Mozilla/5.0 (compatible; AhrefsBot/7.0; +http://ahrefs.com/robot/)"
51.222.253.17 - - [04/Jan/2025:01:20:23 -0500] "GET /sid-1455-matalala-by-cross-heart-ft.-mislizy-and-mtende HTTP/1.1" 200 3245 "-" "Mozilla/5.0 (compatible; AhrefsBot/7.0; +http://ahrefs.com/robot/)"
40.77.167.78 - - [04/Jan/2025:01:20:43 -0500] "GET /canmfpvkd.html HTTP/1.1" 404 1251 "-" "Mozilla/5.0 AppleWebKit/537.36 (KHTML, like Gecko; compatible; bingbot/2.0; +http://www.bing.com/bingbot.htm) Chrome/116.0.1938.76 Safari/537.36"
51.222.253.6 - - [04/Jan/2025:01:20:47 -0500] "GET /sid-323-confessions-over-perfection-by-ties-ft-tama HTTP/1.1" 200 3246 "-" "Mozilla/5.0 (compatible; AhrefsBot/7.0; +http://ahrefs.com/robot/)"
40.77.167.76 - - [04/Jan/2025:01:20:48 -0500] "GET /kk7oxqair.html HTTP/1.1" 404 1251 "-" "Mozilla/5.0 AppleWebKit/537.36 (KHTML, like Gecko; compatible; bingbot/2.0; +http://www.bing.com/bingbot.htm) Chrome/116.0.1938.76 Safari/537.36"
51.222.253.15 - - [04/Jan/2025:01:21:18 -0500] "GET /sid-1006-uzima-by-xe-call-b-mw-ft-nevcee HTTP/1.1" 200 3279 "-" "Mozilla/5.0 (compatible; AhrefsBot/7.0; +http://ahrefs.com/robot/)"
23.105.145.180 - - [04/Jan/2025:01:21:51 -0500] "GET /contact-us HTTP/1.1" 200 2637 "-" "Mozilla/5.0 (Windows NT 10.0; WOW64) AppleWebKit/537.36 (KHTML, like Gecko) Chrome/114.0.0.0 Safari/537.36"
23.105.145.180 - - [04/Jan/2025:01:21:54 -0500] "POST /contact.php HTTP/1.1" 200 3066 "https://malawisounds.com/contact-us" "Mozilla/5.0 (Windows NT 10.0; WOW64) AppleWebKit/537.36 (KHTML, like Gecko) Chrome/114.0.0.0 Safari/537.36"
216.244.66.237 - - [04/Jan/2025:01:22:50 -0500] "GET /1677-H-n'-P-by-R3ALXTRA-MLW-FT-TROY6iX HTTP/1.1" 200 14538 "-" "Mozilla/5.0 (compatible; DotBot/1.2; +https://opensiteexplorer.org/dotbot; help@moz.com)"
51.222.253.7 - - [04/Jan/2025:01:22:56 -0500] "GET /singles?pageno=280 HTTP/1.1" 200 3208 "-" "Mozilla/5.0 (compatible; AhrefsBot/7.0; +http://ahrefs.com/robot/)"
69.63.184.8 - - [04/Jan/2025:01:23:24 -0500] "GET /article=29 HTTP/1.1" 200 12738 "-" "meta-externalagent/1.1 (+https://developers.facebook.com/docs/sharing/webmasters/crawler)"
69.63.184.112 - - [04/Jan/2025:01:23:24 -0500] "GET /article=30 HTTP/1.1" 200 12267 "-" "meta-externalagent/1.1 (+https://developers.facebook.com/docs/sharing/webmasters/crawler)"
