141.0.12.200 - - [03/Jan/2025:18:20:44 -0500] "GET /images/mwsounds-20230901-143655-Wazz-Good-by-Costry-.jpg HTTP/1.1" 200 30494 "https://malawisounds.com/home.php" "Opera/9.80 (MAUI Runtime; Opera Mini/4.4.39030/191.361; U; en) Presto/2.12.423 Version/12.16"
141.0.12.200 - - [03/Jan/2025:18:20:44 -0500] "GET /images/mwsounds-20230722-163344-Zima-by-Phronee99.jpg HTTP/1.1" 200 14625 "https://malawisounds.com/home.php" "Opera/9.80 (MAUI Runtime; Opera Mini/4.4.39030/191.361; U; en) Presto/2.12.423 Version/12.16"
141.0.12.200 - - [03/Jan/2025:18:20:44 -0500] "GET /images/mwsounds-20230531-150141-Ofana-nanu-by-SARAI.jpg HTTP/1.1" 200 33681 "https://malawisounds.com/home.php" "Opera/9.80 (MAUI Runtime; Opera Mini/4.4.39030/191.361; U; en) Presto/2.12.423 Version/12.16"
141.0.12.200 - - [03/Jan/2025:18:20:44 -0500] "GET /images/mwsounds-20230407-174856-Mtima-Wina-by-Bligle.jpg HTTP/1.1" 200 50475 "https://malawisounds.com/home.php" "Opera/9.80 (MAUI Runtime; Opera Mini/4.4.39030/191.361; U; en) Presto/2.12.423 Version/12.16"
141.0.12.200 - - [03/Jan/2025:18:20:44 -0500] "GET /images/mwsounds-20230228-060240-Kumaufila-by-Samuel-ft-A.K-and-Episodz.jpg HTTP/1.1" 200 21792 "https://malawisounds.com/home.php" "Opera/9.80 (MAUI Runtime; Opera Mini/4.4.39030/191.361; U; en) Presto/2.12.423 Version/12.16"
141.0.12.200 - - [03/Jan/2025:18:20:44 -0500] "GET /images/mwsounds-20241231-091035-Kungoyamika-by-Chisomo-Chimoto.jpg HTTP/1.1" 200 47574 "https://malawisounds.com/home.php" "Opera/9.80 (MAUI Runtime; Opera Mini/4.4.39030/191.361; U; en) Presto/2.12.423 Version/12.16"
141.0.12.200 - - [03/Jan/2025:18:20:44 -0500] "GET /images/mwsounds-20230710-183455-Birthday-by-VJ-Ice-ft.-Mcluther-.jpg HTTP/1.1" 200 43276 "https://malawisounds.com/home.php" "Opera/9.80 (MAUI Runtime; Opera Mini/4.4.39030/191.361; U; en) Presto/2.12.423 Version/12.16"
141.0.12.200 - - [03/Jan/2025:18:20:44 -0500] "GET /images/mwsounds-20230526-122749-Tikweza-inu-by-Gabriel-Simenti-.jpg HTTP/1.1" 200 233202 "https://malawisounds.com/home.php" "Opera/9.80 (MAUI Runtime; Opera Mini/4.4.39030/191.361; U; en) Presto/2.12.423 Version/12.16"
141.0.12.200 - - [03/Jan/2025:18:20:44 -0500] "GET /images/mwsounds-20230428-154740-Tell-the-world-by-Jowie.jpg HTTP/1.1" 200 75923 "https://malawisounds.com/home.php" "Opera/9.80 (MAUI Runtime; Opera Mini/4.4.39030/191.361; U; en) Presto/2.12.423 Version/12.16"
141.0.12.200 - - [03/Jan/2025:18:20:44 -0500] "GET /images/mwsounds-20230311-170741-Yalembedwe-by-L-Khalie-ft.-Lucius-Banda.jpg HTTP/1.1" 200 57583 "https://malawisounds.com/home.php" "Opera/9.80 (MAUI Runtime; Opera Mini/4.4.39030/191.361; U; en) Presto/2.12.423 Version/12.16"
141.0.12.200 - - [03/Jan/2025:18:20:44 -0500] "GET /images/mwsounds-20221221-183812-Made-it-here-by-dF.jpg HTTP/1.1" 200 24917 "https://malawisounds.com/home.php" "Opera/9.80 (MAUI Runtime; Opera Mini/4.4.39030/191.361; U; en) Presto/2.12.423 Version/12.16"
141.0.12.200 - - [03/Jan/2025:18:20:44 -0500] "GET /images/mwsounds-20241110-090837-Timtame-by-Ngale.jpg HTTP/1.1" 200 62099 "https://malawisounds.com/home.php" "Opera/9.80 (MAUI Runtime; Opera Mini/4.4.39030/191.361; U; en) Presto/2.12.423 Version/12.16"
141.0.12.200 - - [03/Jan/2025:18:20:44 -0500] "GET /images/mwsounds-20240406163203-IMG-20240406-WA0022.jpg HTTP/1.1" 200 121355 "https://malawisounds.com/home.php" "Opera/9.80 (MAUI Runtime; Opera Mini/4.4.39030/191.361; U; en) Presto/2.12.423 Version/12.16"
141.0.12.200 - - [03/Jan/2025:18:20:44 -0500] "GET /images/mwsounds-20240521-181643-Ena-by-Matiti.jpg HTTP/1.1" 200 56241 "https://malawisounds.com/home.php" "Opera/9.80 (MAUI Runtime; Opera Mini/4.4.39030/191.361; U; en) Presto/2.12.423 Version/12.16"
141.0.12.200 - - [03/Jan/2025:18:20:44 -0500] "GET /images/mwsounds-20240217-182830-Relationship-by-Costry-and-MJays.jpg HTTP/1.1" 200 33323 "https://malawisounds.com/home.php" "Opera/9.80 (MAUI Runtime; Opera Mini/4.4.39030/191.361; U; en) Presto/2.12.423 Version/12.16"
141.0.12.200 - - [03/Jan/2025:18:20:44 -0500] "GET /images/mwsounds-20231013-045752-Inuyo-by-Reuben-Matiti.jpg HTTP/1.1" 200 57360 "https://malawisounds.com/home.php" "Opera/9.80 (MAUI Runtime; Opera Mini/4.4.39030/191.361; U; en) Presto/2.12.423 Version/12.16"
141.0.12.200 - - [03/Jan/2025:18:20:44 -0500] "GET /images/mwsounds-20230825-045810-Piano-by-Sir-Odilo-.jpg HTTP/1.1" 200 36683 "https://malawisounds.com/home.php" "Opera/9.80 (MAUI Runtime; Opera Mini/4.4.39030/191.361; U; en) Presto/2.12.423 Version/12.16"
141.0.12.200 - - [03/Jan/2025:18:20:44 -0500] "GET /images/mwsounds-20230630-115108-Zikomo-by-Dr.-Drew-ft.-Zoe-and-Umie.jpg HTTP/1.1" 200 56937 "https://malawisounds.com/home.php" "Opera/9.80 (MAUI Runtime; Opera Mini/4.4.39030/191.361; U; en) Presto/2.12.423 Version/12.16"
141.0.12.200 - - [03/Jan/2025:18:20:44 -0500] "GET /images/mwsounds-20230505-121852-Duwa-by-Chrim-ft.-Hemon.jpg HTTP/1.1" 200 83362 "https://malawisounds.com/home.php" "Opera/9.80 (MAUI Runtime; Opera Mini/4.4.39030/191.361; U; en) Presto/2.12.423 Version/12.16"
141.0.12.200 - - [03/Jan/2025:18:20:44 -0500] "GET /images/mwsounds-20230407062316-mwsounds-20230406-103418-One-With-Jesus-by-Chigo-Grace-picsay.jpg HTTP/1.1" 200 18140 "https://malawisounds.com/home.php" "Opera/9.80 (MAUI Runtime; Opera Mini/4.4.39030/191.361; U; en) Presto/2.12.423 Version/12.16"
141.0.12.200 - - [03/Jan/2025:18:20:44 -0500] "GET /images/mwsounds-20230116-155322-Yesu-by-Le-ceo.jpg HTTP/1.1" 200 65809 "https://malawisounds.com/home.php" "Opera/9.80 (MAUI Runtime; Opera Mini/4.4.39030/191.361; U; en) Presto/2.12.423 Version/12.16"
141.0.12.200 - - [03/Jan/2025:18:20:44 -0500] "GET /images/mwsounds-20231224-093715-Hallelujah-by-Just-Lusungu-ft.-Kharis.jpg HTTP/1.1" 200 32648 "https://malawisounds.com/home.php" "Opera/9.80 (MAUI Runtime; Opera Mini/4.4.39030/191.361; U; en) Presto/2.12.423 Version/12.16"
141.0.12.200 - - [03/Jan/2025:18:20:44 -0500] "GET /images/mwsounds-20230912-111759-Palibe-by-SARAI.jpg HTTP/1.1" 200 207317 "https://malawisounds.com/home.php" "Opera/9.80 (MAUI Runtime; Opera Mini/4.4.39030/191.361; U; en) Presto/2.12.423 Version/12.16"
141.0.12.200 - - [03/Jan/2025:18:20:44 -0500] "GET /images/mwsounds-20230331-133740-Moving-by-Sizzle-Krayne-ft.-Stominem.jpg HTTP/1.1" 200 82247 "https://malawisounds.com/home.php" "Opera/9.80 (MAUI Runtime; Opera Mini/4.4.39030/191.361; U; en) Presto/2.12.423 Version/12.16"
141.0.12.200 - - [03/Jan/2025:18:20:44 -0500] "GET /images/mwsounds-20221224-210456-Your-Presence-Is-Home-by-Chigo-Grace.jpg HTTP/1.1" 200 26279 "https://malawisounds.com/home.php" "Opera/9.80 (MAUI Runtime; Opera Mini/4.4.39030/191.361; U; en) Presto/2.12.423 Version/12.16"
141.0.12.200 - - [03/Jan/2025:18:20:45 -0500] "GET /images/mwsounds-20230725-131106-Okay-by-Ishmael.jpg HTTP/1.1" 200 19950 "https://malawisounds.com/home.php" "Opera/9.80 (MAUI Runtime; Opera Mini/4.4.39030/191.361; U; en) Presto/2.12.423 Version/12.16"
141.0.12.200 - - [03/Jan/2025:18:20:45 -0500] "GET /images/mwsounds-20230623-101916-Time-by-Just-Lusungu.jpg HTTP/1.1" 200 50436 "https://malawisounds.com/home.php" "Opera/9.80 (MAUI Runtime; Opera Mini/4.4.39030/191.361; U; en) Presto/2.12.423 Version/12.16"
141.0.12.200 - - [03/Jan/2025:18:20:45 -0500] "GET /images/mwsounds-20230418-160829-Reigning-in-Gods-purpose-by-UCC-Malawi-presents-KidMa-and-Fema.jpg HTTP/1.1" 200 69596 "https://malawisounds.com/home.php" "Opera/9.80 (MAUI Runtime; Opera Mini/4.4.39030/191.361; U; en) Presto/2.12.423 Version/12.16"
141.0.12.200 - - [03/Jan/2025:18:20:45 -0500] "GET /images/mwsounds-20230310-074208-Mutani-by-Suffix.jpg HTTP/1.1" 200 225767 "https://malawisounds.com/home.php" "Opera/9.80 (MAUI Runtime; Opera Mini/4.4.39030/191.361; U; en) Presto/2.12.423 Version/12.16"
141.0.12.200 - - [03/Jan/2025:18:20:45 -0500] "GET /images/mwsounds-20221011-155656-Kumama(cover)-by-Ishmael-ft.-Takondwa.jpg HTTP/1.1" 200 129570 "https://malawisounds.com/home.php" "Opera/9.80 (MAUI Runtime; Opera Mini/4.4.39030/191.361; U; en) Presto/2.12.423 Version/12.16"
141.0.12.200 - - [03/Jan/2025:18:20:46 -0500] "GET /images/mwsounds-20230407-185649-Mene-uliri-by-L-one-Spacail.jpg HTTP/1.1" 200 69774 "https://malawisounds.com/home.php" "Opera/9.80 (MAUI Runtime; Opera Mini/4.4.39030/191.361; U; en) Presto/2.12.423 Version/12.16"
141.0.12.200 - - [03/Jan/2025:18:20:46 -0500] "GET /images/mwsounds-20240127-171148-TRUST-by-Zikomo.jpg HTTP/1.1" 200 57778 "https://malawisounds.com/home.php" "Opera/9.80 (MAUI Runtime; Opera Mini/4.4.39030/191.361; U; en) Presto/2.12.423 Version/12.16"
141.0.12.200 - - [03/Jan/2025:18:20:46 -0500] "GET /images/mwsounds-20230826-160756-Kukacha-by-Dreamer.jpg HTTP/1.1" 200 142421 "https://malawisounds.com/home.php" "Opera/9.80 (MAUI Runtime; Opera Mini/4.4.39030/191.361; U; en) Presto/2.12.423 Version/12.16"
141.0.12.200 - - [03/Jan/2025:18:20:46 -0500] "GET /images/mwsounds-20240322-095614-Amanda-by-David-Wilson-.jpg HTTP/1.1" 200 33533 "https://malawisounds.com/home.php" "Opera/9.80 (MAUI Runtime; Opera Mini/4.4.39030/191.361; U; en) Presto/2.12.423 Version/12.16"
217.113.194.46 - - [03/Jan/2025:18:20:45 -0500] "GET /download.php?id=70&name=Sam%20Mwakanema-Five%20practices%20of%20students%20who%20excel(Podcast) HTTP/1.1" 200 9402570 "-" "Mozilla/5.0 (compatible; Barkrowler/0.9; +https://babbar.tech/crawler)"
141.0.12.200 - - [03/Jan/2025:18:20:46 -0500] "GET /images/mwsounds-20231023-070636-Umunthu-by-Ishmael.jpg HTTP/1.1" 200 91766 "https://malawisounds.com/home.php" "Opera/9.80 (MAUI Runtime; Opera Mini/4.4.39030/191.361; U; en) Presto/2.12.423 Version/12.16"
141.0.12.200 - - [03/Jan/2025:18:20:46 -0500] "GET /images/mwsounds-20230302232808-Screenshot-20230303-012226-Gallery.jpg HTTP/1.1" 200 28218 "https://malawisounds.com/home.php" "Opera/9.80 (MAUI Runtime; Opera Mini/4.4.39030/191.361; U; en) Presto/2.12.423 Version/12.16"
141.0.12.200 - - [03/Jan/2025:18:20:46 -0500] "GET /images/mwsounds-20230505-121852-Duwa-by-Chrim-ft.-Hemon.jpg HTTP/1.1" 200 83362 "https://malawisounds.com/home.php" "Opera/9.80 (MAUI Runtime; Opera Mini/4.4.39030/191.361; U; en) Presto/2.12.423 Version/12.16"
141.0.12.200 - - [03/Jan/2025:18:20:46 -0500] "GET /images/mwsounds-20231011-104255-Stand-firm-by-Debbie-N.jpg HTTP/1.1" 200 37013 "https://malawisounds.com/home.php" "Opera/9.80 (MAUI Runtime; Opera Mini/4.4.39030/191.361; U; en) Presto/2.12.423 Version/12.16"
40.77.167.17 - - [03/Jan/2025:18:20:47 -0500] "GET /promos/promo_songs.php?id=13&name=Blessme-ft.-Reborn-&-Chrispine-Bible-Anakonza HTTP/1.1" 404 1251 "-" "Mozilla/5.0 AppleWebKit/537.36 (KHTML, like Gecko; compatible; bingbot/2.0; +http://www.bing.com/bingbot.htm) Chrome/116.0.1938.76 Safari/537.36"
141.0.12.200 - - [03/Jan/2025:18:20:47 -0500] "GET /images/mwsounds-20241231-215121-H-n-P-by-R3ALXTRA-MLW-FT-TROY6iX.jpg HTTP/1.1" 200 75790 "https://malawisounds.com/home.php" "Opera/9.80 (MAUI Runtime; Opera Mini/4.4.39030/191.361; U; en) Presto/2.12.423 Version/12.16"
141.0.12.200 - - [03/Jan/2025:18:20:47 -0500] "GET /images/mwsounds-20230810-124133-Chikhalidwe-(live-living-room-session)-by-Elka.jpg HTTP/1.1" 200 24552 "https://malawisounds.com/home.php" "Opera/9.80 (MAUI Runtime; Opera Mini/4.4.39030/191.361; U; en) Presto/2.12.423 Version/12.16"
141.0.12.200 - - [03/Jan/2025:18:20:47 -0500] "GET /images/mwsounds-20230710-183455-Birthday-by-VJ-Ice-ft.-Mcluther-.jpg HTTP/1.1" 200 43276 "https://malawisounds.com/home.php" "Opera/9.80 (MAUI Runtime; Opera Mini/4.4.39030/191.361; U; en) Presto/2.12.423 Version/12.16"
141.0.12.200 - - [03/Jan/2025:18:20:47 -0500] "GET /images/mwsounds-20230901-143655-Wazz-Good-by-Costry-.jpg HTTP/1.1" 200 30494 "https://malawisounds.com/home.php" "Opera/9.80 (MAUI Runtime; Opera Mini/4.4.39030/191.361; U; en) Presto/2.12.423 Version/12.16"
141.0.12.200 - - [03/Jan/2025:18:20:47 -0500] "GET /images/mwsounds-20230331-133740-Moving-by-Sizzle-Krayne-ft.-Stominem.jpg HTTP/1.1" 200 82247 "https://malawisounds.com/home.php" "Opera/9.80 (MAUI Runtime; Opera Mini/4.4.39030/191.361; U; en) Presto/2.12.423 Version/12.16"
141.0.12.200 - - [03/Jan/2025:18:20:47 -0500] "GET /images/mwsounds-20230526-122749-Tikweza-inu-by-Gabriel-Simenti-.jpg HTTP/1.1" 200 233202 "https://malawisounds.com/home.php" "Opera/9.80 (MAUI Runtime; Opera Mini/4.4.39030/191.361; U; en) Presto/2.12.423 Version/12.16"
141.0.12.200 - - [03/Jan/2025:18:20:47 -0500] "GET /images/mwsounds-20230626-065340-Real-Badman-by-Kneenja.jpg HTTP/1.1" 200 69086 "https://malawisounds.com/home.php" "Opera/9.80 (MAUI Runtime; Opera Mini/4.4.39030/191.361; U; en) Presto/2.12.423 Version/12.16"
141.0.12.200 - - [03/Jan/2025:18:20:47 -0500] "GET /images/mwsounds-20230428-154740-Tell-the-world-by-Jowie.jpg HTTP/1.1" 200 75923 "https://malawisounds.com/home.php" "Opera/9.80 (MAUI Runtime; Opera Mini/4.4.39030/191.361; U; en) Presto/2.12.423 Version/12.16"
141.0.12.200 - - [03/Jan/2025:18:20:47 -0500] "GET /images/mwsounds-20221224-210456-Your-Presence-Is-Home-by-Chigo-Grace.jpg HTTP/1.1" 200 26279 "https://malawisounds.com/home.php" "Opera/9.80 (MAUI Runtime; Opera Mini/4.4.39030/191.361; U; en) Presto/2.12.423 Version/12.16"
141.0.12.200 - - [03/Jan/2025:18:20:47 -0500] "GET /images/mwsounds-20230407062316-mwsounds-20230406-103418-One-With-Jesus-by-Chigo-Grace-picsay.jpg HTTP/1.1" 200 18140 "https://malawisounds.com/home.php" "Opera/9.80 (MAUI Runtime; Opera Mini/4.4.39030/191.361; U; en) Presto/2.12.423 Version/12.16"
141.0.12.200 - - [03/Jan/2025:18:20:47 -0500] "GET /images/mwsounds-20230722-163344-Zima-by-Phronee99.jpg HTTP/1.1" 200 14625 "https://malawisounds.com/home.php" "Opera/9.80 (MAUI Runtime; Opera Mini/4.4.39030/191.361; U; en) Presto/2.12.423 Version/12.16"
141.0.12.200 - - [03/Jan/2025:18:20:47 -0500] "GET /images/mwsounds-20230311-170741-Yalembedwe-by-L-Khalie-ft.-Lucius-Banda.jpg HTTP/1.1" 200 57583 "https://malawisounds.com/home.php" "Opera/9.80 (MAUI Runtime; Opera Mini/4.4.39030/191.361; U; en) Presto/2.12.423 Version/12.16"
141.0.12.200 - - [03/Jan/2025:18:20:47 -0500] "GET /images/mwsounds-20221221-183812-Made-it-here-by-dF.jpg HTTP/1.1" 200 24917 "https://malawisounds.com/home.php" "Opera/9.80 (MAUI Runtime; Opera Mini/4.4.39030/191.361; U; en) Presto/2.12.423 Version/12.16"
141.0.12.200 - - [03/Jan/2025:18:20:48 -0500] "GET /images/mwsounds-20230116-155322-Yesu-by-Le-ceo.jpg HTTP/1.1" 200 65809 "https://malawisounds.com/home.php" "Opera/9.80 (MAUI Runtime; Opera Mini/4.4.39030/191.361; U; en) Presto/2.12.423 Version/12.16"
141.0.12.200 - - [03/Jan/2025:18:20:48 -0500] "GET /images/mwsounds-20241231-091035-Kungoyamika-by-Chisomo-Chimoto.jpg HTTP/1.1" 200 47574 "https://malawisounds.com/home.php" "Opera/9.80 (MAUI Runtime; Opera Mini/4.4.39030/191.361; U; en) Presto/2.12.423 Version/12.16"
141.0.12.200 - - [03/Jan/2025:18:20:48 -0500] "GET /images/mwsounds-20230531-150141-Ofana-nanu-by-SARAI.jpg HTTP/1.1" 200 33681 "https://malawisounds.com/home.php" "Opera/9.80 (MAUI Runtime; Opera Mini/4.4.39030/191.361; U; en) Presto/2.12.423 Version/12.16"
141.0.12.200 - - [03/Jan/2025:18:20:48 -0500] "GET /images/mwsounds-20230228-060240-Kumaufila-by-Samuel-ft-A.K-and-Episodz.jpg HTTP/1.1" 200 21792 "https://malawisounds.com/home.php" "Opera/9.80 (MAUI Runtime; Opera Mini/4.4.39030/191.361; U; en) Presto/2.12.423 Version/12.16"
141.0.12.200 - - [03/Jan/2025:18:20:48 -0500] "GET /images/mwsounds-20230407-174856-Mtima-Wina-by-Bligle.jpg HTTP/1.1" 200 50475 "https://malawisounds.com/home.php" "Opera/9.80 (MAUI Runtime; Opera Mini/4.4.39030/191.361; U; en) Presto/2.12.423 Version/12.16"
51.222.253.18 - - [03/Jan/2025:18:20:59 -0500] "GET /105-6-Months-to-MSCE-Success-by-Sam-Mwakanema HTTP/1.1" 200 3976 "-" "Mozilla/5.0 (compatible; AhrefsBot/7.0; +http://ahrefs.com/robot/)"
217.113.194.42 - - [03/Jan/2025:18:21:06 -0500] "GET /download.php?id=64&name=Sir%20Odillo+Achanza+Blessed%20Citizen-Aaa...zoona HTTP/1.1" 200 5082688 "-" "Mozilla/5.0 (compatible; Barkrowler/0.9; +https://babbar.tech/crawler)"
51.222.253.20 - - [03/Jan/2025:18:21:27 -0500] "GET /362-Che-Kumbu-by-Kalondolondo HTTP/1.1" 200 3918 "-" "Mozilla/5.0 (compatible; AhrefsBot/7.0; +http://ahrefs.com/robot/)"
217.113.194.51 - - [03/Jan/2025:18:21:34 -0500] "GET /download.php?id=635&name=Sqanji3%20ft%20Kleva%20Roots-Kontroller%20(Remix) HTTP/1.1" 200 4639197 "-" "Mozilla/5.0 (compatible; Barkrowler/0.9; +https://babbar.tech/crawler)"
51.222.253.5 - - [03/Jan/2025:18:22:04 -0500] "GET /664-Pemphera-by-Pastor-Moffat-Mtegha HTTP/1.1" 200 3930 "-" "Mozilla/5.0 (compatible; AhrefsBot/7.0; +http://ahrefs.com/robot/)"
217.113.194.51 - - [03/Jan/2025:18:22:06 -0500] "GET /download.php?id=1344&name=Josper%20G%20Sir%20Badman%20prod%20by%20blacktezi.-COMING HTTP/1.1" 200 3335721 "-" "Mozilla/5.0 (compatible; Barkrowler/0.9; +https://babbar.tech/crawler)"
217.113.194.46 - - [03/Jan/2025:18:22:33 -0500] "GET /download.php?id=473&name=Tory%20Lanez+Bucci+Chris%20Brown-F.E.E.L.S HTTP/1.1" 200 5740411 "-" "Mozilla/5.0 (compatible; Barkrowler/0.9; +https://babbar.tech/crawler)"
51.222.253.14 - - [03/Jan/2025:18:22:43 -0500] "GET /sid-226-kuyenda-ndi-yesu-by-blessings-gondwe HTTP/1.1" 200 3224 "-" "Mozilla/5.0 (compatible; AhrefsBot/7.0; +http://ahrefs.com/robot/)"
217.113.194.42 - - [03/Jan/2025:18:22:45 -0500] "GET /download.php?id=837&name=Ishmael%20ft.%20Takondwa%20Chimwala-Usadziphe HTTP/1.1" 200 8688084 "-" "Mozilla/5.0 (compatible; Barkrowler/0.9; +https://babbar.tech/crawler)"
217.113.194.43 - - [03/Jan/2025:18:23:06 -0500] "GET /download.php?id=1341&name=Dumi%20skn%20x%20Tizo%20mw%20x%20Vincookelvin-Promises HTTP/1.1" 200 6001197 "-" "Mozilla/5.0 (compatible; Barkrowler/0.9; +https://babbar.tech/crawler)"
217.113.194.50 - - [03/Jan/2025:18:23:16 -0500] "GET /sid-1163-million-dollar-dream-by-pop-g-x-freshly-x-togern-burg-x-triple-gets HTTP/1.1" 200 3655 "-" "Mozilla/5.0 (compatible; Barkrowler/0.9; +https://babbar.tech/crawler)"
51.222.253.1 - - [03/Jan/2025:18:23:23 -0500] "GET /sid-896-kaning'ina--by-rabecca-mwafulirwa HTTP/1.1" 200 3235 "-" "Mozilla/5.0 (compatible; AhrefsBot/7.0; +http://ahrefs.com/robot/)"
217.113.194.47 - - [03/Jan/2025:18:23:25 -0500] "GET /sid-1451-money-hunter-by-ken-hoston,ifinit-union,-man-jizz-ft-meekboy HTTP/1.1" 200 3645 "-" "Mozilla/5.0 (compatible; Barkrowler/0.9; +https://babbar.tech/crawler)"
217.113.194.46 - - [03/Jan/2025:18:23:33 -0500] "GET /download.php?id=1027&name=Louid%20x%20Reduce%20(Prod%20by%20DJ%20brown)-Vala%20zilimbe HTTP/1.1" 200 2779154 "-" "Mozilla/5.0 (compatible; Barkrowler/0.9; +https://babbar.tech/crawler)"
40.77.167.58 - - [03/Jan/2025:18:23:35 -0500] "GET /924godrhg.html HTTP/1.1" 404 1251 "-" "Mozilla/5.0 AppleWebKit/537.36 (KHTML, like Gecko; compatible; bingbot/2.0; +http://www.bing.com/bingbot.htm) Chrome/116.0.1938.76 Safari/537.36"
217.113.194.50 - - [03/Jan/2025:18:23:54 -0500] "GET /download.php?id=8&name=MGZ%20x%20Kauzazi%20Fray-Ululu(Hi%20Class%20Entertainment) HTTP/1.1" 200 8539004 "-" "Mozilla/5.0 (compatible; Barkrowler/0.9; +https://babbar.tech/crawler)"
51.222.253.4 - - [03/Jan/2025:18:24:07 -0500] "GET /sid-402-i-need-more-by-joma-mw HTTP/1.1" 200 3241 "-" "Mozilla/5.0 (compatible; AhrefsBot/7.0; +http://ahrefs.com/robot/)"
217.113.194.47 - - [03/Jan/2025:18:24:13 -0500] "GET /download.php?id=117&name=C%20Jay%20ft%20Loyalty%20(Produced%20by%20Chux)-Who%20dat? HTTP/1.1" 200 8819524 "-" "Mozilla/5.0 (compatible; Barkrowler/0.9; +https://babbar.tech/crawler)"
217.113.194.46 - - [03/Jan/2025:18:24:26 -0500] "GET /download.php?id=183&name=Christ%20Ward%20The%20Movement-Jerry+Alle+Solomon%20Trust+-Kuchanya HTTP/1.1" 200 5401411 "-" "Mozilla/5.0 (compatible; Barkrowler/0.9; +https://babbar.tech/crawler)"
51.222.253.10 - - [03/Jan/2025:18:24:34 -0500] "GET /1294-Ndimakufuna--by-OG-BABY- HTTP/1.1" 200 3919 "-" "Mozilla/5.0 (compatible; AhrefsBot/7.0; +http://ahrefs.com/robot/)"
217.113.194.46 - - [03/Jan/2025:18:24:49 -0500] "GET /download.php?id=744&name=Tayanjana%20Nandolo(Mdzodzo)-Tiamwere-tiadyere HTTP/1.1" 200 12049826 "-" "Mozilla/5.0 (compatible; Barkrowler/0.9; +https://babbar.tech/crawler)"
217.113.194.45 - - [03/Jan/2025:18:25:00 -0500] "GET /download.php?id=159&name=Mic%20Mash%20ft%20Issabel%20M.%20King-Heaven(Prod%20by%20Manifest) HTTP/1.1" 200 7129563 "-" "Mozilla/5.0 (compatible; Barkrowler/0.9; +https://babbar.tech/crawler)"
217.113.194.50 - - [03/Jan/2025:18:25:10 -0500] "GET /download.php?id=723&name=MR%20A-K-47%20MALAWIAN%20BOY%20-Mwatondeka HTTP/1.1" 200 5420297 "-" "Mozilla/5.0 (compatible; Barkrowler/0.9; +https://babbar.tech/crawler)"
51.222.253.11 - - [03/Jan/2025:18:25:16 -0500] "GET /1451-Money-hunter-by-Ken-hoston,ifinit-union,-man-jizz-ft-meekboy HTTP/1.1" 200 3991 "-" "Mozilla/5.0 (compatible; AhrefsBot/7.0; +http://ahrefs.com/robot/)"
217.113.194.48 - - [03/Jan/2025:18:25:21 -0500] "GET /download.php?id=739&name=MR%20A-K-47%20MALAWIAN%20BOY%20-You%20are%20the%20one HTTP/1.1" 200 2966386 "-" "Mozilla/5.0 (compatible; Barkrowler/0.9; +https://babbar.tech/crawler)"
217.113.194.44 - - [03/Jan/2025:18:25:32 -0500] "GET /download.php?id=1343&name=Josper%20G%20Sir%20Badman%20feat%20Rino%20Bwoy-ONE%20DAY HTTP/1.1" 200 5637201 "-" "Mozilla/5.0 (compatible; Barkrowler/0.9; +https://babbar.tech/crawler)"
51.222.253.11 - - [03/Jan/2025:18:25:54 -0500] "GET /1186-My-final-choice-by-PAWALO HTTP/1.1" 200 3908 "-" "Mozilla/5.0 (compatible; AhrefsBot/7.0; +http://ahrefs.com/robot/)"
217.113.194.43 - - [03/Jan/2025:18:26:01 -0500] "GET /download.php?id=828&name=I'mBash%20-Btw,%20i'ts%20spelled%20i'mBash HTTP/1.1" 200 9589599 "-" "Mozilla/5.0 (compatible; Barkrowler/0.9; +https://babbar.tech/crawler)"
217.113.194.244 - - [03/Jan/2025:18:26:12 -0500] "GET /download.php?id=3&name=SS%20ceaser+pro%20kzone+hamble-Bola%20Kwa%20Faraoh HTTP/1.1" 200 4504502 "-" "Mozilla/5.0 (compatible; Barkrowler/0.9; +https://babbar.tech/crawler)"
51.222.253.9 - - [03/Jan/2025:18:26:34 -0500] "GET /356-Shasha(Diamond-Platnums-Jeje-Cover)-by-Crush-Point HTTP/1.1" 200 3951 "-" "Mozilla/5.0 (compatible; AhrefsBot/7.0; +http://ahrefs.com/robot/)"
217.113.194.49 - - [03/Jan/2025:18:26:33 -0500] "GET /download.php?id=717&name=Achina%20Gattah%20Ase%20ft.%20Piksy%20and%20Gwamba-Mtima HTTP/1.1" 200 8528550 "-" "Mozilla/5.0 (compatible; Barkrowler/0.9; +https://babbar.tech/crawler)"
217.113.194.42 - - [03/Jan/2025:18:27:03 -0500] "GET /sid-1533-taona-(official-audio)--by-james-chirwa-feat.-levison-masamba- HTTP/1.1" 200 3644 "-" "Mozilla/5.0 (compatible; Barkrowler/0.9; +https://babbar.tech/crawler)"
217.113.194.50 - - [03/Jan/2025:18:27:11 -0500] "GET /download.php?id=335&name=Sam%20Mwakanema(Podcast)-MSCE%20Exams%20cancelled,%20What%20Next? HTTP/1.1" 200 9345264 "-" "Mozilla/5.0 (compatible; Barkrowler/0.9; +https://babbar.tech/crawler)"
51.222.253.5 - - [03/Jan/2025:18:27:15 -0500] "GET /sid-1543-future--by-shidex-mw- HTTP/1.1" 200 3218 "-" "Mozilla/5.0 (compatible; AhrefsBot/7.0; +http://ahrefs.com/robot/)"
217.113.194.49 - - [03/Jan/2025:18:27:21 -0500] "GET /download.php?id=378&name=Sir%20Odilo+Hope%20Logah+Praise%20P-Jingle%20Bells HTTP/1.1" 200 7067261 "-" "Mozilla/5.0 (compatible; Barkrowler/0.9; +https://babbar.tech/crawler)"
114.119.136.72 - - [03/Jan/2025:18:27:42 -0500] "GET /album-zip.php?title=introducing-me&name=vallenz HTTP/1.1" 302 0 "https://malawisounds.com/introducing-me-by-vallenz" "Mozilla/5.0 (Linux; Android 7.0;) AppleWebKit/537.36 (KHTML, like Gecko) Mobile Safari/537.36 (compatible; PetalBot;+https://webmaster.petalsearch.com/site/petalbot)"
217.113.194.50 - - [03/Jan/2025:18:27:40 -0500] "GET /download.php?id=680&name=Hyphen%20ft.%20Achina%20Gatta%20ase%20and%20GD-Zimveke%20bwa HTTP/1.1" 200 8088939 "-" "Mozilla/5.0 (compatible; Barkrowler/0.9; +https://babbar.tech/crawler)"
114.119.136.72 - - [03/Jan/2025:18:27:43 -0500] "GET /zipped-albums/introducing-me.zip HTTP/1.1" 200 43516664 "https://malawisounds.com/introducing-me-by-vallenz" "Mozilla/5.0 (Linux; Android 7.0;) AppleWebKit/537.36 (KHTML, like Gecko) Mobile Safari/537.36 (compatible; PetalBot;+https://webmaster.petalsearch.com/site/petalbot)"
51.222.253.5 - - [03/Jan/2025:18:27:48 -0500] "GET /464-Kuseli-by-Saint-ft.-Dan-Lu HTTP/1.1" 200 3922 "-" "Mozilla/5.0 (compatible; AhrefsBot/7.0; +http://ahrefs.com/robot/)"
217.113.194.43 - - [03/Jan/2025:18:28:11 -0500] "GET /download.php?id=150&name=David%20Kata%20ft%20Kidma(Prod.%20by%20Masclan%20records)-Unfortunate HTTP/1.1" 200 5542211 "-" "Mozilla/5.0 (compatible; Barkrowler/0.9; +https://babbar.tech/crawler)"
217.113.194.244 - - [03/Jan/2025:18:28:30 -0500] "GET /download.php?id=727&name=MR%20A-K-47%20MALAWIAN%20BOY%20-Uzamukoleka HTTP/1.1" 200 4347297 "-" "Mozilla/5.0 (compatible; Barkrowler/0.9; +https://babbar.tech/crawler)"
217.113.194.46 - - [03/Jan/2025:18:28:52 -0500] "GET /download.php?id=684&name=TAPAeasy%20Squad%20Feat%20Lua%20Lua%20Boy%20&%20D-20-Finally HTTP/1.1" 200 7276979 "-" "Mozilla/5.0 (compatible; Barkrowler/0.9; +https://babbar.tech/crawler)"
51.222.253.9 - - [03/Jan/2025:18:29:11 -0500] "GET /104-Kubhebha-by-Shattah-Ranks- HTTP/1.1" 200 3911 "-" "Mozilla/5.0 (compatible; AhrefsBot/7.0; +http://ahrefs.com/robot/)"
40.77.167.58 - - [03/Jan/2025:18:29:25 -0500] "GET /1123-Linga-by-Eliza-Mponya HTTP/1.1" 200 3896 "-" "Mozilla/5.0 AppleWebKit/537.36 (KHTML, like Gecko; compatible; bingbot/2.0; +http://www.bing.com/bingbot.htm) Chrome/116.0.1938.76 Safari/537.36"
217.113.194.51 - - [03/Jan/2025:18:29:18 -0500] "GET /download.php?id=1402&name=Mastol%20ft.%20Faith%20Mussa%20and%20Shammah%20Vocalz-Kokoliko HTTP/1.1" 200 10735272 "-" "Mozilla/5.0 (compatible; Barkrowler/0.9; +https://babbar.tech/crawler)"
217.113.194.44 - - [03/Jan/2025:18:29:48 -0500] "GET /download.php?id=785&name=Eminent%201-Udindo%20Wako%20(prod.%20Jhon%20O%20Dreams) HTTP/1.1" 200 6912149 "-" "Mozilla/5.0 (compatible; Barkrowler/0.9; +https://babbar.tech/crawler)"
51.222.253.3 - - [03/Jan/2025:18:29:50 -0500] "GET /sid-14-nothing-new[prod-by-yung-star]-by-trealz-x-t-flow HTTP/1.1" 200 3238 "-" "Mozilla/5.0 (compatible; AhrefsBot/7.0; +http://ahrefs.com/robot/)"
17.241.227.66 - - [03/Jan/2025:18:30:10 -0500] "GET /sid-1661-loved-by-you-by-samuel-peter- HTTP/1.1" 200 3599 "-" "Mozilla/5.0 (Macintosh; Intel Mac OS X 10_15_7) AppleWebKit/605.1.15 (KHTML, like Gecko) Version/17.4 Safari/605.1.15 (Applebot/0.1; +http://www.apple.com/go/applebot)"
217.113.194.46 - - [03/Jan/2025:18:30:13 -0500] "GET /download.php?id=1392&name=Slik%20ft.%20Keith%20Timotheus%20x%20D-Rain-Like%20A%20Flood HTTP/1.1" 200 8734306 "-" "Mozilla/5.0 (compatible; Barkrowler/0.9; +https://babbar.tech/crawler)"
40.77.167.44 - - [03/Jan/2025:18:30:26 -0500] "GET /ropnf3nlc.html HTTP/1.1" 404 1251 "-" "Mozilla/5.0 AppleWebKit/537.36 (KHTML, like Gecko; compatible; bingbot/2.0; +http://www.bing.com/bingbot.htm) Chrome/116.0.1938.76 Safari/537.36"
51.222.253.7 - - [03/Jan/2025:18:30:28 -0500] "GET /sid-1546-rumours-by-claire-b HTTP/1.1" 200 3214 "-" "Mozilla/5.0 (compatible; AhrefsBot/7.0; +http://ahrefs.com/robot/)"
217.113.194.44 - - [03/Jan/2025:18:30:33 -0500] "GET /download.php?id=724&name=MR%20A-K-47%20MALAWIAN%20BOY%20-Nilinafumbo HTTP/1.1" 200 4811198 "-" "Mozilla/5.0 (compatible; Barkrowler/0.9; +https://babbar.tech/crawler)"
217.113.194.45 - - [03/Jan/2025:18:30:42 -0500] "GET /download.php?id=442&name=H-A-x%20Walycris%20x%20Fughe%20x%20NT-Muli%20Ndi%20Vuto HTTP/1.1" 200 4094228 "-" "Mozilla/5.0 (compatible; Barkrowler/0.9; +https://babbar.tech/crawler)"
217.113.194.44 - - [03/Jan/2025:18:30:56 -0500] "GET /download.php?id=73&name=Ulemelero%20wanu-Vin%20Chizuzu%20ft%20Favoured%20Martha HTTP/1.1" 200 9428660 "-" "Mozilla/5.0 (compatible; Barkrowler/0.9; +https://babbar.tech/crawler)"
52.167.144.22 - - [03/Jan/2025:18:31:16 -0500] "GET /1caivkzapu.html HTTP/1.1" 404 1251 "-" "Mozilla/5.0 AppleWebKit/537.36 (KHTML, like Gecko; compatible; bingbot/2.0; +http://www.bing.com/bingbot.htm) Chrome/116.0.1938.76 Safari/537.36"
17.241.227.72 - - [03/Jan/2025:18:31:21 -0500] "GET /js/codespace_api.js HTTP/1.1" 200 4663 "https://www.malawisounds.com/sid-1661-loved-by-you-by-samuel-peter-" "Mozilla/5.0 (Macintosh; Intel Mac OS X 10_15_7) AppleWebKit/605.1.15 (KHTML, like Gecko) Version/17.4 Safari/605.1.15 (Applebot/0.1; +http://www.apple.com/go/applebot)"
217.113.194.244 - - [03/Jan/2025:18:31:25 -0500] "GET /download.php?id=1035&name=Bridget%20Nkhoma%20ft.%20Patrick%20Nchito-Ndikufuna%20inu HTTP/1.1" 200 5607552 "-" "Mozilla/5.0 (compatible; Barkrowler/0.9; +https://babbar.tech/crawler)"
217.113.194.48 - - [03/Jan/2025:18:31:54 -0500] "GET /download.php?id=1379&name=Triggle%20x%20Dupa%20zenneth-No%20capping%20(NeverGiveUp) HTTP/1.1" 200 5103200 "-" "Mozilla/5.0 (compatible; Barkrowler/0.9; +https://babbar.tech/crawler)"
217.113.194.48 - - [03/Jan/2025:18:32:04 -0500] "GET /download.php?id=286&name=Robertson%20x%20Shammah%20Vocalz%20x%20Saxess-Amakhala%20Busy HTTP/1.1" 200 4045128 "-" "Mozilla/5.0 (compatible; Barkrowler/0.9; +https://babbar.tech/crawler)"
217.113.194.244 - - [03/Jan/2025:18:32:22 -0500] "GET /download.php?id=836&name=Slim%20Sam%20ft%20Jackie%20J7%20and%20Mamre%20snares-Amuno%20ka HTTP/1.1" 200 3342755 "-" "Mozilla/5.0 (compatible; Barkrowler/0.9; +https://babbar.tech/crawler)"
51.222.253.3 - - [03/Jan/2025:18:32:25 -0500] "GET /878-Wali-Wali-by-Pawalo HTTP/1.1" 200 3900 "-" "Mozilla/5.0 (compatible; AhrefsBot/7.0; +http://ahrefs.com/robot/)"
217.113.194.47 - - [03/Jan/2025:18:32:41 -0500] "GET /download.php?id=182&name=El%20Sha%20Bazz%20x%20Taqwa-Lero(Prod.%20Nick%20Nather) HTTP/1.1" 200 3475559 "-" "Mozilla/5.0 (compatible; Barkrowler/0.9; +https://babbar.tech/crawler)"
217.113.194.244 - - [03/Jan/2025:18:32:52 -0500] "GET /download.php?id=37&name=Jah%20Zeal%20X%20Solo%20Khumzy-Nyimbo%20Yanu(Mama) HTTP/1.1" 200 3335432 "-" "Mozilla/5.0 (compatible; Barkrowler/0.9; +https://babbar.tech/crawler)"
51.222.253.11 - - [03/Jan/2025:18:33:09 -0500] "GET /sid-965-zikomo-by-richard-mcalira HTTP/1.1" 200 3204 "-" "Mozilla/5.0 (compatible; AhrefsBot/7.0; +http://ahrefs.com/robot/)"
217.113.194.45 - - [03/Jan/2025:18:33:22 -0500] "GET /download.php?id=943&name=Hizlines%20x%20Ecstasy%20feat.%20Chikondi%20Wiseman-Rooted! HTTP/1.1" 200 6292013 "-" "Mozilla/5.0 (compatible; Barkrowler/0.9; +https://babbar.tech/crawler)"
217.113.194.44 - - [03/Jan/2025:18:33:32 -0500] "GET /download.php?id=393&name=Viluz%20ft%20Yam%20Kid%20and%20Chriffily%20Cee-Usamazimve HTTP/1.1" 200 10502144 "-" "Mozilla/5.0 (compatible; Barkrowler/0.9; +https://babbar.tech/crawler)"
217.113.194.47 - - [03/Jan/2025:18:34:00 -0500] "GET /download.php?id=503&name=Don%20Von,Wonderful%20and%20Sibhusiso-Mwana%20wa%20Mbere HTTP/1.1" 200 7090304 "-" "Mozilla/5.0 (compatible; Barkrowler/0.9; +https://babbar.tech/crawler)"
217.113.194.42 - - [03/Jan/2025:18:34:26 -0500] "GET /download.php?id=529&name=Henry%20Czar%20ft.%20Tsa%20leo%20and%20Nonymous-Thafu%20Bwana HTTP/1.1" 200 10514826 "-" "Mozilla/5.0 (compatible; Barkrowler/0.9; +https://babbar.tech/crawler)"
217.113.194.49 - - [03/Jan/2025:18:34:36 -0500] "GET /download.php?id=858&name=Melvin%20Music-The%20Gospel%20in%20his%20veins(Tribute%20for%20Apostle) HTTP/1.1" 200 12086240 "-" "Mozilla/5.0 (compatible; Barkrowler/0.9; +https://babbar.tech/crawler)"
217.113.194.42 - - [03/Jan/2025:18:34:53 -0500] "GET /download.php?id=647&name=Third%20Eye%20ft.%20Eli%20Njuchi%20and%20Hayze%20Angola-FYI HTTP/1.1" 200 8280608 "-" "Mozilla/5.0 (compatible; Barkrowler/0.9; +https://babbar.tech/crawler)"
157.55.39.193 - - [03/Jan/2025:18:35:16 -0500] "GET /205-Own-Time-by-Gwamba-ft-Emtee HTTP/1.1" 200 3925 "-" "Mozilla/5.0 AppleWebKit/537.36 (KHTML, like Gecko; compatible; bingbot/2.0; +http://www.bing.com/bingbot.htm) Chrome/116.0.1938.76 Safari/537.36"
217.113.194.45 - - [03/Jan/2025:18:35:25 -0500] "GET /download.php?id=449&name=D%20Manzy,%20G%20Will,%20S.A.M,%20Shammah%20Vocals-Golide HTTP/1.1" 200 8783191 "-" "Mozilla/5.0 (compatible; Barkrowler/0.9; +https://babbar.tech/crawler)"
51.222.253.1 - - [03/Jan/2025:18:35:47 -0500] "GET /sid-346-manjenje-by-kelvin-sings HTTP/1.1" 200 3229 "-" "Mozilla/5.0 (compatible; AhrefsBot/7.0; +http://ahrefs.com/robot/)"
154.54.249.197 - - [03/Jan/2025:18:35:54 -0500] "GET /download.php?id=930&name=Nancy%20Fortune%20Dent%20ft.%20Kondwani%20Chirwa-Chisomo%20Chanu HTTP/1.1" 200 13389480 "-" "Mozilla/5.0 (compatible; Barkrowler/0.9; +https://babbar.tech/crawler)"
217.113.194.44 - - [03/Jan/2025:18:36:04 -0500] "GET /download.php?id=951&name=MAVERLIC%20BLEXADO%20ft%20caselore%20SAVAGE%20-Show%20them HTTP/1.1" 200 6771494 "-" "Mozilla/5.0 (compatible; Barkrowler/0.9; +https://babbar.tech/crawler)"
217.113.194.44 - - [03/Jan/2025:18:36:28 -0500] "GET /download.php?id=1300&name=Harris%20Chiwalo-Ndagoma%20nanu-Ndinu%20Mulungu%20Medley HTTP/1.1" 200 6663541 "-" "Mozilla/5.0 (compatible; Barkrowler/0.9; +https://babbar.tech/crawler)"
51.222.253.12 - - [03/Jan/2025:18:36:34 -0500] "GET /aid-454-album-stream-ntima-by-hope-logah HTTP/1.1" 200 3718 "-" "Mozilla/5.0 (compatible; AhrefsBot/7.0; +http://ahrefs.com/robot/)"
217.113.194.51 - - [03/Jan/2025:18:36:53 -0500] "GET /download.php?id=736&name=Bless%20Me%20Sue%20Kay%20and%20Reborn-Mulungu%20and%20Hip-Hop HTTP/1.1" 200 5959263 "-" "Mozilla/5.0 (compatible; Barkrowler/0.9; +https://babbar.tech/crawler)"
114.119.158.0 - - [03/Jan/2025:18:37:01 -0500] "GET /artist=Luckin HTTP/1.1" 200 3826 "https://malawisounds.com/biography?pageno=4" "Mozilla/5.0 (Linux; Android 7.0;) AppleWebKit/537.36 (KHTML, like Gecko) Mobile Safari/537.36 (compatible; PetalBot;+https://webmaster.petalsearch.com/site/petalbot)"
217.113.194.48 - - [03/Jan/2025:18:37:10 -0500] "GET /download.php?id=632&name=YAMI%20ft%20Chizy%20+%20choba-I%20STILL%20BELIEVE HTTP/1.1" 200 8721082 "-" "Mozilla/5.0 (compatible; Barkrowler/0.9; +https://babbar.tech/crawler)"
51.222.253.4 - - [03/Jan/2025:18:37:15 -0500] "GET /sid-352-dora(reekado-banks-cover)-by-psalms HTTP/1.1" 200 3238 "-" "Mozilla/5.0 (compatible; AhrefsBot/7.0; +http://ahrefs.com/robot/)"
217.113.194.46 - - [03/Jan/2025:18:37:45 -0500] "GET /download.php?id=851&name=Kingstone%20Rollie%20ft%20MarcusPablo%20&%20various%20arti-2%20MINUTES HTTP/1.1" 200 4535671 "-" "Mozilla/5.0 (compatible; Barkrowler/0.9; +https://babbar.tech/crawler)"
52.167.144.22 - - [03/Jan/2025:18:37:47 -0500] "GET /download.php?id=437&name=Giddens-Stay%20safe HTTP/1.1" 200 4159223 "-" "Mozilla/5.0 AppleWebKit/537.36 (KHTML, like Gecko; compatible; bingbot/2.0; +http://www.bing.com/bingbot.htm) Chrome/116.0.1938.76 Safari/537.36"
51.222.253.9 - - [03/Jan/2025:18:37:55 -0500] "GET /sid-326-ole-by-piksy HTTP/1.1" 200 3235 "-" "Mozilla/5.0 (compatible; AhrefsBot/7.0; +http://ahrefs.com/robot/)"
110.249.201.81 - - [03/Jan/2025:18:38:01 -0500] "GET /artist=Malinga-Mafia HTTP/1.1" 200 3081 "-" "Mozilla/5.0 (Linux; Android 5.0) AppleWebKit/537.36 (KHTML, like Gecko) Mobile Safari/537.36 (compatible; Bytespider; https://zhanzhang.toutiao.com/)"
110.249.201.81 - - [03/Jan/2025:18:38:01 -0500] "GET /bio/mwsounds-20200708214100-malinga.jpg HTTP/1.1" 206 500 "https://malawisounds.com/artist=Malinga-Mafia" "Mozilla/5.0 (Linux; Android 5.0) AppleWebKit/537.36 (KHTML, like Gecko) Mobile Safari/537.36 (compatible; Bytespider; https://zhanzhang.toutiao.com/)"
110.249.201.81 - - [03/Jan/2025:18:38:02 -0500] "GET /null HTTP/1.1" 404 1251 "https://malawisounds.com/artist=Malinga-Mafia" "Mozilla/5.0 (Linux; Android 5.0) AppleWebKit/537.36 (KHTML, like Gecko) Mobile Safari/537.36 (compatible; Bytespider; https://zhanzhang.toutiao.com/)"
40.77.167.77 - - [03/Jan/2025:18:38:06 -0500] "GET /578-Wangayo-by-Seven-O-More HTTP/1.1" 200 3924 "-" "Mozilla/5.0 AppleWebKit/537.36 (KHTML, like Gecko; compatible; bingbot/2.0; +http://www.bing.com/bingbot.htm) Chrome/116.0.1938.76 Safari/537.36"
217.113.194.47 - - [03/Jan/2025:18:38:24 -0500] "GET /download.php?id=1&name=Aoc%20ft%20Slim-p%20x%20sneezy%20x%20Mr%20vendriq-Amazipopa HTTP/1.1" 200 2583967 "-" "Mozilla/5.0 (compatible; Barkrowler/0.9; +https://babbar.tech/crawler)"
51.222.253.3 - - [03/Jan/2025:18:38:36 -0500] "GET /696-Wife-Material--by-Phyzix-ft.-Pon-G HTTP/1.1" 200 3922 "-" "Mozilla/5.0 (compatible; AhrefsBot/7.0; +http://ahrefs.com/robot/)"
157.55.39.196 - - [03/Jan/2025:18:38:56 -0500] "GET /t92apfs1.html HTTP/1.1" 404 1251 "-" "Mozilla/5.0 AppleWebKit/537.36 (KHTML, like Gecko; compatible; bingbot/2.0; +http://www.bing.com/bingbot.htm) Chrome/116.0.1938.76 Safari/537.36"
51.222.253.7 - - [03/Jan/2025:18:39:16 -0500] "GET /aid-302-ep-stream-mulungu-and-hip-hop-(prod-by-chapter) HTTP/1.1" 200 3569 "-" "Mozilla/5.0 (compatible; AhrefsBot/7.0; +http://ahrefs.com/robot/)"
52.167.144.181 - - [03/Jan/2025:18:39:17 -0500] "GET /kjhrxal51.html HTTP/1.1" 404 1251 "-" "Mozilla/5.0 AppleWebKit/537.36 (KHTML, like Gecko; compatible; bingbot/2.0; +http://www.bing.com/bingbot.htm) Chrome/116.0.1938.76 Safari/537.36"
217.113.194.48 - - [03/Jan/2025:18:39:03 -0500] "GET /download.php?id=860&name=Ranken%20X%20Sackson%20X%20Don%20More%20X%20Dwaine%2099-Umusamale HTTP/1.1" 200 10645932 "-" "Mozilla/5.0 (compatible; Barkrowler/0.9; +https://babbar.tech/crawler)"
217.113.194.244 - - [03/Jan/2025:18:39:38 -0500] "GET /download.php?id=412&name=Lp%20Ft%20Sneezy,Vendiq,%20Dre%20Beats%20and%20Lykan-Maboza HTTP/1.1" 200 6376253 "-" "Mozilla/5.0 (compatible; Barkrowler/0.9; +https://babbar.tech/crawler)"
51.222.253.3 - - [03/Jan/2025:18:39:40 -0500] "GET /albums?pageno=27 HTTP/1.1" 200 2895 "-" "Mozilla/5.0 (compatible; AhrefsBot/7.0; +http://ahrefs.com/robot/)"
52.167.144.22 - - [03/Jan/2025:18:40:06 -0500] "GET /r92hu8cax.html HTTP/1.1" 404 1251 "-" "Mozilla/5.0 AppleWebKit/537.36 (KHTML, like Gecko; compatible; bingbot/2.0; +http://www.bing.com/bingbot.htm) Chrome/116.0.1938.76 Safari/537.36"
51.222.253.14 - - [03/Jan/2025:18:40:09 -0500] "GET /sid-944-the-c.i.a-cypher-by-s.a.m.u.e.l-ft-ayram,blessed-citizen,tno,regenerate,isaac,masomphenya,pro-gain,sir-creedy HTTP/1.1" 200 3339 "-" "Mozilla/5.0 (compatible; AhrefsBot/7.0; +http://ahrefs.com/robot/)"
217.113.194.46 - - [03/Jan/2025:18:40:17 -0500] "GET /download.php?id=44&name=Gwetha%20Boozer%20X%20Adcee(Prod%20.%20Gaffar)-Jail%20Life HTTP/1.1" 200 3300599 "-" "Mozilla/5.0 (compatible; Barkrowler/0.9; +https://babbar.tech/crawler)"
157.55.39.193 - - [03/Jan/2025:18:40:26 -0500] "GET /205-Own-Time-by-Gwamba-ft-Emtee HTTP/1.1" 200 3925 "-" "Mozilla/5.0 AppleWebKit/537.36 (KHTML, like Gecko; compatible; bingbot/2.0; +http://www.bing.com/bingbot.htm) Chrome/116.0.1938.76 Safari/537.36"
51.222.253.8 - - [03/Jan/2025:18:40:35 -0500] "GET /artist=Paul-Strong HTTP/1.1" 200 3210 "-" "Mozilla/5.0 (compatible; AhrefsBot/7.0; +http://ahrefs.com/robot/)"
217.113.194.42 - - [03/Jan/2025:18:40:42 -0500] "GET /download.php?id=761&name=Santhe%20Assemblies%20of%20God%20OMC%20choir-adzakumenyera%20nkhondo HTTP/1.1" 200 5705460 "-" "Mozilla/5.0 (compatible; Barkrowler/0.9; +https://babbar.tech/crawler)"
51.222.253.3 - - [03/Jan/2025:18:40:55 -0500] "GET /sid-173-sorry-by-rated-18 HTTP/1.1" 200 3205 "-" "Mozilla/5.0 (compatible; AhrefsBot/7.0; +http://ahrefs.com/robot/)"
51.222.253.10 - - [03/Jan/2025:18:41:17 -0500] "GET /859-Testimony-by-Lady-cathy-kirabo HTTP/1.1" 200 3910 "-" "Mozilla/5.0 (compatible; AhrefsBot/7.0; +http://ahrefs.com/robot/)"
217.113.194.46 - - [03/Jan/2025:18:41:20 -0500] "GET /sid-1422-fresh-kicks-%5Bproduced-by-fureoh%5D-by-dizz-vappah-ft-typhan-crea HTTP/1.1" 200 3646 "-" "Mozilla/5.0 (compatible; Barkrowler/0.9; +https://babbar.tech/crawler)"
217.113.194.51 - - [03/Jan/2025:18:41:28 -0500] "GET /download.php?id=812&name=Faith%20Mussa%20ft.%20CIC%20INC-Moyo%20Wanga(My%20life)%20Remix HTTP/1.1" 200 7418644 "-" "Mozilla/5.0 (compatible; Barkrowler/0.9; +https://babbar.tech/crawler)"
217.113.194.48 - - [03/Jan/2025:18:41:53 -0500] "GET /download.php?id=646&name=Riffle%20Dynamic%20ft.%20Ace%20Jizzy%20and%20%20Bee%20Jay-Chi%20Vibe HTTP/1.1" 200 9242639 "-" "Mozilla/5.0 (compatible; Barkrowler/0.9; +https://babbar.tech/crawler)"
51.222.253.19 - - [03/Jan/2025:18:42:05 -0500] "GET /sid-616-i-know-love-by-luki-247-ft-limoblaze HTTP/1.1" 200 3295 "-" "Mozilla/5.0 (compatible; AhrefsBot/7.0; +http://ahrefs.com/robot/)"
217.113.194.45 - - [03/Jan/2025:18:42:22 -0500] "GET /download.php?id=760&name=Santhe%20Assemblies%20of%20God%20OMC%20choir-Adzatikwezera%20Mbendera HTTP/1.1" 200 6266610 "-" "Mozilla/5.0 (compatible; Barkrowler/0.9; +https://babbar.tech/crawler)"
51.222.253.2 - - [03/Jan/2025:18:42:25 -0500] "GET /sid-1568-nyekhwe--by-waiver-ft-clem-j- HTTP/1.1" 200 3231 "-" "Mozilla/5.0 (compatible; AhrefsBot/7.0; +http://ahrefs.com/robot/)"
157.55.39.194 - - [03/Jan/2025:18:42:26 -0500] "GET /actmld3h4.html HTTP/1.1" 404 1251 "-" "Mozilla/5.0 AppleWebKit/537.36 (KHTML, like Gecko; compatible; bingbot/2.0; +http://www.bing.com/bingbot.htm) Chrome/116.0.1938.76 Safari/537.36"
217.113.194.46 - - [03/Jan/2025:18:42:36 -0500] "GET /download.php?id=58&name=Cross%20heart%20Ft%20Esther%20Mtheto%20+%20Allan%20Chidothi-Love%20rain HTTP/1.1" 200 5163108 "-" "Mozilla/5.0 (compatible; Barkrowler/0.9; +https://babbar.tech/crawler)"
51.222.253.13 - - [03/Jan/2025:18:42:49 -0500] "GET /854-Ndamaliza-by-Cozizwa HTTP/1.1" 200 3885 "-" "Mozilla/5.0 (compatible; AhrefsBot/7.0; +http://ahrefs.com/robot/)"
217.113.194.51 - - [03/Jan/2025:18:42:47 -0500] "GET /download.php?id=548&name=Achina%20Gattah%20Ase%C3%97Black%20Jack%C3%97Icemotious-Dancing%20Floor HTTP/1.1" 200 9334693 "-" "Mozilla/5.0 (compatible; Barkrowler/0.9; +https://babbar.tech/crawler)"
51.222.253.7 - - [03/Jan/2025:18:43:13 -0500] "GET /sid-814-muli-yemweyo-by-cynthia-n.y-music HTTP/1.1" 200 3284 "-" "Mozilla/5.0 (compatible; AhrefsBot/7.0; +http://ahrefs.com/robot/)"
217.113.194.48 - - [03/Jan/2025:18:43:19 -0500] "GET /download.php?id=1533&name=James%20Chirwa%20feat.%20Levison%20Masamba%20-Taona%20(Official%20Audio) HTTP/1.1" 200 11824414 "-" "Mozilla/5.0 (compatible; Barkrowler/0.9; +https://babbar.tech/crawler)"
217.113.194.50 - - [03/Jan/2025:18:43:46 -0500] "GET /download.php?id=154&name=D-BWOY%20ft%20Clinker+Ragga%20Maffin+Bliggle%20di%20Massa-One%20goal HTTP/1.1" 200 6009713 "-" "Mozilla/5.0 (compatible; Barkrowler/0.9; +https://babbar.tech/crawler)"
51.222.253.6 - - [03/Jan/2025:18:43:59 -0500] "GET /sid-377-joy-to-the-world-by-fay-chris-ft.-chims-and-hannah HTTP/1.1" 200 3271 "-" "Mozilla/5.0 (compatible; AhrefsBot/7.0; +http://ahrefs.com/robot/)"
154.54.249.197 - - [03/Jan/2025:18:44:19 -0500] "GET /download.php?id=1021&name=Louid%20x%20Martse%20x%20Toxeec(Prod%20by%20M%20two%20zee)-M'bebe HTTP/1.1" 200 4973486 "-" "Mozilla/5.0 (compatible; Barkrowler/0.9; +https://babbar.tech/crawler)"
52.167.144.181 - - [03/Jan/2025:18:44:28 -0500] "GET /1121-Zion-Queen-by-Saviour HTTP/1.1" 200 3904 "-" "Mozilla/5.0 AppleWebKit/537.36 (KHTML, like Gecko; compatible; bingbot/2.0; +http://www.bing.com/bingbot.htm) Chrome/116.0.1938.76 Safari/537.36"
66.249.65.160 - - [03/Jan/2025:18:44:28 -0500] "GET /1660-Zotsala-by-Ranken-ft-Mike-Sackson- HTTP/1.1" 200 3937 "-" "Mozilla/5.0 (Linux; Android 6.0.1; Nexus 5X Build/MMB29P) AppleWebKit/537.36 (KHTML, like Gecko) Chrome/131.0.6778.139 Mobile Safari/537.36 (compatible; Googlebot/2.1; +http://www.google.com/bot.html)"
217.113.194.47 - - [03/Jan/2025:18:44:29 -0500] "GET /download.php?id=619&name=Fortune%20Alaoma-REMEMBER%20A%20Musical%20Spoken%20Word%20Cover%20of%20Cheta HTTP/1.1" 200 5658841 "-" "Mozilla/5.0 (compatible; Barkrowler/0.9; +https://babbar.tech/crawler)"
51.222.253.17 - - [03/Jan/2025:18:44:29 -0500] "GET /sid-808-whine-by-driemo HTTP/1.1" 200 3219 "-" "Mozilla/5.0 (compatible; AhrefsBot/7.0; +http://ahrefs.com/robot/)"
202.8.42.175 - - [03/Jan/2025:18:44:29 -0500] "GET /impact/stylesheet.css HTTP/1.1" 200 153 "https://www.malawisounds.com/sid-808-whine-by-driemo" "Mozilla/5.0 (compatible; AhrefsBot/7.0; +http://ahrefs.com/robot/)"
202.8.42.175 - - [03/Jan/2025:18:44:29 -0500] "GET /css/load.css HTTP/1.1" 200 8159 "https://www.malawisounds.com/sid-808-whine-by-driemo" "Mozilla/5.0 (compatible; AhrefsBot/7.0; +http://ahrefs.com/robot/)"
202.8.42.175 - - [03/Jan/2025:18:44:29 -0500] "GET /css/w3.css HTTP/1.1" 200 4832 "https://www.malawisounds.com/sid-808-whine-by-driemo" "Mozilla/5.0 (compatible; AhrefsBot/7.0; +http://ahrefs.com/robot/)"
202.8.42.175 - - [03/Jan/2025:18:44:29 -0500] "GET /css/audio.css HTTP/1.1" 200 143 "https://www.malawisounds.com/sid-808-whine-by-driemo" "Mozilla/5.0 (compatible; AhrefsBot/7.0; +http://ahrefs.com/robot/)"
202.8.42.175 - - [03/Jan/2025:18:44:29 -0500] "GET /js/codespace_api.js HTTP/1.1" 200 3842 "https://www.malawisounds.com/sid-808-whine-by-driemo" "Mozilla/5.0 (compatible; AhrefsBot/7.0; +http://ahrefs.com/robot/)"
202.8.42.175 - - [03/Jan/2025:18:44:29 -0500] "GET /bootstrap/css/bootstrap.css HTTP/1.1" 200 19973 "https://www.malawisounds.com/sid-808-whine-by-driemo" "Mozilla/5.0 (compatible; AhrefsBot/7.0; +http://ahrefs.com/robot/)"
202.8.42.175 - - [03/Jan/2025:18:44:30 -0500] "GET /fonts/Gothic-B.ttf HTTP/1.1" 200 129676 "https://www.malawisounds.com/css/load.css" "Mozilla/5.0 (compatible; AhrefsBot/7.0; +http://ahrefs.com/robot/)"
202.8.42.175 - - [03/Jan/2025:18:44:30 -0500] "GET /fonts/Gothic.ttf HTTP/1.1" 200 112628 "https://www.malawisounds.com/css/load.css" "Mozilla/5.0 (compatible; AhrefsBot/7.0; +http://ahrefs.com/robot/)"
202.8.42.175 - - [03/Jan/2025:18:44:30 -0500] "GET /bootstrap/fonts/glyphicons-halflings-regular.woff2 HTTP/1.1" 200 18028 "https://www.malawisounds.com/bootstrap/css/bootstrap.css" "Mozilla/5.0 (compatible; AhrefsBot/7.0; +http://ahrefs.com/robot/)"
51.222.253.2 - - [03/Jan/2025:18:44:51 -0500] "GET /660-SENZELINA-by-FIZO-ft-Goddy-Zambia HTTP/1.1" 200 3925 "-" "Mozilla/5.0 (compatible; AhrefsBot/7.0; +http://ahrefs.com/robot/)"
154.54.249.197 - - [03/Jan/2025:18:45:04 -0500] "GET /download.php?id=275&name=Vin%20Chizuzu%20and%20Dr.%20Ethel%20Kamwendo%20Banda-Worship%20Pastiche HTTP/1.1" 200 9073390 "-" "Mozilla/5.0 (compatible; Barkrowler/0.9; +https://babbar.tech/crawler)"
217.113.194.44 - - [03/Jan/2025:18:45:14 -0500] "GET /download.php?id=269&name=Mastol%20Ft.%20JEG%20+%20Kelvin%20Sings%20+Mista%20Gray-V.I.P HTTP/1.1" 200 7439360 "-" "Mozilla/5.0 (compatible; Barkrowler/0.9; +https://babbar.tech/crawler)"
66.249.73.3 - - [03/Jan/2025:18:45:20 -0500] "GET /1535-Forever-by-Vybraah HTTP/1.1" 200 3894 "-" "Mozilla/5.0 (Linux; Android 6.0.1; Nexus 5X Build/MMB29P) AppleWebKit/537.36 (KHTML, like Gecko) Chrome/131.0.6778.139 Mobile Safari/537.36 (compatible; Googlebot/2.1; +http://www.google.com/bot.html)"
217.113.194.50 - - [03/Jan/2025:18:45:42 -0500] "GET /download.php?id=361&name=Saitira%20Set+I-Keyz+Cracksin+Born%20Ma+Chimzie+Shinah-Stranded HTTP/1.1" 200 6163027 "-" "Mozilla/5.0 (compatible; Barkrowler/0.9; +https://babbar.tech/crawler)"
51.222.253.1 - - [03/Jan/2025:18:45:54 -0500] "GET /sid-272-nzeru-zanu-by-jehiel-snobb HTTP/1.1" 200 3272 "-" "Mozilla/5.0 (compatible; AhrefsBot/7.0; +http://ahrefs.com/robot/)"
217.113.194.48 - - [03/Jan/2025:18:45:51 -0500] "GET /download.php?id=439&name=Masomphenya%20ft.%20S.A.M.U.E.L%20ft%20Suffix-Mulungu%20Kulibe HTTP/1.1" 200 9027584 "-" "Mozilla/5.0 (compatible; Barkrowler/0.9; +https://babbar.tech/crawler)"
217.113.194.46 - - [03/Jan/2025:18:46:21 -0500] "GET /download.php?id=626&name=Nyale%20ft%20vardo%20x%20Besco%20x%20spider%20x%20commex%20x%20dee%20y-Life%20yama%20buffa HTTP/1.1" 200 5822414 "-" "Mozilla/5.0 (compatible; Barkrowler/0.9; +https://babbar.tech/crawler)"
51.222.253.3 - - [03/Jan/2025:18:46:25 -0500] "GET /sid-413-dairy-by-vanna HTTP/1.1" 200 3212 "-" "Mozilla/5.0 (compatible; AhrefsBot/7.0; +http://ahrefs.com/robot/)"
51.222.253.17 - - [03/Jan/2025:18:46:49 -0500] "GET /sid-785-udindo-wako-(prod.-jhon-o-dreams)-by-eminent-1 HTTP/1.1" 200 3301 "-" "Mozilla/5.0 (compatible; AhrefsBot/7.0; +http://ahrefs.com/robot/)"
217.113.194.51 - - [03/Jan/2025:18:47:02 -0500] "GET /download.php?id=236&name=Limoblaze%20Ft.%20Kelvin%20Sings%20+%20Beracah-Blow%20My%20Mind(Remix) HTTP/1.1" 200 7775341 "-" "Mozilla/5.0 (compatible; Barkrowler/0.9; +https://babbar.tech/crawler)"
217.113.194.45 - - [03/Jan/2025:18:47:33 -0500] "GET /download.php?id=740&name=MR%20A-K-47%20MALAWIAN%20BOY%20FT%20SWACK%20CEE%20-Come%20closer HTTP/1.1" 200 4436698 "-" "Mozilla/5.0 (compatible; Barkrowler/0.9; +https://babbar.tech/crawler)"
51.222.253.14 - - [03/Jan/2025:18:47:34 -0500] "GET /sid-1598-tipange-wipe-by-emuzick-1050 HTTP/1.1" 200 3224 "-" "Mozilla/5.0 (compatible; AhrefsBot/7.0; +http://ahrefs.com/robot/)"
217.113.194.45 - - [03/Jan/2025:18:47:51 -0500] "GET /download.php?id=726&name=MR%20A-K-47%20MALAWIAN%20BOY%20-Ayes%20nkhupempha%20chigowokelo HTTP/1.1" 200 4091460 "-" "Mozilla/5.0 (compatible; Barkrowler/0.9; +https://babbar.tech/crawler)"
51.222.253.14 - - [03/Jan/2025:18:47:55 -0500] "GET /675-Vision-by-Albert-Liabuba HTTP/1.1" 200 3964 "-" "Mozilla/5.0 (compatible; AhrefsBot/7.0; +http://ahrefs.com/robot/)"
205.210.31.56 - - [03/Jan/2025:18:48:04 -0500] "GET / HTTP/1.1" 200 12109 "-" "-"
51.222.253.9 - - [03/Jan/2025:18:48:19 -0500] "GET /sid-306-underrated-by-tno HTTP/1.1" 200 3253 "-" "Mozilla/5.0 (compatible; AhrefsBot/7.0; +http://ahrefs.com/robot/)"
217.113.194.51 - - [03/Jan/2025:18:48:24 -0500] "GET /download.php?id=803&name=JBC%20YOUTH%20(Liz%20x%20Dwaine%2099%20x%20Cyrrhus%20x%20Ranken)-wabadwa HTTP/1.1" 200 7629903 "-" "Mozilla/5.0 (compatible; Barkrowler/0.9; +https://babbar.tech/crawler)"
51.222.253.8 - - [03/Jan/2025:18:48:42 -0500] "GET /sid-51-tangolingalira-by-nanja HTTP/1.1" 200 3205 "-" "Mozilla/5.0 (compatible; AhrefsBot/7.0; +http://ahrefs.com/robot/)"
66.249.73.2 - - [03/Jan/2025:18:48:44 -0500] "GET /358-Only-one-by-WeLee-Ft-Sky HTTP/1.1" 200 3904 "-" "Mozilla/5.0 (Linux; Android 6.0.1; Nexus 5X Build/MMB29P) AppleWebKit/537.36 (KHTML, like Gecko) Chrome/131.0.6778.139 Mobile Safari/537.36 (compatible; Googlebot/2.1; +http://www.google.com/bot.html)"
