51.222.253.19 - - [03/Jan/2025:14:12:13 -0500] "GET /aid-503-ep-stream-your-love HTTP/1.1" 200 3437 "-" "Mozilla/5.0 (compatible; AhrefsBot/7.0; +http://ahrefs.com/robot/)"
114.119.138.130 - - [03/Jan/2025:14:12:51 -0500] "GET /songs.php?id=649&name=Harris-Suli-Wekha HTTP/1.1" 200 4437 "https://malawisounds.com/songs.php?id=649&name=Harris-Suli-Wekha" "Mozilla/5.0 (Linux; Android 7.0;) AppleWebKit/537.36 (KHTML, like Gecko) Mobile Safari/537.36 (compatible; PetalBot;+https://webmaster.petalsearch.com/site/petalbot)"
51.222.253.6 - - [03/Jan/2025:14:13:07 -0500] "GET /singles.php?pageno=56 HTTP/1.1" 200 3777 "-" "Mozilla/5.0 (compatible; AhrefsBot/7.0; +http://ahrefs.com/robot/)"
51.222.253.20 - - [03/Jan/2025:14:13:35 -0500] "GET /1368-Chosen-One-2.0-by-Jahves HTTP/1.1" 200 3922 "-" "Mozilla/5.0 (compatible; AhrefsBot/7.0; +http://ahrefs.com/robot/)"
71.19.252.127 - - [03/Jan/2025:14:13:50 -0500] "GET /contact-us HTTP/1.1" 200 2659 "-" "Mozilla/5.0 (Windows NT 10.0; Win64; x64; Xbox; Xbox One) AppleWebKit/537.36 (KHTML, like Gecko) Chrome/114.0.0.0 Safari/537.36 Edge/44.18363.8131"
52.167.144.239 - - [03/Jan/2025:14:13:52 -0500] "GET /lpbqozii.html HTTP/1.1" 404 1251 "-" "Mozilla/5.0 AppleWebKit/537.36 (KHTML, like Gecko; compatible; bingbot/2.0; +http://www.bing.com/bingbot.htm) Chrome/116.0.1938.76 Safari/537.36"
105.234.179.243 - - [03/Jan/2025:14:13:55 -0500] "GET /download.php?id=683&name=Onesimus%20-Mr.%20Nobody HTTP/1.1" 200 7866634 "https://malawisounds.com/683-mr.-nobody-by-onesimus-" "Mozilla/5.0 (Linux; Android 10; K) AppleWebKit/537.36 (KHTML, like Gecko) Chrome/114.0.0.0 Mobile Safari/537.36"
51.222.253.9 - - [03/Jan/2025:14:14:02 -0500] "GET /sid-670-mpaka-mpaka-by-charisma-ft.-dan-lu HTTP/1.1" 200 3255 "-" "Mozilla/5.0 (compatible; AhrefsBot/7.0; +http://ahrefs.com/robot/)"
130.44.212.105 - - [03/Jan/2025:14:14:24 -0500] "GET /album_images/img_20200622_215623.jpg HTTP/1.1" 200 37227 "-" "Mozilla/5.0 (X11; Ubuntu; Linux x86_64; rv:72.0) Gecko/20100101 Firefox/72.0"
51.222.253.7 - - [03/Jan/2025:14:14:25 -0500] "GET /sid-1099-mama-by-mtk-soldier-ft-bornzoo- HTTP/1.1" 200 3288 "-" "Mozilla/5.0 (compatible; AhrefsBot/7.0; +http://ahrefs.com/robot/)"
51.222.253.1 - - [03/Jan/2025:14:14:51 -0500] "GET /aid-430-album-stream-atalandira-yesu HTTP/1.1" 200 3737 "-" "Mozilla/5.0 (compatible; AhrefsBot/7.0; +http://ahrefs.com/robot/)"
40.77.167.60 - - [03/Jan/2025:14:15:33 -0500] "GET /pego1imyh.html HTTP/1.1" 404 1251 "-" "Mozilla/5.0 AppleWebKit/537.36 (KHTML, like Gecko; compatible; bingbot/2.0; +http://www.bing.com/bingbot.htm) Chrome/116.0.1938.76 Safari/537.36"
114.119.159.76 - - [03/Jan/2025:14:15:35 -0500] "GET /1278-Mene-uliri-by-L-one-Spacail HTTP/1.1" 200 4454 "https://malawisounds.com/1278-Mene-uliri-by-L-one-Spacail" "Mozilla/5.0 (Linux; Android 7.0;) AppleWebKit/537.36 (KHTML, like Gecko) Mobile Safari/537.36 (compatible; PetalBot;+https://webmaster.petalsearch.com/site/petalbot)"
51.222.253.8 - - [03/Jan/2025:14:15:44 -0500] "GET /aid-242-ep-stream-let-it-shine-ft.-ashelly-extol,-temwani-daka-and-s.o.g- HTTP/1.1" 200 3702 "-" "Mozilla/5.0 (compatible; AhrefsBot/7.0; +http://ahrefs.com/robot/)"
51.222.253.19 - - [03/Jan/2025:14:16:09 -0500] "GET /download_album.php?id=241 HTTP/1.1" 200 8654944 "-" "Mozilla/5.0 (compatible; AhrefsBot/7.0; +http://ahrefs.com/robot/)"
51.222.253.16 - - [03/Jan/2025:14:16:48 -0500] "GET /download_album.php?id=240 HTTP/1.1" 200 7026981 "-" "Mozilla/5.0 (compatible; AhrefsBot/7.0; +http://ahrefs.com/robot/)"
51.222.253.6 - - [03/Jan/2025:14:17:21 -0500] "GET /download_album.php?id=231 HTTP/1.1" 200 5279400 "-" "Mozilla/5.0 (compatible; AhrefsBot/7.0; +http://ahrefs.com/robot/)"
51.222.253.3 - - [03/Jan/2025:14:17:49 -0500] "GET /sid-914-he-is-able-by-theresa HTTP/1.1" 200 3218 "-" "Mozilla/5.0 (compatible; AhrefsBot/7.0; +http://ahrefs.com/robot/)"
40.77.167.30 - - [03/Jan/2025:14:17:52 -0500] "GET /2e58apifvx.html HTTP/1.1" 404 1251 "-" "Mozilla/5.0 AppleWebKit/537.36 (KHTML, like Gecko; compatible; bingbot/2.0; +http://www.bing.com/bingbot.htm) Chrome/116.0.1938.76 Safari/537.36"
51.222.253.1 - - [03/Jan/2025:14:18:20 -0500] "GET /albums?pageno=104 HTTP/1.1" 200 2899 "-" "Mozilla/5.0 (compatible; AhrefsBot/7.0; +http://ahrefs.com/robot/)"
66.249.65.161 - - [03/Jan/2025:14:18:25 -0500] "GET /463-You'll-be-good-by-Praise-Umali HTTP/1.1" 200 3925 "-" "Mozilla/5.0 (Linux; Android 6.0.1; Nexus 5X Build/MMB29P) AppleWebKit/537.36 (KHTML, like Gecko) Chrome/131.0.6778.139 Mobile Safari/537.36 (compatible; Googlebot/2.1; +http://www.google.com/bot.html)"
31.13.103.114 - - [03/Jan/2025:14:18:32 -0500] "GET /images/mwsounds-20240108-155520-Success-by-Kayumba-CK-Zambia-ft-tea-eskezoh-empire-Boys-.jpg HTTP/1.1" 200 45291 "-" "facebookexternalhit/1.1 (+http://www.facebook.com/externalhit_uatext.php)"
51.222.253.7 - - [03/Jan/2025:14:18:49 -0500] "GET /singles?pageno=244 HTTP/1.1" 200 3238 "-" "Mozilla/5.0 (compatible; AhrefsBot/7.0; +http://ahrefs.com/robot/)"
172.245.68.164 - - [03/Jan/2025:14:19:10 -0500] "GET /contact-us HTTP/1.1" 200 2637 "-" "Mozilla/5.0 (Windows NT 10.0; Win64; x64; Xbox; Xbox One) AppleWebKit/537.36 (KHTML, like Gecko) Chrome/114.0.0.0 Safari/537.36 Edge/44.18363.8131"
172.245.68.164 - - [03/Jan/2025:14:19:11 -0500] "POST /contact.php HTTP/1.1" 200 3037 "https://malawisounds.com/contact-us" "Mozilla/5.0 (Windows NT 10.0; Win64; x64; Xbox; Xbox One) AppleWebKit/537.36 (KHTML, like Gecko) Chrome/114.0.0.0 Safari/537.36 Edge/44.18363.8131"
51.222.253.2 - - [03/Jan/2025:14:19:20 -0500] "GET /725-Kuniseka--by-MR-A-K-47-MALAWIAN-BOY- HTTP/1.1" 200 3928 "-" "Mozilla/5.0 (compatible; AhrefsBot/7.0; +http://ahrefs.com/robot/)"
137.115.0.21 - - [03/Jan/2025:14:20:33 -0500] "GET / HTTP/1.1" 200 3257 "-" "Mozilla/5.0 (Linux; Android 10; MED-LX9N; HMSCore 6.14.0.321) AppleWebKit/537.36 (KHTML, like Gecko) Chrome/114.0.5735.196 HuaweiBrowser/15.0.4.312 Mobile Safari/537.36"
137.115.0.21 - - [03/Jan/2025:14:20:34 -0500] "GET /css/animate.css HTTP/1.1" 200 4001 "https://malawisounds.com/" "Mozilla/5.0 (Linux; Android 10; MED-LX9N; HMSCore 6.14.0.321) AppleWebKit/537.36 (KHTML, like Gecko) Chrome/114.0.5735.196 HuaweiBrowser/15.0.4.312 Mobile Safari/537.36"
137.115.0.21 - - [03/Jan/2025:14:20:34 -0500] "GET /css/load.css HTTP/1.1" 200 8159 "https://malawisounds.com/" "Mozilla/5.0 (Linux; Android 10; MED-LX9N; HMSCore 6.14.0.321) AppleWebKit/537.36 (KHTML, like Gecko) Chrome/114.0.5735.196 HuaweiBrowser/15.0.4.312 Mobile Safari/537.36"
137.115.0.21 - - [03/Jan/2025:14:20:34 -0500] "GET /css/w3.css HTTP/1.1" 200 4832 "https://malawisounds.com/" "Mozilla/5.0 (Linux; Android 10; MED-LX9N; HMSCore 6.14.0.321) AppleWebKit/537.36 (KHTML, like Gecko) Chrome/114.0.5735.196 HuaweiBrowser/15.0.4.312 Mobile Safari/537.36"
137.115.0.21 - - [03/Jan/2025:14:20:34 -0500] "GET /js/facebook-api.js HTTP/1.1" 200 183 "https://malawisounds.com/" "Mozilla/5.0 (Linux; Android 10; MED-LX9N; HMSCore 6.14.0.321) AppleWebKit/537.36 (KHTML, like Gecko) Chrome/114.0.5735.196 HuaweiBrowser/15.0.4.312 Mobile Safari/537.36"
137.115.0.21 - - [03/Jan/2025:14:20:34 -0500] "GET /impact/stylesheet.css HTTP/1.1" 200 153 "https://malawisounds.com/" "Mozilla/5.0 (Linux; Android 10; MED-LX9N; HMSCore 6.14.0.321) AppleWebKit/537.36 (KHTML, like Gecko) Chrome/114.0.5735.196 HuaweiBrowser/15.0.4.312 Mobile Safari/537.36"
137.115.0.21 - - [03/Jan/2025:14:20:34 -0500] "GET /js/ajax.js HTTP/1.1" 200 784 "https://malawisounds.com/" "Mozilla/5.0 (Linux; Android 10; MED-LX9N; HMSCore 6.14.0.321) AppleWebKit/537.36 (KHTML, like Gecko) Chrome/114.0.5735.196 HuaweiBrowser/15.0.4.312 Mobile Safari/537.36"
137.115.0.21 - - [03/Jan/2025:14:20:34 -0500] "GET /bootstrap/css/bootstrap.min.css HTTP/1.1" 200 18270 "https://malawisounds.com/" "Mozilla/5.0 (Linux; Android 10; MED-LX9N; HMSCore 6.14.0.321) AppleWebKit/537.36 (KHTML, like Gecko) Chrome/114.0.5735.196 HuaweiBrowser/15.0.4.312 Mobile Safari/537.36"
137.115.0.21 - - [03/Jan/2025:14:20:39 -0500] "GET /js/jquery.js HTTP/1.1" 200 29664 "https://malawisounds.com/" "Mozilla/5.0 (Linux; Android 10; MED-LX9N; HMSCore 6.14.0.321) AppleWebKit/537.36 (KHTML, like Gecko) Chrome/114.0.5735.196 HuaweiBrowser/15.0.4.312 Mobile Safari/537.36"
137.115.0.21 - - [03/Jan/2025:14:20:42 -0500] "GET /js/nav.js HTTP/1.1" 200 99 "https://malawisounds.com/" "Mozilla/5.0 (Linux; Android 10; MED-LX9N; HMSCore 6.14.0.321) AppleWebKit/537.36 (KHTML, like Gecko) Chrome/114.0.5735.196 HuaweiBrowser/15.0.4.312 Mobile Safari/537.36"
137.115.0.21 - - [03/Jan/2025:14:20:42 -0500] "GET /js/wow.js HTTP/1.1" 200 3414 "https://malawisounds.com/" "Mozilla/5.0 (Linux; Android 10; MED-LX9N; HMSCore 6.14.0.321) AppleWebKit/537.36 (KHTML, like Gecko) Chrome/114.0.5735.196 HuaweiBrowser/15.0.4.312 Mobile Safari/537.36"
137.115.0.21 - - [03/Jan/2025:14:20:42 -0500] "GET /Icons/msounds1.png HTTP/1.1" 200 11619 "https://malawisounds.com/" "Mozilla/5.0 (Linux; Android 10; MED-LX9N; HMSCore 6.14.0.321) AppleWebKit/537.36 (KHTML, like Gecko) Chrome/114.0.5735.196 HuaweiBrowser/15.0.4.312 Mobile Safari/537.36"
137.115.0.21 - - [03/Jan/2025:14:20:42 -0500] "GET /Icons/facebook.png HTTP/1.1" 200 2279 "https://malawisounds.com/" "Mozilla/5.0 (Linux; Android 10; MED-LX9N; HMSCore 6.14.0.321) AppleWebKit/537.36 (KHTML, like Gecko) Chrome/114.0.5735.196 HuaweiBrowser/15.0.4.312 Mobile Safari/537.36"
137.115.0.21 - - [03/Jan/2025:14:20:42 -0500] "GET /Icons/instagram.png HTTP/1.1" 200 2764 "https://malawisounds.com/" "Mozilla/5.0 (Linux; Android 10; MED-LX9N; HMSCore 6.14.0.321) AppleWebKit/537.36 (KHTML, like Gecko) Chrome/114.0.5735.196 HuaweiBrowser/15.0.4.312 Mobile Safari/537.36"
137.115.0.21 - - [03/Jan/2025:14:20:42 -0500] "GET /Icons/twitter.png HTTP/1.1" 200 2415 "https://malawisounds.com/" "Mozilla/5.0 (Linux; Android 10; MED-LX9N; HMSCore 6.14.0.321) AppleWebKit/537.36 (KHTML, like Gecko) Chrome/114.0.5735.196 HuaweiBrowser/15.0.4.312 Mobile Safari/537.36"
137.115.0.21 - - [03/Jan/2025:14:20:42 -0500] "GET /news/article-20240828-121825.png HTTP/1.1" 200 163853 "https://malawisounds.com/" "Mozilla/5.0 (Linux; Android 10; MED-LX9N; HMSCore 6.14.0.321) AppleWebKit/537.36 (KHTML, like Gecko) Chrome/114.0.5735.196 HuaweiBrowser/15.0.4.312 Mobile Safari/537.36"
137.115.0.21 - - [03/Jan/2025:14:20:42 -0500] "GET /home.php HTTP/1.1" 200 5265 "https://malawisounds.com/" "Mozilla/5.0 (Linux; Android 10; MED-LX9N; HMSCore 6.14.0.321) AppleWebKit/537.36 (KHTML, like Gecko) Chrome/114.0.5735.196 HuaweiBrowser/15.0.4.312 Mobile Safari/537.36"
137.115.0.21 - - [03/Jan/2025:14:20:45 -0500] "GET /css/Icons/nyc.jpg HTTP/1.1" 404 1251 "https://malawisounds.com/css/load.css" "Mozilla/5.0 (Linux; Android 10; MED-LX9N; HMSCore 6.14.0.321) AppleWebKit/537.36 (KHTML, like Gecko) Chrome/114.0.5735.196 HuaweiBrowser/15.0.4.312 Mobile Safari/537.36"
137.115.0.21 - - [03/Jan/2025:14:20:45 -0500] "GET /images/mwsounds-20241130-141713-SACRIFICE-by-TASHA-DAFFRECE.jpg HTTP/1.1" 200 144840 "https://malawisounds.com/" "Mozilla/5.0 (Linux; Android 10; MED-LX9N; HMSCore 6.14.0.321) AppleWebKit/537.36 (KHTML, like Gecko) Chrome/114.0.5735.196 HuaweiBrowser/15.0.4.312 Mobile Safari/537.36"
137.115.0.21 - - [03/Jan/2025:14:20:45 -0500] "GET /images/mwsounds-20241226-132716-Ndinu-Oyera-by-Keyz-Kingston.jpg HTTP/1.1" 200 74272 "https://malawisounds.com/" "Mozilla/5.0 (Linux; Android 10; MED-LX9N; HMSCore 6.14.0.321) AppleWebKit/537.36 (KHTML, like Gecko) Chrome/114.0.5735.196 HuaweiBrowser/15.0.4.312 Mobile Safari/537.36"
137.115.0.21 - - [03/Jan/2025:14:21:00 -0500] "GET /null HTTP/1.1" 404 1251 "https://malawisounds.com/" "Mozilla/5.0 (Linux; Android 10; MED-LX9N; HMSCore 6.14.0.321) AppleWebKit/537.36 (KHTML, like Gecko) Chrome/114.0.5735.196 HuaweiBrowser/15.0.4.312 Mobile Safari/537.36"
137.115.0.21 - - [03/Jan/2025:14:21:00 -0500] "GET /fonts/Gothic.ttf HTTP/1.1" 200 112628 "https://malawisounds.com/css/load.css" "Mozilla/5.0 (Linux; Android 10; MED-LX9N; HMSCore 6.14.0.321) AppleWebKit/537.36 (KHTML, like Gecko) Chrome/114.0.5735.196 HuaweiBrowser/15.0.4.312 Mobile Safari/537.36"
137.115.0.21 - - [03/Jan/2025:14:21:00 -0500] "GET /fonts/Gothic-B.ttf HTTP/1.1" 200 129676 "https://malawisounds.com/css/load.css" "Mozilla/5.0 (Linux; Android 10; MED-LX9N; HMSCore 6.14.0.321) AppleWebKit/537.36 (KHTML, like Gecko) Chrome/114.0.5735.196 HuaweiBrowser/15.0.4.312 Mobile Safari/537.36"
137.115.0.21 - - [03/Jan/2025:14:21:00 -0500] "GET /bootstrap/fonts/glyphicons-halflings-regular.woff2 HTTP/1.1" 200 18028 "https://malawisounds.com/bootstrap/css/bootstrap.min.css" "Mozilla/5.0 (Linux; Android 10; MED-LX9N; HMSCore 6.14.0.321) AppleWebKit/537.36 (KHTML, like Gecko) Chrome/114.0.5735.196 HuaweiBrowser/15.0.4.312 Mobile Safari/537.36"
137.115.0.21 - - [03/Jan/2025:14:21:00 -0500] "GET /ads/MS%20covid.jpg HTTP/1.1" 200 273002 "https://malawisounds.com/" "Mozilla/5.0 (Linux; Android 10; MED-LX9N; HMSCore 6.14.0.321) AppleWebKit/537.36 (KHTML, like Gecko) Chrome/114.0.5735.196 HuaweiBrowser/15.0.4.312 Mobile Safari/537.36"
51.222.253.13 - - [03/Jan/2025:14:21:00 -0500] "GET /singles?pageno=274 HTTP/1.1" 200 3207 "-" "Mozilla/5.0 (compatible; AhrefsBot/7.0; +http://ahrefs.com/robot/)"
137.115.0.21 - - [03/Jan/2025:14:21:05 -0500] "GET /bootstrap/fonts/glyphicons-halflings-regular.woff HTTP/1.1" 200 23424 "https://malawisounds.com/bootstrap/css/bootstrap.min.css" "Mozilla/5.0 (Linux; Android 10; MED-LX9N; HMSCore 6.14.0.321) AppleWebKit/537.36 (KHTML, like Gecko) Chrome/114.0.5735.196 HuaweiBrowser/15.0.4.312 Mobile Safari/537.36"
157.55.39.51 - - [03/Jan/2025:14:21:21 -0500] "GET /v2rlugid9.html HTTP/1.1" 404 1251 "-" "Mozilla/5.0 AppleWebKit/537.36 (KHTML, like Gecko; compatible; bingbot/2.0; +http://www.bing.com/bingbot.htm) Chrome/116.0.1938.76 Safari/537.36"
105.234.179.243 - - [03/Jan/2025:14:20:15 -0500] "GET /download.php?id=683&name=Onesimus%20-Mr.%20Nobody HTTP/1.1" 200 7032488 "https://malawisounds.com/683-mr.-nobody-by-onesimus-" "Mozilla/5.0 (Linux; Android 10; K) AppleWebKit/537.36 (KHTML, like Gecko) Chrome/114.0.0.0 Mobile Safari/537.36"
52.167.144.161 - - [03/Jan/2025:14:21:35 -0500] "GET /1a6fjsqpzc.html HTTP/1.1" 404 1251 "-" "Mozilla/5.0 AppleWebKit/537.36 (KHTML, like Gecko; compatible; bingbot/2.0; +http://www.bing.com/bingbot.htm) Chrome/116.0.1938.76 Safari/537.36"
51.222.253.19 - - [03/Jan/2025:14:21:36 -0500] "GET /albums?pageno=108 HTTP/1.1" 200 2898 "-" "Mozilla/5.0 (compatible; AhrefsBot/7.0; +http://ahrefs.com/robot/)"
52.167.144.161 - - [03/Jan/2025:14:21:36 -0500] "GET /170v6ubzic.html HTTP/1.1" 404 1251 "-" "Mozilla/5.0 AppleWebKit/537.36 (KHTML, like Gecko; compatible; bingbot/2.0; +http://www.bing.com/bingbot.htm) Chrome/116.0.1938.76 Safari/537.36"
52.167.144.161 - - [03/Jan/2025:14:21:38 -0500] "GET /download_album.php?id=519 HTTP/1.1" 200 2269571 "-" "Mozilla/5.0 AppleWebKit/537.36 (KHTML, like Gecko; compatible; bingbot/2.0; +http://www.bing.com/bingbot.htm) Chrome/116.0.1938.76 Safari/537.36"
52.167.144.161 - - [03/Jan/2025:14:21:40 -0500] "GET /4j2frbx8c.html HTTP/1.1" 404 1251 "-" "Mozilla/5.0 AppleWebKit/537.36 (KHTML, like Gecko; compatible; bingbot/2.0; +http://www.bing.com/bingbot.htm) Chrome/116.0.1938.76 Safari/537.36"
52.167.144.161 - - [03/Jan/2025:14:21:40 -0500] "GET /ecuj1aoti.html HTTP/1.1" 404 1251 "-" "Mozilla/5.0 AppleWebKit/537.36 (KHTML, like Gecko; compatible; bingbot/2.0; +http://www.bing.com/bingbot.htm) Chrome/116.0.1938.76 Safari/537.36"
52.167.144.225 - - [03/Jan/2025:14:21:41 -0500] "GET /que9q7r66.html HTTP/1.1" 404 1251 "-" "Mozilla/5.0 AppleWebKit/537.36 (KHTML, like Gecko; compatible; bingbot/2.0; +http://www.bing.com/bingbot.htm) Chrome/116.0.1938.76 Safari/537.36"
51.222.253.20 - - [03/Jan/2025:14:22:03 -0500] "GET /772-Judge-by-Costry- HTTP/1.1" 200 3892 "-" "Mozilla/5.0 (compatible; AhrefsBot/7.0; +http://ahrefs.com/robot/)"
40.77.167.154 - - [03/Jan/2025:14:22:15 -0500] "GET /20famzatwd.html HTTP/1.1" 404 1251 "-" "Mozilla/5.0 AppleWebKit/537.36 (KHTML, like Gecko; compatible; bingbot/2.0; +http://www.bing.com/bingbot.htm) Chrome/116.0.1938.76 Safari/537.36"
51.222.253.8 - - [03/Jan/2025:14:22:32 -0500] "GET /sid-545-ndasankha-by-eliza-mponya HTTP/1.1" 200 3246 "-" "Mozilla/5.0 (compatible; AhrefsBot/7.0; +http://ahrefs.com/robot/)"
207.46.13.111 - - [03/Jan/2025:14:22:51 -0500] "GET /ojl9ph4bt.html HTTP/1.1" 404 1251 "-" "Mozilla/5.0 AppleWebKit/537.36 (KHTML, like Gecko; compatible; bingbot/2.0; +http://www.bing.com/bingbot.htm) Chrome/116.0.1938.76 Safari/537.36"
51.222.253.11 - - [03/Jan/2025:14:22:53 -0500] "GET /singles?pageno=246 HTTP/1.1" 200 3207 "-" "Mozilla/5.0 (compatible; AhrefsBot/7.0; +http://ahrefs.com/robot/)"
40.77.167.154 - - [03/Jan/2025:14:23:18 -0500] "GET /10h3pxpbpc.html HTTP/1.1" 404 1251 "-" "Mozilla/5.0 AppleWebKit/537.36 (KHTML, like Gecko; compatible; bingbot/2.0; +http://www.bing.com/bingbot.htm) Chrome/116.0.1938.76 Safari/537.36"
173.252.127.115 - - [03/Jan/2025:14:23:18 -0500] "GET /images/mwsounds-20241231-091035-Kungoyamika-by-Chisomo-Chimoto.jpg HTTP/1.1" 200 47574 "-" "facebookexternalhit/1.1 (+http://www.facebook.com/externalhit_uatext.php)"
40.77.167.154 - - [03/Jan/2025:14:23:19 -0500] "GET /1fg53p0ffq.html HTTP/1.1" 404 1251 "-" "Mozilla/5.0 AppleWebKit/537.36 (KHTML, like Gecko; compatible; bingbot/2.0; +http://www.bing.com/bingbot.htm) Chrome/116.0.1938.76 Safari/537.36"
51.222.253.18 - - [03/Jan/2025:14:23:20 -0500] "GET /sid-339-marry-you-by-crush-point HTTP/1.1" 200 3218 "-" "Mozilla/5.0 (compatible; AhrefsBot/7.0; +http://ahrefs.com/robot/)"
40.77.167.154 - - [03/Jan/2025:14:23:20 -0500] "GET /d04k75li4.html HTTP/1.1" 404 1251 "-" "Mozilla/5.0 AppleWebKit/537.36 (KHTML, like Gecko; compatible; bingbot/2.0; +http://www.bing.com/bingbot.htm) Chrome/116.0.1938.76 Safari/537.36"
40.77.167.30 - - [03/Jan/2025:14:23:35 -0500] "GET /1uv1qezd5q.html HTTP/1.1" 404 1251 "-" "Mozilla/5.0 AppleWebKit/537.36 (KHTML, like Gecko; compatible; bingbot/2.0; +http://www.bing.com/bingbot.htm) Chrome/116.0.1938.76 Safari/537.36"
31.13.115.114 - - [03/Jan/2025:14:24:07 -0500] "GET /Icons/index.jpg HTTP/1.1" 200 21012 "-" "facebookexternalhit/1.1 (+http://www.facebook.com/externalhit_uatext.php)"
137.115.0.21 - - [03/Jan/2025:14:24:17 -0500] "GET /bootstrap/fonts/glyphicons-halflings-regular.woff HTTP/1.1" 200 23424 "https://malawisounds.com/bootstrap/css/bootstrap.min.css" "Mozilla/5.0 (Linux; Android 10; MED-LX9N; HMSCore 6.14.0.321) AppleWebKit/537.36 (KHTML, like Gecko) Chrome/114.0.5735.196 HuaweiBrowser/15.0.4.312 Mobile Safari/537.36"
51.222.253.14 - - [03/Jan/2025:14:24:56 -0500] "GET /sid-269-v.i.p-by-mastol-ft.-jeg-+-kelvin-sings-+mista-gray HTTP/1.1" 200 3240 "-" "Mozilla/5.0 (compatible; AhrefsBot/7.0; +http://ahrefs.com/robot/)"
51.222.253.6 - - [03/Jan/2025:14:26:30 -0500] "GET /sid-1366-chikhalidwe-(live-living-room-session)-by-elka HTTP/1.1" 200 3234 "-" "Mozilla/5.0 (compatible; AhrefsBot/7.0; +http://ahrefs.com/robot/)"
51.222.253.13 - - [03/Jan/2025:14:26:58 -0500] "GET /sid-58-love-rain-by-cross-heart-ft-esther-mtheto-+-allan-chidothi HTTP/1.1" 200 3262 "-" "Mozilla/5.0 (compatible; AhrefsBot/7.0; +http://ahrefs.com/robot/)"
40.77.167.18 - - [03/Jan/2025:14:27:11 -0500] "GET /album-zip.php?title=la-vida-es-corta&name=servant-aaron-and-watie-michael-noah HTTP/1.1" 302 0 "-" "Mozilla/5.0 AppleWebKit/537.36 (KHTML, like Gecko; compatible; bingbot/2.0; +http://www.bing.com/bingbot.htm) Chrome/116.0.1938.76 Safari/537.36"
40.77.167.18 - - [03/Jan/2025:14:27:12 -0500] "GET /zipped-albums/la-vida-es-corta.zip HTTP/1.1" 200 43187133 "-" "Mozilla/5.0 AppleWebKit/537.36 (KHTML, like Gecko; compatible; bingbot/2.0; +http://www.bing.com/bingbot.htm) Chrome/116.0.1938.76 Safari/537.36"
173.252.107.12 - - [03/Jan/2025:14:27:26 -0500] "GET /images/mwsounds-20230122-141930-Mwandiulutsa(Remix)-by-Eliza-Mponya.jpg HTTP/1.1" 200 41966 "-" "facebookexternalhit/1.1 (+http://www.facebook.com/externalhit_uatext.php)"
51.222.253.19 - - [03/Jan/2025:14:27:29 -0500] "GET /sid-73-vin-chizuzu-ft-favoured-martha-by-ulemelero-wanu HTTP/1.1" 200 3220 "-" "Mozilla/5.0 (compatible; AhrefsBot/7.0; +http://ahrefs.com/robot/)"
51.222.253.18 - - [03/Jan/2025:14:27:55 -0500] "GET /sid-170-ondisamala-(cover)-by-asante-ft-faith-mussa HTTP/1.1" 200 3264 "-" "Mozilla/5.0 (compatible; AhrefsBot/7.0; +http://ahrefs.com/robot/)"
207.46.13.150 - - [03/Jan/2025:14:28:02 -0500] "GET /2co0i6b7tq.html HTTP/1.1" 404 1251 "-" "Mozilla/5.0 AppleWebKit/537.36 (KHTML, like Gecko; compatible; bingbot/2.0; +http://www.bing.com/bingbot.htm) Chrome/116.0.1938.76 Safari/537.36"
52.167.144.225 - - [03/Jan/2025:14:28:42 -0500] "GET /1amraf3kku.html HTTP/1.1" 404 1251 "-" "Mozilla/5.0 AppleWebKit/537.36 (KHTML, like Gecko; compatible; bingbot/2.0; +http://www.bing.com/bingbot.htm) Chrome/116.0.1938.76 Safari/537.36"
52.167.144.225 - - [03/Jan/2025:14:28:43 -0500] "GET /5n69uyxyz.html HTTP/1.1" 404 1251 "-" "Mozilla/5.0 AppleWebKit/537.36 (KHTML, like Gecko; compatible; bingbot/2.0; +http://www.bing.com/bingbot.htm) Chrome/116.0.1938.76 Safari/537.36"
157.55.39.15 - - [03/Jan/2025:14:28:45 -0500] "GET /132mn44eir.html HTTP/1.1" 404 1251 "-" "Mozilla/5.0 AppleWebKit/537.36 (KHTML, like Gecko; compatible; bingbot/2.0; +http://www.bing.com/bingbot.htm) Chrome/116.0.1938.76 Safari/537.36"
51.222.253.13 - - [03/Jan/2025:14:29:03 -0500] "GET /sid-157-focus(spoken-word)-by-lusungu-munthali HTTP/1.1" 200 3243 "-" "Mozilla/5.0 (compatible; AhrefsBot/7.0; +http://ahrefs.com/robot/)"
51.222.253.9 - - [03/Jan/2025:14:29:33 -0500] "GET /606-Zikomo-by-Wendy-Harawa-ft.-Lexixone HTTP/1.1" 200 3985 "-" "Mozilla/5.0 (compatible; AhrefsBot/7.0; +http://ahrefs.com/robot/)"
40.77.167.18 - - [03/Jan/2025:14:29:49 -0500] "GET /ie49uhtbr.html HTTP/1.1" 404 1251 "-" "Mozilla/5.0 AppleWebKit/537.36 (KHTML, like Gecko; compatible; bingbot/2.0; +http://www.bing.com/bingbot.htm) Chrome/116.0.1938.76 Safari/537.36"
51.222.253.19 - - [03/Jan/2025:14:30:39 -0500] "GET /singles?pageno=142 HTTP/1.1" 200 3753 "-" "Mozilla/5.0 (compatible; AhrefsBot/7.0; +http://ahrefs.com/robot/)"
51.222.253.9 - - [03/Jan/2025:14:31:11 -0500] "GET /sid-971-palibe-wina-by-pat-eagle HTTP/1.1" 200 3302 "-" "Mozilla/5.0 (compatible; AhrefsBot/7.0; +http://ahrefs.com/robot/)"
51.20.89.127 - - [03/Jan/2025:14:31:27 -0500] "HEAD /wordpress HTTP/1.1" 404 0 "http://www.malawisounds.com/wordpress" "Mozilla/5.0 (Windows NT 10.0; Win64; x64) AppleWebKit/537.36 (KHTML, like Gecko) Chrome/74.0.3729.169 Safari/537.36"
51.20.89.127 - - [03/Jan/2025:14:31:27 -0500] "HEAD / HTTP/1.1" 200 0 "http://www.malawisounds.com/" "Mozilla/5.0 (Windows NT 10.0; Win64; x64) AppleWebKit/537.36 (KHTML, like Gecko) Chrome/74.0.3729.169 Safari/537.36"
51.20.89.127 - - [03/Jan/2025:14:31:27 -0500] "HEAD /wp HTTP/1.1" 404 0 "http://www.malawisounds.com/wp" "Mozilla/5.0 (Windows NT 10.0; Win64; x64) AppleWebKit/537.36 (KHTML, like Gecko) Chrome/74.0.3729.169 Safari/537.36"
51.20.89.127 - - [03/Jan/2025:14:31:28 -0500] "HEAD /bc HTTP/1.1" 404 0 "http://www.malawisounds.com/bc" "Mozilla/5.0 (Windows NT 10.0; Win64; x64) AppleWebKit/537.36 (KHTML, like Gecko) Chrome/74.0.3729.169 Safari/537.36"
51.20.89.127 - - [03/Jan/2025:14:31:28 -0500] "HEAD /bk HTTP/1.1" 404 0 "http://www.malawisounds.com/bk" "Mozilla/5.0 (Windows NT 10.0; Win64; x64) AppleWebKit/537.36 (KHTML, like Gecko) Chrome/74.0.3729.169 Safari/537.36"
51.20.89.127 - - [03/Jan/2025:14:31:28 -0500] "HEAD /backup HTTP/1.1" 404 0 "http://www.malawisounds.com/backup" "Mozilla/5.0 (Windows NT 10.0; Win64; x64) AppleWebKit/537.36 (KHTML, like Gecko) Chrome/74.0.3729.169 Safari/537.36"
51.20.89.127 - - [03/Jan/2025:14:31:29 -0500] "HEAD /old HTTP/1.1" 404 0 "http://www.malawisounds.com/old" "Mozilla/5.0 (Windows NT 10.0; Win64; x64) AppleWebKit/537.36 (KHTML, like Gecko) Chrome/74.0.3729.169 Safari/537.36"
51.20.89.127 - - [03/Jan/2025:14:31:29 -0500] "HEAD /new HTTP/1.1" 404 0 "http://www.malawisounds.com/new" "Mozilla/5.0 (Windows NT 10.0; Win64; x64) AppleWebKit/537.36 (KHTML, like Gecko) Chrome/74.0.3729.169 Safari/537.36"
51.20.89.127 - - [03/Jan/2025:14:31:29 -0500] "HEAD /main HTTP/1.1" 404 0 "http://www.malawisounds.com/main" "Mozilla/5.0 (Windows NT 10.0; Win64; x64) AppleWebKit/537.36 (KHTML, like Gecko) Chrome/74.0.3729.169 Safari/537.36"
51.20.89.127 - - [03/Jan/2025:14:31:30 -0500] "HEAD /home HTTP/1.1" 200 0 "http://www.malawisounds.com/home" "Mozilla/5.0 (Windows NT 10.0; Win64; x64) AppleWebKit/537.36 (KHTML, like Gecko) Chrome/74.0.3729.169 Safari/537.36"
51.222.253.14 - - [03/Jan/2025:14:31:38 -0500] "GET /sid-691-yesu-ndi-biggy-by-robertson- HTTP/1.1" 200 3233 "-" "Mozilla/5.0 (compatible; AhrefsBot/7.0; +http://ahrefs.com/robot/)"
173.252.107.1 - - [03/Jan/2025:14:31:44 -0500] "GET /songs.php?id=1071&name=Honeybee-Chiutsi-kingdom-Mudandisankha-ndinu HTTP/1.1" 200 630 "-" "meta-externalagent/1.1 (+https://developers.facebook.com/docs/sharing/webmasters/crawler)"
51.222.253.15 - - [03/Jan/2025:14:32:07 -0500] "GET /sid-182-lero(prod.-nick-nather)-by-el-sha-bazz-x-taqwa HTTP/1.1" 200 3266 "-" "Mozilla/5.0 (compatible; AhrefsBot/7.0; +http://ahrefs.com/robot/)"
114.119.138.130 - - [03/Jan/2025:14:32:25 -0500] "GET /download_album.php?id=402 HTTP/1.1" 200 4820586 "https://www.malawisounds.com/the-vision-ep-by-mdnayo" "Mozilla/5.0 (Linux; Android 7.0;) AppleWebKit/537.36 (KHTML, like Gecko) Mobile Safari/537.36 (compatible; PetalBot;+https://webmaster.petalsearch.com/site/petalbot)"
51.222.253.6 - - [03/Jan/2025:14:32:41 -0500] "GET /sid-266-mtendere-by-mcluther HTTP/1.1" 200 3208 "-" "Mozilla/5.0 (compatible; AhrefsBot/7.0; +http://ahrefs.com/robot/)"
66.249.65.160 - - [03/Jan/2025:14:32:41 -0500] "GET /24a7l2yxrl.html HTTP/1.1" 404 1251 "-" "Mozilla/5.0 (Linux; Android 6.0.1; Nexus 5X Build/MMB29P) AppleWebKit/537.36 (KHTML, like Gecko) Chrome/131.0.6778.139 Mobile Safari/537.36 (compatible; Googlebot/2.1; +http://www.google.com/bot.html)"
51.222.253.5 - - [03/Jan/2025:14:33:06 -0500] "GET /sid-621-thanthwe-langa-by-bridget-makhula-spedi HTTP/1.1" 200 3255 "-" "Mozilla/5.0 (compatible; AhrefsBot/7.0; +http://ahrefs.com/robot/)"
51.222.253.16 - - [03/Jan/2025:14:33:34 -0500] "GET /1165-Achita-Kupepesa-by-Ras-Pupa HTTP/1.1" 200 3915 "-" "Mozilla/5.0 (compatible; AhrefsBot/7.0; +http://ahrefs.com/robot/)"
102.70.4.104 - - [03/Jan/2025:14:33:50 -0500] "GET /null HTTP/1.1" 404 1251 "https://www.malawisounds.com/shes-human-by-phillip-sajiwa" "Mozilla/5.0 (Linux; Android 10; K) AppleWebKit/537.36 (KHTML, like Gecko) Chrome/131.0.0.0 Mobile Safari/537.36"
68.33.177.161 - - [03/Jan/2025:14:34:00 -0500] "GET /images/mwsounds-20231230-042952-Bless-The-Lord-by-Phil.jpg HTTP/1.1" 200 152502 "https://images.search.yahoo.com/search/images;_ylt=AwrFEpAoOHhn_AEAUx9XNyoA;_ylu=Y29sbwNiZjEEcG9zAzEEdnRpZAMEc2VjA3BpdnM-?p=%E2%80%9DBless+by+the+Best%E2%80%9D&fr2=piv-web&type=E211US105G0&fr=mcafee" "Mozilla/5.0 (Windows NT 10.0; Win64; x64) AppleWebKit/537.36 (KHTML, like Gecko) Chrome/131.0.0.0 Safari/537.36"
51.222.253.3 - - [03/Jan/2025:14:34:00 -0500] "GET /sid-160-your-love-is-a-miracle-by-charis-phiri HTTP/1.1" 200 3254 "-" "Mozilla/5.0 (compatible; AhrefsBot/7.0; +http://ahrefs.com/robot/)"
105.234.179.243 - - [03/Jan/2025:14:32:33 -0500] "GET /download.php?id=683&name=Onesimus%20-Mr.%20Nobody HTTP/1.1" 200 7192576 "https://malawisounds.com/683-mr.-nobody-by-onesimus-" "Mozilla/5.0 (Linux; Android 10; K) AppleWebKit/537.36 (KHTML, like Gecko) Chrome/114.0.0.0 Mobile Safari/537.36"
51.222.253.17 - - [03/Jan/2025:14:34:53 -0500] "GET /sid-1589-ndisendeza-by-david-wilson HTTP/1.1" 200 3220 "-" "Mozilla/5.0 (compatible; AhrefsBot/7.0; +http://ahrefs.com/robot/)"
114.119.128.158 - - [03/Jan/2025:14:35:10 -0500] "GET /390-Mkakamire-by-Kidma-ft.-Anko-Brimah HTTP/1.1" 200 4463 "https://www.malawisounds.com/390-Mkakamire-by-Kidma-ft.-Anko-Brimah" "Mozilla/5.0 (Linux; Android 7.0;) AppleWebKit/537.36 (KHTML, like Gecko) Mobile Safari/537.36 (compatible; PetalBot;+https://webmaster.petalsearch.com/site/petalbot)"
51.222.253.8 - - [03/Jan/2025:14:35:54 -0500] "GET /sid-1025-ndinampeza-by-louid-x-keotic HTTP/1.1" 200 3239 "-" "Mozilla/5.0 (compatible; AhrefsBot/7.0; +http://ahrefs.com/robot/)"
69.171.251.116 - - [03/Jan/2025:14:36:35 -0500] "GET /read.php?id=20 HTTP/1.1" 200 6519 "-" "facebookexternalhit/1.1 (+http://www.facebook.com/externalhit_uatext.php)"
69.171.251.12 - - [03/Jan/2025:14:36:35 -0500] "GET /read.php?id=20 HTTP/1.1" 200 6519 "-" "facebookexternalhit/1.1 (+http://www.facebook.com/externalhit_uatext.php)"
69.171.251.10 - - [03/Jan/2025:14:36:35 -0500] "GET /news/20210823_175401.jpg HTTP/1.1" 200 9788 "-" "facebookexternalhit/1.1 (+http://www.facebook.com/externalhit_uatext.php)"
31.13.127.10 - - [03/Jan/2025:14:36:37 -0500] "GET /news/20210823_175401.jpg HTTP/1.1" 200 9788 "-" "facebookexternalhit/1.1 (+http://www.facebook.com/externalhit_uatext.php)"
51.222.253.5 - - [03/Jan/2025:14:36:56 -0500] "GET /aid-427-album-stream-living-hope HTTP/1.1" 200 3621 "-" "Mozilla/5.0 (compatible; AhrefsBot/7.0; +http://ahrefs.com/robot/)"
82.145.210.129 - - [03/Jan/2025:14:37:23 -0500] "GET /214-Dadada-by-Fredokiss HTTP/1.1" 200 4440 "https://www.google.com/" "Mozilla/5.0 (Linux; U; Android 6.0; NCE-AL00 Build/HUAWEINCE-AL00; wv) AppleWebKit/537.36 (KHTML, like Gecko) Version/4.0 Chrome/95.0.4638.74 Mobile Safari/537.36 OPR/83.0.2254.73002"
82.145.210.129 - - [03/Jan/2025:14:37:32 -0500] "GET /214-Dadada-by-Fredokiss HTTP/1.1" 200 4440 "https://www.google.com/" "Mozilla/5.0 (Linux; U; Android 6.0; NCE-AL00 Build/HUAWEINCE-AL00; wv) AppleWebKit/537.36 (KHTML, like Gecko) Version/4.0 Chrome/95.0.4638.74 Mobile Safari/537.36 OPR/83.0.2254.73002"
40.77.167.18 - - [03/Jan/2025:14:37:36 -0500] "GET /13ghia7i1w.html HTTP/1.1" 404 1251 "-" "Mozilla/5.0 AppleWebKit/537.36 (KHTML, like Gecko; compatible; bingbot/2.0; +http://www.bing.com/bingbot.htm) Chrome/116.0.1938.76 Safari/537.36"
82.145.210.129 - - [03/Jan/2025:14:37:38 -0500] "GET /css/animate.css HTTP/1.1" 200 6503 "https://malawisounds.com/214-Dadada-by-Fredokiss" "Mozilla/5.0 (Linux; U; Android 6.0; NCE-AL00 Build/HUAWEINCE-AL00; wv) AppleWebKit/537.36 (KHTML, like Gecko) Version/4.0 Chrome/95.0.4638.74 Mobile Safari/537.36 OPR/83.0.2254.73002"
82.145.210.129 - - [03/Jan/2025:14:37:38 -0500] "GET /css/load.css HTTP/1.1" 200 10718 "https://malawisounds.com/214-Dadada-by-Fredokiss" "Mozilla/5.0 (Linux; U; Android 6.0; NCE-AL00 Build/HUAWEINCE-AL00; wv) AppleWebKit/537.36 (KHTML, like Gecko) Version/4.0 Chrome/95.0.4638.74 Mobile Safari/537.36 OPR/83.0.2254.73002"
82.145.210.129 - - [03/Jan/2025:14:37:38 -0500] "GET /css/w3.css HTTP/1.1" 200 6038 "https://malawisounds.com/214-Dadada-by-Fredokiss" "Mozilla/5.0 (Linux; U; Android 6.0; NCE-AL00 Build/HUAWEINCE-AL00; wv) AppleWebKit/537.36 (KHTML, like Gecko) Version/4.0 Chrome/95.0.4638.74 Mobile Safari/537.36 OPR/83.0.2254.73002"
82.145.210.129 - - [03/Jan/2025:14:37:38 -0500] "GET /impact/stylesheet.css HTTP/1.1" 200 180 "https://malawisounds.com/214-Dadada-by-Fredokiss" "Mozilla/5.0 (Linux; U; Android 6.0; NCE-AL00 Build/HUAWEINCE-AL00; wv) AppleWebKit/537.36 (KHTML, like Gecko) Version/4.0 Chrome/95.0.4638.74 Mobile Safari/537.36 OPR/83.0.2254.73002"
82.145.210.129 - - [03/Jan/2025:14:37:38 -0500] "GET /js/ajax.js HTTP/1.1" 200 965 "https://malawisounds.com/214-Dadada-by-Fredokiss" "Mozilla/5.0 (Linux; U; Android 6.0; NCE-AL00 Build/HUAWEINCE-AL00; wv) AppleWebKit/537.36 (KHTML, like Gecko) Version/4.0 Chrome/95.0.4638.74 Mobile Safari/537.36 OPR/83.0.2254.73002"
82.145.210.129 - - [03/Jan/2025:14:37:38 -0500] "GET /bootstrap/css/bootstrap.min.css HTTP/1.1" 200 25196 "https://malawisounds.com/214-Dadada-by-Fredokiss" "Mozilla/5.0 (Linux; U; Android 6.0; NCE-AL00 Build/HUAWEINCE-AL00; wv) AppleWebKit/537.36 (KHTML, like Gecko) Version/4.0 Chrome/95.0.4638.74 Mobile Safari/537.36 OPR/83.0.2254.73002"
82.145.210.129 - - [03/Jan/2025:14:37:39 -0500] "GET /js/facebook-api.js HTTP/1.1" 200 281 "https://malawisounds.com/214-Dadada-by-Fredokiss" "Mozilla/5.0 (Linux; U; Android 6.0; NCE-AL00 Build/HUAWEINCE-AL00; wv) AppleWebKit/537.36 (KHTML, like Gecko) Version/4.0 Chrome/95.0.4638.74 Mobile Safari/537.36 OPR/83.0.2254.73002"
51.222.253.5 - - [03/Jan/2025:14:37:53 -0500] "GET /sid-1130-sadziwa-by-galisogah HTTP/1.1" 200 3228 "-" "Mozilla/5.0 (compatible; AhrefsBot/7.0; +http://ahrefs.com/robot/)"
82.145.210.129 - - [03/Jan/2025:14:38:08 -0500] "GET /js/jquery.js HTTP/1.1" 200 35358 "https://malawisounds.com/214-Dadada-by-Fredokiss" "Mozilla/5.0 (Linux; U; Android 6.0; NCE-AL00 Build/HUAWEINCE-AL00; wv) AppleWebKit/537.36 (KHTML, like Gecko) Version/4.0 Chrome/95.0.4638.74 Mobile Safari/537.36 OPR/83.0.2254.73002"
82.145.210.129 - - [03/Jan/2025:14:38:08 -0500] "GET /Icons/msounds1.png HTTP/1.1" 200 11619 "https://malawisounds.com/214-Dadada-by-Fredokiss" "Mozilla/5.0 (Linux; U; Android 6.0; NCE-AL00 Build/HUAWEINCE-AL00; wv) AppleWebKit/537.36 (KHTML, like Gecko) Version/4.0 Chrome/95.0.4638.74 Mobile Safari/537.36 OPR/83.0.2254.73002"
82.145.210.129 - - [03/Jan/2025:14:38:08 -0500] "GET /js/nav.js HTTP/1.1" 200 99 "https://malawisounds.com/214-Dadada-by-Fredokiss" "Mozilla/5.0 (Linux; U; Android 6.0; NCE-AL00 Build/HUAWEINCE-AL00; wv) AppleWebKit/537.36 (KHTML, like Gecko) Version/4.0 Chrome/95.0.4638.74 Mobile Safari/537.36 OPR/83.0.2254.73002"
82.145.210.129 - - [03/Jan/2025:14:38:08 -0500] "GET /js/wow.js HTTP/1.1" 200 4305 "https://malawisounds.com/214-Dadada-by-Fredokiss" "Mozilla/5.0 (Linux; U; Android 6.0; NCE-AL00 Build/HUAWEINCE-AL00; wv) AppleWebKit/537.36 (KHTML, like Gecko) Version/4.0 Chrome/95.0.4638.74 Mobile Safari/537.36 OPR/83.0.2254.73002"
82.145.210.129 - - [03/Jan/2025:14:38:09 -0500] "GET /Icons/facebook.png HTTP/1.1" 200 2279 "https://malawisounds.com/214-Dadada-by-Fredokiss" "Mozilla/5.0 (Linux; U; Android 6.0; NCE-AL00 Build/HUAWEINCE-AL00; wv) AppleWebKit/537.36 (KHTML, like Gecko) Version/4.0 Chrome/95.0.4638.74 Mobile Safari/537.36 OPR/83.0.2254.73002"
82.145.210.129 - - [03/Jan/2025:14:38:09 -0500] "GET /Icons/instagram.png HTTP/1.1" 200 2764 "https://malawisounds.com/214-Dadada-by-Fredokiss" "Mozilla/5.0 (Linux; U; Android 6.0; NCE-AL00 Build/HUAWEINCE-AL00; wv) AppleWebKit/537.36 (KHTML, like Gecko) Version/4.0 Chrome/95.0.4638.74 Mobile Safari/537.36 OPR/83.0.2254.73002"
77.75.78.171 - - [03/Jan/2025:14:38:10 -0500] "GET /aid-390-album-stream-Wow HTTP/1.1" 200 4012 "-" "Mozilla/5.0 (compatible; SeznamBot/4.0; +http://napoveda.seznam.cz/seznambot-intro/)"
40.77.167.65 - - [03/Jan/2025:14:38:12 -0500] "GET /lf1vyf7cv.html HTTP/1.1" 404 1251 "-" "Mozilla/5.0 AppleWebKit/537.36 (KHTML, like Gecko; compatible; bingbot/2.0; +http://www.bing.com/bingbot.htm) Chrome/116.0.1938.76 Safari/537.36"
52.167.144.172 - - [03/Jan/2025:14:38:12 -0500] "GET /css/animate.css HTTP/1.1" 200 4001 "-" "Mozilla/5.0 AppleWebKit/537.36 (KHTML, like Gecko; compatible; bingbot/2.0; +http://www.bing.com/bingbot.htm) Chrome/116.0.1938.76 Safari/537.36"
40.77.167.65 - - [03/Jan/2025:14:38:12 -0500] "GET /w6nwz5fib.html HTTP/1.1" 404 1251 "-" "Mozilla/5.0 AppleWebKit/537.36 (KHTML, like Gecko; compatible; bingbot/2.0; +http://www.bing.com/bingbot.htm) Chrome/116.0.1938.76 Safari/537.36"
40.77.167.65 - - [03/Jan/2025:14:38:13 -0500] "GET /1676nyfesj.html HTTP/1.1" 404 1251 "-" "Mozilla/5.0 AppleWebKit/537.36 (KHTML, like Gecko; compatible; bingbot/2.0; +http://www.bing.com/bingbot.htm) Chrome/116.0.1938.76 Safari/537.36"
82.145.210.129 - - [03/Jan/2025:14:38:13 -0500] "GET /fonts/Gothic-B.ttf HTTP/1.1" 200 129676 "https://malawisounds.com/css/load.css" "Mozilla/5.0 (Linux; U; Android 6.0; NCE-AL00 Build/HUAWEINCE-AL00; wv) AppleWebKit/537.36 (KHTML, like Gecko) Version/4.0 Chrome/95.0.4638.74 Mobile Safari/537.36 OPR/83.0.2254.73002"
40.77.167.65 - - [03/Jan/2025:14:38:13 -0500] "GET /css/load.css HTTP/1.1" 200 8159 "-" "Mozilla/5.0 AppleWebKit/537.36 (KHTML, like Gecko; compatible; bingbot/2.0; +http://www.bing.com/bingbot.htm) Chrome/116.0.1938.76 Safari/537.36"
40.77.167.65 - - [03/Jan/2025:14:38:13 -0500] "GET /css/w3.css HTTP/1.1" 200 4832 "-" "Mozilla/5.0 AppleWebKit/537.36 (KHTML, like Gecko; compatible; bingbot/2.0; +http://www.bing.com/bingbot.htm) Chrome/116.0.1938.76 Safari/537.36"
82.145.210.129 - - [03/Jan/2025:14:38:14 -0500] "GET /bootstrap/fonts/glyphicons-halflings-regular.woff2 HTTP/1.1" 200 18028 "https://malawisounds.com/bootstrap/css/bootstrap.min.css" "Mozilla/5.0 (Linux; U; Android 6.0; NCE-AL00 Build/HUAWEINCE-AL00; wv) AppleWebKit/537.36 (KHTML, like Gecko) Version/4.0 Chrome/95.0.4638.74 Mobile Safari/537.36 OPR/83.0.2254.73002"
207.46.13.150 - - [03/Jan/2025:14:38:17 -0500] "GET /js/ajax.js HTTP/1.1" 200 784 "-" "Mozilla/5.0 AppleWebKit/537.36 (KHTML, like Gecko; compatible; bingbot/2.0; +http://www.bing.com/bingbot.htm) Chrome/116.0.1938.76 Safari/537.36"
82.145.210.129 - - [03/Jan/2025:14:38:18 -0500] "GET /fonts/Gothic.ttf HTTP/1.1" 200 112628 "https://malawisounds.com/css/load.css" "Mozilla/5.0 (Linux; U; Android 6.0; NCE-AL00 Build/HUAWEINCE-AL00; wv) AppleWebKit/537.36 (KHTML, like Gecko) Version/4.0 Chrome/95.0.4638.74 Mobile Safari/537.36 OPR/83.0.2254.73002"
82.145.210.129 - - [03/Jan/2025:14:38:18 -0500] "GET /download.php?id=214&name=Fredokiss-Dadada HTTP/1.1" 200 3088020 "https://malawisounds.com/214-Dadada-by-Fredokiss" "Mozilla/5.0 (Linux; U; Android 6.0; NCE-AL00 Build/HUAWEINCE-AL00; wv) AppleWebKit/537.36 (KHTML, like Gecko) Version/4.0 Chrome/95.0.4638.74 Mobile Safari/537.36 OPR/83.0.2254.73002"
51.222.253.8 - - [03/Jan/2025:14:38:20 -0500] "GET /aid-358-album-stream-mpweya-obweleza HTTP/1.1" 200 3688 "-" "Mozilla/5.0 (compatible; AhrefsBot/7.0; +http://ahrefs.com/robot/)"
40.77.167.65 - - [03/Jan/2025:14:38:22 -0500] "GET /impact/stylesheet.css HTTP/1.1" 200 153 "-" "Mozilla/5.0 AppleWebKit/537.36 (KHTML, like Gecko; compatible; bingbot/2.0; +http://www.bing.com/bingbot.htm) Chrome/116.0.1938.76 Safari/537.36"
40.77.167.65 - - [03/Jan/2025:14:38:22 -0500] "GET /js/nav.js HTTP/1.1" 200 99 "-" "Mozilla/5.0 AppleWebKit/537.36 (KHTML, like Gecko; compatible; bingbot/2.0; +http://www.bing.com/bingbot.htm) Chrome/116.0.1938.76 Safari/537.36"
40.77.167.65 - - [03/Jan/2025:14:38:23 -0500] "GET /album-zip.php?title=better-days-ep&name=viper-huncho HTTP/1.1" 302 0 "-" "Mozilla/5.0 AppleWebKit/537.36 (KHTML, like Gecko; compatible; bingbot/2.0; +http://www.bing.com/bingbot.htm) Chrome/116.0.1938.76 Safari/537.36"
82.145.210.129 - - [03/Jan/2025:14:38:23 -0500] "GET /bio/mwsounds-20230703010954-IMG-20230703-030900.jpg HTTP/1.1" 200 25808 "https://malawisounds.com/214-Dadada-by-Fredokiss" "Mozilla/5.0 (Linux; U; Android 6.0; NCE-AL00 Build/HUAWEINCE-AL00; wv) AppleWebKit/537.36 (KHTML, like Gecko) Version/4.0 Chrome/95.0.4638.74 Mobile Safari/537.36 OPR/83.0.2254.73002"
40.77.167.65 - - [03/Jan/2025:14:38:23 -0500] "GET /zipped-albums/better-days-ep.zip HTTP/1.1" 200 34309209 "-" "Mozilla/5.0 AppleWebKit/537.36 (KHTML, like Gecko; compatible; bingbot/2.0; +http://www.bing.com/bingbot.htm) Chrome/116.0.1938.76 Safari/537.36"
82.145.210.129 - - [03/Jan/2025:14:38:26 -0500] "GET /ads/MS%20covid.jpg HTTP/1.1" 200 273002 "https://malawisounds.com/214-Dadada-by-Fredokiss" "Mozilla/5.0 (Linux; U; Android 6.0; NCE-AL00 Build/HUAWEINCE-AL00; wv) AppleWebKit/537.36 (KHTML, like Gecko) Version/4.0 Chrome/95.0.4638.74 Mobile Safari/537.36 OPR/83.0.2254.73002"
82.145.210.129 - - [03/Jan/2025:14:38:28 -0500] "GET /images/mwsounds-20200710222852-fb_img_1594309893408.jpg HTTP/1.1" 200 22893 "https://malawisounds.com/214-Dadada-by-Fredokiss" "Mozilla/5.0 (Linux; U; Android 6.0; NCE-AL00 Build/HUAWEINCE-AL00; wv) AppleWebKit/537.36 (KHTML, like Gecko) Version/4.0 Chrome/95.0.4638.74 Mobile Safari/537.36 OPR/83.0.2254.73002"
82.145.210.129 - - [03/Jan/2025:14:38:28 -0500] "GET /Icons/twitter.png HTTP/1.1" 200 2415 "https://malawisounds.com/214-Dadada-by-Fredokiss" "Mozilla/5.0 (Linux; U; Android 6.0; NCE-AL00 Build/HUAWEINCE-AL00; wv) AppleWebKit/537.36 (KHTML, like Gecko) Version/4.0 Chrome/95.0.4638.74 Mobile Safari/537.36 OPR/83.0.2254.73002"
82.145.210.129 - - [03/Jan/2025:14:38:31 -0500] "GET /download.php?id=214&name=Fredokiss-Dadada HTTP/1.1" 200 3088020 "https://malawisounds.com/214-Dadada-by-Fredokiss" "Mozilla/5.0 (Linux; U; Android 6.0; NCE-AL00 Build/HUAWEINCE-AL00; wv) AppleWebKit/537.36 (KHTML, like Gecko) Version/4.0 Chrome/95.0.4638.74 Mobile Safari/537.36 OPR/83.0.2254.73002"
82.145.210.129 - - [03/Jan/2025:14:38:34 -0500] "GET /download.php?id=214&name=Fredokiss-Dadada HTTP/1.1" 200 3088020 "https://malawisounds.com/214-Dadada-by-Fredokiss" "Mozilla/5.0 (Linux; U; Android 6.0; NCE-AL00 Build/HUAWEINCE-AL00; wv) AppleWebKit/537.36 (KHTML, like Gecko) Version/4.0 Chrome/95.0.4638.74 Mobile Safari/537.36 OPR/83.0.2254.73002"
82.145.210.129 - - [03/Jan/2025:14:38:35 -0500] "GET /bio/mwsounds-20200801042643-Dr.Drew.jpg HTTP/1.1" 200 80629 "https://malawisounds.com/214-Dadada-by-Fredokiss" "Mozilla/5.0 (Linux; U; Android 6.0; NCE-AL00 Build/HUAWEINCE-AL00; wv) AppleWebKit/537.36 (KHTML, like Gecko) Version/4.0 Chrome/95.0.4638.74 Mobile Safari/537.36 OPR/83.0.2254.73002"
82.145.210.129 - - [03/Jan/2025:14:38:38 -0500] "GET /bio/mwsounds-20200710082408-onesmus.jpg HTTP/1.1" 200 30093 "https://malawisounds.com/214-Dadada-by-Fredokiss" "Mozilla/5.0 (Linux; U; Android 6.0; NCE-AL00 Build/HUAWEINCE-AL00; wv) AppleWebKit/537.36 (KHTML, like Gecko) Version/4.0 Chrome/95.0.4638.74 Mobile Safari/537.36 OPR/83.0.2254.73002"
82.145.210.129 - - [03/Jan/2025:14:38:43 -0500] "GET /bio/mwsounds-20200706205025-tay-grin---Copy.jpg HTTP/1.1" 200 43244 "https://malawisounds.com/214-Dadada-by-Fredokiss" "Mozilla/5.0 (Linux; U; Android 6.0; NCE-AL00 Build/HUAWEINCE-AL00; wv) AppleWebKit/537.36 (KHTML, like Gecko) Version/4.0 Chrome/95.0.4638.74 Mobile Safari/537.36 OPR/83.0.2254.73002"
82.145.210.129 - - [03/Jan/2025:14:38:47 -0500] "GET /bio/mwsounds-20200706204045-gwamba.jpg HTTP/1.1" 200 39055 "https://malawisounds.com/214-Dadada-by-Fredokiss" "Mozilla/5.0 (Linux; U; Android 6.0; NCE-AL00 Build/HUAWEINCE-AL00; wv) AppleWebKit/537.36 (KHTML, like Gecko) Version/4.0 Chrome/95.0.4638.74 Mobile Safari/537.36 OPR/83.0.2254.73002"
82.145.210.129 - - [03/Jan/2025:14:38:47 -0500] "GET /bio/mwsounds-20200706203533-Namadigo.jpg HTTP/1.1" 200 33718 "https://malawisounds.com/214-Dadada-by-Fredokiss" "Mozilla/5.0 (Linux; U; Android 6.0; NCE-AL00 Build/HUAWEINCE-AL00; wv) AppleWebKit/537.36 (KHTML, like Gecko) Version/4.0 Chrome/95.0.4638.74 Mobile Safari/537.36 OPR/83.0.2254.73002"
82.145.210.129 - - [03/Jan/2025:14:38:47 -0500] "GET /bio/mwsounds-20200706120806-FB_IMG_1590948777511.jpg HTTP/1.1" 200 19662 "https://malawisounds.com/214-Dadada-by-Fredokiss" "Mozilla/5.0 (Linux; U; Android 6.0; NCE-AL00 Build/HUAWEINCE-AL00; wv) AppleWebKit/537.36 (KHTML, like Gecko) Version/4.0 Chrome/95.0.4638.74 Mobile Safari/537.36 OPR/83.0.2254.73002"
82.145.210.129 - - [03/Jan/2025:14:38:47 -0500] "GET /null HTTP/1.1" 404 1251 "https://malawisounds.com/214-Dadada-by-Fredokiss" "Mozilla/5.0 (Linux; U; Android 6.0; NCE-AL00 Build/HUAWEINCE-AL00; wv) AppleWebKit/537.36 (KHTML, like Gecko) Version/4.0 Chrome/95.0.4638.74 Mobile Safari/537.36 OPR/83.0.2254.73002"
82.145.210.129 - - [03/Jan/2025:14:38:47 -0500] "GET /favicon.ico HTTP/1.1" 404 1251 "https://malawisounds.com/download.php?id=214&name=Fredokiss-Dadada" "Mozilla/5.0 (Linux; U; Android 6.0; NCE-AL00 Build/HUAWEINCE-AL00; wv) AppleWebKit/537.36 (KHTML, like Gecko) Version/4.0 Chrome/95.0.4638.74 Mobile Safari/537.36 OPR/83.0.2254.73002"
82.145.210.129 - - [03/Jan/2025:14:38:49 -0500] "GET /css/w3.css HTTP/1.1" 200 6038 "https://malawisounds.com/214-Dadada-by-Fredokiss" "Mozilla/5.0 (Linux; U; Android 6.0; NCE-AL00 Build/HUAWEINCE-AL00; wv) AppleWebKit/537.36 (KHTML, like Gecko) Version/4.0 Chrome/95.0.4638.74 Mobile Safari/537.36 OPR/83.0.2254.73002"
82.145.210.129 - - [03/Jan/2025:14:38:49 -0500] "GET /js/jquery.js HTTP/1.1" 200 35358 "https://malawisounds.com/214-Dadada-by-Fredokiss" "Mozilla/5.0 (Linux; U; Android 6.0; NCE-AL00 Build/HUAWEINCE-AL00; wv) AppleWebKit/537.36 (KHTML, like Gecko) Version/4.0 Chrome/95.0.4638.74 Mobile Safari/537.36 OPR/83.0.2254.73002"
69.171.251.1 - - [03/Jan/2025:14:38:52 -0500] "GET /read.php?id=20 HTTP/1.1" 200 6519 "-" "facebookexternalhit/1.1 (+http://www.facebook.com/externalhit_uatext.php)"
69.171.251.14 - - [03/Jan/2025:14:38:52 -0500] "GET /read.php?id=20 HTTP/1.1" 200 6519 "-" "facebookexternalhit/1.1 (+http://www.facebook.com/externalhit_uatext.php)"
82.145.210.129 - - [03/Jan/2025:14:39:02 -0500] "GET /Icons/malawisounds.ico HTTP/1.1" 200 4286 "https://malawisounds.com/214-Dadada-by-Fredokiss" "Mozilla/5.0 (Linux; U; Android 6.0; NCE-AL00 Build/HUAWEINCE-AL00; wv) AppleWebKit/537.36 (KHTML, like Gecko) Version/4.0 Chrome/95.0.4638.74 Mobile Safari/537.36 OPR/83.0.2254.73002"
51.222.253.17 - - [03/Jan/2025:14:39:19 -0500] "GET /1346-Shelo-by-Young-ricky-ft-same-say HTTP/1.1" 200 3942 "-" "Mozilla/5.0 (compatible; AhrefsBot/7.0; +http://ahrefs.com/robot/)"
173.252.87.23 - - [03/Jan/2025:14:39:31 -0500] "GET /album_images/mwsounds-20241226094254-shes-human-album-cover-picsay.jpg HTTP/1.1" 200 79085 "-" "facebookexternalhit/1.1 (+http://www.facebook.com/externalhit_uatext.php)"
178.128.53.138 - - [03/Jan/2025:14:39:54 -0500] "GET /file/function.php HTTP/1.1" 404 1251 "-" "Mozlila/5.0 (Linux; Android 7.0; SM-G892A Bulid/NRD90M; wv) AppleWebKit/537.36 (KHTML, like Gecko) Version/4.0 Chrome/60.0.3112.107 Moblie Safari/537.36"
178.128.53.138 - - [03/Jan/2025:14:39:57 -0500] "GET /as/function HTTP/1.1" 404 1251 "-" "Mozlila/5.0 (Linux; Android 7.0; SM-G892A Bulid/NRD90M; wv) AppleWebKit/537.36 (KHTML, like Gecko) Version/4.0 Chrome/60.0.3112.107 Moblie Safari/537.36"
178.128.53.138 - - [03/Jan/2025:14:40:04 -0500] "GET /mah/function.php HTTP/1.1" 404 1251 "-" "Mozlila/5.0 (Linux; Android 7.0; SM-G892A Bulid/NRD90M; wv) AppleWebKit/537.36 (KHTML, like Gecko) Version/4.0 Chrome/60.0.3112.107 Moblie Safari/537.36"
178.128.53.138 - - [03/Jan/2025:14:40:07 -0500] "GET /admin/function.php HTTP/1.1" 404 1251 "-" "Mozlila/5.0 (Linux; Android 7.0; SM-G892A Bulid/NRD90M; wv) AppleWebKit/537.36 (KHTML, like Gecko) Version/4.0 Chrome/60.0.3112.107 Moblie Safari/537.36"
178.128.53.138 - - [03/Jan/2025:14:40:10 -0500] "GET /doc/function.php HTTP/1.1" 404 1251 "-" "Mozlila/5.0 (Linux; Android 7.0; SM-G892A Bulid/NRD90M; wv) AppleWebKit/537.36 (KHTML, like Gecko) Version/4.0 Chrome/60.0.3112.107 Moblie Safari/537.36"
178.128.53.138 - - [03/Jan/2025:14:40:13 -0500] "GET /about/function.php HTTP/1.1" 404 1251 "-" "Mozlila/5.0 (Linux; Android 7.0; SM-G892A Bulid/NRD90M; wv) AppleWebKit/537.36 (KHTML, like Gecko) Version/4.0 Chrome/60.0.3112.107 Moblie Safari/537.36"
173.252.79.1 - - [03/Jan/2025:14:40:15 -0500] "GET /news/article-20240828-121825.png HTTP/1.1" 200 163853 "-" "facebookexternalhit/1.1 (+http://www.facebook.com/externalhit_uatext.php)"
178.128.53.138 - - [03/Jan/2025:14:40:16 -0500] "GET /index/function.php HTTP/1.1" 404 1251 "-" "Mozlila/5.0 (Linux; Android 7.0; SM-G892A Bulid/NRD90M; wv) AppleWebKit/537.36 (KHTML, like Gecko) Version/4.0 Chrome/60.0.3112.107 Moblie Safari/537.36"
51.222.253.11 - - [03/Jan/2025:14:40:46 -0500] "GET /sid-663-i-am-unique-by-nanja HTTP/1.1" 200 3227 "-" "Mozilla/5.0 (compatible; AhrefsBot/7.0; +http://ahrefs.com/robot/)"
51.222.253.5 - - [03/Jan/2025:14:41:17 -0500] "GET /artist=KMG HTTP/1.1" 200 3428 "-" "Mozilla/5.0 (compatible; AhrefsBot/7.0; +http://ahrefs.com/robot/)"
51.222.253.4 - - [03/Jan/2025:14:41:46 -0500] "GET /768-Saafuna-Badman-by-Naptin-ft-Fred-mineo HTTP/1.1" 200 3959 "-" "Mozilla/5.0 (compatible; AhrefsBot/7.0; +http://ahrefs.com/robot/)"
139.177.233.162 - - [03/Jan/2025:14:42:02 -0500] "GET /album_images/mwsounds-20200829173148-front-cover-art.jpg HTTP/1.1" 200 23827 "-" "Mozilla/5.0 (X11; Ubuntu; Linux x86_64; rv:72.0) Gecko/20100101 Firefox/72.0"
52.167.144.172 - - [03/Jan/2025:14:42:25 -0500] "GET /on9fvraov.html HTTP/1.1" 404 1251 "-" "Mozilla/5.0 AppleWebKit/537.36 (KHTML, like Gecko; compatible; bingbot/2.0; +http://www.bing.com/bingbot.htm) Chrome/116.0.1938.76 Safari/537.36"
105.234.160.29 - - [03/Jan/2025:14:42:42 -0500] "GET /307-ma-ine-by-eli-njuchi HTTP/1.1" 200 3922 "-" "Mozilla/5.0 (Linux; Android 12; Hisense U60 Build/SP1A.210812.016) AppleWebKit/537.36 (KHTML, like Gecko) Chrome/131.0.6778.135 Mobile Safari/537.36"
105.234.160.29 - - [03/Jan/2025:14:42:43 -0500] "GET /css/animate.css HTTP/1.1" 200 4001 "https://malawisounds.com/307-ma-ine-by-eli-njuchi" "Mozilla/5.0 (Linux; Android 12; Hisense U60 Build/SP1A.210812.016) AppleWebKit/537.36 (KHTML, like Gecko) Chrome/131.0.6778.135 Mobile Safari/537.36"
105.234.160.29 - - [03/Jan/2025:14:42:43 -0500] "GET /css/load.css HTTP/1.1" 200 8159 "https://malawisounds.com/307-ma-ine-by-eli-njuchi" "Mozilla/5.0 (Linux; Android 12; Hisense U60 Build/SP1A.210812.016) AppleWebKit/537.36 (KHTML, like Gecko) Chrome/131.0.6778.135 Mobile Safari/537.36"
105.234.160.29 - - [03/Jan/2025:14:42:43 -0500] "GET /css/w3.css HTTP/1.1" 200 4832 "https://malawisounds.com/307-ma-ine-by-eli-njuchi" "Mozilla/5.0 (Linux; Android 12; Hisense U60 Build/SP1A.210812.016) AppleWebKit/537.36 (KHTML, like Gecko) Chrome/131.0.6778.135 Mobile Safari/537.36"
105.234.160.29 - - [03/Jan/2025:14:42:43 -0500] "GET /impact/stylesheet.css HTTP/1.1" 200 153 "https://malawisounds.com/307-ma-ine-by-eli-njuchi" "Mozilla/5.0 (Linux; Android 12; Hisense U60 Build/SP1A.210812.016) AppleWebKit/537.36 (KHTML, like Gecko) Chrome/131.0.6778.135 Mobile Safari/537.36"
105.234.160.29 - - [03/Jan/2025:14:42:43 -0500] "GET /js/ajax.js HTTP/1.1" 200 784 "https://malawisounds.com/307-ma-ine-by-eli-njuchi" "Mozilla/5.0 (Linux; Android 12; Hisense U60 Build/SP1A.210812.016) AppleWebKit/537.36 (KHTML, like Gecko) Chrome/131.0.6778.135 Mobile Safari/537.36"
