51.222.253.4 - - [03/Jan/2025:08:40:12 -0500] "GET /sid-1007-uli-fine-by-major-zack-ft-ghozy HTTP/1.1" 200 3238 "-" "Mozilla/5.0 (compatible; AhrefsBot/7.0; +http://ahrefs.com/robot/)"
197.210.55.170 - - [03/Jan/2025:08:39:59 -0500] "GET /download.php?id=833&name=Dj%20TryMoo%20-Nokia%20tone%20amapiano HTTP/1.1" 200 8538349 "https://www.malawisounds.com/833-Nokia-tone-amapiano--by-Dj-TryMoo-" "Mozilla/5.0 (Linux; U; Android 10; Infinix X605 Build/QP1A.190711.020; wv) AppleWebKit/537.36 (KHTML, like Gecko) Version/4.0 Chrome/131.0.6778.135 Mobile Safari/537.36 OPR/87.1.2254.75426"
137.115.0.26 - - [03/Jan/2025:08:39:58 -0500] "GET /zipped-albums/shes-human.zip HTTP/1.1" 206 14370026 "https://www.malawisounds.com/shes-human-by-phillip-sajiwa" "Mozilla/5.0 (Linux; Android 10; K) AppleWebKit/537.36 (KHTML, like Gecko) Chrome/131.0.0.0 Mobile Safari/537.36"
51.222.253.12 - - [03/Jan/2025:08:40:55 -0500] "GET /sid-1215-dzikoli-by-mathews HTTP/1.1" 200 3197 "-" "Mozilla/5.0 (compatible; AhrefsBot/7.0; +http://ahrefs.com/robot/)"
137.115.0.26 - - [03/Jan/2025:08:39:57 -0500] "GET /zipped-albums/shes-human.zip HTTP/1.1" 200 15389459 "https://www.malawisounds.com/shes-human-by-phillip-sajiwa" "Mozilla/5.0 (Linux; Android 10; K) AppleWebKit/537.36 (KHTML, like Gecko) Chrome/131.0.0.0 Mobile Safari/537.36"
52.167.144.232 - - [03/Jan/2025:08:41:11 -0500] "GET /tsokaacsa.html HTTP/1.1" 404 1251 "-" "Mozilla/5.0 AppleWebKit/537.36 (KHTML, like Gecko; compatible; bingbot/2.0; +http://www.bing.com/bingbot.htm) Chrome/116.0.1938.76 Safari/537.36"
51.222.253.2 - - [03/Jan/2025:08:41:36 -0500] "GET /aid-49-free-stream-even-if HTTP/1.1" 200 3535 "-" "Mozilla/5.0 (compatible; AhrefsBot/7.0; +http://ahrefs.com/robot/)"
52.167.144.20 - - [03/Jan/2025:08:41:44 -0500] "GET /b2rdtfusl.html HTTP/1.1" 404 1251 "-" "Mozilla/5.0 AppleWebKit/537.36 (KHTML, like Gecko; compatible; bingbot/2.0; +http://www.bing.com/bingbot.htm) Chrome/116.0.1938.76 Safari/537.36"
18.212.207.153 - - [03/Jan/2025:08:42:05 -0500] "GET /songs.php?id=263%27&name=Melvin-Music-Beautiful-Beyond-Compare HTTP/1.1" 500 0 "-" "Mozilla/5.0 (Windows NT 10.0; Win64; x64) AppleWebKit/537.36 (KHTML, like Gecko) Chrome/126.0.0.0 Safari/537.36"
18.212.207.153 - - [03/Jan/2025:08:42:05 -0500] "GET /songs.php?id=263&name=Melvin-Music-Beautiful-Beyond-Compare%27 HTTP/1.1" 200 14528 "-" "Mozilla/5.0 (Windows NT 10.0; Win64; x64) AppleWebKit/537.36 (KHTML, like Gecko) Chrome/126.0.0.0 Safari/537.36"
51.222.253.10 - - [03/Jan/2025:08:42:10 -0500] "GET /16-U'ganja-by-go-Fetch HTTP/1.1" 200 3888 "-" "Mozilla/5.0 (compatible; AhrefsBot/7.0; +http://ahrefs.com/robot/)"
114.119.136.72 - - [03/Jan/2025:08:42:15 -0500] "GET /download_album.php?id=391 HTTP/1.1" 200 4283011 "https://www.malawisounds.com/anchor-by-twinlight" "Mozilla/5.0 (Linux; Android 7.0;) AppleWebKit/537.36 (KHTML, like Gecko) Mobile Safari/537.36 (compatible; PetalBot;+https://webmaster.petalsearch.com/site/petalbot)"
51.222.253.9 - - [03/Jan/2025:08:42:53 -0500] "GET /sid-296-panado-by-onesimus HTTP/1.1" 200 3238 "-" "Mozilla/5.0 (compatible; AhrefsBot/7.0; +http://ahrefs.com/robot/)"
51.222.253.5 - - [03/Jan/2025:08:43:32 -0500] "GET /sid-495--by- HTTP/1.1" 200 3290 "-" "Mozilla/5.0 (compatible; AhrefsBot/7.0; +http://ahrefs.com/robot/)"
69.171.251.8 - - [03/Jan/2025:08:43:46 -0500] "GET /artist=Eli-Njuchi HTTP/1.1" 200 11888 "-" "meta-externalagent/1.1 (+https://developers.facebook.com/docs/sharing/webmasters/crawler)"
51.222.253.11 - - [03/Jan/2025:08:44:11 -0500] "GET /sid-1395-searching-for-prophecy--by-alert HTTP/1.1" 200 3234 "-" "Mozilla/5.0 (compatible; AhrefsBot/7.0; +http://ahrefs.com/robot/)"
196.22.224.34 - - [03/Jan/2025:08:44:45 -0500] "GET /683-mr.-nobody-by-onesimus- HTTP/1.1" 200 3906 "https://www.google.com/" "Mozilla/5.0 (Linux; Android 10; K) AppleWebKit/537.36 (KHTML, like Gecko) Chrome/131.0.0.0 Mobile Safari/537.36"
196.22.224.34 - - [03/Jan/2025:08:44:46 -0500] "GET /null HTTP/1.1" 404 1251 "https://malawisounds.com/683-mr.-nobody-by-onesimus-" "Mozilla/5.0 (Linux; Android 10; K) AppleWebKit/537.36 (KHTML, like Gecko) Chrome/131.0.0.0 Mobile Safari/537.36"
51.222.253.8 - - [03/Jan/2025:08:44:52 -0500] "GET /sid-864-china-china-by-sirpacha-ft-p-foxy HTTP/1.1" 200 3231 "-" "Mozilla/5.0 (compatible; AhrefsBot/7.0; +http://ahrefs.com/robot/)"
114.119.136.72 - - [03/Jan/2025:08:45:03 -0500] "GET /download.php?id=159&name=Mic%20Mash%20ft%20Issabel%20M.%20King-Heaven(Prod%20by%20Manifest) HTTP/1.1" 200 7129563 "https://malawisounds.com/159-Heaven%28Prod-by-Manifest%29-by-Mic-Mash-ft-Issabel-M.-King" "Mozilla/5.0 (Linux; Android 7.0;) AppleWebKit/537.36 (KHTML, like Gecko) Mobile Safari/537.36 (compatible; PetalBot;+https://webmaster.petalsearch.com/site/petalbot)"
51.222.253.8 - - [03/Jan/2025:08:45:32 -0500] "GET /382-yahweh-by-David-Kalirani-Ft-Cozizwa HTTP/1.1" 200 3958 "-" "Mozilla/5.0 (compatible; AhrefsBot/7.0; +http://ahrefs.com/robot/)"
105.0.1.217 - - [03/Jan/2025:08:46:08 -0500] "GET /null HTTP/1.1" 404 1251 "https://malawisounds.com/683-mr.-nobody-by-onesimus-" "Mozilla/5.0 (Linux; Android 10; K) AppleWebKit/537.36 (KHTML, like Gecko) Chrome/131.0.0.0 Mobile Safari/537.36"
51.222.253.5 - - [03/Jan/2025:08:47:39 -0500] "GET /sid-1374-detail-advert-by-brother-detail- HTTP/1.1" 200 3273 "-" "Mozilla/5.0 (compatible; AhrefsBot/7.0; +http://ahrefs.com/robot/)"
51.222.253.2 - - [03/Jan/2025:08:48:51 -0500] "GET /sid-523-fifa-by-micmach HTTP/1.1" 200 3224 "-" "Mozilla/5.0 (compatible; AhrefsBot/7.0; +http://ahrefs.com/robot/)"
105.234.162.21 - - [03/Jan/2025:08:49:22 -0500] "GET /578-wangayo-by-seven-o-more HTTP/1.1" 200 3924 "https://www.google.com/" "Mozilla/5.0 (Linux; Android 10; K) AppleWebKit/537.36 (KHTML, like Gecko) Chrome/131.0.0.0 Mobile Safari/537.36"
105.234.162.21 - - [03/Jan/2025:08:49:22 -0500] "GET /css/load.css HTTP/1.1" 200 8159 "https://malawisounds.com/578-wangayo-by-seven-o-more" "Mozilla/5.0 (Linux; Android 10; K) AppleWebKit/537.36 (KHTML, like Gecko) Chrome/131.0.0.0 Mobile Safari/537.36"
105.234.162.21 - - [03/Jan/2025:08:49:22 -0500] "GET /css/animate.css HTTP/1.1" 200 4001 "https://malawisounds.com/578-wangayo-by-seven-o-more" "Mozilla/5.0 (Linux; Android 10; K) AppleWebKit/537.36 (KHTML, like Gecko) Chrome/131.0.0.0 Mobile Safari/537.36"
105.234.162.21 - - [03/Jan/2025:08:49:22 -0500] "GET /css/w3.css HTTP/1.1" 200 4832 "https://malawisounds.com/578-wangayo-by-seven-o-more" "Mozilla/5.0 (Linux; Android 10; K) AppleWebKit/537.36 (KHTML, like Gecko) Chrome/131.0.0.0 Mobile Safari/537.36"
105.234.162.21 - - [03/Jan/2025:08:49:22 -0500] "GET /bootstrap/css/bootstrap.min.css HTTP/1.1" 200 18270 "https://malawisounds.com/578-wangayo-by-seven-o-more" "Mozilla/5.0 (Linux; Android 10; K) AppleWebKit/537.36 (KHTML, like Gecko) Chrome/131.0.0.0 Mobile Safari/537.36"
105.234.162.21 - - [03/Jan/2025:08:49:22 -0500] "GET /js/ajax.js HTTP/1.1" 200 784 "https://malawisounds.com/578-wangayo-by-seven-o-more" "Mozilla/5.0 (Linux; Android 10; K) AppleWebKit/537.36 (KHTML, like Gecko) Chrome/131.0.0.0 Mobile Safari/537.36"
105.234.162.21 - - [03/Jan/2025:08:49:22 -0500] "GET /impact/stylesheet.css HTTP/1.1" 200 153 "https://malawisounds.com/578-wangayo-by-seven-o-more" "Mozilla/5.0 (Linux; Android 10; K) AppleWebKit/537.36 (KHTML, like Gecko) Chrome/131.0.0.0 Mobile Safari/537.36"
105.234.162.21 - - [03/Jan/2025:08:49:22 -0500] "GET /Icons/msounds1.png HTTP/1.1" 200 11619 "https://malawisounds.com/578-wangayo-by-seven-o-more" "Mozilla/5.0 (Linux; Android 10; K) AppleWebKit/537.36 (KHTML, like Gecko) Chrome/131.0.0.0 Mobile Safari/537.36"
105.234.162.21 - - [03/Jan/2025:08:49:22 -0500] "GET /Icons/facebook.png HTTP/1.1" 200 2279 "https://malawisounds.com/578-wangayo-by-seven-o-more" "Mozilla/5.0 (Linux; Android 10; K) AppleWebKit/537.36 (KHTML, like Gecko) Chrome/131.0.0.0 Mobile Safari/537.36"
105.234.162.21 - - [03/Jan/2025:08:49:22 -0500] "GET /js/facebook-api.js HTTP/1.1" 200 183 "https://malawisounds.com/578-wangayo-by-seven-o-more" "Mozilla/5.0 (Linux; Android 10; K) AppleWebKit/537.36 (KHTML, like Gecko) Chrome/131.0.0.0 Mobile Safari/537.36"
105.234.162.21 - - [03/Jan/2025:08:49:23 -0500] "GET /Icons/instagram.png HTTP/1.1" 200 2764 "https://malawisounds.com/578-wangayo-by-seven-o-more" "Mozilla/5.0 (Linux; Android 10; K) AppleWebKit/537.36 (KHTML, like Gecko) Chrome/131.0.0.0 Mobile Safari/537.36"
105.234.162.21 - - [03/Jan/2025:08:49:23 -0500] "GET /Icons/twitter.png HTTP/1.1" 200 2415 "https://malawisounds.com/578-wangayo-by-seven-o-more" "Mozilla/5.0 (Linux; Android 10; K) AppleWebKit/537.36 (KHTML, like Gecko) Chrome/131.0.0.0 Mobile Safari/537.36"
105.234.162.21 - - [03/Jan/2025:08:49:23 -0500] "GET /bio/mwsounds-20230703010954-IMG-20230703-030900.jpg HTTP/1.1" 200 25808 "https://malawisounds.com/578-wangayo-by-seven-o-more" "Mozilla/5.0 (Linux; Android 10; K) AppleWebKit/537.36 (KHTML, like Gecko) Chrome/131.0.0.0 Mobile Safari/537.36"
105.234.162.21 - - [03/Jan/2025:08:49:23 -0500] "GET /js/jquery.js HTTP/1.1" 200 29664 "https://malawisounds.com/578-wangayo-by-seven-o-more" "Mozilla/5.0 (Linux; Android 10; K) AppleWebKit/537.36 (KHTML, like Gecko) Chrome/131.0.0.0 Mobile Safari/537.36"
105.234.162.21 - - [03/Jan/2025:08:49:23 -0500] "GET /js/nav.js HTTP/1.1" 200 99 "https://malawisounds.com/578-wangayo-by-seven-o-more" "Mozilla/5.0 (Linux; Android 10; K) AppleWebKit/537.36 (KHTML, like Gecko) Chrome/131.0.0.0 Mobile Safari/537.36"
105.234.162.21 - - [03/Jan/2025:08:49:23 -0500] "GET /bio/mwsounds-20200801042643-Dr.Drew.jpg HTTP/1.1" 200 80629 "https://malawisounds.com/578-wangayo-by-seven-o-more" "Mozilla/5.0 (Linux; Android 10; K) AppleWebKit/537.36 (KHTML, like Gecko) Chrome/131.0.0.0 Mobile Safari/537.36"
105.234.162.21 - - [03/Jan/2025:08:49:23 -0500] "GET /js/wow.js HTTP/1.1" 200 3414 "https://malawisounds.com/578-wangayo-by-seven-o-more" "Mozilla/5.0 (Linux; Android 10; K) AppleWebKit/537.36 (KHTML, like Gecko) Chrome/131.0.0.0 Mobile Safari/537.36"
105.234.162.21 - - [03/Jan/2025:08:49:24 -0500] "GET /bio/mwsounds-20200706205025-tay-grin---Copy.jpg HTTP/1.1" 200 43244 "https://malawisounds.com/578-wangayo-by-seven-o-more" "Mozilla/5.0 (Linux; Android 10; K) AppleWebKit/537.36 (KHTML, like Gecko) Chrome/131.0.0.0 Mobile Safari/537.36"
105.234.162.21 - - [03/Jan/2025:08:49:24 -0500] "GET /bio/mwsounds-20200710082408-onesmus.jpg HTTP/1.1" 200 30093 "https://malawisounds.com/578-wangayo-by-seven-o-more" "Mozilla/5.0 (Linux; Android 10; K) AppleWebKit/537.36 (KHTML, like Gecko) Chrome/131.0.0.0 Mobile Safari/537.36"
105.234.162.21 - - [03/Jan/2025:08:49:24 -0500] "GET /images/mwsounds-20210615151635-fb-img-1623722246994.jpg HTTP/1.1" 200 29778 "https://malawisounds.com/578-wangayo-by-seven-o-more" "Mozilla/5.0 (Linux; Android 10; K) AppleWebKit/537.36 (KHTML, like Gecko) Chrome/131.0.0.0 Mobile Safari/537.36"
105.234.162.21 - - [03/Jan/2025:08:49:24 -0500] "GET /ads/MS%20covid.jpg HTTP/1.1" 200 273002 "https://malawisounds.com/578-wangayo-by-seven-o-more" "Mozilla/5.0 (Linux; Android 10; K) AppleWebKit/537.36 (KHTML, like Gecko) Chrome/131.0.0.0 Mobile Safari/537.36"
105.234.162.21 - - [03/Jan/2025:08:49:24 -0500] "GET /bio/mwsounds-20200706204045-gwamba.jpg HTTP/1.1" 200 39055 "https://malawisounds.com/578-wangayo-by-seven-o-more" "Mozilla/5.0 (Linux; Android 10; K) AppleWebKit/537.36 (KHTML, like Gecko) Chrome/131.0.0.0 Mobile Safari/537.36"
105.234.162.21 - - [03/Jan/2025:08:49:24 -0500] "GET /bio/mwsounds-20200706203533-Namadigo.jpg HTTP/1.1" 200 33718 "https://malawisounds.com/578-wangayo-by-seven-o-more" "Mozilla/5.0 (Linux; Android 10; K) AppleWebKit/537.36 (KHTML, like Gecko) Chrome/131.0.0.0 Mobile Safari/537.36"
105.234.162.21 - - [03/Jan/2025:08:49:25 -0500] "GET /null HTTP/1.1" 404 1251 "https://malawisounds.com/578-wangayo-by-seven-o-more" "Mozilla/5.0 (Linux; Android 10; K) AppleWebKit/537.36 (KHTML, like Gecko) Chrome/131.0.0.0 Mobile Safari/537.36"
105.234.162.21 - - [03/Jan/2025:08:49:25 -0500] "GET /bio/mwsounds-20200706120806-FB_IMG_1590948777511.jpg HTTP/1.1" 200 19662 "https://malawisounds.com/578-wangayo-by-seven-o-more" "Mozilla/5.0 (Linux; Android 10; K) AppleWebKit/537.36 (KHTML, like Gecko) Chrome/131.0.0.0 Mobile Safari/537.36"
105.234.162.21 - - [03/Jan/2025:08:49:25 -0500] "GET /fonts/Gothic-B.ttf HTTP/1.1" 200 129676 "https://malawisounds.com/css/load.css" "Mozilla/5.0 (Linux; Android 10; K) AppleWebKit/537.36 (KHTML, like Gecko) Chrome/131.0.0.0 Mobile Safari/537.36"
105.234.162.21 - - [03/Jan/2025:08:49:25 -0500] "GET /bootstrap/fonts/glyphicons-halflings-regular.woff2 HTTP/1.1" 200 18028 "https://malawisounds.com/bootstrap/css/bootstrap.min.css" "Mozilla/5.0 (Linux; Android 10; K) AppleWebKit/537.36 (KHTML, like Gecko) Chrome/131.0.0.0 Mobile Safari/537.36"
105.234.162.21 - - [03/Jan/2025:08:49:25 -0500] "GET /fonts/Gothic.ttf HTTP/1.1" 200 112628 "https://malawisounds.com/css/load.css" "Mozilla/5.0 (Linux; Android 10; K) AppleWebKit/537.36 (KHTML, like Gecko) Chrome/131.0.0.0 Mobile Safari/537.36"
51.222.253.14 - - [03/Jan/2025:08:49:29 -0500] "GET /sid-166-my-help-by- HTTP/1.1" 200 3188 "-" "Mozilla/5.0 (compatible; AhrefsBot/7.0; +http://ahrefs.com/robot/)"
105.234.162.21 - - [03/Jan/2025:08:49:30 -0500] "GET /Icons/malawisounds.ico HTTP/1.1" 200 4286 "https://malawisounds.com/578-wangayo-by-seven-o-more" "Mozilla/5.0 (Linux; Android 10; K) AppleWebKit/537.36 (KHTML, like Gecko) Chrome/131.0.0.0 Mobile Safari/537.36"
105.234.162.21 - - [03/Jan/2025:08:49:31 -0500] "GET /download.php?id=578&name=Seven%20O%20More-Wangayo HTTP/1.1" 200 9268715 "https://malawisounds.com/578-wangayo-by-seven-o-more" "Mozilla/5.0 (Linux; Android 10; K) AppleWebKit/537.36 (KHTML, like Gecko) Chrome/131.0.0.0 Mobile Safari/537.36"
51.222.253.14 - - [03/Jan/2025:08:50:50 -0500] "GET /sid-1385-flow-by-typhan-crea HTTP/1.1" 200 3215 "-" "Mozilla/5.0 (compatible; AhrefsBot/7.0; +http://ahrefs.com/robot/)"
51.222.253.16 - - [03/Jan/2025:08:51:28 -0500] "GET /singles.php?pageno=165 HTTP/1.1" 200 3204 "-" "Mozilla/5.0 (compatible; AhrefsBot/7.0; +http://ahrefs.com/robot/)"
104.28.217.44 - - [03/Jan/2025:08:52:11 -0500] "GET /xmlrpc.php HTTP/1.1" 404 1251 "-" "Mozilla/5.0 (Windows NT 6.1; WOW64; rv:45.0) Gecko/20100101 Firefox/45.0"
51.222.253.11 - - [03/Jan/2025:08:52:11 -0500] "GET /sid-285-no-camps-in-chh-by-servant-aaron HTTP/1.1" 200 3209 "-" "Mozilla/5.0 (compatible; AhrefsBot/7.0; +http://ahrefs.com/robot/)"
223.109.252.245 - - [03/Jan/2025:08:52:31 -0500] "GET / HTTP/1.1" 200 3709 "-" "Sogou web spider/4.0(+http://www.sogou.com/docs/help/webmasters.htm#07)"
51.222.253.19 - - [03/Jan/2025:08:52:55 -0500] "GET /671-Ngati-Dolo-by-Suffix-ft-Onesimus HTTP/1.1" 200 3938 "-" "Mozilla/5.0 (compatible; AhrefsBot/7.0; +http://ahrefs.com/robot/)"
216.244.66.237 - - [03/Jan/2025:08:53:10 -0500] "GET /robots.txt HTTP/1.1" 404 1251 "-" "Mozilla/5.0 (compatible; DotBot/1.2; +https://opensiteexplorer.org/dotbot; help@moz.com)"
216.244.66.237 - - [03/Jan/2025:08:53:10 -0500] "GET /robots.txt HTTP/1.1" 404 1251 "-" "Mozilla/5.0 (compatible; DotBot/1.2; +https://opensiteexplorer.org/dotbot; help@moz.com)"
52.167.144.198 - - [03/Jan/2025:08:53:39 -0500] "GET /1333-sindikupanga-nawo-by-papaa-pee HTTP/1.1" 200 3905 "-" "Mozilla/5.0 AppleWebKit/537.36 (KHTML, like Gecko; compatible; bingbot/2.0; +http://www.bing.com/bingbot.htm) Chrome/116.0.1938.76 Safari/537.36"
51.222.253.2 - - [03/Jan/2025:08:54:49 -0500] "GET /sid-119-amanjenjemera-satana-by-franco-ft-ckrist HTTP/1.1" 200 3217 "-" "Mozilla/5.0 (compatible; AhrefsBot/7.0; +http://ahrefs.com/robot/)"
51.222.253.20 - - [03/Jan/2025:08:55:25 -0500] "GET /765-Mwaonela-Ndani-by-Dear-Josh HTTP/1.1" 200 3967 "-" "Mozilla/5.0 (compatible; AhrefsBot/7.0; +http://ahrefs.com/robot/)"
23.105.145.230 - - [03/Jan/2025:08:55:30 -0500] "GET /contact-us HTTP/1.1" 200 2637 "-" "Mozilla/5.0 (Windows NT 10.0; Win64; x64; Xbox; Xbox One) AppleWebKit/537.36 (KHTML, like Gecko) Chrome/114.0.0.0 Safari/537.36 Edge/44.18363.8131"
23.105.145.230 - - [03/Jan/2025:08:55:31 -0500] "POST /contact.php HTTP/1.1" 200 3054 "https://malawisounds.com/contact-us" "Mozilla/5.0 (Windows NT 10.0; Win64; x64; Xbox; Xbox One) AppleWebKit/537.36 (KHTML, like Gecko) Chrome/114.0.0.0 Safari/537.36 Edge/44.18363.8131"
51.222.253.3 - - [03/Jan/2025:08:56:09 -0500] "GET /1035-Ndikufuna-inu-by-Bridget-Nkhoma-ft.-Patrick-Nchito HTTP/1.1" 200 4006 "-" "Mozilla/5.0 (compatible; AhrefsBot/7.0; +http://ahrefs.com/robot/)"
51.222.253.7 - - [03/Jan/2025:08:56:48 -0500] "GET /214-Dadada-by-Fredokiss HTTP/1.1" 200 3916 "-" "Mozilla/5.0 (compatible; AhrefsBot/7.0; +http://ahrefs.com/robot/)"
37.114.50.201 - - [03/Jan/2025:08:57:02 -0500] "GET /songs.php?id=1%27&name=Aoc-ft-Slim-p-x-sneezy-x-Mr-vendriq-Amazipopa HTTP/1.1" 500 0 "-" "Mozilla/5.0 (Windows NT 10.0; Win64; x64) AppleWebKit/537.36 (KHTML, like Gecko) Chrome/126.0.0.0 Safari/537.36"
37.114.50.201 - - [03/Jan/2025:08:57:02 -0500] "GET /songs.php?id=1&name=Aoc-ft-Slim-p-x-sneezy-x-Mr-vendriq-Amazipopa%27 HTTP/1.1" 200 14468 "-" "Mozilla/5.0 (Windows NT 10.0; Win64; x64) AppleWebKit/537.36 (KHTML, like Gecko) Chrome/126.0.0.0 Safari/537.36"
137.196.0.8 - - [03/Jan/2025:08:57:23 -0500] "GET /307-ma-ine-by-eli-njuchi HTTP/1.1" 200 4474 "-" "Mozilla/5.0 (Linux; Android 9; itel W6002 Build/PPR1.180610.011) AppleWebKit/537.36 (KHTML, like Gecko) Chrome/79.0.3945.116 Mobile Safari/537.36"
137.196.0.8 - - [03/Jan/2025:08:57:24 -0500] "GET /css/animate.css HTTP/1.1" 200 6503 "https://malawisounds.com/307-ma-ine-by-eli-njuchi" "Mozilla/5.0 (Linux; Android 9; itel W6002 Build/PPR1.180610.011) AppleWebKit/537.36 (KHTML, like Gecko) Chrome/79.0.3945.116 Mobile Safari/537.36"
137.196.0.8 - - [03/Jan/2025:08:57:24 -0500] "GET /css/load.css HTTP/1.1" 200 10718 "https://malawisounds.com/307-ma-ine-by-eli-njuchi" "Mozilla/5.0 (Linux; Android 9; itel W6002 Build/PPR1.180610.011) AppleWebKit/537.36 (KHTML, like Gecko) Chrome/79.0.3945.116 Mobile Safari/537.36"
137.196.0.8 - - [03/Jan/2025:08:57:24 -0500] "GET /css/w3.css HTTP/1.1" 200 6038 "https://malawisounds.com/307-ma-ine-by-eli-njuchi" "Mozilla/5.0 (Linux; Android 9; itel W6002 Build/PPR1.180610.011) AppleWebKit/537.36 (KHTML, like Gecko) Chrome/79.0.3945.116 Mobile Safari/537.36"
137.196.0.8 - - [03/Jan/2025:08:57:24 -0500] "GET /impact/stylesheet.css HTTP/1.1" 200 180 "https://malawisounds.com/307-ma-ine-by-eli-njuchi" "Mozilla/5.0 (Linux; Android 9; itel W6002 Build/PPR1.180610.011) AppleWebKit/537.36 (KHTML, like Gecko) Chrome/79.0.3945.116 Mobile Safari/537.36"
137.196.0.8 - - [03/Jan/2025:08:57:24 -0500] "GET /bootstrap/css/bootstrap.min.css HTTP/1.1" 200 25196 "https://malawisounds.com/307-ma-ine-by-eli-njuchi" "Mozilla/5.0 (Linux; Android 9; itel W6002 Build/PPR1.180610.011) AppleWebKit/537.36 (KHTML, like Gecko) Chrome/79.0.3945.116 Mobile Safari/537.36"
137.196.0.8 - - [03/Jan/2025:08:57:24 -0500] "GET /js/ajax.js HTTP/1.1" 200 965 "https://malawisounds.com/307-ma-ine-by-eli-njuchi" "Mozilla/5.0 (Linux; Android 9; itel W6002 Build/PPR1.180610.011) AppleWebKit/537.36 (KHTML, like Gecko) Chrome/79.0.3945.116 Mobile Safari/537.36"
137.196.0.8 - - [03/Jan/2025:08:57:24 -0500] "GET /js/facebook-api.js HTTP/1.1" 200 281 "https://malawisounds.com/307-ma-ine-by-eli-njuchi" "Mozilla/5.0 (Linux; Android 9; itel W6002 Build/PPR1.180610.011) AppleWebKit/537.36 (KHTML, like Gecko) Chrome/79.0.3945.116 Mobile Safari/537.36"
137.196.0.8 - - [03/Jan/2025:08:57:25 -0500] "GET /Icons/msounds1.png HTTP/1.1" 200 11619 "https://malawisounds.com/307-ma-ine-by-eli-njuchi" "Mozilla/5.0 (Linux; Android 9; itel W6002 Build/PPR1.180610.011) AppleWebKit/537.36 (KHTML, like Gecko) Chrome/79.0.3945.116 Mobile Safari/537.36"
137.196.0.8 - - [03/Jan/2025:08:57:25 -0500] "GET /js/nav.js HTTP/1.1" 200 99 "https://malawisounds.com/307-ma-ine-by-eli-njuchi" "Mozilla/5.0 (Linux; Android 9; itel W6002 Build/PPR1.180610.011) AppleWebKit/537.36 (KHTML, like Gecko) Chrome/79.0.3945.116 Mobile Safari/537.36"
137.196.0.8 - - [03/Jan/2025:08:57:25 -0500] "GET /js/jquery.js HTTP/1.1" 200 35358 "https://malawisounds.com/307-ma-ine-by-eli-njuchi" "Mozilla/5.0 (Linux; Android 9; itel W6002 Build/PPR1.180610.011) AppleWebKit/537.36 (KHTML, like Gecko) Chrome/79.0.3945.116 Mobile Safari/537.36"
137.196.0.8 - - [03/Jan/2025:08:57:25 -0500] "GET /js/wow.js HTTP/1.1" 200 4305 "https://malawisounds.com/307-ma-ine-by-eli-njuchi" "Mozilla/5.0 (Linux; Android 9; itel W6002 Build/PPR1.180610.011) AppleWebKit/537.36 (KHTML, like Gecko) Chrome/79.0.3945.116 Mobile Safari/537.36"
137.196.0.8 - - [03/Jan/2025:08:57:25 -0500] "GET /Icons/facebook.png HTTP/1.1" 200 2279 "https://malawisounds.com/307-ma-ine-by-eli-njuchi" "Mozilla/5.0 (Linux; Android 9; itel W6002 Build/PPR1.180610.011) AppleWebKit/537.36 (KHTML, like Gecko) Chrome/79.0.3945.116 Mobile Safari/537.36"
137.196.0.8 - - [03/Jan/2025:08:57:25 -0500] "GET /Icons/twitter.png HTTP/1.1" 200 2415 "https://malawisounds.com/307-ma-ine-by-eli-njuchi" "Mozilla/5.0 (Linux; Android 9; itel W6002 Build/PPR1.180610.011) AppleWebKit/537.36 (KHTML, like Gecko) Chrome/79.0.3945.116 Mobile Safari/537.36"
137.196.0.8 - - [03/Jan/2025:08:57:25 -0500] "GET /bootstrap/fonts/glyphicons-halflings-regular.woff2 HTTP/1.1" 200 18028 "https://malawisounds.com/bootstrap/css/bootstrap.min.css" "Mozilla/5.0 (Linux; Android 9; itel W6002 Build/PPR1.180610.011) AppleWebKit/537.36 (KHTML, like Gecko) Chrome/79.0.3945.116 Mobile Safari/537.36"
137.196.0.8 - - [03/Jan/2025:08:57:25 -0500] "GET /fonts/Gothic.ttf HTTP/1.1" 200 112628 "https://malawisounds.com/css/load.css" "Mozilla/5.0 (Linux; Android 9; itel W6002 Build/PPR1.180610.011) AppleWebKit/537.36 (KHTML, like Gecko) Chrome/79.0.3945.116 Mobile Safari/537.36"
137.196.0.8 - - [03/Jan/2025:08:57:25 -0500] "GET /fonts/Gothic-B.ttf HTTP/1.1" 200 129676 "https://malawisounds.com/css/load.css" "Mozilla/5.0 (Linux; Android 9; itel W6002 Build/PPR1.180610.011) AppleWebKit/537.36 (KHTML, like Gecko) Chrome/79.0.3945.116 Mobile Safari/537.36"
137.196.0.8 - - [03/Jan/2025:08:57:25 -0500] "GET /Icons/instagram.png HTTP/1.1" 200 2764 "https://malawisounds.com/307-ma-ine-by-eli-njuchi" "Mozilla/5.0 (Linux; Android 9; itel W6002 Build/PPR1.180610.011) AppleWebKit/537.36 (KHTML, like Gecko) Chrome/79.0.3945.116 Mobile Safari/537.36"
137.196.0.8 - - [03/Jan/2025:08:57:26 -0500] "GET /bio/mwsounds-20200710082408-onesmus.jpg HTTP/1.1" 200 30093 "https://malawisounds.com/307-ma-ine-by-eli-njuchi" "Mozilla/5.0 (Linux; Android 9; itel W6002 Build/PPR1.180610.011) AppleWebKit/537.36 (KHTML, like Gecko) Chrome/79.0.3945.116 Mobile Safari/537.36"
137.196.0.8 - - [03/Jan/2025:08:57:26 -0500] "GET /bio/mwsounds-20230703010954-IMG-20230703-030900.jpg HTTP/1.1" 200 25808 "https://malawisounds.com/307-ma-ine-by-eli-njuchi" "Mozilla/5.0 (Linux; Android 9; itel W6002 Build/PPR1.180610.011) AppleWebKit/537.36 (KHTML, like Gecko) Chrome/79.0.3945.116 Mobile Safari/537.36"
137.196.0.8 - - [03/Jan/2025:08:57:26 -0500] "GET /bio/mwsounds-20200706205025-tay-grin---Copy.jpg HTTP/1.1" 200 43244 "https://malawisounds.com/307-ma-ine-by-eli-njuchi" "Mozilla/5.0 (Linux; Android 9; itel W6002 Build/PPR1.180610.011) AppleWebKit/537.36 (KHTML, like Gecko) Chrome/79.0.3945.116 Mobile Safari/537.36"
137.196.0.8 - - [03/Jan/2025:08:57:26 -0500] "GET /images/mwsounds-20201015011751-120899719_2659342197661123_3252634635895711369_o.jpg HTTP/1.1" 200 20890 "https://malawisounds.com/307-ma-ine-by-eli-njuchi" "Mozilla/5.0 (Linux; Android 9; itel W6002 Build/PPR1.180610.011) AppleWebKit/537.36 (KHTML, like Gecko) Chrome/79.0.3945.116 Mobile Safari/537.36"
137.196.0.8 - - [03/Jan/2025:08:57:26 -0500] "GET /bio/mwsounds-20200801042643-Dr.Drew.jpg HTTP/1.1" 200 80629 "https://malawisounds.com/307-ma-ine-by-eli-njuchi" "Mozilla/5.0 (Linux; Android 9; itel W6002 Build/PPR1.180610.011) AppleWebKit/537.36 (KHTML, like Gecko) Chrome/79.0.3945.116 Mobile Safari/537.36"
137.196.0.8 - - [03/Jan/2025:08:57:26 -0500] "GET /ads/MS%20covid.jpg HTTP/1.1" 200 273002 "https://malawisounds.com/307-ma-ine-by-eli-njuchi" "Mozilla/5.0 (Linux; Android 9; itel W6002 Build/PPR1.180610.011) AppleWebKit/537.36 (KHTML, like Gecko) Chrome/79.0.3945.116 Mobile Safari/537.36"
137.196.0.8 - - [03/Jan/2025:08:57:34 -0500] "GET /bio/mwsounds-20200706204045-gwamba.jpg HTTP/1.1" 200 39055 "https://malawisounds.com/307-ma-ine-by-eli-njuchi" "Mozilla/5.0 (Linux; Android 9; itel W6002 Build/PPR1.180610.011) AppleWebKit/537.36 (KHTML, like Gecko) Chrome/79.0.3945.116 Mobile Safari/537.36"
137.196.0.8 - - [03/Jan/2025:08:57:34 -0500] "GET /bio/mwsounds-20200706203533-Namadigo.jpg HTTP/1.1" 200 33718 "https://malawisounds.com/307-ma-ine-by-eli-njuchi" "Mozilla/5.0 (Linux; Android 9; itel W6002 Build/PPR1.180610.011) AppleWebKit/537.36 (KHTML, like Gecko) Chrome/79.0.3945.116 Mobile Safari/537.36"
137.196.0.8 - - [03/Jan/2025:08:57:35 -0500] "GET /null HTTP/1.1" 404 1251 "https://malawisounds.com/307-ma-ine-by-eli-njuchi" "Mozilla/5.0 (Linux; Android 9; itel W6002 Build/PPR1.180610.011) AppleWebKit/537.36 (KHTML, like Gecko) Chrome/79.0.3945.116 Mobile Safari/537.36"
137.196.0.8 - - [03/Jan/2025:08:57:35 -0500] "GET /bio/mwsounds-20200706120806-FB_IMG_1590948777511.jpg HTTP/1.1" 200 19662 "https://malawisounds.com/307-ma-ine-by-eli-njuchi" "Mozilla/5.0 (Linux; Android 9; itel W6002 Build/PPR1.180610.011) AppleWebKit/537.36 (KHTML, like Gecko) Chrome/79.0.3945.116 Mobile Safari/537.36"
137.196.0.8 - - [03/Jan/2025:08:57:38 -0500] "GET /download.php?id=307&name=Eli%20Njuchi-Ma%20Ine HTTP/1.1" 200 7643563 "https://malawisounds.com/307-ma-ine-by-eli-njuchi" "Mozilla/5.0 (Linux; Android 9; itel W6002 Build/PPR1.180610.011) AppleWebKit/537.36 (KHTML, like Gecko) Chrome/79.0.3945.116 Mobile Safari/537.36"
66.249.93.65 - - [03/Jan/2025:08:57:42 -0500] "GET /download.php?id=307&name=Eli+Njuchi-Ma+Ine HTTP/1.1" 200 7643563 "-" "Mozilla/5.0 (Linux; Android 7.0; SM-G930V Build/NRD90M) AppleWebKit/537.36 (KHTML, like Gecko) Chrome/59.0.3071.125 Mobile Safari/537.36 (compatible; Google-Read-Aloud; +https://support.google.com/webmasters/answer/1061943)"
74.125.210.6 - - [03/Jan/2025:08:57:44 -0500] "GET /download.php?id=307&name=Eli+Njuchi-Ma+Ine HTTP/1.1" 200 7643563 "-" "Mozilla/5.0 (Linux; Android 7.0; SM-G930V Build/NRD90M) AppleWebKit/537.36 (KHTML, like Gecko) Chrome/59.0.3071.125 Mobile Safari/537.36 (compatible; Google-Read-Aloud; +https://support.google.com/webmasters/answer/1061943)"
74.125.210.8 - - [03/Jan/2025:08:57:44 -0500] "GET /download.php?id=307&name=Eli+Njuchi-Ma+Ine HTTP/1.1" 200 7643563 "-" "Mozilla/5.0 (Linux; Android 7.0; SM-G930V Build/NRD90M) AppleWebKit/537.36 (KHTML, like Gecko) Chrome/59.0.3071.125 Mobile Safari/537.36 (compatible; Google-Read-Aloud; +https://support.google.com/webmasters/answer/1061943)"
52.167.144.190 - - [03/Jan/2025:08:57:49 -0500] "GET /download.php?id=1628&name=Remon%20Fuse%20-Tweyagale HTTP/1.1" 200 2336770 "-" "Mozilla/5.0 AppleWebKit/537.36 (KHTML, like Gecko; compatible; bingbot/2.0; +http://www.bing.com/bingbot.htm) Chrome/116.0.1938.76 Safari/537.36"
137.196.0.8 - - [03/Jan/2025:08:57:59 -0500] "GET /download.php?id=307&name=Eli%20Njuchi-Ma%20Ine HTTP/1.1" 200 7643563 "-" "com.google.android.apps.searchlite/173804 (Linux; U; Android 9; en_US; itel W6002; Build/PPR1.180610.011; Cronet/76.0.3809.111)"
51.222.253.8 - - [03/Jan/2025:08:58:10 -0500] "GET /artist=princi-musiq HTTP/1.1" 200 3109 "-" "Mozilla/5.0 (compatible; AhrefsBot/7.0; +http://ahrefs.com/robot/)"
51.222.253.10 - - [03/Jan/2025:08:59:34 -0500] "GET /download.php?id=187&name=Ross%20K+Stoie+Rated%2018-Real%20one HTTP/1.1" 200 18 "-" "Mozilla/5.0 (compatible; AhrefsBot/7.0; +http://ahrefs.com/robot/)"
52.167.144.190 - - [03/Jan/2025:08:59:50 -0500] "GET /1nwui7do5w.html HTTP/1.1" 404 1251 "-" "Mozilla/5.0 AppleWebKit/537.36 (KHTML, like Gecko; compatible; bingbot/2.0; +http://www.bing.com/bingbot.htm) Chrome/116.0.1938.76 Safari/537.36"
51.222.253.12 - - [03/Jan/2025:09:00:18 -0500] "GET /sid-781-mtima-by-el-wad HTTP/1.1" 200 3218 "-" "Mozilla/5.0 (compatible; AhrefsBot/7.0; +http://ahrefs.com/robot/)"
51.222.253.3 - - [03/Jan/2025:09:00:57 -0500] "GET /1110-Zinandiwawa--by-Omex-RB-ft-Chiko-Rew HTTP/1.1" 200 4007 "-" "Mozilla/5.0 (compatible; AhrefsBot/7.0; +http://ahrefs.com/robot/)"
40.77.167.68 - - [03/Jan/2025:09:01:11 -0500] "GET /17ra0rweg1.html HTTP/1.1" 404 1251 "-" "Mozilla/5.0 AppleWebKit/537.36 (KHTML, like Gecko; compatible; bingbot/2.0; +http://www.bing.com/bingbot.htm) Chrome/116.0.1938.76 Safari/537.36"
51.222.253.2 - - [03/Jan/2025:09:01:24 -0500] "GET /sid-1127-i'm-redeemed--by-the-chronicles-lilongwe-band- HTTP/1.1" 200 3286 "-" "Mozilla/5.0 (compatible; AhrefsBot/7.0; +http://ahrefs.com/robot/)"
52.167.144.145 - - [03/Jan/2025:09:01:37 -0500] "GET /22rknxoz.html HTTP/1.1" 404 1251 "-" "Mozilla/5.0 AppleWebKit/537.36 (KHTML, like Gecko; compatible; bingbot/2.0; +http://www.bing.com/bingbot.htm) Chrome/116.0.1938.76 Safari/537.36"
51.222.253.2 - - [03/Jan/2025:09:01:51 -0500] "GET /artist=spencer HTTP/1.1" 200 3139 "-" "Mozilla/5.0 (compatible; AhrefsBot/7.0; +http://ahrefs.com/robot/)"
52.167.144.145 - - [03/Jan/2025:09:02:17 -0500] "GET /13tlr5zlrc.html HTTP/1.1" 404 1251 "-" "Mozilla/5.0 AppleWebKit/537.36 (KHTML, like Gecko; compatible; bingbot/2.0; +http://www.bing.com/bingbot.htm) Chrome/116.0.1938.76 Safari/537.36"
51.222.253.20 - - [03/Jan/2025:09:02:20 -0500] "GET /sid-438-moment-by-ditry-flo-ft-wakisa-james HTTP/1.1" 200 3256 "-" "Mozilla/5.0 (compatible; AhrefsBot/7.0; +http://ahrefs.com/robot/)"
82.145.222.33 - - [03/Jan/2025:09:02:20 -0500] "GET /833-Nokia-tone-amapiano--by-Dj-TryMoo- HTTP/1.1" 200 4471 "https://www.google.com/search?client=ms-opera-mini&sca_esv=89d328a6064c3067&q=Nokia+Amapiano+Beat+mp3+download&sa=X&ved=2ahUKEwjrgria29mKAxWY_rsIHbzoE0AQ1QJ6BAgIEAQ" "Opera/9.80 (MAUI Runtime; Opera Mini/4.4.32206/191.361; U; en) Presto/2.12.423 Version/12.16"
82.145.222.33 - - [03/Jan/2025:09:02:20 -0500] "GET /Icons/malawisounds.ico HTTP/1.1" 200 4286 "https://www.malawisounds.com/833-Nokia-tone-amapiano--by-Dj-TryMoo-" "Opera/9.80 (MAUI Runtime; Opera Mini/4.4.32206/191.361; U; en) Presto/2.12.423 Version/12.16"
82.145.222.33 - - [03/Jan/2025:09:02:20 -0500] "GET /js/ajax.js HTTP/1.1" 200 965 "https://www.malawisounds.com/833-Nokia-tone-amapiano--by-Dj-TryMoo-" "Opera/9.80 (MAUI Runtime; Opera Mini/4.4.32206/191.361; U; en) Presto/2.12.423 Version/12.16"
82.145.222.33 - - [03/Jan/2025:09:02:20 -0500] "GET /bio/mwsounds-20230703010954-IMG-20230703-030900.jpg HTTP/1.1" 200 25808 "https://www.malawisounds.com/833-Nokia-tone-amapiano--by-Dj-TryMoo-" "Opera/9.80 (MAUI Runtime; Opera Mini/4.4.32206/191.361; U; en) Presto/2.12.423 Version/12.16"
82.145.222.33 - - [03/Jan/2025:09:02:20 -0500] "GET /bio/mwsounds-20200706120806-FB_IMG_1590948777511.jpg HTTP/1.1" 200 19662 "https://www.malawisounds.com/833-Nokia-tone-amapiano--by-Dj-TryMoo-" "Opera/9.80 (MAUI Runtime; Opera Mini/4.4.32206/191.361; U; en) Presto/2.12.423 Version/12.16"
82.145.222.33 - - [03/Jan/2025:09:02:21 -0500] "GET /css/load.css HTTP/1.1" 200 10718 "https://www.malawisounds.com/833-Nokia-tone-amapiano--by-Dj-TryMoo-" "Opera/9.80 (MAUI Runtime; Opera Mini/4.4.32206/191.361; U; en) Presto/2.12.423 Version/12.16"
82.145.222.33 - - [03/Jan/2025:09:02:21 -0500] "GET /css/w3.css HTTP/1.1" 200 6038 "https://www.malawisounds.com/833-Nokia-tone-amapiano--by-Dj-TryMoo-" "Opera/9.80 (MAUI Runtime; Opera Mini/4.4.32206/191.361; U; en) Presto/2.12.423 Version/12.16"
82.145.222.33 - - [03/Jan/2025:09:02:21 -0500] "GET /js/facebook-api.js HTTP/1.1" 200 281 "https://www.malawisounds.com/833-Nokia-tone-amapiano--by-Dj-TryMoo-" "Opera/9.80 (MAUI Runtime; Opera Mini/4.4.32206/191.361; U; en) Presto/2.12.423 Version/12.16"
82.145.222.33 - - [03/Jan/2025:09:02:21 -0500] "GET /Icons/msounds1.png HTTP/1.1" 200 11619 "https://www.malawisounds.com/833-Nokia-tone-amapiano--by-Dj-TryMoo-" "Opera/9.80 (MAUI Runtime; Opera Mini/4.4.32206/191.361; U; en) Presto/2.12.423 Version/12.16"
82.145.222.33 - - [03/Jan/2025:09:02:21 -0500] "GET /Icons/facebook.png HTTP/1.1" 200 2279 "https://www.malawisounds.com/833-Nokia-tone-amapiano--by-Dj-TryMoo-" "Opera/9.80 (MAUI Runtime; Opera Mini/4.4.32206/191.361; U; en) Presto/2.12.423 Version/12.16"
82.145.222.33 - - [03/Jan/2025:09:02:21 -0500] "GET /bootstrap/css/bootstrap.min.css HTTP/1.1" 200 25196 "https://www.malawisounds.com/833-Nokia-tone-amapiano--by-Dj-TryMoo-" "Opera/9.80 (MAUI Runtime; Opera Mini/4.4.32206/191.361; U; en) Presto/2.12.423 Version/12.16"
82.145.222.33 - - [03/Jan/2025:09:02:21 -0500] "GET /impact/stylesheet.css HTTP/1.1" 200 180 "https://www.malawisounds.com/833-Nokia-tone-amapiano--by-Dj-TryMoo-" "Opera/9.80 (MAUI Runtime; Opera Mini/4.4.32206/191.361; U; en) Presto/2.12.423 Version/12.16"
82.145.222.33 - - [03/Jan/2025:09:02:21 -0500] "GET /css/animate.css HTTP/1.1" 200 6503 "https://www.malawisounds.com/833-Nokia-tone-amapiano--by-Dj-TryMoo-" "Opera/9.80 (MAUI Runtime; Opera Mini/4.4.32206/191.361; U; en) Presto/2.12.423 Version/12.16"
82.145.222.33 - - [03/Jan/2025:09:02:21 -0500] "GET /bio/mwsounds-20200710082408-onesmus.jpg HTTP/1.1" 200 30093 "https://www.malawisounds.com/833-Nokia-tone-amapiano--by-Dj-TryMoo-" "Opera/9.80 (MAUI Runtime; Opera Mini/4.4.32206/191.361; U; en) Presto/2.12.423 Version/12.16"
82.145.222.33 - - [03/Jan/2025:09:02:21 -0500] "GET /Icons/instagram.png HTTP/1.1" 200 2764 "https://www.malawisounds.com/833-Nokia-tone-amapiano--by-Dj-TryMoo-" "Opera/9.80 (MAUI Runtime; Opera Mini/4.4.32206/191.361; U; en) Presto/2.12.423 Version/12.16"
82.145.222.33 - - [03/Jan/2025:09:02:21 -0500] "GET /bio/mwsounds-20200706205025-tay-grin---Copy.jpg HTTP/1.1" 200 43244 "https://www.malawisounds.com/833-Nokia-tone-amapiano--by-Dj-TryMoo-" "Opera/9.80 (MAUI Runtime; Opera Mini/4.4.32206/191.361; U; en) Presto/2.12.423 Version/12.16"
82.145.222.33 - - [03/Jan/2025:09:02:21 -0500] "GET /Icons/twitter.png HTTP/1.1" 200 2415 "https://www.malawisounds.com/833-Nokia-tone-amapiano--by-Dj-TryMoo-" "Opera/9.80 (MAUI Runtime; Opera Mini/4.4.32206/191.361; U; en) Presto/2.12.423 Version/12.16"
82.145.222.33 - - [03/Jan/2025:09:02:21 -0500] "GET /bio/mwsounds-20200801042643-Dr.Drew.jpg HTTP/1.1" 200 80629 "https://www.malawisounds.com/833-Nokia-tone-amapiano--by-Dj-TryMoo-" "Opera/9.80 (MAUI Runtime; Opera Mini/4.4.32206/191.361; U; en) Presto/2.12.423 Version/12.16"
82.145.222.33 - - [03/Jan/2025:09:02:21 -0500] "GET /bio/mwsounds-20200706204045-gwamba.jpg HTTP/1.1" 200 39055 "https://www.malawisounds.com/833-Nokia-tone-amapiano--by-Dj-TryMoo-" "Opera/9.80 (MAUI Runtime; Opera Mini/4.4.32206/191.361; U; en) Presto/2.12.423 Version/12.16"
82.145.222.33 - - [03/Jan/2025:09:02:21 -0500] "GET /bio/mwsounds-20200706203533-Namadigo.jpg HTTP/1.1" 200 33718 "https://www.malawisounds.com/833-Nokia-tone-amapiano--by-Dj-TryMoo-" "Opera/9.80 (MAUI Runtime; Opera Mini/4.4.32206/191.361; U; en) Presto/2.12.423 Version/12.16"
82.145.222.33 - - [03/Jan/2025:09:02:21 -0500] "GET /js/jquery.js HTTP/1.1" 200 35358 "https://www.malawisounds.com/833-Nokia-tone-amapiano--by-Dj-TryMoo-" "Opera/9.80 (MAUI Runtime; Opera Mini/4.4.32206/191.361; U; en) Presto/2.12.423 Version/12.16"
82.145.222.33 - - [03/Jan/2025:09:02:21 -0500] "GET /ads/MS%20covid.jpg HTTP/1.1" 200 273002 "https://www.malawisounds.com/833-Nokia-tone-amapiano--by-Dj-TryMoo-" "Opera/9.80 (MAUI Runtime; Opera Mini/4.4.32206/191.361; U; en) Presto/2.12.423 Version/12.16"
82.145.222.33 - - [03/Jan/2025:09:02:21 -0500] "GET /images/mwsounds-20220204-114806-Nokia-tone-amapiano-by-Dj-TryMoo-.jpg HTTP/1.1" 200 26083 "https://www.malawisounds.com/833-Nokia-tone-amapiano--by-Dj-TryMoo-" "Opera/9.80 (MAUI Runtime; Opera Mini/4.4.32206/191.361; U; en) Presto/2.12.423 Version/12.16"
82.145.222.33 - - [03/Jan/2025:09:02:21 -0500] "GET /js/nav.js HTTP/1.1" 200 99 "https://www.malawisounds.com/833-Nokia-tone-amapiano--by-Dj-TryMoo-" "Opera/9.80 (MAUI Runtime; Opera Mini/4.4.32206/191.361; U; en) Presto/2.12.423 Version/12.16"
82.145.222.33 - - [03/Jan/2025:09:02:21 -0500] "GET /js/wow.js HTTP/1.1" 200 4305 "https://www.malawisounds.com/833-Nokia-tone-amapiano--by-Dj-TryMoo-" "Opera/9.80 (MAUI Runtime; Opera Mini/4.4.32206/191.361; U; en) Presto/2.12.423 Version/12.16"
82.145.222.33 - - [03/Jan/2025:09:02:21 -0500] "GET /js/nav.js HTTP/1.1" 200 99 "https://www.malawisounds.com/833-Nokia-tone-amapiano--by-Dj-TryMoo-" "Opera/9.80 (MAUI Runtime; Opera Mini/4.4.32206/191.361; U; en) Presto/2.12.423 Version/12.16"
82.145.222.33 - - [03/Jan/2025:09:02:21 -0500] "GET /images/mwsounds-20220204-114806-Nokia-tone-amapiano-by-Dj-TryMoo-.jpg HTTP/1.1" 200 26083 "https://www.malawisounds.com/833-Nokia-tone-amapiano--by-Dj-TryMoo-" "Opera/9.80 (MAUI Runtime; Opera Mini/4.4.32206/191.361; U; en) Presto/2.12.423 Version/12.16"
82.145.222.33 - - [03/Jan/2025:09:02:21 -0500] "GET /fonts/Gothic.ttf HTTP/1.1" 200 112628 "https://www.malawisounds.com/833-Nokia-tone-amapiano--by-Dj-TryMoo-" "Opera/9.80 (MAUI Runtime; Opera Mini/4.4.32206/191.361; U; en) Presto/2.12.423 Version/12.16"
82.145.222.33 - - [03/Jan/2025:09:02:21 -0500] "GET /fonts/Gothic-B.ttf HTTP/1.1" 200 129676 "https://www.malawisounds.com/833-Nokia-tone-amapiano--by-Dj-TryMoo-" "Opera/9.80 (MAUI Runtime; Opera Mini/4.4.32206/191.361; U; en) Presto/2.12.423 Version/12.16"
82.145.222.33 - - [03/Jan/2025:09:02:21 -0500] "GET /bootstrap/fonts/glyphicons-halflings-regular.woff HTTP/1.1" 200 23424 "https://www.malawisounds.com/833-Nokia-tone-amapiano--by-Dj-TryMoo-" "Opera/9.80 (MAUI Runtime; Opera Mini/4.4.32206/191.361; U; en) Presto/2.12.423 Version/12.16"
110.249.202.42 - - [03/Jan/2025:09:02:39 -0500] "GET /artist=Ronald-Chikafa HTTP/1.1" 200 3282 "-" "Mozilla/5.0 (Linux; Android 5.0) AppleWebKit/537.36 (KHTML, like Gecko) Mobile Safari/537.36 (compatible; Bytespider; https://zhanzhang.toutiao.com/)"
110.249.202.42 - - [03/Jan/2025:09:02:40 -0500] "GET /null HTTP/1.1" 404 1251 "https://www.malawisounds.com/artist=Ronald-Chikafa" "Mozilla/5.0 (Linux; Android 5.0) AppleWebKit/537.36 (KHTML, like Gecko) Mobile Safari/537.36 (compatible; Bytespider; https://zhanzhang.toutiao.com/)"
110.249.202.42 - - [03/Jan/2025:09:02:40 -0500] "GET /bio/mwsounds-20201020132451-Ronald-Chikafa.jpg HTTP/1.1" 206 500 "https://www.malawisounds.com/artist=Ronald-Chikafa" "Mozilla/5.0 (Linux; Android 5.0) AppleWebKit/537.36 (KHTML, like Gecko) Mobile Safari/537.36 (compatible; Bytespider; https://zhanzhang.toutiao.com/)"
52.167.144.24 - - [03/Jan/2025:09:02:41 -0500] "GET /29uj6r35hp.html HTTP/1.1" 404 1251 "-" "Mozilla/5.0 AppleWebKit/537.36 (KHTML, like Gecko; compatible; bingbot/2.0; +http://www.bing.com/bingbot.htm) Chrome/116.0.1938.76 Safari/537.36"
40.77.167.68 - - [03/Jan/2025:09:02:54 -0500] "GET /65w4q3urv.html HTTP/1.1" 404 1251 "-" "Mozilla/5.0 AppleWebKit/537.36 (KHTML, like Gecko; compatible; bingbot/2.0; +http://www.bing.com/bingbot.htm) Chrome/116.0.1938.76 Safari/537.36"
51.222.253.3 - - [03/Jan/2025:09:03:11 -0500] "GET /videos?pageno=41 HTTP/1.1" 200 2867 "-" "Mozilla/5.0 (compatible; AhrefsBot/7.0; +http://ahrefs.com/robot/)"
31.13.115.10 - - [03/Jan/2025:09:03:58 -0500] "GET /article=29 HTTP/1.1" 200 12738 "-" "meta-externalagent/1.1 (+https://developers.facebook.com/docs/sharing/webmasters/crawler)"
31.13.115.3 - - [03/Jan/2025:09:03:58 -0500] "GET /article=30 HTTP/1.1" 200 12267 "-" "meta-externalagent/1.1 (+https://developers.facebook.com/docs/sharing/webmasters/crawler)"
51.222.253.15 - - [03/Jan/2025:09:03:58 -0500] "GET /aid-418-ep-stream-fairytale-ft.-paul-chidzibwa HTTP/1.1" 200 3493 "-" "Mozilla/5.0 (compatible; AhrefsBot/7.0; +http://ahrefs.com/robot/)"
216.244.66.237 - - [03/Jan/2025:09:03:58 -0500] "GET /download_album.php?id=21 HTTP/1.1" 200 3661936 "-" "Mozilla/5.0 (compatible; DotBot/1.2; +https://opensiteexplorer.org/dotbot; help@moz.com)"
51.222.253.7 - - [03/Jan/2025:09:04:24 -0500] "GET /aid-420-ep-stream-simp HTTP/1.1" 200 3524 "-" "Mozilla/5.0 (compatible; AhrefsBot/7.0; +http://ahrefs.com/robot/)"
51.222.253.17 - - [03/Jan/2025:09:04:47 -0500] "GET /sid-1306-ndalakwisa-chan--by-yat-kay-music- HTTP/1.1" 200 3240 "-" "Mozilla/5.0 (compatible; AhrefsBot/7.0; +http://ahrefs.com/robot/)"
51.222.253.12 - - [03/Jan/2025:09:05:12 -0500] "GET /sid-361-stranded-by-saitira-set+i-keyz+cracksin+born-ma+chimzie+shinah HTTP/1.1" 200 3292 "-" "Mozilla/5.0 (compatible; AhrefsBot/7.0; +http://ahrefs.com/robot/)"
51.222.253.17 - - [03/Jan/2025:09:05:38 -0500] "GET /sid-1128-amai-anga-ndimbambande-by-grace-anankhoma-mataka HTTP/1.1" 200 3250 "-" "Mozilla/5.0 (compatible; AhrefsBot/7.0; +http://ahrefs.com/robot/)"
51.222.253.16 - - [03/Jan/2025:09:06:02 -0500] "GET /videos?pageno=22 HTTP/1.1" 200 2833 "-" "Mozilla/5.0 (compatible; AhrefsBot/7.0; +http://ahrefs.com/robot/)"
51.222.253.14 - - [03/Jan/2025:09:06:55 -0500] "GET /sid-264-fear-no-evil-by-ishmael HTTP/1.1" 200 3209 "-" "Mozilla/5.0 (compatible; AhrefsBot/7.0; +http://ahrefs.com/robot/)"
51.222.253.19 - - [03/Jan/2025:09:07:14 -0500] "GET /sid-1522-pomwe-unkandisiya-by-joy-fix_ft_khebra-mw HTTP/1.1" 200 3294 "-" "Mozilla/5.0 (compatible; AhrefsBot/7.0; +http://ahrefs.com/robot/)"
51.222.253.16 - - [03/Jan/2025:09:08:05 -0500] "GET /videos?pageno=18 HTTP/1.1" 200 2833 "-" "Mozilla/5.0 (compatible; AhrefsBot/7.0; +http://ahrefs.com/robot/)"
216.86.160.200 - - [03/Jan/2025:09:08:13 -0500] "GET /album_images/img_20200622_215623.jpg HTTP/1.1" 200 37227 "https://example.com" "Mozilla/5.0 (Windows NT 10.0; Win64; x64; rv:118.0) Gecko/20100101 Firefox/118.0"
69.171.249.115 - - [03/Jan/2025:09:08:49 -0500] "GET /images/mwsounds-20220506-070255-Anointed-For-Showing-by-Israel.jpg HTTP/1.1" 200 24004 "-" "facebookexternalhit/1.1 (+http://www.facebook.com/externalhit_uatext.php)"
197.184.70.15 - - [03/Jan/2025:09:08:55 -0500] "GET /artist=harris-chiwalo HTTP/1.1" 200 3689 "-" "Mozilla/5.0 (Windows NT 10.0; Win64; x64; rv:109.0) Gecko/20100101 Firefox/111.0"
51.222.253.6 - - [03/Jan/2025:09:09:00 -0500] "GET /african-son-by-tyrance-africa HTTP/1.1" 200 4064 "-" "Mozilla/5.0 (compatible; AhrefsBot/7.0; +http://ahrefs.com/robot/)"
51.222.253.19 - - [03/Jan/2025:09:09:16 -0500] "GET /894-Malawi-by-Harofeel HTTP/1.1" 200 3932 "-" "Mozilla/5.0 (compatible; AhrefsBot/7.0; +http://ahrefs.com/robot/)"
51.222.253.19 - - [03/Jan/2025:09:09:43 -0500] "GET /sid-420-linga-by-martina HTTP/1.1" 200 3242 "-" "Mozilla/5.0 (compatible; AhrefsBot/7.0; +http://ahrefs.com/robot/)"
51.222.253.1 - - [03/Jan/2025:09:10:07 -0500] "GET /sid-437-stay-safe-by-giddens HTTP/1.1" 200 3226 "-" "Mozilla/5.0 (compatible; AhrefsBot/7.0; +http://ahrefs.com/robot/)"
51.222.253.18 - - [03/Jan/2025:09:10:41 -0500] "GET /368-Ndazitaya-by-Robertson-ft.-Shammah-Vocals-and-Davis HTTP/1.1" 200 3972 "-" "Mozilla/5.0 (compatible; AhrefsBot/7.0; +http://ahrefs.com/robot/)"
51.222.253.17 - - [03/Jan/2025:09:11:06 -0500] "GET /sid-409-hustle-by-hilco HTTP/1.1" 200 3231 "-" "Mozilla/5.0 (compatible; AhrefsBot/7.0; +http://ahrefs.com/robot/)"
51.222.253.16 - - [03/Jan/2025:09:11:34 -0500] "GET /aid-361-album-stream-chilungamo-chathatha HTTP/1.1" 200 3696 "-" "Mozilla/5.0 (compatible; AhrefsBot/7.0; +http://ahrefs.com/robot/)"
52.167.144.175 - - [03/Jan/2025:09:11:35 -0500] "GET /artist=Praise-Umali HTTP/1.1" 200 3185 "-" "Mozilla/5.0 AppleWebKit/537.36 (KHTML, like Gecko; compatible; bingbot/2.0; +http://www.bing.com/bingbot.htm) Chrome/116.0.1938.76 Safari/537.36"
52.167.144.175 - - [03/Jan/2025:09:11:36 -0500] "GET /28m7kpa05k.html HTTP/1.1" 404 1251 "-" "Mozilla/5.0 AppleWebKit/537.36 (KHTML, like Gecko; compatible; bingbot/2.0; +http://www.bing.com/bingbot.htm) Chrome/116.0.1938.76 Safari/537.36"
51.222.253.10 - - [03/Jan/2025:09:12:06 -0500] "GET /sid-420-linga-by-martina HTTP/1.1" 200 3196 "-" "Mozilla/5.0 (compatible; AhrefsBot/7.0; +http://ahrefs.com/robot/)"
216.244.66.237 - - [03/Jan/2025:09:12:08 -0500] "GET /artist=Pastor-Moffat-Mtegha HTTP/1.1" 200 12305 "-" "Mozilla/5.0 (compatible; DotBot/1.2; +https://opensiteexplorer.org/dotbot; help@moz.com)"
51.222.253.15 - - [03/Jan/2025:09:12:28 -0500] "GET /77-Wabwino-by-Ganizani-Sosteni HTTP/1.1" 200 3907 "-" "Mozilla/5.0 (compatible; AhrefsBot/7.0; +http://ahrefs.com/robot/)"
51.222.253.5 - - [03/Jan/2025:09:12:51 -0500] "GET /sid-418-p.d.s.e-by-sir-drooper HTTP/1.1" 200 3255 "-" "Mozilla/5.0 (compatible; AhrefsBot/7.0; +http://ahrefs.com/robot/)"
31.13.103.114 - - [03/Jan/2025:09:12:54 -0500] "GET /songs.php?id=198 HTTP/1.1" 200 14374 "-" "facebookexternalhit/1.1 (+http://www.facebook.com/externalhit_uatext.php)"
31.13.103.113 - - [03/Jan/2025:09:12:54 -0500] "GET /songs.php?id=198 HTTP/1.1" 200 14374 "-" "facebookexternalhit/1.1 (+http://www.facebook.com/externalhit_uatext.php)"
85.208.96.208 - - [03/Jan/2025:09:13:40 -0500] "GET /robots.txt HTTP/1.1" 404 1251 "-" "Mozilla/5.0 (compatible; SemrushBot/7~bl; +http://www.semrush.com/bot.html)"
185.191.171.18 - - [03/Jan/2025:09:13:41 -0500] "GET /1402-kokoliko-by-mastol-ft.-faith-mussa-and-shammah-vocalz HTTP/1.1" 200 4535 "-" "Mozilla/5.0 (compatible; SemrushBot/7~bl; +http://www.semrush.com/bot.html)"
51.222.253.9 - - [03/Jan/2025:09:13:50 -0500] "GET /286-Amakhala-Busy-by-Robertson-x-Shammah-Vocalz-x-Saxess HTTP/1.1" 200 3965 "-" "Mozilla/5.0 (compatible; AhrefsBot/7.0; +http://ahrefs.com/robot/)"
51.222.253.9 - - [03/Jan/2025:09:14:10 -0500] "GET /704-Osataya-Mtima-by-Mac-Jah HTTP/1.1" 200 3953 "-" "Mozilla/5.0 (compatible; AhrefsBot/7.0; +http://ahrefs.com/robot/)"
51.222.253.4 - - [03/Jan/2025:09:14:30 -0500] "GET /1004-Kuyenda-Modekha-by-Mthawira-CCAP-Children's-Choir HTTP/1.1" 200 3972 "-" "Mozilla/5.0 (compatible; AhrefsBot/7.0; +http://ahrefs.com/robot/)"
51.222.253.20 - - [03/Jan/2025:09:14:58 -0500] "GET /sid-404-solomoni-by-onesimus HTTP/1.1" 200 3225 "-" "Mozilla/5.0 (compatible; AhrefsBot/7.0; +http://ahrefs.com/robot/)"
51.222.253.2 - - [03/Jan/2025:09:15:25 -0500] "GET /sid-974-true-love-by-mr-a-k-47 HTTP/1.1" 200 3262 "-" "Mozilla/5.0 (compatible; AhrefsBot/7.0; +http://ahrefs.com/robot/)"
52.167.144.194 - - [03/Jan/2025:09:15:30 -0500] "GET /shes-human-by-phillip-sajiwa HTTP/1.1" 200 3954 "-" "Mozilla/5.0 AppleWebKit/537.36 (KHTML, like Gecko; compatible; bingbot/2.0; +http://www.bing.com/bingbot.htm) Chrome/116.0.1938.76 Safari/537.36"
51.222.253.2 - - [03/Jan/2025:09:15:54 -0500] "GET /sid-1369-mkupulika-uli-by-brave-chilanga HTTP/1.1" 200 3233 "-" "Mozilla/5.0 (compatible; AhrefsBot/7.0; +http://ahrefs.com/robot/)"
51.222.253.16 - - [03/Jan/2025:09:16:22 -0500] "GET /sid-319-tizingojama-yathu-by-emmanuel-and-viewy HTTP/1.1" 200 3203 "-" "Mozilla/5.0 (compatible; AhrefsBot/7.0; +http://ahrefs.com/robot/)"
31.13.103.114 - - [03/Jan/2025:09:16:34 -0500] "GET /artist=Eli-Njuchi HTTP/1.1" 200 11888 "-" "meta-externalagent/1.1 (+https://developers.facebook.com/docs/sharing/webmasters/crawler)"
52.167.144.209 - - [03/Jan/2025:09:17:23 -0500] "GET /867-Spirit-by-Ex-leo HTTP/1.1" 200 3903 "-" "Mozilla/5.0 AppleWebKit/537.36 (KHTML, like Gecko; compatible; bingbot/2.0; +http://www.bing.com/bingbot.htm) Chrome/116.0.1938.76 Safari/537.36"
51.222.253.17 - - [03/Jan/2025:09:17:35 -0500] "GET /sid-1369-mkupulika-uli-by-brave-chilanga HTTP/1.1" 200 3233 "-" "Mozilla/5.0 (compatible; AhrefsBot/7.0; +http://ahrefs.com/robot/)"
216.244.66.237 - - [03/Jan/2025:09:17:42 -0500] "GET /album-zip.php?title=mkati-moyesa&name=eminent_1 HTTP/1.1" 302 0 "-" "Mozilla/5.0 (compatible; DotBot/1.2; +https://opensiteexplorer.org/dotbot; help@moz.com)"
52.167.144.209 - - [03/Jan/2025:09:17:52 -0500] "GET /download_album.php?id=535 HTTP/1.1" 200 7789767 "-" "Mozilla/5.0 AppleWebKit/537.36 (KHTML, like Gecko; compatible; bingbot/2.0; +http://www.bing.com/bingbot.htm) Chrome/116.0.1938.76 Safari/537.36"
52.167.144.209 - - [03/Jan/2025:09:17:55 -0500] "GET /download_album.php?id=534 HTTP/1.1" 200 8247541 "-" "Mozilla/5.0 AppleWebKit/537.36 (KHTML, like Gecko; compatible; bingbot/2.0; +http://www.bing.com/bingbot.htm) Chrome/116.0.1938.76 Safari/537.36"
52.167.144.175 - - [03/Jan/2025:09:17:56 -0500] "GET /album-zip.php?title=shes-human&name=phillip-sajiwa HTTP/1.1" 302 0 "-" "Mozilla/5.0 AppleWebKit/537.36 (KHTML, like Gecko; compatible; bingbot/2.0; +http://www.bing.com/bingbot.htm) Chrome/116.0.1938.76 Safari/537.36"
52.167.144.175 - - [03/Jan/2025:09:17:56 -0500] "GET /zipped-albums/shes-human.zip HTTP/1.1" 200 21555039 "-" "Mozilla/5.0 AppleWebKit/537.36 (KHTML, like Gecko; compatible; bingbot/2.0; +http://www.bing.com/bingbot.htm) Chrome/116.0.1938.76 Safari/537.36"
51.222.253.6 - - [03/Jan/2025:09:17:58 -0500] "GET /sid-1187-gupta-(get-up-take-action)-by-dumi-skn HTTP/1.1" 200 3237 "-" "Mozilla/5.0 (compatible; AhrefsBot/7.0; +http://ahrefs.com/robot/)"
52.167.144.175 - - [03/Jan/2025:09:18:00 -0500] "GET /download_album.php?id=533 HTTP/1.1" 200 5706413 "-" "Mozilla/5.0 AppleWebKit/537.36 (KHTML, like Gecko; compatible; bingbot/2.0; +http://www.bing.com/bingbot.htm) Chrome/116.0.1938.76 Safari/537.36"
52.167.144.175 - - [03/Jan/2025:09:18:01 -0500] "GET /aid-534-ep-stream-exhibition- HTTP/1.1" 200 3468 "-" "Mozilla/5.0 AppleWebKit/537.36 (KHTML, like Gecko; compatible; bingbot/2.0; +http://www.bing.com/bingbot.htm) Chrome/116.0.1938.76 Safari/537.36"
52.167.144.194 - - [03/Jan/2025:09:18:02 -0500] "GET /aid-535-ep-stream-she's-human HTTP/1.1" 200 3466 "-" "Mozilla/5.0 AppleWebKit/537.36 (KHTML, like Gecko; compatible; bingbot/2.0; +http://www.bing.com/bingbot.htm) Chrome/116.0.1938.76 Safari/537.36"
51.222.253.2 - - [03/Jan/2025:09:18:50 -0500] "GET /sid-532-you're-wonderful-by-eunice-kholowa HTTP/1.1" 200 3291 "-" "Mozilla/5.0 (compatible; AhrefsBot/7.0; +http://ahrefs.com/robot/)"
142.250.32.32 - - [03/Jan/2025:09:18:54 -0500] "GET /.well-known/traffic-advice HTTP/1.1" 404 1251 "-" "Chrome Privacy Preserving Prefetch Proxy"
