51.222.253.12 - - [03/Jan/2025:20:41:49 -0500] "GET /sid-486-nkhonfi-by-macelba-ft.-ak-on-the-board HTTP/1.1" 200 3252 "-" "Mozilla/5.0 (compatible; AhrefsBot/7.0; +http://ahrefs.com/robot/)"
51.222.253.15 - - [03/Jan/2025:20:42:14 -0500] "GET /acoustic-heart-and-soul-ep-by-harris HTTP/1.1" 200 4305 "-" "Mozilla/5.0 (compatible; AhrefsBot/7.0; +http://ahrefs.com/robot/)"
51.222.253.19 - - [03/Jan/2025:20:42:38 -0500] "GET /630-All-4-U-by-Nels-Elias-ft-Gacko HTTP/1.1" 200 3946 "-" "Mozilla/5.0 (compatible; AhrefsBot/7.0; +http://ahrefs.com/robot/)"
51.222.253.9 - - [03/Jan/2025:20:43:05 -0500] "GET /sid-908-mojo-by-njuzi-mw HTTP/1.1" 200 3217 "-" "Mozilla/5.0 (compatible; AhrefsBot/7.0; +http://ahrefs.com/robot/)"
51.222.253.13 - - [03/Jan/2025:20:43:31 -0500] "GET /586-Ndimafuna-by-Wize-King+Nile+Uzmo HTTP/1.1" 200 3939 "-" "Mozilla/5.0 (compatible; AhrefsBot/7.0; +http://ahrefs.com/robot/)"
77.75.78.171 - - [03/Jan/2025:20:43:31 -0500] "GET /363-Family-First-by-Rasko-and-Nyast HTTP/1.1" 200 4461 "-" "Mozilla/5.0 (compatible; SeznamBot/4.0; +http://napoveda.seznam.cz/seznambot-intro/)"
51.222.253.10 - - [03/Jan/2025:20:43:55 -0500] "GET /sid-505-saturate-me-by-cornelius-mpesi HTTP/1.1" 200 3225 "-" "Mozilla/5.0 (compatible; AhrefsBot/7.0; +http://ahrefs.com/robot/)"
51.222.253.5 - - [03/Jan/2025:20:44:23 -0500] "GET /artist=Mylon-Cope HTTP/1.1" 200 3167 "-" "Mozilla/5.0 (compatible; AhrefsBot/7.0; +http://ahrefs.com/robot/)"
207.46.13.127 - - [03/Jan/2025:20:44:37 -0500] "GET /1357-Okay-by-Ishmael HTTP/1.1" 200 3930 "-" "Mozilla/5.0 AppleWebKit/537.36 (KHTML, like Gecko; compatible; bingbot/2.0; +http://www.bing.com/bingbot.htm) Chrome/116.0.1938.76 Safari/537.36"
52.167.144.173 - - [03/Jan/2025:20:44:48 -0500] "GET /286ekuhtyn.html HTTP/1.1" 404 1251 "-" "Mozilla/5.0 AppleWebKit/537.36 (KHTML, like Gecko; compatible; bingbot/2.0; +http://www.bing.com/bingbot.htm) Chrome/116.0.1938.76 Safari/537.36"
51.222.253.6 - - [03/Jan/2025:20:44:57 -0500] "GET /sid-558-mfumu-ya-mafumu-by-janet-c.-walusa HTTP/1.1" 200 3285 "-" "Mozilla/5.0 (compatible; AhrefsBot/7.0; +http://ahrefs.com/robot/)"
51.222.253.15 - - [03/Jan/2025:20:45:26 -0500] "GET /sid-1323-pair-up--by-i-cole-emcee-x-reeznah- HTTP/1.1" 200 3244 "-" "Mozilla/5.0 (compatible; AhrefsBot/7.0; +http://ahrefs.com/robot/)"
72.14.201.234 - - [03/Jan/2025:20:45:45 -0500] "GET /artist=Kelvin-Sings HTTP/1.1" 200 3284 "https://www.google.com/" "Mozilla/5.0 (X11; CrOS x86_64 14541.0.0) AppleWebKit/537.36 (KHTML, like Gecko) Chrome/131.0.0.0 Safari/537.36"
97.106.4.27 - - [03/Jan/2025:20:45:46 -0500] "GET /null HTTP/1.1" 404 1251 "https://www.malawisounds.com/artist=Kelvin-Sings" "Mozilla/5.0 (X11; CrOS x86_64 14541.0.0) AppleWebKit/537.36 (KHTML, like Gecko) Chrome/131.0.0.0 Safari/537.36"
51.222.253.16 - - [03/Jan/2025:20:45:47 -0500] "GET /images/mwsounds-20210331020857-saturate-me.png HTTP/1.1" 200 105127 "-" "Mozilla/5.0 (compatible; AhrefsBot/7.0; +http://ahrefs.com/robot/)"
51.222.253.7 - - [03/Jan/2025:20:45:53 -0500] "GET /sid-275-worship-pastiche-by-vin-chizuzu-and-dr.-ethel-kamwendo-banda HTTP/1.1" 200 3303 "-" "Mozilla/5.0 (compatible; AhrefsBot/7.0; +http://ahrefs.com/robot/)"
66.249.73.2 - - [03/Jan/2025:20:46:09 -0500] "GET /images/mwsounds-20210828171412-shyreen-home.jpg HTTP/1.1" 200 26882 "-" "Googlebot-Image/1.0"
51.222.253.13 - - [03/Jan/2025:20:46:56 -0500] "GET /sid-1395-searching-for-prophecy--by-alert HTTP/1.1" 200 3234 "-" "Mozilla/5.0 (compatible; AhrefsBot/7.0; +http://ahrefs.com/robot/)"
51.222.253.12 - - [03/Jan/2025:20:47:01 -0500] "GET /images/mwsounds-20210608142020-1623161756049now-available.jpg HTTP/1.1" 200 61011 "-" "Mozilla/5.0 (compatible; AhrefsBot/7.0; +http://ahrefs.com/robot/)"
51.222.253.14 - - [03/Jan/2025:20:47:26 -0500] "GET /sid-10-kabaza-by-sir-odilo HTTP/1.1" 200 3247 "-" "Mozilla/5.0 (compatible; AhrefsBot/7.0; +http://ahrefs.com/robot/)"
51.222.253.14 - - [03/Jan/2025:20:48:00 -0500] "GET /1281-Tiktok-by-Codex-Ug HTTP/1.1" 200 3947 "-" "Mozilla/5.0 (compatible; AhrefsBot/7.0; +http://ahrefs.com/robot/)"
40.77.167.121 - - [03/Jan/2025:20:48:31 -0500] "GET /rao2aufu.html HTTP/1.1" 404 1251 "-" "Mozilla/5.0 AppleWebKit/537.36 (KHTML, like Gecko; compatible; bingbot/2.0; +http://www.bing.com/bingbot.htm) Chrome/116.0.1938.76 Safari/537.36"
51.222.253.19 - - [03/Jan/2025:20:49:00 -0500] "GET /sid-74-pinda-by-dee-trice HTTP/1.1" 200 3205 "-" "Mozilla/5.0 (compatible; AhrefsBot/7.0; +http://ahrefs.com/robot/)"
51.222.253.2 - - [03/Jan/2025:20:49:36 -0500] "GET /1048-NYENYEZI-by-PAWALO HTTP/1.1" 200 3948 "-" "Mozilla/5.0 (compatible; AhrefsBot/7.0; +http://ahrefs.com/robot/)"
207.46.13.127 - - [03/Jan/2025:20:49:49 -0500] "GET /242d97bjpi.html HTTP/1.1" 404 1251 "-" "Mozilla/5.0 AppleWebKit/537.36 (KHTML, like Gecko; compatible; bingbot/2.0; +http://www.bing.com/bingbot.htm) Chrome/116.0.1938.76 Safari/537.36"
51.222.253.8 - - [03/Jan/2025:20:50:01 -0500] "GET /666-Andichengetela-by-Saxess-ft.-Grace-Jr HTTP/1.1" 200 3973 "-" "Mozilla/5.0 (compatible; AhrefsBot/7.0; +http://ahrefs.com/robot/)"
69.171.251.6 - - [03/Jan/2025:20:50:07 -0500] "GET /images/mwsounds-20230228-060240-Kumaufila-by-Samuel-ft-A.K-and-Episodz.jpg HTTP/1.1" 200 21792 "-" "facebookexternalhit/1.1 (+http://www.facebook.com/externalhit_uatext.php)"
40.77.167.65 - - [03/Jan/2025:20:50:12 -0500] "GET /download.php?id=229&name=Vinzo%20Sugar-I%20am%20a%20winner HTTP/1.1" 200 3787296 "-" "Mozilla/5.0 AppleWebKit/537.36 (KHTML, like Gecko; compatible; bingbot/2.0; +http://www.bing.com/bingbot.htm) Chrome/116.0.1938.76 Safari/537.36"
105.234.176.107 - - [03/Jan/2025:20:50:12 -0500] "GET /download.php?id=80&name=LE%27CEO-Alipo HTTP/1.1" 200 6651787 "https://www.malawisounds.com/80-Alipo-by-LE'CEO" "Mozilla/5.0 (Linux; U; Android 10; en-us; TECNO CD7 Build/QP1A.190711.020) AppleWebKit/537.36 (KHTML, like Gecko) Chrome/80.0.3987.99 Mobile Safari/537.36 PHX/16.2"
51.222.253.1 - - [03/Jan/2025:20:50:24 -0500] "GET /sid-951-show-them-by-maverlic-blexado-ft-caselore-savage- HTTP/1.1" 200 3301 "-" "Mozilla/5.0 (compatible; AhrefsBot/7.0; +http://ahrefs.com/robot/)"
51.222.253.4 - - [03/Jan/2025:20:50:54 -0500] "GET /aid-304-ep-stream-tidziwike HTTP/1.1" 200 3546 "-" "Mozilla/5.0 (compatible; AhrefsBot/7.0; +http://ahrefs.com/robot/)"
40.77.167.65 - - [03/Jan/2025:20:51:10 -0500] "GET /47u0zhmcf.html HTTP/1.1" 404 1251 "-" "Mozilla/5.0 AppleWebKit/537.36 (KHTML, like Gecko; compatible; bingbot/2.0; +http://www.bing.com/bingbot.htm) Chrome/116.0.1938.76 Safari/537.36"
51.222.253.14 - - [03/Jan/2025:20:51:49 -0500] "GET /sid-735-bad-omen-by-elsa-styles HTTP/1.1" 200 3212 "-" "Mozilla/5.0 (compatible; AhrefsBot/7.0; +http://ahrefs.com/robot/)"
31.13.127.1 - - [03/Jan/2025:20:51:54 -0500] "GET /images/mwsounds-20210907222657-img-20210907-wa0001.jpg HTTP/1.1" 200 45582 "-" "facebookexternalhit/1.1 (+http://www.facebook.com/externalhit_uatext.php)"
40.77.167.121 - - [03/Jan/2025:20:52:21 -0500] "GET /1ovpazsgeo.html HTTP/1.1" 404 1251 "-" "Mozilla/5.0 AppleWebKit/537.36 (KHTML, like Gecko; compatible; bingbot/2.0; +http://www.bing.com/bingbot.htm) Chrome/116.0.1938.76 Safari/537.36"
51.222.253.1 - - [03/Jan/2025:20:52:46 -0500] "GET /sid-341-chikondi-by-tm HTTP/1.1" 200 3209 "-" "Mozilla/5.0 (compatible; AhrefsBot/7.0; +http://ahrefs.com/robot/)"
40.77.167.65 - - [03/Jan/2025:20:53:10 -0500] "GET /8h2sdfeas.html HTTP/1.1" 404 1251 "-" "Mozilla/5.0 AppleWebKit/537.36 (KHTML, like Gecko; compatible; bingbot/2.0; +http://www.bing.com/bingbot.htm) Chrome/116.0.1938.76 Safari/537.36"
51.222.253.7 - - [03/Jan/2025:20:53:21 -0500] "GET /1343-ONE-DAY-by-Josper-G-Sir-Badman-feat-Rino-Bwoy HTTP/1.1" 200 4020 "-" "Mozilla/5.0 (compatible; AhrefsBot/7.0; +http://ahrefs.com/robot/)"
51.222.253.13 - - [03/Jan/2025:20:53:47 -0500] "GET /sid-1213-ubwino-by-phyzo-c-ft-xe-call-b-x-sticco-kay(prod-by-kells) HTTP/1.1" 200 3263 "-" "Mozilla/5.0 (compatible; AhrefsBot/7.0; +http://ahrefs.com/robot/)"
34.55.198.70 - - [03/Jan/2025:20:54:11 -0500] "GET /219-here-with-me-by-onesimus HTTP/1.1" 200 4463 "-" "Mozilla/5.0 (Macintosh; Intel Mac OS X 10_15_7) AppleWebKit/537.36 (KHTML, like Gecko) Chrome/91.0.4472.164 Safari/537.36"
51.222.253.12 - - [03/Jan/2025:20:54:16 -0500] "GET /628-Ndinu-Mulungu-by-Chikondi-Banda HTTP/1.1" 200 3918 "-" "Mozilla/5.0 (compatible; AhrefsBot/7.0; +http://ahrefs.com/robot/)"
207.46.13.87 - - [03/Jan/2025:20:54:39 -0500] "GET /av6syxtlo.html HTTP/1.1" 404 1251 "-" "Mozilla/5.0 AppleWebKit/537.36 (KHTML, like Gecko; compatible; bingbot/2.0; +http://www.bing.com/bingbot.htm) Chrome/116.0.1938.76 Safari/537.36"
51.222.253.1 - - [03/Jan/2025:20:54:41 -0500] "GET /983-Waste-my-time-by-Lokie-wolf HTTP/1.1" 200 3901 "-" "Mozilla/5.0 (compatible; AhrefsBot/7.0; +http://ahrefs.com/robot/)"
52.167.144.141 - - [03/Jan/2025:20:55:00 -0500] "GET /1sorox8zak.html HTTP/1.1" 404 1251 "-" "Mozilla/5.0 AppleWebKit/537.36 (KHTML, like Gecko; compatible; bingbot/2.0; +http://www.bing.com/bingbot.htm) Chrome/116.0.1938.76 Safari/537.36"
51.222.253.13 - - [03/Jan/2025:20:55:59 -0500] "GET /984-Alone-by-Naptin- HTTP/1.1" 200 3944 "-" "Mozilla/5.0 (compatible; AhrefsBot/7.0; +http://ahrefs.com/robot/)"
207.46.13.87 - - [03/Jan/2025:20:56:00 -0500] "GET /r3lv02sz9.html HTTP/1.1" 404 1251 "-" "Mozilla/5.0 AppleWebKit/537.36 (KHTML, like Gecko; compatible; bingbot/2.0; +http://www.bing.com/bingbot.htm) Chrome/116.0.1938.76 Safari/537.36"
51.222.253.9 - - [03/Jan/2025:20:56:28 -0500] "GET /aid-436-album-stream-spirit-of-love HTTP/1.1" 200 3699 "-" "Mozilla/5.0 (compatible; AhrefsBot/7.0; +http://ahrefs.com/robot/)"
52.167.144.141 - - [03/Jan/2025:20:57:01 -0500] "GET /194nvbmopm.html HTTP/1.1" 404 1251 "-" "Mozilla/5.0 AppleWebKit/537.36 (KHTML, like Gecko; compatible; bingbot/2.0; +http://www.bing.com/bingbot.htm) Chrome/116.0.1938.76 Safari/537.36"
51.222.253.3 - - [03/Jan/2025:20:57:56 -0500] "GET /sid-989-gwetsa-by-ze-fiasto-ft.-saxess-and-gazel HTTP/1.1" 200 3266 "-" "Mozilla/5.0 (compatible; AhrefsBot/7.0; +http://ahrefs.com/robot/)"
51.222.253.11 - - [03/Jan/2025:20:59:18 -0500] "GET /artist=Foster-S-A HTTP/1.1" 200 3694 "-" "Mozilla/5.0 (compatible; AhrefsBot/7.0; +http://ahrefs.com/robot/)"
51.222.253.1 - - [03/Jan/2025:20:59:48 -0500] "GET /1289-Tell-the-world--by-Jowie HTTP/1.1" 200 3919 "-" "Mozilla/5.0 (compatible; AhrefsBot/7.0; +http://ahrefs.com/robot/)"
52.167.144.187 - - [03/Jan/2025:20:59:59 -0500] "GET /2dcg2iwpgq.html HTTP/1.1" 404 1251 "-" "Mozilla/5.0 AppleWebKit/537.36 (KHTML, like Gecko; compatible; bingbot/2.0; +http://www.bing.com/bingbot.htm) Chrome/116.0.1938.76 Safari/537.36"
207.46.13.87 - - [03/Jan/2025:21:00:10 -0500] "GET /286-Amakhala-Busy-by-Robertson-x-Shammah-Vocalz-x-Saxess HTTP/1.1" 200 3965 "-" "Mozilla/5.0 AppleWebKit/537.36 (KHTML, like Gecko; compatible; bingbot/2.0; +http://www.bing.com/bingbot.htm) Chrome/116.0.1938.76 Safari/537.36"
51.222.253.12 - - [03/Jan/2025:21:00:22 -0500] "GET /681-Brave-With-You-by-Melvin-Music HTTP/1.1" 200 3917 "-" "Mozilla/5.0 (compatible; AhrefsBot/7.0; +http://ahrefs.com/robot/)"
114.119.158.0 - - [03/Jan/2025:21:00:53 -0500] "GET /1135-in-the-mix-by-COSTEL-HOC-&-KELLY-HOC HTTP/1.1" 200 4485 "https://www.malawisounds.com/singles?pageno=25" "Mozilla/5.0 (Linux; Android 7.0;) AppleWebKit/537.36 (KHTML, like Gecko) Mobile Safari/537.36 (compatible; PetalBot;+https://webmaster.petalsearch.com/site/petalbot)"
51.222.253.16 - - [03/Jan/2025:21:01:19 -0500] "GET /artist=Chigo HTTP/1.1" 200 3397 "-" "Mozilla/5.0 (compatible; AhrefsBot/7.0; +http://ahrefs.com/robot/)"
51.222.253.6 - - [03/Jan/2025:21:01:45 -0500] "GET /877-Ulumba-meddly-by-Ulumba-Meddly HTTP/1.1" 200 3924 "-" "Mozilla/5.0 (compatible; AhrefsBot/7.0; +http://ahrefs.com/robot/)"
51.222.253.3 - - [03/Jan/2025:21:02:12 -0500] "GET /aid-285-ep-stream-masterpiece(outsider) HTTP/1.1" 200 3478 "-" "Mozilla/5.0 (compatible; AhrefsBot/7.0; +http://ahrefs.com/robot/)"
51.222.253.10 - - [03/Jan/2025:21:02:40 -0500] "GET /sid-922-black-by-dean-ft-teemaps HTTP/1.1" 200 3223 "-" "Mozilla/5.0 (compatible; AhrefsBot/7.0; +http://ahrefs.com/robot/)"
51.222.253.2 - - [03/Jan/2025:21:03:12 -0500] "GET /1273-Caw-mih-kno-by-Alert-ft-taskforce- HTTP/1.1" 200 3972 "-" "Mozilla/5.0 (compatible; AhrefsBot/7.0; +http://ahrefs.com/robot/)"
35.185.125.84 - - [03/Jan/2025:21:03:47 -0500] "GET /media/system/js/core.js HTTP/1.1" 404 1251 "http://malawisounds.com/media/system/js/core.js" "Mozilla/5.0 (Macintosh; Intel Mac OS X 10_10_1) AppleWebKit/537.36 (KHTML, like Gecko) Chrome/39.0.2171.95 Safari/537.36"
51.222.253.12 - - [03/Jan/2025:21:03:51 -0500] "GET /sid-589-the-most-by-jimls-ft-josh-ali HTTP/1.1" 200 3224 "-" "Mozilla/5.0 (compatible; AhrefsBot/7.0; +http://ahrefs.com/robot/)"
35.185.125.84 - - [03/Jan/2025:21:03:52 -0500] "GET /wp-includes/js/jquery/jquery.js HTTP/1.1" 404 1251 "http://malawisounds.com/wp-includes/js/jquery/jquery.js" "Mozilla/5.0 (Macintosh; Intel Mac OS X 10_10_1) AppleWebKit/537.36 (KHTML, like Gecko) Chrome/39.0.2171.95 Safari/537.36"
40.77.167.32 - - [03/Jan/2025:21:04:14 -0500] "GET /7024myqkd.html HTTP/1.1" 404 1251 "-" "Mozilla/5.0 AppleWebKit/537.36 (KHTML, like Gecko; compatible; bingbot/2.0; +http://www.bing.com/bingbot.htm) Chrome/116.0.1938.76 Safari/537.36"
51.222.253.16 - - [03/Jan/2025:21:04:58 -0500] "GET /albums?pageno=111 HTTP/1.1" 200 2899 "-" "Mozilla/5.0 (compatible; AhrefsBot/7.0; +http://ahrefs.com/robot/)"
51.222.253.11 - - [03/Jan/2025:21:05:31 -0500] "GET /854-Ndamaliza-by-Cozizwa HTTP/1.1" 200 3931 "-" "Mozilla/5.0 (compatible; AhrefsBot/7.0; +http://ahrefs.com/robot/)"
51.222.253.14 - - [03/Jan/2025:21:06:04 -0500] "GET /artist=Elikam-Mathemba HTTP/1.1" 200 3147 "-" "Mozilla/5.0 (compatible; AhrefsBot/7.0; +http://ahrefs.com/robot/)"
51.222.253.5 - - [03/Jan/2025:21:06:41 -0500] "GET /sid-1274-one-with-jesus-by-chigo-grace HTTP/1.1" 200 3246 "-" "Mozilla/5.0 (compatible; AhrefsBot/7.0; +http://ahrefs.com/robot/)"
51.222.253.6 - - [03/Jan/2025:21:07:17 -0500] "GET /sid-474-the-bitter-the-wine-by-base-cube HTTP/1.1" 200 3204 "-" "Mozilla/5.0 (compatible; AhrefsBot/7.0; +http://ahrefs.com/robot/)"
102.70.12.12 - - [03/Jan/2025:21:07:39 -0500] "GET /sid-671-ngati-dolo-by-suffix-ft-onesimus HTTP/1.1" 200 3246 "https://www.google.com/" "Mozilla/5.0 (Linux; Android 10; K) AppleWebKit/537.36 (KHTML, like Gecko) Chrome/131.0.0.0 Mobile Safari/537.36"
102.70.12.12 - - [03/Jan/2025:21:07:40 -0500] "GET /css/w3.css HTTP/1.1" 200 4832 "https://www.malawisounds.com/sid-671-ngati-dolo-by-suffix-ft-onesimus" "Mozilla/5.0 (Linux; Android 10; K) AppleWebKit/537.36 (KHTML, like Gecko) Chrome/131.0.0.0 Mobile Safari/537.36"
102.70.12.12 - - [03/Jan/2025:21:07:40 -0500] "GET /impact/stylesheet.css HTTP/1.1" 200 153 "https://www.malawisounds.com/sid-671-ngati-dolo-by-suffix-ft-onesimus" "Mozilla/5.0 (Linux; Android 10; K) AppleWebKit/537.36 (KHTML, like Gecko) Chrome/131.0.0.0 Mobile Safari/537.36"
102.70.12.12 - - [03/Jan/2025:21:07:40 -0500] "GET /css/load.css HTTP/1.1" 200 8159 "https://www.malawisounds.com/sid-671-ngati-dolo-by-suffix-ft-onesimus" "Mozilla/5.0 (Linux; Android 10; K) AppleWebKit/537.36 (KHTML, like Gecko) Chrome/131.0.0.0 Mobile Safari/537.36"
102.70.12.12 - - [03/Jan/2025:21:07:40 -0500] "GET /js/codespace_api.js HTTP/1.1" 200 3842 "https://www.malawisounds.com/sid-671-ngati-dolo-by-suffix-ft-onesimus" "Mozilla/5.0 (Linux; Android 10; K) AppleWebKit/537.36 (KHTML, like Gecko) Chrome/131.0.0.0 Mobile Safari/537.36"
102.70.12.12 - - [03/Jan/2025:21:07:40 -0500] "GET /images/mwsounds-20210810011258-fb-img-1628555211786.jpg HTTP/1.1" 200 42134 "https://www.malawisounds.com/sid-671-ngati-dolo-by-suffix-ft-onesimus" "Mozilla/5.0 (Linux; Android 10; K) AppleWebKit/537.36 (KHTML, like Gecko) Chrome/131.0.0.0 Mobile Safari/537.36"
102.70.12.12 - - [03/Jan/2025:21:07:40 -0500] "GET /css/audio.css HTTP/1.1" 200 143 "https://www.malawisounds.com/sid-671-ngati-dolo-by-suffix-ft-onesimus" "Mozilla/5.0 (Linux; Android 10; K) AppleWebKit/537.36 (KHTML, like Gecko) Chrome/131.0.0.0 Mobile Safari/537.36"
102.70.12.12 - - [03/Jan/2025:21:07:40 -0500] "GET /bootstrap/css/bootstrap.css HTTP/1.1" 200 19973 "https://www.malawisounds.com/sid-671-ngati-dolo-by-suffix-ft-onesimus" "Mozilla/5.0 (Linux; Android 10; K) AppleWebKit/537.36 (KHTML, like Gecko) Chrome/131.0.0.0 Mobile Safari/537.36"
102.70.12.12 - - [03/Jan/2025:21:07:41 -0500] "GET /bootstrap/fonts/glyphicons-halflings-regular.woff2 HTTP/1.1" 200 18028 "https://www.malawisounds.com/bootstrap/css/bootstrap.css" "Mozilla/5.0 (Linux; Android 10; K) AppleWebKit/537.36 (KHTML, like Gecko) Chrome/131.0.0.0 Mobile Safari/537.36"
102.70.12.12 - - [03/Jan/2025:21:07:41 -0500] "GET /fonts/Gothic.ttf HTTP/1.1" 200 112628 "https://www.malawisounds.com/css/load.css" "Mozilla/5.0 (Linux; Android 10; K) AppleWebKit/537.36 (KHTML, like Gecko) Chrome/131.0.0.0 Mobile Safari/537.36"
102.70.12.12 - - [03/Jan/2025:21:07:41 -0500] "GET /fonts/Gothic-B.ttf HTTP/1.1" 200 129676 "https://www.malawisounds.com/css/load.css" "Mozilla/5.0 (Linux; Android 10; K) AppleWebKit/537.36 (KHTML, like Gecko) Chrome/131.0.0.0 Mobile Safari/537.36"
51.222.253.20 - - [03/Jan/2025:21:07:44 -0500] "GET /sid-263-beautiful-beyond-compare-by-melvin-music HTTP/1.1" 200 3244 "-" "Mozilla/5.0 (compatible; AhrefsBot/7.0; +http://ahrefs.com/robot/)"
102.70.12.12 - - [03/Jan/2025:21:07:41 -0500] "GET /uploads/ngati-dolo-by-suffix.mp3 HTTP/1.1" 206 10311522 "https://www.malawisounds.com/sid-671-ngati-dolo-by-suffix-ft-onesimus" "Mozilla/5.0 (Linux; Android 10; K) AppleWebKit/537.36 (KHTML, like Gecko) Chrome/131.0.0.0 Mobile Safari/537.36"
102.70.12.12 - - [03/Jan/2025:21:07:47 -0500] "GET /uploads/ngati-dolo-by-suffix.mp3 HTTP/1.1" 206 8116066 "https://www.malawisounds.com/sid-671-ngati-dolo-by-suffix-ft-onesimus" "Mozilla/5.0 (Linux; Android 10; K) AppleWebKit/537.36 (KHTML, like Gecko) Chrome/131.0.0.0 Mobile Safari/537.36"
102.70.12.12 - - [03/Jan/2025:21:07:48 -0500] "GET /Icons/malawisounds.ico HTTP/1.1" 200 4286 "https://www.malawisounds.com/sid-671-ngati-dolo-by-suffix-ft-onesimus" "Mozilla/5.0 (Linux; Android 10; K) AppleWebKit/537.36 (KHTML, like Gecko) Chrome/131.0.0.0 Mobile Safari/537.36"
102.70.12.12 - - [03/Jan/2025:21:07:50 -0500] "GET /uploads/ngati-dolo-by-suffix.mp3 HTTP/1.1" 206 7920019 "https://www.malawisounds.com/sid-671-ngati-dolo-by-suffix-ft-onesimus" "Mozilla/5.0 (Linux; Android 10; K) AppleWebKit/537.36 (KHTML, like Gecko) Chrome/131.0.0.0 Mobile Safari/537.36"
66.249.65.160 - - [03/Jan/2025:21:08:09 -0500] "GET /sid-1345-dance-tonight--by-vj-ice-ft.-mcluther- HTTP/1.1" 200 3255 "-" "Mozilla/5.0 (Linux; Android 6.0.1; Nexus 5X Build/MMB29P) AppleWebKit/537.36 (KHTML, like Gecko) Chrome/131.0.6778.139 Mobile Safari/537.36 (compatible; Googlebot/2.1; +http://www.google.com/bot.html)"
216.244.66.237 - - [03/Jan/2025:21:08:15 -0500] "GET /robots.txt HTTP/1.1" 404 1251 "-" "Mozilla/5.0 (compatible; DotBot/1.2; +https://opensiteexplorer.org/dotbot; help@moz.com)"
216.244.66.237 - - [03/Jan/2025:21:08:15 -0500] "GET /robots.txt HTTP/1.1" 404 1251 "-" "Mozilla/5.0 (compatible; DotBot/1.2; +https://opensiteexplorer.org/dotbot; help@moz.com)"
51.222.253.16 - - [03/Jan/2025:21:08:20 -0500] "GET /artist=Phyzix HTTP/1.1" 200 3191 "-" "Mozilla/5.0 (compatible; AhrefsBot/7.0; +http://ahrefs.com/robot/)"
51.222.253.9 - - [03/Jan/2025:21:08:56 -0500] "GET /976-Your-Love-by-Luddie-Lue-ft.-Ser7n HTTP/1.1" 200 3984 "-" "Mozilla/5.0 (compatible; AhrefsBot/7.0; +http://ahrefs.com/robot/)"
102.70.12.12 - - [03/Jan/2025:21:08:56 -0500] "GET /671-ngati-dolo-by-suffix-ft-onesimus HTTP/1.1" 200 3938 "https://www.google.com/" "Mozilla/5.0 (Linux; Android 10; K) AppleWebKit/537.36 (KHTML, like Gecko) Chrome/131.0.0.0 Mobile Safari/537.36"
102.70.12.12 - - [03/Jan/2025:21:08:57 -0500] "GET /css/animate.css HTTP/1.1" 200 4001 "https://www.malawisounds.com/671-ngati-dolo-by-suffix-ft-onesimus" "Mozilla/5.0 (Linux; Android 10; K) AppleWebKit/537.36 (KHTML, like Gecko) Chrome/131.0.0.0 Mobile Safari/537.36"
102.70.12.12 - - [03/Jan/2025:21:08:57 -0500] "GET /bootstrap/css/bootstrap.min.css HTTP/1.1" 200 18270 "https://www.malawisounds.com/671-ngati-dolo-by-suffix-ft-onesimus" "Mozilla/5.0 (Linux; Android 10; K) AppleWebKit/537.36 (KHTML, like Gecko) Chrome/131.0.0.0 Mobile Safari/537.36"
102.70.12.12 - - [03/Jan/2025:21:08:57 -0500] "GET /js/ajax.js HTTP/1.1" 200 784 "https://www.malawisounds.com/671-ngati-dolo-by-suffix-ft-onesimus" "Mozilla/5.0 (Linux; Android 10; K) AppleWebKit/537.36 (KHTML, like Gecko) Chrome/131.0.0.0 Mobile Safari/537.36"
102.70.12.12 - - [03/Jan/2025:21:08:57 -0500] "GET /js/facebook-api.js HTTP/1.1" 200 183 "https://www.malawisounds.com/671-ngati-dolo-by-suffix-ft-onesimus" "Mozilla/5.0 (Linux; Android 10; K) AppleWebKit/537.36 (KHTML, like Gecko) Chrome/131.0.0.0 Mobile Safari/537.36"
102.70.12.12 - - [03/Jan/2025:21:08:57 -0500] "GET /Icons/msounds1.png HTTP/1.1" 200 11619 "https://www.malawisounds.com/671-ngati-dolo-by-suffix-ft-onesimus" "Mozilla/5.0 (Linux; Android 10; K) AppleWebKit/537.36 (KHTML, like Gecko) Chrome/131.0.0.0 Mobile Safari/537.36"
102.70.12.12 - - [03/Jan/2025:21:08:57 -0500] "GET /Icons/facebook.png HTTP/1.1" 200 2279 "https://www.malawisounds.com/671-ngati-dolo-by-suffix-ft-onesimus" "Mozilla/5.0 (Linux; Android 10; K) AppleWebKit/537.36 (KHTML, like Gecko) Chrome/131.0.0.0 Mobile Safari/537.36"
102.70.12.12 - - [03/Jan/2025:21:08:57 -0500] "GET /Icons/instagram.png HTTP/1.1" 200 2764 "https://www.malawisounds.com/671-ngati-dolo-by-suffix-ft-onesimus" "Mozilla/5.0 (Linux; Android 10; K) AppleWebKit/537.36 (KHTML, like Gecko) Chrome/131.0.0.0 Mobile Safari/537.36"
102.70.12.12 - - [03/Jan/2025:21:08:57 -0500] "GET /Icons/twitter.png HTTP/1.1" 200 2415 "https://www.malawisounds.com/671-ngati-dolo-by-suffix-ft-onesimus" "Mozilla/5.0 (Linux; Android 10; K) AppleWebKit/537.36 (KHTML, like Gecko) Chrome/131.0.0.0 Mobile Safari/537.36"
102.70.12.12 - - [03/Jan/2025:21:08:57 -0500] "GET /bio/mwsounds-20230703010954-IMG-20230703-030900.jpg HTTP/1.1" 200 25808 "https://www.malawisounds.com/671-ngati-dolo-by-suffix-ft-onesimus" "Mozilla/5.0 (Linux; Android 10; K) AppleWebKit/537.36 (KHTML, like Gecko) Chrome/131.0.0.0 Mobile Safari/537.36"
102.70.12.12 - - [03/Jan/2025:21:08:57 -0500] "GET /js/jquery.js HTTP/1.1" 200 29664 "https://www.malawisounds.com/671-ngati-dolo-by-suffix-ft-onesimus" "Mozilla/5.0 (Linux; Android 10; K) AppleWebKit/537.36 (KHTML, like Gecko) Chrome/131.0.0.0 Mobile Safari/537.36"
102.70.12.12 - - [03/Jan/2025:21:08:57 -0500] "GET /js/nav.js HTTP/1.1" 200 99 "https://www.malawisounds.com/671-ngati-dolo-by-suffix-ft-onesimus" "Mozilla/5.0 (Linux; Android 10; K) AppleWebKit/537.36 (KHTML, like Gecko) Chrome/131.0.0.0 Mobile Safari/537.36"
102.70.12.12 - - [03/Jan/2025:21:08:57 -0500] "GET /bio/mwsounds-20200801042643-Dr.Drew.jpg HTTP/1.1" 200 80629 "https://www.malawisounds.com/671-ngati-dolo-by-suffix-ft-onesimus" "Mozilla/5.0 (Linux; Android 10; K) AppleWebKit/537.36 (KHTML, like Gecko) Chrome/131.0.0.0 Mobile Safari/537.36"
102.70.12.12 - - [03/Jan/2025:21:08:57 -0500] "GET /js/wow.js HTTP/1.1" 200 3414 "https://www.malawisounds.com/671-ngati-dolo-by-suffix-ft-onesimus" "Mozilla/5.0 (Linux; Android 10; K) AppleWebKit/537.36 (KHTML, like Gecko) Chrome/131.0.0.0 Mobile Safari/537.36"
102.70.12.12 - - [03/Jan/2025:21:08:57 -0500] "GET /bio/mwsounds-20200710082408-onesmus.jpg HTTP/1.1" 200 30093 "https://www.malawisounds.com/671-ngati-dolo-by-suffix-ft-onesimus" "Mozilla/5.0 (Linux; Android 10; K) AppleWebKit/537.36 (KHTML, like Gecko) Chrome/131.0.0.0 Mobile Safari/537.36"
102.70.12.12 - - [03/Jan/2025:21:08:57 -0500] "GET /bio/mwsounds-20200706204045-gwamba.jpg HTTP/1.1" 200 39055 "https://www.malawisounds.com/671-ngati-dolo-by-suffix-ft-onesimus" "Mozilla/5.0 (Linux; Android 10; K) AppleWebKit/537.36 (KHTML, like Gecko) Chrome/131.0.0.0 Mobile Safari/537.36"
102.70.12.12 - - [03/Jan/2025:21:08:57 -0500] "GET /bio/mwsounds-20200706205025-tay-grin---Copy.jpg HTTP/1.1" 200 43244 "https://www.malawisounds.com/671-ngati-dolo-by-suffix-ft-onesimus" "Mozilla/5.0 (Linux; Android 10; K) AppleWebKit/537.36 (KHTML, like Gecko) Chrome/131.0.0.0 Mobile Safari/537.36"
102.70.12.12 - - [03/Jan/2025:21:08:57 -0500] "GET /bio/mwsounds-20200706203533-Namadigo.jpg HTTP/1.1" 200 33718 "https://www.malawisounds.com/671-ngati-dolo-by-suffix-ft-onesimus" "Mozilla/5.0 (Linux; Android 10; K) AppleWebKit/537.36 (KHTML, like Gecko) Chrome/131.0.0.0 Mobile Safari/537.36"
102.70.12.12 - - [03/Jan/2025:21:08:57 -0500] "GET /bio/mwsounds-20200706120806-FB_IMG_1590948777511.jpg HTTP/1.1" 200 19662 "https://www.malawisounds.com/671-ngati-dolo-by-suffix-ft-onesimus" "Mozilla/5.0 (Linux; Android 10; K) AppleWebKit/537.36 (KHTML, like Gecko) Chrome/131.0.0.0 Mobile Safari/537.36"
102.70.12.12 - - [03/Jan/2025:21:08:57 -0500] "GET /ads/MS%20covid.jpg HTTP/1.1" 200 273002 "https://www.malawisounds.com/671-ngati-dolo-by-suffix-ft-onesimus" "Mozilla/5.0 (Linux; Android 10; K) AppleWebKit/537.36 (KHTML, like Gecko) Chrome/131.0.0.0 Mobile Safari/537.36"
102.70.12.12 - - [03/Jan/2025:21:08:58 -0500] "GET /uploads/ngati-dolo-by-suffix.mp3 HTTP/1.1" 206 10311522 "https://www.malawisounds.com/671-ngati-dolo-by-suffix-ft-onesimus" "Mozilla/5.0 (Linux; Android 10; K) AppleWebKit/537.36 (KHTML, like Gecko) Chrome/131.0.0.0 Mobile Safari/537.36"
102.70.12.12 - - [03/Jan/2025:21:09:03 -0500] "GET /uploads/ngati-dolo-by-suffix.mp3 HTTP/1.1" 206 8116066 "https://www.malawisounds.com/671-ngati-dolo-by-suffix-ft-onesimus" "Mozilla/5.0 (Linux; Android 10; K) AppleWebKit/537.36 (KHTML, like Gecko) Chrome/131.0.0.0 Mobile Safari/537.36"
102.70.12.12 - - [03/Jan/2025:21:09:05 -0500] "GET /uploads/ngati-dolo-by-suffix.mp3 HTTP/1.1" 206 1114112 "https://www.malawisounds.com/671-ngati-dolo-by-suffix-ft-onesimus" "Mozilla/5.0 (Linux; Android 10; K) AppleWebKit/537.36 (KHTML, like Gecko) Chrome/131.0.0.0 Mobile Safari/537.36"
102.70.12.12 - - [03/Jan/2025:21:09:05 -0500] "GET /uploads/ngati-dolo-by-suffix.mp3 HTTP/1.1" 206 7329634 "https://www.malawisounds.com/671-ngati-dolo-by-suffix-ft-onesimus" "Mozilla/5.0 (Linux; Android 10; K) AppleWebKit/537.36 (KHTML, like Gecko) Chrome/131.0.0.0 Mobile Safari/537.36"
102.70.12.12 - - [03/Jan/2025:21:09:06 -0500] "GET /download.php?id=671&name=Suffix%20ft%20Onesimus-Ngati%20Dolo HTTP/1.1" 200 10311522 "https://www.malawisounds.com/671-ngati-dolo-by-suffix-ft-onesimus" "Mozilla/5.0 (Linux; Android 10; K) AppleWebKit/537.36 (KHTML, like Gecko) Chrome/131.0.0.0 Mobile Safari/537.36"
138.246.253.24 - - [03/Jan/2025:21:09:22 -0500] "GET /robots.txt HTTP/1.1" 404 1251 "-" "Mozilla/5.0 (Windows NT 10.0; Win64; x64) AppleWebKit/537.36 (KHTML, like Gecko) Chrome/103.0.5060.134 Safari/537.36"
66.249.73.3 - - [03/Jan/2025:21:09:26 -0500] "GET /video=37-tumani-by-namadingo HTTP/1.1" 200 1831 "-" "Mozilla/5.0 (Linux; Android 6.0.1; Nexus 5X Build/MMB29P) AppleWebKit/537.36 (KHTML, like Gecko) Chrome/131.0.6778.139 Mobile Safari/537.36 (compatible; Googlebot/2.1; +http://www.google.com/bot.html)"
66.249.73.4 - - [03/Jan/2025:21:09:30 -0500] "GET /w3.css HTTP/1.1" 200 4832 "https://www.malawisounds.com/video=37-tumani-by-namadingo" "Mozilla/5.0 (Linux; Android 6.0.1; Nexus 5X Build/MMB29P) AppleWebKit/537.36 (KHTML, like Gecko) Chrome/131.0.6778.139 Mobile Safari/537.36 (compatible; Googlebot/2.1; +http://www.google.com/bot.html)"
66.249.65.160 - - [03/Jan/2025:21:09:30 -0500] "GET /load.css HTTP/1.1" 404 1251 "https://www.malawisounds.com/video=37-tumani-by-namadingo" "Mozilla/5.0 (Linux; Android 6.0.1; Nexus 5X Build/MMB29P) AppleWebKit/537.36 (KHTML, like Gecko) Chrome/131.0.6778.139 Mobile Safari/537.36 (compatible; Googlebot/2.1; +http://www.google.com/bot.html)"
66.249.73.4 - - [03/Jan/2025:21:09:30 -0500] "GET /load.css HTTP/1.1" 404 1251 "https://www.malawisounds.com/video=37-tumani-by-namadingo" "Mozilla/5.0 (Linux; Android 6.0.1; Nexus 5X Build/MMB29P) AppleWebKit/537.36 (KHTML, like Gecko) Chrome/131.0.6778.139 Mobile Safari/537.36 (compatible; Googlebot/2.1; +http://www.google.com/bot.html)"
51.222.253.8 - - [03/Jan/2025:21:09:33 -0500] "GET /868-freestyle-by-Ex-leo HTTP/1.1" 200 3900 "-" "Mozilla/5.0 (compatible; AhrefsBot/7.0; +http://ahrefs.com/robot/)"
66.249.73.3 - - [03/Jan/2025:21:09:50 -0500] "GET /942-Anointed-For-Showing-by-Israel HTTP/1.1" 200 3931 "-" "Mozilla/5.0 (Linux; Android 6.0.1; Nexus 5X Build/MMB29P) AppleWebKit/537.36 (KHTML, like Gecko) Chrome/131.0.6778.139 Mobile Safari/537.36 (compatible; Googlebot/2.1; +http://www.google.com/bot.html)"
51.222.253.13 - - [03/Jan/2025:21:09:59 -0500] "GET /878-Wali-Wali-by-Pawalo HTTP/1.1" 200 3900 "-" "Mozilla/5.0 (compatible; AhrefsBot/7.0; +http://ahrefs.com/robot/)"
66.249.73.3 - - [03/Jan/2025:21:10:19 -0500] "GET /892-Ndikanalephera HTTP/1.1" 200 3974 "-" "Mozilla/5.0 (Linux; Android 6.0.1; Nexus 5X Build/MMB29P) AppleWebKit/537.36 (KHTML, like Gecko) Chrome/131.0.6778.139 Mobile Safari/537.36 (compatible; Googlebot/2.1; +http://www.google.com/bot.html)"
66.249.73.3 - - [03/Jan/2025:21:10:47 -0500] "GET /1135-in-the-mix-by-COSTEL-HOC-&-KELLY-HOC HTTP/1.1" 200 3947 "-" "Mozilla/5.0 (Linux; Android 6.0.1; Nexus 5X Build/MMB29P) AppleWebKit/537.36 (KHTML, like Gecko) Chrome/131.0.6778.139 Mobile Safari/537.36 (compatible; Googlebot/2.1; +http://www.google.com/bot.html)"
51.222.253.20 - - [03/Jan/2025:21:11:12 -0500] "GET /sid-1216-wakalayila-yesu-by-mathews HTTP/1.1" 200 3261 "-" "Mozilla/5.0 (compatible; AhrefsBot/7.0; +http://ahrefs.com/robot/)"
66.249.65.161 - - [03/Jan/2025:21:11:42 -0500] "GET /567-chete-by-alle HTTP/1.1" 200 3950 "-" "Mozilla/5.0 (Linux; Android 6.0.1; Nexus 5X Build/MMB29P) AppleWebKit/537.36 (KHTML, like Gecko) Chrome/131.0.6778.139 Mobile Safari/537.36 (compatible; Googlebot/2.1; +http://www.google.com/bot.html)"
66.249.65.160 - - [03/Jan/2025:21:12:10 -0500] "GET /485-let-you-by-izza HTTP/1.1" 200 3905 "-" "Mozilla/5.0 (Linux; Android 6.0.1; Nexus 5X Build/MMB29P) AppleWebKit/537.36 (KHTML, like Gecko) Chrome/131.0.6778.139 Mobile Safari/537.36 (compatible; Googlebot/2.1; +http://www.google.com/bot.html)"
51.222.253.18 - - [03/Jan/2025:21:12:15 -0500] "GET /sid-20-big-up-mama-by-spencer-ft-wanasachie HTTP/1.1" 200 3239 "-" "Mozilla/5.0 (compatible; AhrefsBot/7.0; +http://ahrefs.com/robot/)"
170.254.106.50 - - [03/Jan/2025:21:12:40 -0500] "GET /albums HTTP/1.1" 200 4179 "-" "Mozilla/5.0 (Macintosh; Intel Mac OS X 10_15_7) AppleWebKit/537.36 (KHTML, like Gecko) Chrome/88.0.4324.186 Safari/537.36"
51.222.253.16 - - [03/Jan/2025:21:12:41 -0500] "GET /556-Be-Alright--by-Don-Von--ft-E-Star HTTP/1.1" 200 3923 "-" "Mozilla/5.0 (compatible; AhrefsBot/7.0; +http://ahrefs.com/robot/)"
51.222.253.4 - - [03/Jan/2025:21:13:38 -0500] "GET /sid-1241-cast-it-down--by-wakhu HTTP/1.1" 200 3235 "-" "Mozilla/5.0 (compatible; AhrefsBot/7.0; +http://ahrefs.com/robot/)"
51.222.253.15 - - [03/Jan/2025:21:14:13 -0500] "GET /sid-290-dont-think-about-it-by-king-d HTTP/1.1" 200 3282 "-" "Mozilla/5.0 (compatible; AhrefsBot/7.0; +http://ahrefs.com/robot/)"
51.222.253.4 - - [03/Jan/2025:21:15:05 -0500] "GET /943-Rooted!-by-Hizlines-x-Ecstasy-feat.-Chikondi-Wiseman HTTP/1.1" 200 3965 "-" "Mozilla/5.0 (compatible; AhrefsBot/7.0; +http://ahrefs.com/robot/)"
51.222.253.10 - - [03/Jan/2025:21:15:49 -0500] "GET /sid-1454-wawezgeleska-by-rabecca-mwafulirwa HTTP/1.1" 200 3267 "-" "Mozilla/5.0 (compatible; AhrefsBot/7.0; +http://ahrefs.com/robot/)"
51.222.253.19 - - [03/Jan/2025:21:17:13 -0500] "GET /sid-1038-thanks-to-jah-by-luckin HTTP/1.1" 200 3249 "-" "Mozilla/5.0 (compatible; AhrefsBot/7.0; +http://ahrefs.com/robot/)"
52.167.144.159 - - [03/Jan/2025:21:17:26 -0500] "GET /al6qmy8ij.html HTTP/1.1" 404 1251 "-" "Mozilla/5.0 AppleWebKit/537.36 (KHTML, like Gecko; compatible; bingbot/2.0; +http://www.bing.com/bingbot.htm) Chrome/116.0.1938.76 Safari/537.36"
51.222.253.14 - - [03/Jan/2025:21:18:28 -0500] "GET /557-SouthSide-by-Stominem--and-CAP1T:00-Z3N HTTP/1.1" 200 3987 "-" "Mozilla/5.0 (compatible; AhrefsBot/7.0; +http://ahrefs.com/robot/)"
216.244.66.237 - - [03/Jan/2025:21:18:40 -0500] "GET /download_album.php?id=43 HTTP/1.1" 200 4125174 "-" "Mozilla/5.0 (compatible; DotBot/1.2; +https://opensiteexplorer.org/dotbot; help@moz.com)"
51.222.253.20 - - [03/Jan/2025:21:19:06 -0500] "GET /artist=Tsa-Leo HTTP/1.1" 500 0 "-" "Mozilla/5.0 (compatible; AhrefsBot/7.0; +http://ahrefs.com/robot/)"
82.145.222.210 - - [03/Jan/2025:21:19:19 -0500] "GET /1591-Welenga-by-Beracah HTTP/1.1" 200 4429 "https://www.google.com/search?client=ms-opera-mini&sca_esv=ace47463fdba11b8&q=Welenga&stick=H4sIAAAAAAAAAG1TS4sjVRhNJd3p6jsdTKpHJmahMcxiDIOpV1JVIqSbbnc2YqbBQYUiqVdSj1upW9X1uBtRcCUjMsLgVkUZ0B8gIjq6U9DFwKibGUSQ0Y3tcnCQsWLjvS1Yi4JT3_ede75zbrHrvcbAGQhCmrnFfKaaYutg6k-zRTc4ihdGV-RF-RvmpCXTFH0W5Q7BS5QZEtYJjpTA1kzvX1xIWZbbEu3XVISTEU-wa2qyhESCDTGQZhKi86nopbJP6qqnLbV0TjGCMnROzWuCKQQ2wdAwI8VMCc4Ct7CRRvg1JEW8TfSmkYJcXSL8aYaXbpZLBBcjNTJ1Mp_mNhz6Kd1nPrLVPBoRfsWLHVmY0X0T3gzshPpVSEiHySk9sipoyen-ZbYk_MVQn_OeYpC6bCZOnqtEDx7xKBAh6ZdhJorYpnocO5HEgvTHwyAoHafYQQL2YrofP4MOlGke8jAQNIXmGfuxjQXqVxk3kojeVBdVNPNyul-eqZFA8vJTY4ixTPh908dxeYko9hQf5VQvyvI480V63smVpflELlpimidWFCMXqL9l2snIxwSrihp5mOYzD0ZKDsn-mSjPTY_qzWRpqKnz4pReXXMjwpdGEGd8AX9mjmtnmr_du7Pd-aV29eOvv2fu1MDW_jSxJlacoIWRcBisrTD3cu9F8DTosL8-1GTazKSxa5fl6eBgujxKwlm1vcH9U9tqP_Y_tV6V3egBttFc66yt_tM-y1ZLmkZ3TSwrl9fFs-BEmItcLLi52vzr3WsM9wkDzlyyksPwIDQXdsFdZ7gPGNB8Ngxjyy8mll8KMw9DTgX1Z2CySApuqwMAOwgGvJwgodPtgcY7Vx659_DkQXS2z23-cGP77dsv_dhu7b1uP3Huyff3ucl_D9jjdsHmgRXMLBQ_Z3M8AHuh71tGsggh1-t0waMDg3wYIMsIkbmAjm74R3FSzjxVvcD0am9Vmd5VRnzl05vXvqsXoH6FqZRPa_XaGT6_09ntt0B9PwymC9j6dnDrw1fPfznubwP2cJqHMAyK1s3PKhX8x_FYPHcSxuEisC4tp7B1npXHbx7_Pu49vrkiu3v_eLyi3Xnjo4s77Vq3cqEilPCnuv7nF_3KDab62ufXv6qzLNOslD5XcOn11nvrGy9YvgWd6d-83BwyUQUAAA&sa=X&ved=2ahUKEwjV-LXm_9qKAxXFzwIHHQmxDGEQ-BZ6BAgPEFQ" "Opera/9.80 (MAUI Runtime; Opera Mini/4.4.33576/191.361; U; en) Presto/2.12.423 Version/12.16"
82.145.222.210 - - [03/Jan/2025:21:19:19 -0500] "GET /Icons/malawisounds.ico HTTP/1.1" 200 4286 "https://www.malawisounds.com/1591-Welenga-by-Beracah" "Opera/9.80 (MAUI Runtime; Opera Mini/4.4.33576/191.361; U; en) Presto/2.12.423 Version/12.16"
82.145.222.210 - - [03/Jan/2025:21:19:19 -0500] "GET /js/ajax.js HTTP/1.1" 200 965 "https://www.malawisounds.com/1591-Welenga-by-Beracah" "Opera/9.80 (MAUI Runtime; Opera Mini/4.4.33576/191.361; U; en) Presto/2.12.423 Version/12.16"
82.145.222.210 - - [03/Jan/2025:21:19:19 -0500] "GET /bio/mwsounds-20230703010954-IMG-20230703-030900.jpg HTTP/1.1" 200 25808 "https://www.malawisounds.com/1591-Welenga-by-Beracah" "Opera/9.80 (MAUI Runtime; Opera Mini/4.4.33576/191.361; U; en) Presto/2.12.423 Version/12.16"
82.145.222.210 - - [03/Jan/2025:21:19:19 -0500] "GET /bio/mwsounds-20200706120806-FB_IMG_1590948777511.jpg HTTP/1.1" 200 19662 "https://www.malawisounds.com/1591-Welenga-by-Beracah" "Opera/9.80 (MAUI Runtime; Opera Mini/4.4.33576/191.361; U; en) Presto/2.12.423 Version/12.16"
82.145.222.210 - - [03/Jan/2025:21:19:19 -0500] "GET /js/facebook-api.js HTTP/1.1" 200 281 "https://www.malawisounds.com/1591-Welenga-by-Beracah" "Opera/9.80 (MAUI Runtime; Opera Mini/4.4.33576/191.361; U; en) Presto/2.12.423 Version/12.16"
82.145.222.210 - - [03/Jan/2025:21:19:19 -0500] "GET /css/animate.css HTTP/1.1" 200 6503 "https://www.malawisounds.com/1591-Welenga-by-Beracah" "Opera/9.80 (MAUI Runtime; Opera Mini/4.4.33576/191.361; U; en) Presto/2.12.423 Version/12.16"
82.145.222.210 - - [03/Jan/2025:21:19:19 -0500] "GET /bootstrap/css/bootstrap.min.css HTTP/1.1" 200 25196 "https://www.malawisounds.com/1591-Welenga-by-Beracah" "Opera/9.80 (MAUI Runtime; Opera Mini/4.4.33576/191.361; U; en) Presto/2.12.423 Version/12.16"
82.145.222.210 - - [03/Jan/2025:21:19:19 -0500] "GET /bio/mwsounds-20200801042643-Dr.Drew.jpg HTTP/1.1" 200 80629 "https://www.malawisounds.com/1591-Welenga-by-Beracah" "Opera/9.80 (MAUI Runtime; Opera Mini/4.4.33576/191.361; U; en) Presto/2.12.423 Version/12.16"
82.145.222.210 - - [03/Jan/2025:21:19:19 -0500] "GET /Icons/instagram.png HTTP/1.1" 200 2764 "https://www.malawisounds.com/1591-Welenga-by-Beracah" "Opera/9.80 (MAUI Runtime; Opera Mini/4.4.33576/191.361; U; en) Presto/2.12.423 Version/12.16"
82.145.222.210 - - [03/Jan/2025:21:19:19 -0500] "GET /css/w3.css HTTP/1.1" 200 6038 "https://www.malawisounds.com/1591-Welenga-by-Beracah" "Opera/9.80 (MAUI Runtime; Opera Mini/4.4.33576/191.361; U; en) Presto/2.12.423 Version/12.16"
82.145.222.210 - - [03/Jan/2025:21:19:19 -0500] "GET /css/load.css HTTP/1.1" 200 10718 "https://www.malawisounds.com/1591-Welenga-by-Beracah" "Opera/9.80 (MAUI Runtime; Opera Mini/4.4.33576/191.361; U; en) Presto/2.12.423 Version/12.16"
82.145.222.210 - - [03/Jan/2025:21:19:19 -0500] "GET /impact/stylesheet.css HTTP/1.1" 200 180 "https://www.malawisounds.com/1591-Welenga-by-Beracah" "Opera/9.80 (MAUI Runtime; Opera Mini/4.4.33576/191.361; U; en) Presto/2.12.423 Version/12.16"
82.145.222.210 - - [03/Jan/2025:21:19:19 -0500] "GET /bio/mwsounds-20200706204045-gwamba.jpg HTTP/1.1" 200 39055 "https://www.malawisounds.com/1591-Welenga-by-Beracah" "Opera/9.80 (MAUI Runtime; Opera Mini/4.4.33576/191.361; U; en) Presto/2.12.423 Version/12.16"
82.145.222.210 - - [03/Jan/2025:21:19:19 -0500] "GET /Icons/facebook.png HTTP/1.1" 200 2279 "https://www.malawisounds.com/1591-Welenga-by-Beracah" "Opera/9.80 (MAUI Runtime; Opera Mini/4.4.33576/191.361; U; en) Presto/2.12.423 Version/12.16"
82.145.222.210 - - [03/Jan/2025:21:19:19 -0500] "GET /Icons/msounds1.png HTTP/1.1" 200 11619 "https://www.malawisounds.com/1591-Welenga-by-Beracah" "Opera/9.80 (MAUI Runtime; Opera Mini/4.4.33576/191.361; U; en) Presto/2.12.423 Version/12.16"
82.145.222.210 - - [03/Jan/2025:21:19:19 -0500] "GET /Icons/twitter.png HTTP/1.1" 200 2415 "https://www.malawisounds.com/1591-Welenga-by-Beracah" "Opera/9.80 (MAUI Runtime; Opera Mini/4.4.33576/191.361; U; en) Presto/2.12.423 Version/12.16"
82.145.222.210 - - [03/Jan/2025:21:19:19 -0500] "GET /bio/mwsounds-20200706205025-tay-grin---Copy.jpg HTTP/1.1" 200 43244 "https://www.malawisounds.com/1591-Welenga-by-Beracah" "Opera/9.80 (MAUI Runtime; Opera Mini/4.4.33576/191.361; U; en) Presto/2.12.423 Version/12.16"
82.145.222.210 - - [03/Jan/2025:21:19:19 -0500] "GET /bio/mwsounds-20200710082408-onesmus.jpg HTTP/1.1" 200 30093 "https://www.malawisounds.com/1591-Welenga-by-Beracah" "Opera/9.80 (MAUI Runtime; Opera Mini/4.4.33576/191.361; U; en) Presto/2.12.423 Version/12.16"
82.145.222.210 - - [03/Jan/2025:21:19:19 -0500] "GET /bio/mwsounds-20200706203533-Namadigo.jpg HTTP/1.1" 200 33718 "https://www.malawisounds.com/1591-Welenga-by-Beracah" "Opera/9.80 (MAUI Runtime; Opera Mini/4.4.33576/191.361; U; en) Presto/2.12.423 Version/12.16"
82.145.222.210 - - [03/Jan/2025:21:19:19 -0500] "GET /images/mwsounds-20240329-093239-Welenga-by-Beracah.jpg HTTP/1.1" 200 41821 "https://www.malawisounds.com/1591-Welenga-by-Beracah" "Opera/9.80 (MAUI Runtime; Opera Mini/4.4.33576/191.361; U; en) Presto/2.12.423 Version/12.16"
82.145.222.210 - - [03/Jan/2025:21:19:19 -0500] "GET /js/nav.js HTTP/1.1" 200 99 "https://www.malawisounds.com/1591-Welenga-by-Beracah" "Opera/9.80 (MAUI Runtime; Opera Mini/4.4.33576/191.361; U; en) Presto/2.12.423 Version/12.16"
82.145.222.210 - - [03/Jan/2025:21:19:19 -0500] "GET /ads/MS%20covid.jpg HTTP/1.1" 200 273002 "https://www.malawisounds.com/1591-Welenga-by-Beracah" "Opera/9.80 (MAUI Runtime; Opera Mini/4.4.33576/191.361; U; en) Presto/2.12.423 Version/12.16"
82.145.222.210 - - [03/Jan/2025:21:19:19 -0500] "GET /js/wow.js HTTP/1.1" 200 4305 "https://www.malawisounds.com/1591-Welenga-by-Beracah" "Opera/9.80 (MAUI Runtime; Opera Mini/4.4.33576/191.361; U; en) Presto/2.12.423 Version/12.16"
82.145.222.210 - - [03/Jan/2025:21:19:19 -0500] "GET /js/jquery.js HTTP/1.1" 200 35358 "https://www.malawisounds.com/1591-Welenga-by-Beracah" "Opera/9.80 (MAUI Runtime; Opera Mini/4.4.33576/191.361; U; en) Presto/2.12.423 Version/12.16"
82.145.222.210 - - [03/Jan/2025:21:19:19 -0500] "GET /ads/MS%20covid.jpg HTTP/1.1" 200 273002 "https://www.malawisounds.com/1591-Welenga-by-Beracah" "Opera/9.80 (MAUI Runtime; Opera Mini/4.4.33576/191.361; U; en) Presto/2.12.423 Version/12.16"
82.145.222.210 - - [03/Jan/2025:21:19:20 -0500] "GET /images/mwsounds-20240329-093239-Welenga-by-Beracah.jpg HTTP/1.1" 200 41821 "https://www.malawisounds.com/1591-Welenga-by-Beracah" "Opera/9.80 (MAUI Runtime; Opera Mini/4.4.33576/191.361; U; en) Presto/2.12.423 Version/12.16"
82.145.222.210 - - [03/Jan/2025:21:19:20 -0500] "GET /js/jquery.js HTTP/1.1" 200 35358 "https://www.malawisounds.com/1591-Welenga-by-Beracah" "Opera/9.80 (MAUI Runtime; Opera Mini/4.4.33576/191.361; U; en) Presto/2.12.423 Version/12.16"
82.145.222.210 - - [03/Jan/2025:21:19:20 -0500] "GET /fonts/Gothic.ttf HTTP/1.1" 200 112628 "https://www.malawisounds.com/1591-Welenga-by-Beracah" "Opera/9.80 (MAUI Runtime; Opera Mini/4.4.33576/191.361; U; en) Presto/2.12.423 Version/12.16"
82.145.222.210 - - [03/Jan/2025:21:19:20 -0500] "GET /fonts/Gothic-B.ttf HTTP/1.1" 200 129676 "https://www.malawisounds.com/1591-Welenga-by-Beracah" "Opera/9.80 (MAUI Runtime; Opera Mini/4.4.33576/191.361; U; en) Presto/2.12.423 Version/12.16"
82.145.222.210 - - [03/Jan/2025:21:19:20 -0500] "GET /bootstrap/fonts/glyphicons-halflings-regular.woff HTTP/1.1" 200 23424 "https://www.malawisounds.com/1591-Welenga-by-Beracah" "Opera/9.80 (MAUI Runtime; Opera Mini/4.4.33576/191.361; U; en) Presto/2.12.423 Version/12.16"
52.167.144.222 - - [03/Jan/2025:21:19:37 -0500] "GET /ewa3llxzc.html HTTP/1.1" 404 1251 "-" "Mozilla/5.0 AppleWebKit/537.36 (KHTML, like Gecko; compatible; bingbot/2.0; +http://www.bing.com/bingbot.htm) Chrome/116.0.1938.76 Safari/537.36"
157.55.39.195 - - [03/Jan/2025:21:19:52 -0500] "GET /17eec8rihv.html HTTP/1.1" 404 1251 "-" "Mozilla/5.0 AppleWebKit/537.36 (KHTML, like Gecko; compatible; bingbot/2.0; +http://www.bing.com/bingbot.htm) Chrome/116.0.1938.76 Safari/537.36"
82.145.222.210 - - [03/Jan/2025:21:20:11 -0500] "GET /download.php?id=1591&name=Beracah-Welenga HTTP/1.1" 200 7842921 "http://interstitial.opera-mini.net/Operaads/ff.html?continue=wpob://hide/gfd4jul9k6mdkwcqe1g9fek1irgq00dq0sqq5ojgflehip3hoofo92gb6q8wizov7ozxl0dusqt4nda0yc3676v2puqdd/3hrw9rlm19wliuklkjbslt9j23etmzbd8wztj48wt5kvlrypul3nbql6z53vlqc1co9uqkqubseth6kyy1fashuj6vznha2qeraxgpmyd109uyo0&onboarding_id=onboarding%23onboarding%23OMBC-31207-OperaAds-Interstitial_FeaturePhone" "Opera/9.80 (MAUI Runtime; Opera Mini/4.4.33576/191.361; U; en) Presto/2.12.423 Version/12.16"
110.249.202.63 - - [03/Jan/2025:21:20:35 -0500] "GET /robots.txt HTTP/1.1" 404 1251 "-" "Mozilla/5.0 (Linux; Android 5.0) AppleWebKit/537.36 (KHTML, like Gecko) Mobile Safari/537.36 (compatible; Bytespider; https://zhanzhang.toutiao.com/)"
4.43.184.114 - - [03/Jan/2025:21:20:40 -0500] "GET / HTTP/1.0" 200 12109 "-" "Mozilla/5.0 (X11; U; Linux i686; en-US; rv:1.9.2.11) Gecko/20101013 Ubuntu/10.04 (lucid) Firefox/3.6.11"
4.43.184.114 - - [03/Jan/2025:21:20:43 -0500] "GET /home.php HTTP/1.0" 200 43034 "-" "Mozilla/5.0 (X11; Linux i686) AppleWebKit/534.30 (KHTML, like Gecko) Chrome/12.0.742.100 Safari/534.30"
216.244.66.237 - - [03/Jan/2025:21:20:50 -0500] "GET /1177-Kuli-Chete-by-AKA-B HTTP/1.1" 200 14418 "-" "Mozilla/5.0 (compatible; DotBot/1.2; +https://opensiteexplorer.org/dotbot; help@moz.com)"
110.249.202.11 - - [03/Jan/2025:21:20:59 -0500] "GET /artist=Cee-Jonez HTTP/1.1" 200 3524 "-" "Mozilla/5.0 (Linux; Android 5.0) AppleWebKit/537.36 (KHTML, like Gecko) Mobile Safari/537.36 (compatible; Bytespider; https://zhanzhang.toutiao.com/)"
110.249.202.11 - - [03/Jan/2025:21:20:59 -0500] "GET /bio/mwsounds-20200706203533-Namadigo.jpg HTTP/1.1" 206 500 "https://malawisounds.com/artist=Cee-Jonez" "Mozilla/5.0 (Linux; Android 5.0) AppleWebKit/537.36 (KHTML, like Gecko) Mobile Safari/537.36 (compatible; Bytespider; https://zhanzhang.toutiao.com/)"
110.249.202.11 - - [03/Jan/2025:21:20:59 -0500] "GET /null HTTP/1.1" 404 1251 "https://malawisounds.com/artist=Cee-Jonez" "Mozilla/5.0 (Linux; Android 5.0) AppleWebKit/537.36 (KHTML, like Gecko) Mobile Safari/537.36 (compatible; Bytespider; https://zhanzhang.toutiao.com/)"
110.249.202.11 - - [03/Jan/2025:21:20:59 -0500] "GET /bio/bwana%20Jonez.jpg HTTP/1.1" 206 500 "https://malawisounds.com/artist=Cee-Jonez" "Mozilla/5.0 (Linux; Android 5.0) AppleWebKit/537.36 (KHTML, like Gecko) Mobile Safari/537.36 (compatible; Bytespider; https://zhanzhang.toutiao.com/)"
216.244.66.237 - - [03/Jan/2025:21:21:00 -0500] "GET /sid-379-wabadwa-by-dr.-drew HTTP/1.1" 200 10274 "-" "Mozilla/5.0 (compatible; DotBot/1.2; +https://opensiteexplorer.org/dotbot; help@moz.com)"
216.244.66.237 - - [03/Jan/2025:21:21:33 -0500] "GET /1091-Khalidwe-by-Gift-Scot HTTP/1.1" 200 14431 "-" "Mozilla/5.0 (compatible; DotBot/1.2; +https://opensiteexplorer.org/dotbot; help@moz.com)"
216.244.66.237 - - [03/Jan/2025:21:21:41 -0500] "GET /748-Blessed--by-Crecile- HTTP/1.1" 200 14419 "-" "Mozilla/5.0 (compatible; DotBot/1.2; +https://opensiteexplorer.org/dotbot; help@moz.com)"
216.244.66.237 - - [03/Jan/2025:21:21:53 -0500] "GET /1329-Million-days-by-Pohsty,conan-gre-and-zephyr HTTP/1.1" 200 14586 "-" "Mozilla/5.0 (compatible; DotBot/1.2; +https://opensiteexplorer.org/dotbot; help@moz.com)"
157.55.39.61 - - [03/Jan/2025:21:22:02 -0500] "GET /20un2tk1b5.html HTTP/1.1" 404 1251 "-" "Mozilla/5.0 AppleWebKit/537.36 (KHTML, like Gecko; compatible; bingbot/2.0; +http://www.bing.com/bingbot.htm) Chrome/116.0.1938.76 Safari/537.36"
51.222.253.19 - - [03/Jan/2025:21:22:15 -0500] "GET /117-Who-dat?-by-C-Jay-ft-Loyalty-(Produced-by-Chux) HTTP/1.1" 200 3963 "-" "Mozilla/5.0 (compatible; AhrefsBot/7.0; +http://ahrefs.com/robot/)"
52.167.144.222 - - [03/Jan/2025:21:23:06 -0500] "GET /?ayndj/c488101.html HTTP/1.1" 200 3228 "-" "Mozilla/5.0 AppleWebKit/537.36 (KHTML, like Gecko; compatible; bingbot/2.0; +http://www.bing.com/bingbot.htm) Chrome/116.0.1938.76 Safari/537.36"
114.119.138.207 - - [03/Jan/2025:21:23:16 -0500] "GET /sid-341-chikondi-by-tm HTTP/1.1" 200 3577 "https://www.malawisounds.com/songs.php?id=341&name=TM-Chikondi" "Mozilla/5.0 (Linux; Android 7.0;) AppleWebKit/537.36 (KHTML, like Gecko) Mobile Safari/537.36 (compatible; PetalBot;+https://webmaster.petalsearch.com/site/petalbot)"
110.249.202.72 - - [03/Jan/2025:21:23:23 -0500] "GET /aid-313-ep-stream-zinthuzii HTTP/1.1" 200 3462 "-" "Mozilla/5.0 (Linux; Android 5.0) AppleWebKit/537.36 (KHTML, like Gecko) Mobile Safari/537.36 (compatible; Bytespider; https://zhanzhang.toutiao.com/)"
110.249.202.72 - - [03/Jan/2025:21:23:24 -0500] "GET /css/load.css HTTP/1.1" 200 8159 "https://www.malawisounds.com/aid-313-ep-stream-zinthuzii" "Mozilla/5.0 (Linux; Android 5.0) AppleWebKit/537.36 (KHTML, like Gecko) Mobile Safari/537.36 (compatible; Bytespider; https://zhanzhang.toutiao.com/)"
110.249.202.72 - - [03/Jan/2025:21:23:24 -0500] "GET /bootstrap/css/bootstrap.css HTTP/1.1" 200 19973 "https://www.malawisounds.com/aid-313-ep-stream-zinthuzii" "Mozilla/5.0 (Linux; Android 5.0) AppleWebKit/537.36 (KHTML, like Gecko) Mobile Safari/537.36 (compatible; Bytespider; https://zhanzhang.toutiao.com/)"
110.249.202.72 - - [03/Jan/2025:21:23:24 -0500] "GET /js/codespace_api.js HTTP/1.1" 200 3842 "https://www.malawisounds.com/aid-313-ep-stream-zinthuzii" "Mozilla/5.0 (Linux; Android 5.0) AppleWebKit/537.36 (KHTML, like Gecko) Mobile Safari/537.36 (compatible; Bytespider; https://zhanzhang.toutiao.com/)"
110.249.202.72 - - [03/Jan/2025:21:23:24 -0500] "GET /album_images/mwsounds-20220117223600-artwork.jpg HTTP/1.1" 206 500 "https://www.malawisounds.com/aid-313-ep-stream-zinthuzii" "Mozilla/5.0 (Linux; Android 5.0) AppleWebKit/537.36 (KHTML, like Gecko) Mobile Safari/537.36 (compatible; Bytespider; https://zhanzhang.toutiao.com/)"
51.222.253.12 - - [03/Jan/2025:21:23:34 -0500] "GET /920-Tseke-tseke-by-Deyfrah-Mw HTTP/1.1" 200 3916 "-" "Mozilla/5.0 (compatible; AhrefsBot/7.0; +http://ahrefs.com/robot/)"
40.77.167.58 - - [03/Jan/2025:21:24:37 -0500] "GET /hb72zhdin.html HTTP/1.1" 404 1251 "-" "Mozilla/5.0 AppleWebKit/537.36 (KHTML, like Gecko; compatible; bingbot/2.0; +http://www.bing.com/bingbot.htm) Chrome/116.0.1938.76 Safari/537.36"
157.55.39.61 - - [03/Jan/2025:21:24:42 -0500] "GET /download_album.php?id=355 HTTP/1.1" 200 8357891 "-" "Mozilla/5.0 AppleWebKit/537.36 (KHTML, like Gecko; compatible; bingbot/2.0; +http://www.bing.com/bingbot.htm) Chrome/116.0.1938.76 Safari/537.36"
51.222.253.13 - - [03/Jan/2025:21:25:05 -0500] "GET /624-Osamaphweketsa-by-The-Herald-of-God HTTP/1.1" 200 3946 "-" "Mozilla/5.0 (compatible; AhrefsBot/7.0; +http://ahrefs.com/robot/)"
52.167.144.222 - - [03/Jan/2025:21:26:17 -0500] "GET /1qj6jinqqf.html HTTP/1.1" 404 1251 "-" "Mozilla/5.0 AppleWebKit/537.36 (KHTML, like Gecko; compatible; bingbot/2.0; +http://www.bing.com/bingbot.htm) Chrome/116.0.1938.76 Safari/537.36"
51.222.253.14 - - [03/Jan/2025:21:26:27 -0500] "GET /sid-930-chisomo-chanu-by-nancy-fortune-dent-ft.-kondwani-chirwa HTTP/1.1" 200 3258 "-" "Mozilla/5.0 (compatible; AhrefsBot/7.0; +http://ahrefs.com/robot/)"
114.119.128.158 - - [03/Jan/2025:21:26:41 -0500] "GET /sid-1666-muzonse-by-bombe HTTP/1.1" 200 3593 "https://www.malawisounds.com/1666-Muzonse-by-BOMBE" "Mozilla/5.0 (Linux; Android 7.0;) AppleWebKit/537.36 (KHTML, like Gecko) Mobile Safari/537.36 (compatible; PetalBot;+https://webmaster.petalsearch.com/site/petalbot)"
157.55.39.52 - - [03/Jan/2025:21:26:42 -0500] "GET /p5boaejhl.html HTTP/1.1" 404 1251 "-" "Mozilla/5.0 AppleWebKit/537.36 (KHTML, like Gecko; compatible; bingbot/2.0; +http://www.bing.com/bingbot.htm) Chrome/116.0.1938.76 Safari/537.36"
51.222.253.16 - - [03/Jan/2025:21:27:47 -0500] "GET /sid-619-remember-a-musical-spoken-word-cover-of-cheta--by-fortune-alaoma HTTP/1.1" 200 3332 "-" "Mozilla/5.0 (compatible; AhrefsBot/7.0; +http://ahrefs.com/robot/)"
