207.46.13.154 - - [03/Jan/2025:17:30:09 -0500] "GET /songs.php?id=262&name=MELVIN-MUSIC-Zoe HTTP/1.1" 200 3882 "-" "Mozilla/5.0 AppleWebKit/537.36 (KHTML, like Gecko; compatible; bingbot/2.0; +http://www.bing.com/bingbot.htm) Chrome/116.0.1938.76 Safari/537.36"
154.54.249.197 - - [03/Jan/2025:17:30:33 -0500] "GET /download.php?id=714&name=Wachituta%20and%20Najo%20ft%20Lil%20Ink%2023-Bankede HTTP/1.1" 200 7715007 "-" "Mozilla/5.0 (compatible; Barkrowler/0.9; +https://babbar.tech/crawler)"
217.113.194.51 - - [03/Jan/2025:17:30:44 -0500] "GET /download.php?id=153&name=Beuce%20Africa%20ft%20Siggy%20Kim-Nkhawa%20njee HTTP/1.1" 200 6926464 "-" "Mozilla/5.0 (compatible; Barkrowler/0.9; +https://babbar.tech/crawler)"
51.222.253.15 - - [03/Jan/2025:17:31:01 -0500] "GET /sid-795-christmas-is-here-by-roni HTTP/1.1" 200 3209 "-" "Mozilla/5.0 (compatible; AhrefsBot/7.0; +http://ahrefs.com/robot/)"
217.113.194.45 - - [03/Jan/2025:17:31:12 -0500] "GET /download.php?id=136&name=Mercy%20ft.%20Crecile-Ambuye%20Alinane(Remix) HTTP/1.1" 200 8296772 "-" "Mozilla/5.0 (compatible; Barkrowler/0.9; +https://babbar.tech/crawler)"
217.113.194.46 - - [03/Jan/2025:17:31:33 -0500] "GET /sid-1284-reigning-in-gods-purpose-by-ucc-malawi-(kidma-and-fema) HTTP/1.1" 200 3651 "-" "Mozilla/5.0 (compatible; Barkrowler/0.9; +https://babbar.tech/crawler)"
66.249.73.2 - - [03/Jan/2025:17:31:36 -0500] "GET /499-Missionaries-by-Massive-ft-Sir-Odilo HTTP/1.1" 200 3921 "-" "Mozilla/5.0 (Linux; Android 6.0.1; Nexus 5X Build/MMB29P) AppleWebKit/537.36 (KHTML, like Gecko) Chrome/131.0.6778.204 Mobile Safari/537.36 (compatible; Googlebot/2.1; +http://www.google.com/bot.html)"
217.113.194.50 - - [03/Jan/2025:17:31:42 -0500] "GET /download.php?id=1008&name=Skipper%20On%20It-Rooted!%20Open%20Verse%20Challenge HTTP/1.1" 200 7105253 "-" "Mozilla/5.0 (compatible; Barkrowler/0.9; +https://babbar.tech/crawler)"
87.250.224.18 - - [03/Jan/2025:17:31:47 -0500] "GET /robots.txt HTTP/1.1" 404 1251 "-" "Mozilla/5.0 (compatible; YandexBot/3.0; +http://yandex.com/bots)"
5.255.231.141 - - [03/Jan/2025:17:31:49 -0500] "GET /sid-461-yahweh-by-tchaka HTTP/1.1" 200 3578 "-" "Mozilla/5.0 (compatible; YandexBot/3.0; +http://yandex.com/bots)"
217.113.194.48 - - [03/Jan/2025:17:31:54 -0500] "GET /download.php?id=734&name=Smenic%20Smilez%20ft.%20Jay%20Marks-Let's%20just%20die HTTP/1.1" 200 6558361 "-" "Mozilla/5.0 (compatible; Barkrowler/0.9; +https://babbar.tech/crawler)"
51.222.253.2 - - [03/Jan/2025:17:31:57 -0500] "GET /603-Mental-Health-by-E5MUSIC HTTP/1.1" 200 3924 "-" "Mozilla/5.0 (compatible; AhrefsBot/7.0; +http://ahrefs.com/robot/)"
51.222.253.13 - - [03/Jan/2025:17:32:07 -0500] "GET /images/mwsounds-20211209-190813-Christmas-is-here-by-Roni.jpg HTTP/1.1" 200 116940 "-" "Mozilla/5.0 (compatible; AhrefsBot/7.0; +http://ahrefs.com/robot/)"
154.54.249.197 - - [03/Jan/2025:17:32:23 -0500] "GET /download.php?id=584&name=Dj%20GV%20x%20Hannah-Yesu%20(Run%20recordz) HTTP/1.1" 200 4300257 "-" "Mozilla/5.0 (compatible; Barkrowler/0.9; +https://babbar.tech/crawler)"
154.54.249.197 - - [03/Jan/2025:17:32:35 -0500] "GET /download.php?id=917&name=Caleb%20Sambo%20ft%20Jxst%20Samizzle-P.O.G HTTP/1.1" 200 8299596 "-" "Mozilla/5.0 (compatible; Barkrowler/0.9; +https://babbar.tech/crawler)"
217.113.194.244 - - [03/Jan/2025:17:32:47 -0500] "GET /download.php?id=902&name=Achina%20Gattah%20Ase%20ft.%20Gemin%20Major%20-Jump HTTP/1.1" 200 7383049 "-" "Mozilla/5.0 (compatible; Barkrowler/0.9; +https://babbar.tech/crawler)"
51.222.253.2 - - [03/Jan/2025:17:32:54 -0500] "GET /630-All-4-U-by-Nels-Elias-ft-Gacko HTTP/1.1" 200 3946 "-" "Mozilla/5.0 (compatible; AhrefsBot/7.0; +http://ahrefs.com/robot/)"
217.113.194.46 - - [03/Jan/2025:17:33:13 -0500] "GET /download.php?id=106&name=Louid%20x%20Keotic%20x%20Trap%20Leo-Sindizatheka HTTP/1.1" 200 5728532 "-" "Mozilla/5.0 (compatible; Barkrowler/0.9; +https://babbar.tech/crawler)"
217.113.194.51 - - [03/Jan/2025:17:33:23 -0500] "GET /download.php?id=94&name=Jay%20ma%20James%20Ft%20Vallenz%20+%20Real%20MC-Warrior HTTP/1.1" 200 4647892 "-" "Mozilla/5.0 (compatible; Barkrowler/0.9; +https://babbar.tech/crawler)"
51.222.253.6 - - [03/Jan/2025:17:33:24 -0500] "GET /245-Mukwezeke-Yesu-by-Elikam-Mathemba HTTP/1.1" 200 3911 "-" "Mozilla/5.0 (compatible; AhrefsBot/7.0; +http://ahrefs.com/robot/)"
114.119.134.192 - - [03/Jan/2025:17:33:42 -0500] "GET /songs.php?id=56&name=Serv7n-ft-Massive-&-Sir-Odilo-Rebirth HTTP/1.1" 200 4472 "https://www.malawisounds.com/categories/hip-hop.php" "Mozilla/5.0 (Linux; Android 7.0;) AppleWebKit/537.36 (KHTML, like Gecko) Mobile Safari/537.36 (compatible; PetalBot;+https://webmaster.petalsearch.com/site/petalbot)"
142.250.32.41 - - [03/Jan/2025:17:33:45 -0500] "GET /.well-known/traffic-advice HTTP/1.1" 404 1251 "-" "Chrome Privacy Preserving Prefetch Proxy"
51.222.253.12 - - [03/Jan/2025:17:33:49 -0500] "GET /sid-880-saved-by-grace-by-sic-feat-regenerate HTTP/1.1" 200 3235 "-" "Mozilla/5.0 (compatible; AhrefsBot/7.0; +http://ahrefs.com/robot/)"
217.113.194.244 - - [03/Jan/2025:17:33:41 -0500] "GET /download.php?id=386&name=Crossheart%20ft.%20mislizy%20and%20Tannah-I%20am%20Awake HTTP/1.1" 200 8244112 "-" "Mozilla/5.0 (compatible; Barkrowler/0.9; +https://babbar.tech/crawler)"
51.222.253.6 - - [03/Jan/2025:17:34:18 -0500] "GET /sid-182-lero(prod.-nick-nather)-by-el-sha-bazz-x-taqwa HTTP/1.1" 200 3218 "-" "Mozilla/5.0 (compatible; AhrefsBot/7.0; +http://ahrefs.com/robot/)"
217.113.194.45 - - [03/Jan/2025:17:34:19 -0500] "GET /download.php?id=50&name=Thanthwe%20ft%20Shammah%20Vocals-Waona%20Malodza HTTP/1.1" 200 4988857 "-" "Mozilla/5.0 (compatible; Barkrowler/0.9; +https://babbar.tech/crawler)"
207.46.13.154 - - [03/Jan/2025:17:34:40 -0500] "GET /e1goofzi2.html HTTP/1.1" 404 1251 "-" "Mozilla/5.0 AppleWebKit/537.36 (KHTML, like Gecko; compatible; bingbot/2.0; +http://www.bing.com/bingbot.htm) Chrome/116.0.1938.76 Safari/537.36"
51.222.253.11 - - [03/Jan/2025:17:34:45 -0500] "GET /aid-51-free-stream-thicker-than-blood HTTP/1.1" 200 3427 "-" "Mozilla/5.0 (compatible; AhrefsBot/7.0; +http://ahrefs.com/robot/)"
217.113.194.43 - - [03/Jan/2025:17:34:45 -0500] "GET /download.php?id=1321&name=Dupa%20zenneth-Shisha%20ft%20valentino%20x%20khalil%20xy HTTP/1.1" 200 9143480 "-" "Mozilla/5.0 (compatible; Barkrowler/0.9; +https://babbar.tech/crawler)"
51.222.253.2 - - [03/Jan/2025:17:35:07 -0500] "GET /838-Pills-by-Vallenz-ft.-Cossy-Hancho HTTP/1.1" 200 3952 "-" "Mozilla/5.0 (compatible; AhrefsBot/7.0; +http://ahrefs.com/robot/)"
217.113.194.244 - - [03/Jan/2025:17:35:08 -0500] "GET /download.php?id=1304&name=Sam%20b%20ft%20k%20mwaps%20-Ba%20guy%20prod.%20By%20tre HTTP/1.1" 200 4439088 "-" "Mozilla/5.0 (compatible; Barkrowler/0.9; +https://babbar.tech/crawler)"
51.222.253.1 - - [03/Jan/2025:17:35:32 -0500] "GET /sid-280-no-worries-by-mjays+sir-odilo HTTP/1.1" 200 3237 "-" "Mozilla/5.0 (compatible; AhrefsBot/7.0; +http://ahrefs.com/robot/)"
66.249.65.162 - - [03/Jan/2025:17:35:34 -0500] "GET /577-I-miss-you-by-Jay-Jay-Cee-ft-Piksy HTTP/1.1" 200 3923 "-" "Mozilla/5.0 (Linux; Android 6.0.1; Nexus 5X Build/MMB29P) AppleWebKit/537.36 (KHTML, like Gecko) Chrome/131.0.6778.139 Mobile Safari/537.36 (compatible; Googlebot/2.1; +http://www.google.com/bot.html)"
217.113.194.48 - - [03/Jan/2025:17:35:43 -0500] "GET /download.php?id=517&name=Mwayi%20Kamng'ona%20ft.%20Faith%20Mussa-Second%20Chance HTTP/1.1" 200 6077551 "-" "Mozilla/5.0 (compatible; Barkrowler/0.9; +https://babbar.tech/crawler)"
51.222.253.5 - - [03/Jan/2025:17:36:00 -0500] "GET /771-Watch-and-Pray--by-Paul-Saulo HTTP/1.1" 200 3924 "-" "Mozilla/5.0 (compatible; AhrefsBot/7.0; +http://ahrefs.com/robot/)"
217.113.194.51 - - [03/Jan/2025:17:36:14 -0500] "GET /download.php?id=1187&name=Dumi%20skn-GUPTA%20(Get%20up%20take%20action) HTTP/1.1" 200 1811097 "-" "Mozilla/5.0 (compatible; Barkrowler/0.9; +https://babbar.tech/crawler)"
114.119.138.130 - - [03/Jan/2025:17:36:29 -0500] "GET /1336-Vuto-by-Mike-sackson-ft-kita HTTP/1.1" 200 4446 "https://www.malawisounds.com/singles?pageno=13" "Mozilla/5.0 (Linux; Android 7.0;) AppleWebKit/537.36 (KHTML, like Gecko) Mobile Safari/537.36 (compatible; PetalBot;+https://webmaster.petalsearch.com/site/petalbot)"
51.222.253.2 - - [03/Jan/2025:17:36:31 -0500] "GET /465-Love-by-Tsa-Leo HTTP/1.1" 200 3896 "-" "Mozilla/5.0 (compatible; AhrefsBot/7.0; +http://ahrefs.com/robot/)"
157.55.39.6 - - [03/Jan/2025:17:36:51 -0500] "GET /mhnqrqnnf.html HTTP/1.1" 404 1251 "-" "Mozilla/5.0 AppleWebKit/537.36 (KHTML, like Gecko; compatible; bingbot/2.0; +http://www.bing.com/bingbot.htm) Chrome/116.0.1938.76 Safari/537.36"
217.113.194.44 - - [03/Jan/2025:17:36:49 -0500] "GET /download.php?id=686&name=Fortune%20Alaoma-YOU%20SAY%20-%20Fortune%20Unique%20Cover HTTP/1.1" 200 12086240 "-" "Mozilla/5.0 (compatible; Barkrowler/0.9; +https://babbar.tech/crawler)"
66.249.73.2 - - [03/Jan/2025:17:36:56 -0500] "GET /artist=Suffix HTTP/1.1" 200 3169 "-" "Mozilla/5.0 (Linux; Android 6.0.1; Nexus 5X Build/MMB29P) AppleWebKit/537.36 (KHTML, like Gecko) Chrome/131.0.6778.139 Mobile Safari/537.36 (compatible; Googlebot/2.1; +http://www.google.com/bot.html)"
154.54.249.197 - - [03/Jan/2025:17:37:02 -0500] "GET /download.php?id=172&name=A%20Chanza%20ft%20David%20Kalirani%20&%20Sir%20Creedy-Manyazi HTTP/1.1" 200 3853639 "-" "Mozilla/5.0 (compatible; Barkrowler/0.9; +https://babbar.tech/crawler)"
66.249.65.161 - - [03/Jan/2025:17:37:02 -0500] "GET /637-agalu-olusa-by-jin-cristah-ft-big-man-alex HTTP/1.1" 200 3940 "-" "Mozilla/5.0 (Linux; Android 6.0.1; Nexus 5X Build/MMB29P) AppleWebKit/537.36 (KHTML, like Gecko) Chrome/131.0.6778.139 Mobile Safari/537.36 (compatible; Googlebot/2.1; +http://www.google.com/bot.html)"
66.249.65.161 - - [03/Jan/2025:17:37:06 -0500] "GET /impact/stylesheet.css HTTP/1.1" 200 153 "https://malawisounds.com/637-agalu-olusa-by-jin-cristah-ft-big-man-alex" "Mozilla/5.0 (Linux; Android 6.0.1; Nexus 5X Build/MMB29P) AppleWebKit/537.36 (KHTML, like Gecko) Chrome/131.0.6778.139 Mobile Safari/537.36 (compatible; Googlebot/2.1; +http://www.google.com/bot.html)"
217.113.194.47 - - [03/Jan/2025:17:37:17 -0500] "GET /download.php?id=356&name=Crush%20Point-Shasha(Diamond%20Platnums%20Jeje%20Cover) HTTP/1.1" 200 8306064 "-" "Mozilla/5.0 (compatible; Barkrowler/0.9; +https://babbar.tech/crawler)"
66.249.65.160 - - [03/Jan/2025:17:37:20 -0500] "GET /439-mulungu-kulibe-by-masomphenya-ft.-s.a.m.u.e.l-ft-suffix HTTP/1.1" 200 3979 "-" "Mozilla/5.0 (Linux; Android 6.0.1; Nexus 5X Build/MMB29P) AppleWebKit/537.36 (KHTML, like Gecko) Chrome/131.0.6778.139 Mobile Safari/537.36 (compatible; Googlebot/2.1; +http://www.google.com/bot.html)"
66.249.65.160 - - [03/Jan/2025:17:37:22 -0500] "GET /1049-No-other-name-by HTTP/1.1" 200 3893 "-" "Mozilla/5.0 (Linux; Android 6.0.1; Nexus 5X Build/MMB29P) AppleWebKit/537.36 (KHTML, like Gecko) Chrome/131.0.6778.139 Mobile Safari/537.36 (compatible; Googlebot/2.1; +http://www.google.com/bot.html)"
51.222.253.2 - - [03/Jan/2025:17:37:32 -0500] "GET /sid-288-the-throne-by-vin-chizuzu-and-eliza-mponya HTTP/1.1" 200 3269 "-" "Mozilla/5.0 (compatible; AhrefsBot/7.0; +http://ahrefs.com/robot/)"
66.249.65.160 - - [03/Jan/2025:17:37:36 -0500] "GET /1659-i-see-you-by-excepcion,-servant-aaron,-watie-michael-noah--ft-t3lvin- HTTP/1.1" 200 4017 "-" "Mozilla/5.0 (Linux; Android 6.0.1; Nexus 5X Build/MMB29P) AppleWebKit/537.36 (KHTML, like Gecko) Chrome/131.0.6778.139 Mobile Safari/537.36 (compatible; Googlebot/2.1; +http://www.google.com/bot.html)"
217.113.194.51 - - [03/Jan/2025:17:37:49 -0500] "GET /download.php?id=1272&name=Kayumba%20Ck%20Zambia%20ft%20kmwaps-Bombesha HTTP/1.1" 200 3696929 "-" "Mozilla/5.0 (compatible; Barkrowler/0.9; +https://babbar.tech/crawler)"
66.249.73.3 - - [03/Jan/2025:17:37:54 -0500] "GET /songs.php?id=17&file=uploads/jesus_love%E2%80%94ceo_songs HTTP/1.1" 200 3907 "-" "Mozilla/5.0 (Linux; Android 6.0.1; Nexus 5X Build/MMB29P) AppleWebKit/537.36 (KHTML, like Gecko) Chrome/131.0.6778.139 Mobile Safari/537.36 (compatible; Googlebot/2.1; +http://www.google.com/bot.html)"
66.249.65.160 - - [03/Jan/2025:17:37:58 -0500] "GET /sid-1122-kumama(cover)-by-ishmael-and-takondwa HTTP/1.1" 200 3234 "-" "Mozilla/5.0 (Linux; Android 6.0.1; Nexus 5X Build/MMB29P) AppleWebKit/537.36 (KHTML, like Gecko) Chrome/131.0.6778.139 Mobile Safari/537.36 (compatible; Googlebot/2.1; +http://www.google.com/bot.html)"
51.222.253.5 - - [03/Jan/2025:17:37:59 -0500] "GET /sid-813-depression--by-vinci-elisha- HTTP/1.1" 200 3223 "-" "Mozilla/5.0 (compatible; AhrefsBot/7.0; +http://ahrefs.com/robot/)"
66.249.65.162 - - [03/Jan/2025:17:38:06 -0500] "GET /sid-1169-agalatiya-by-loktane-nazkah HTTP/1.1" 200 3231 "-" "Mozilla/5.0 (Linux; Android 6.0.1; Nexus 5X Build/MMB29P) AppleWebKit/537.36 (KHTML, like Gecko) Chrome/131.0.6778.139 Mobile Safari/537.36 (compatible; Googlebot/2.1; +http://www.google.com/bot.html)"
66.249.65.162 - - [03/Jan/2025:17:38:07 -0500] "GET /bootstrap/css/bootstrap.css HTTP/1.1" 200 19973 "https://malawisounds.com/sid-1122-kumama(cover)-by-ishmael-and-takondwa" "Mozilla/5.0 (Linux; Android 6.0.1; Nexus 5X Build/MMB29P) AppleWebKit/537.36 (KHTML, like Gecko) Chrome/131.0.6778.139 Mobile Safari/537.36 (compatible; Googlebot/2.1; +http://www.google.com/bot.html)"
217.113.194.42 - - [03/Jan/2025:17:38:22 -0500] "GET /download.php?id=1004&name=Mthawira%20CCAP%20Children's%20Choir-Kuyenda%20Modekha HTTP/1.1" 200 6332317 "-" "Mozilla/5.0 (compatible; Barkrowler/0.9; +https://babbar.tech/crawler)"
51.222.253.6 - - [03/Jan/2025:17:38:31 -0500] "GET /sid-925-mwala-wa-pa-ngodya-by-michael-mbendera HTTP/1.1" 200 3243 "-" "Mozilla/5.0 (compatible; AhrefsBot/7.0; +http://ahrefs.com/robot/)"
51.222.253.2 - - [03/Jan/2025:17:38:59 -0500] "GET /sid-406-ogode-by-faith-mussa-ft-gresham-mokwoena HTTP/1.1" 200 3254 "-" "Mozilla/5.0 (compatible; AhrefsBot/7.0; +http://ahrefs.com/robot/)"
217.113.194.47 - - [03/Jan/2025:17:38:36 -0500] "GET /download.php?id=673&name=Ace%20Jizzy%20ft%20Lanex%20Luther-Kaduwa%20la%20duwa HTTP/1.1" 200 10384265 "-" "Mozilla/5.0 (compatible; Barkrowler/0.9; +https://babbar.tech/crawler)"
114.119.128.158 - - [03/Jan/2025:17:39:04 -0500] "GET /album-zip.php?title=the-genesis-of-revelation&name=fatsani HTTP/1.1" 302 0 "https://www.malawisounds.com/the-genesis-of-revelation-by-fatsani" "Mozilla/5.0 (Linux; Android 7.0;) AppleWebKit/537.36 (KHTML, like Gecko) Mobile Safari/537.36 (compatible; PetalBot;+https://webmaster.petalsearch.com/site/petalbot)"
114.119.128.158 - - [03/Jan/2025:17:39:05 -0500] "GET /zipped-albums/the-genesis-of-revelation.zip HTTP/1.1" 200 45743016 "https://www.malawisounds.com/the-genesis-of-revelation-by-fatsani" "Mozilla/5.0 (Linux; Android 7.0;) AppleWebKit/537.36 (KHTML, like Gecko) Mobile Safari/537.36 (compatible; PetalBot;+https://webmaster.petalsearch.com/site/petalbot)"
217.113.194.51 - - [03/Jan/2025:17:39:12 -0500] "GET /download.php?id=725&name=MR%20A-K-47%20MALAWIAN%20BOY%20-Kuniseka HTTP/1.1" 200 5626638 "-" "Mozilla/5.0 (compatible; Barkrowler/0.9; +https://babbar.tech/crawler)"
51.222.253.7 - - [03/Jan/2025:17:39:25 -0500] "GET /sid-916-show-me-the-way-by-phyzix-ft.dare-devils HTTP/1.1" 200 3266 "-" "Mozilla/5.0 (compatible; AhrefsBot/7.0; +http://ahrefs.com/robot/)"
217.113.194.48 - - [03/Jan/2025:17:39:46 -0500] "GET /download.php?id=14&name=Trealz%20x%20T%20Flow-Nothing%20New%5Bprod%20by%20Yung%20Star%5D HTTP/1.1" 200 4784292 "-" "Mozilla/5.0 (compatible; Barkrowler/0.9; +https://babbar.tech/crawler)"
51.222.253.19 - - [03/Jan/2025:17:39:51 -0500] "GET /buy-ndimakukondani-album-by-mphatso-hanjahanja HTTP/1.1" 200 5343 "-" "Mozilla/5.0 (compatible; AhrefsBot/7.0; +http://ahrefs.com/robot/)"
52.167.144.25 - - [03/Jan/2025:17:40:02 -0500] "GET /rm2su34ny.html HTTP/1.1" 404 1251 "-" "Mozilla/5.0 AppleWebKit/537.36 (KHTML, like Gecko; compatible; bingbot/2.0; +http://www.bing.com/bingbot.htm) Chrome/116.0.1938.76 Safari/537.36"
66.249.73.2 - - [03/Jan/2025:17:40:03 -0500] "GET /770-Balamanthu-by-G-Quid HTTP/1.1" 200 3906 "-" "Mozilla/5.0 (Linux; Android 6.0.1; Nexus 5X Build/MMB29P) AppleWebKit/537.36 (KHTML, like Gecko) Chrome/131.0.6778.139 Mobile Safari/537.36 (compatible; Googlebot/2.1; +http://www.google.com/bot.html)"
217.113.194.42 - - [03/Jan/2025:17:39:58 -0500] "GET /download.php?id=368&name=Robertson%20ft.%20Shammah%20Vocals%20and%20Davis-Ndazitaya HTTP/1.1" 200 10094767 "-" "Mozilla/5.0 (compatible; Barkrowler/0.9; +https://babbar.tech/crawler)"
217.113.194.43 - - [03/Jan/2025:17:40:25 -0500] "GET /download.php?id=583&name=Ray%20bee%20ft%20Lusem%20&Phin%20Lee-Mukhale%20nane HTTP/1.1" 200 4664870 "-" "Mozilla/5.0 (compatible; Barkrowler/0.9; +https://babbar.tech/crawler)"
217.113.194.49 - - [03/Jan/2025:17:40:53 -0500] "GET /download.php?id=223&name=Rated%20Eighteen-Keizer%20Slem-Ontoplader-Same%20way HTTP/1.1" 200 3388363 "-" "Mozilla/5.0 (compatible; Barkrowler/0.9; +https://babbar.tech/crawler)"
217.113.194.42 - - [03/Jan/2025:17:41:03 -0500] "GET /download.php?id=1036&name=MTK%20soldier-bornzoo,bobi%20dee&Mr%20jogo%20-Wanjogo HTTP/1.1" 200 6195424 "-" "Mozilla/5.0 (compatible; Barkrowler/0.9; +https://babbar.tech/crawler)"
217.113.194.49 - - [03/Jan/2025:17:41:15 -0500] "GET /download.php?id=728&name=MR%20A-K-47%20MALAWIAN%20BOY%20-Fake%20love HTTP/1.1" 200 5587072 "-" "Mozilla/5.0 (compatible; Barkrowler/0.9; +https://babbar.tech/crawler)"
66.249.73.2 - - [03/Jan/2025:17:41:44 -0500] "GET /1658-Muyaya--by-Timothy-Mw- HTTP/1.1" 200 3916 "-" "Mozilla/5.0 (Linux; Android 6.0.1; Nexus 5X Build/MMB29P) AppleWebKit/537.36 (KHTML, like Gecko) Chrome/131.0.6778.139 Mobile Safari/537.36 (compatible; Googlebot/2.1; +http://www.google.com/bot.html)"
217.113.194.44 - - [03/Jan/2025:17:41:51 -0500] "GET /download.php?id=952&name=MAVERLIC%20BLEXADO%20ft%20nellzy.%20O%20x-Shawty HTTP/1.1" 200 8791197 "-" "Mozilla/5.0 (compatible; Barkrowler/0.9; +https://babbar.tech/crawler)"
66.249.65.161 - - [03/Jan/2025:17:42:12 -0500] "GET /1663-God-Is-Good-by-Omega- HTTP/1.1" 200 3910 "-" "Mozilla/5.0 (Linux; Android 6.0.1; Nexus 5X Build/MMB29P) AppleWebKit/537.36 (KHTML, like Gecko) Chrome/131.0.6778.139 Mobile Safari/537.36 (compatible; Googlebot/2.1; +http://www.google.com/bot.html)"
51.222.253.14 - - [03/Jan/2025:17:42:33 -0500] "GET /artist=Phyzix HTTP/1.1" 200 3191 "-" "Mozilla/5.0 (compatible; AhrefsBot/7.0; +http://ahrefs.com/robot/)"
66.249.73.4 - - [03/Jan/2025:17:42:46 -0500] "GET /1549-Long-time--by-Cen-ree-don-ft-Mickey-lee HTTP/1.1" 200 3970 "-" "Mozilla/5.0 (Linux; Android 6.0.1; Nexus 5X Build/MMB29P) AppleWebKit/537.36 (KHTML, like Gecko) Chrome/131.0.6778.139 Mobile Safari/537.36 (compatible; Googlebot/2.1; +http://www.google.com/bot.html)"
217.113.194.45 - - [03/Jan/2025:17:42:30 -0500] "GET /download.php?id=498&name=Tayanjana%20Nandolo(Mdzodzo)-Kulambira%20Inu HTTP/1.1" 200 9169051 "-" "Mozilla/5.0 (compatible; Barkrowler/0.9; +https://babbar.tech/crawler)"
51.222.253.20 - - [03/Jan/2025:17:43:01 -0500] "GET /sid-1117-undikondelanji-by-richman-chiungula HTTP/1.1" 200 3244 "-" "Mozilla/5.0 (compatible; AhrefsBot/7.0; +http://ahrefs.com/robot/)"
217.113.194.48 - - [03/Jan/2025:17:43:05 -0500] "GET /sid-726-ayes-nkhupempha-chigowokelo-by-mr-a-k-47-malawian-boy- HTTP/1.1" 200 3648 "-" "Mozilla/5.0 (compatible; Barkrowler/0.9; +https://babbar.tech/crawler)"
217.113.194.49 - - [03/Jan/2025:17:43:14 -0500] "GET /sid-990-matama-(prod-by-gennuh-6ix)-by-cyb-genius-x-chosen HTTP/1.1" 200 3639 "-" "Mozilla/5.0 (compatible; Barkrowler/0.9; +https://babbar.tech/crawler)"
157.55.39.6 - - [03/Jan/2025:17:43:22 -0500] "GET /listen.php?id=1633 HTTP/1.1" 404 1251 "-" "Mozilla/5.0 AppleWebKit/537.36 (KHTML, like Gecko; compatible; bingbot/2.0; +http://www.bing.com/bingbot.htm) Chrome/116.0.1938.76 Safari/537.36"
217.113.194.42 - - [03/Jan/2025:17:43:22 -0500] "GET /sid-1436-kuzisaka-%5Bproduced-by-fureoh%5D-by-moldova-ft-typhan-crea HTTP/1.1" 200 3638 "-" "Mozilla/5.0 (compatible; Barkrowler/0.9; +https://babbar.tech/crawler)"
217.113.194.48 - - [03/Jan/2025:17:43:31 -0500] "GET /download.php?id=243&name=Dr.%20Drew%20ft%20Applevickie-Ndi%20Ambuye(Ulendo) HTTP/1.1" 200 5052990 "-" "Mozilla/5.0 (compatible; Barkrowler/0.9; +https://babbar.tech/crawler)"
66.249.73.2 - - [03/Jan/2025:17:43:34 -0500] "GET /sid-1546-rumours-by-claire-b HTTP/1.1" 200 3214 "-" "Mozilla/5.0 (Linux; Android 6.0.1; Nexus 5X Build/MMB29P) AppleWebKit/537.36 (KHTML, like Gecko) Chrome/131.0.6778.139 Mobile Safari/537.36 (compatible; Googlebot/2.1; +http://www.google.com/bot.html)"
51.222.253.19 - - [03/Jan/2025:17:43:37 -0500] "GET /sid-1448-ngazama-by-de-voice HTTP/1.1" 200 3212 "-" "Mozilla/5.0 (compatible; AhrefsBot/7.0; +http://ahrefs.com/robot/)"
217.113.194.50 - - [03/Jan/2025:17:43:40 -0500] "GET /download.php?id=255&name=Douger%20B%20Goodson%20+%20LP%20ft%20Earnestar-Stop%20Abuse HTTP/1.1" 200 6938166 "-" "Mozilla/5.0 (compatible; Barkrowler/0.9; +https://babbar.tech/crawler)"
51.222.253.4 - - [03/Jan/2025:17:43:49 -0500] "GET /images/mwsounds-20231009-212206-Ngazama-by-De-Voice.jpg HTTP/1.1" 200 35260 "-" "Mozilla/5.0 (compatible; AhrefsBot/7.0; +http://ahrefs.com/robot/)"
40.77.167.74 - - [03/Jan/2025:17:43:51 -0500] "GET /111gfqkpfu.html HTTP/1.1" 404 1251 "-" "Mozilla/5.0 AppleWebKit/537.36 (KHTML, like Gecko; compatible; bingbot/2.0; +http://www.bing.com/bingbot.htm) Chrome/116.0.1938.76 Safari/537.36"
66.249.73.2 - - [03/Jan/2025:17:43:52 -0500] "GET /161-ndizichita-by-suffix-ft-beracah HTTP/1.1" 200 3925 "-" "Mozilla/5.0 (Linux; Android 6.0.1; Nexus 5X Build/MMB29P) AppleWebKit/537.36 (KHTML, like Gecko) Chrome/131.0.6778.139 Mobile Safari/537.36 (compatible; Googlebot/2.1; +http://www.google.com/bot.html)"
207.46.13.111 - - [03/Jan/2025:17:44:00 -0500] "GET /download.php?id=691&name=Robertson%20-Yesu%20ndi%20Biggy HTTP/1.1" 200 9071839 "-" "Mozilla/5.0 AppleWebKit/537.36 (KHTML, like Gecko; compatible; bingbot/2.0; +http://www.bing.com/bingbot.htm) Chrome/116.0.1938.76 Safari/537.36"
217.113.194.51 - - [03/Jan/2025:17:44:10 -0500] "GET /download.php?id=1373&name=Sizzle%20Krayne%20ft.%20Kendie-Birthday%20(Cheer%20up) HTTP/1.1" 200 5175580 "-" "Mozilla/5.0 (compatible; Barkrowler/0.9; +https://babbar.tech/crawler)"
66.249.73.3 - - [03/Jan/2025:17:44:11 -0500] "GET /1671-Sacrifice--by-Tasha-Daffrece HTTP/1.1" 200 3927 "-" "Mozilla/5.0 (Linux; Android 6.0.1; Nexus 5X Build/MMB29P) AppleWebKit/537.36 (KHTML, like Gecko) Chrome/131.0.6778.139 Mobile Safari/537.36 (compatible; Googlebot/2.1; +http://www.google.com/bot.html)"
66.249.73.2 - - [03/Jan/2025:17:44:24 -0500] "GET /545-Ndasankha-by-Eliza-Mponya HTTP/1.1" 200 3923 "-" "Mozilla/5.0 (Linux; Android 6.0.1; Nexus 5X Build/MMB29P) AppleWebKit/537.36 (KHTML, like Gecko) Chrome/131.0.6778.139 Mobile Safari/537.36 (compatible; Googlebot/2.1; +http://www.google.com/bot.html)"
66.249.73.2 - - [03/Jan/2025:17:44:31 -0500] "GET /909-Ndaona-by-Alle-ft.-Luki247 HTTP/1.1" 200 3918 "-" "Mozilla/5.0 (Linux; Android 6.0.1; Nexus 5X Build/MMB29P) AppleWebKit/537.36 (KHTML, like Gecko) Chrome/131.0.6778.139 Mobile Safari/537.36 (compatible; Googlebot/2.1; +http://www.google.com/bot.html)"
51.222.253.14 - - [03/Jan/2025:17:44:37 -0500] "GET /sid-383-chikondi-by-alle HTTP/1.1" 200 3223 "-" "Mozilla/5.0 (compatible; AhrefsBot/7.0; +http://ahrefs.com/robot/)"
66.249.73.2 - - [03/Jan/2025:17:44:54 -0500] "GET /sid-907-not-about-me-by-b-willz HTTP/1.1" 200 3217 "-" "Mozilla/5.0 (Linux; Android 6.0.1; Nexus 5X Build/MMB29P) AppleWebKit/537.36 (KHTML, like Gecko) Chrome/131.0.6778.139 Mobile Safari/537.36 (compatible; Googlebot/2.1; +http://www.google.com/bot.html)"
88.99.110.77 - - [03/Jan/2025:17:44:58 -0500] "GET / HTTP/1.1" 200 12109 "-" "-"
88.99.110.77 - - [03/Jan/2025:17:44:58 -0500] "GET / HTTP/1.0" 200 12109 "-" "-"
88.99.110.77 - - [03/Jan/2025:17:44:59 -0500] "GET / HTTP/1.0" 200 12109 "-" "-"
88.99.110.77 - - [03/Jan/2025:17:45:00 -0500] "GET /Icons/index.jpg HTTP/1.0" 200 21012 "-" "-"
51.222.253.1 - - [03/Jan/2025:17:45:11 -0500] "GET /sid-94-warrior-by-jay-ma-james-ft-vallenz-+-real-mc HTTP/1.1" 200 3227 "-" "Mozilla/5.0 (compatible; AhrefsBot/7.0; +http://ahrefs.com/robot/)"
51.222.253.13 - - [03/Jan/2025:17:45:39 -0500] "GET /470-In-Your-Presence-by-Leo-Psalmist HTTP/1.1" 200 3946 "-" "Mozilla/5.0 (compatible; AhrefsBot/7.0; +http://ahrefs.com/robot/)"
51.222.253.11 - - [03/Jan/2025:17:46:00 -0500] "GET /44-Jail-Life-by-Gwetha-Boozer-X-Adcee(Prod-.-Gaffar) HTTP/1.1" 200 3985 "-" "Mozilla/5.0 (compatible; AhrefsBot/7.0; +http://ahrefs.com/robot/)"
40.77.167.74 - - [03/Jan/2025:17:46:02 -0500] "GET /trr45ubqu.html HTTP/1.1" 404 1251 "-" "Mozilla/5.0 AppleWebKit/537.36 (KHTML, like Gecko; compatible; bingbot/2.0; +http://www.bing.com/bingbot.htm) Chrome/116.0.1938.76 Safari/537.36"
66.249.73.4 - - [03/Jan/2025:17:47:01 -0500] "GET /1570-Ndasankha-by-Massive-ft-Sir-Odilo HTTP/1.1" 200 3986 "-" "Mozilla/5.0 (Linux; Android 6.0.1; Nexus 5X Build/MMB29P) AppleWebKit/537.36 (KHTML, like Gecko) Chrome/131.0.6778.139 Mobile Safari/537.36 (compatible; Googlebot/2.1; +http://www.google.com/bot.html)"
31.13.103.116 - - [03/Jan/2025:17:47:01 -0500] "GET /images/mwsounds-20241226-132716-Ndinu-Oyera-by-Keyz-Kingston.jpg HTTP/1.1" 200 74272 "-" "facebookexternalhit/1.1 (+http://www.facebook.com/externalhit_uatext.php)"
51.222.253.10 - - [03/Jan/2025:17:47:02 -0500] "GET /929-Wandisintha-by-Bouy-Don HTTP/1.1" 200 3915 "-" "Mozilla/5.0 (compatible; AhrefsBot/7.0; +http://ahrefs.com/robot/)"
66.249.73.2 - - [03/Jan/2025:17:47:28 -0500] "GET /1665-Gratitude-by-Emerald HTTP/1.1" 200 3907 "-" "Mozilla/5.0 (Linux; Android 6.0.1; Nexus 5X Build/MMB29P) AppleWebKit/537.36 (KHTML, like Gecko) Chrome/131.0.6778.139 Mobile Safari/537.36 (compatible; Googlebot/2.1; +http://www.google.com/bot.html)"
51.222.253.2 - - [03/Jan/2025:17:47:28 -0500] "GET /sid-460-finesse-by-xavier-ft.-macelba HTTP/1.1" 200 3243 "-" "Mozilla/5.0 (compatible; AhrefsBot/7.0; +http://ahrefs.com/robot/)"
66.249.73.2 - - [03/Jan/2025:17:47:44 -0500] "GET /70-five-practices-of-students-who-excel(podcast)-by-sam-mwakanema HTTP/1.1" 200 3941 "-" "Mozilla/5.0 (Linux; Android 6.0.1; Nexus 5X Build/MMB29P) AppleWebKit/537.36 (KHTML, like Gecko) Chrome/131.0.6778.139 Mobile Safari/537.36 (compatible; Googlebot/2.1; +http://www.google.com/bot.html)"
51.222.253.4 - - [03/Jan/2025:17:48:00 -0500] "GET /908-MOJO-by-njuzi-mw HTTP/1.1" 200 3900 "-" "Mozilla/5.0 (compatible; AhrefsBot/7.0; +http://ahrefs.com/robot/)"
66.249.73.2 - - [03/Jan/2025:17:48:06 -0500] "GET /1598-Tipange-wipe-by-Emuzick-1050 HTTP/1.1" 200 3904 "-" "Mozilla/5.0 (Linux; Android 6.0.1; Nexus 5X Build/MMB29P) AppleWebKit/537.36 (KHTML, like Gecko) Chrome/131.0.6778.139 Mobile Safari/537.36 (compatible; Googlebot/2.1; +http://www.google.com/bot.html)"
51.222.253.18 - - [03/Jan/2025:17:48:28 -0500] "GET /sid-1214-dedication-friday-i-by-skipper-on-it HTTP/1.1" 200 3244 "-" "Mozilla/5.0 (compatible; AhrefsBot/7.0; +http://ahrefs.com/robot/)"
66.249.65.161 - - [03/Jan/2025:17:48:31 -0500] "GET /1192-essi(prodby-danto)-by-danto-b-champion- HTTP/1.1" 200 3932 "-" "Mozilla/5.0 (Linux; Android 6.0.1; Nexus 5X Build/MMB29P) AppleWebKit/537.36 (KHTML, like Gecko) Chrome/131.0.6778.139 Mobile Safari/537.36 (compatible; Googlebot/2.1; +http://www.google.com/bot.html)"
66.249.73.3 - - [03/Jan/2025:17:48:33 -0500] "GET /sid-1549-long-time--by-cen-ree-don-ft-mickey-lee HTTP/1.1" 200 3250 "-" "Mozilla/5.0 (Linux; Android 6.0.1; Nexus 5X Build/MMB29P) AppleWebKit/537.36 (KHTML, like Gecko) Chrome/131.0.6778.139 Mobile Safari/537.36 (compatible; Googlebot/2.1; +http://www.google.com/bot.html)"
66.249.65.160 - - [03/Jan/2025:17:48:46 -0500] "GET /666-Andichengetela- HTTP/1.1" 200 3922 "-" "Mozilla/5.0 (Linux; Android 6.0.1; Nexus 5X Build/MMB29P) AppleWebKit/537.36 (KHTML, like Gecko) Chrome/131.0.6778.139 Mobile Safari/537.36 (compatible; Googlebot/2.1; +http://www.google.com/bot.html)"
66.249.73.2 - - [03/Jan/2025:17:48:48 -0500] "GET /album_songs.php?title=To-whom-it-may-concern&name=Persian-Kids HTTP/1.1" 200 2561 "-" "Mozilla/5.0 (Linux; Android 6.0.1; Nexus 5X Build/MMB29P) AppleWebKit/537.36 (KHTML, like Gecko) Chrome/131.0.6778.139 Mobile Safari/537.36 (compatible; Googlebot/2.1; +http://www.google.com/bot.html)"
66.249.73.2 - - [03/Jan/2025:17:48:51 -0500] "GET /load.css HTTP/1.1" 404 1251 "https://www.malawisounds.com/album_songs.php?title=To-whom-it-may-concern&name=Persian-Kids" "Mozilla/5.0 (Linux; Android 6.0.1; Nexus 5X Build/MMB29P) AppleWebKit/537.36 (KHTML, like Gecko) Chrome/131.0.6778.139 Mobile Safari/537.36 (compatible; Googlebot/2.1; +http://www.google.com/bot.html)"
66.249.73.4 - - [03/Jan/2025:17:49:04 -0500] "GET /1471-Mtima---prod-by-Martrx-by-Josper-G- HTTP/1.1" 200 3941 "-" "Mozilla/5.0 (Linux; Android 6.0.1; Nexus 5X Build/MMB29P) AppleWebKit/537.36 (KHTML, like Gecko) Chrome/131.0.6778.139 Mobile Safari/537.36 (compatible; Googlebot/2.1; +http://www.google.com/bot.html)"
66.249.73.2 - - [03/Jan/2025:17:49:10 -0500] "GET /sid-1424-lets-go-back-to-the-father-by-shania-watson- HTTP/1.1" 200 3256 "-" "Mozilla/5.0 (Linux; Android 6.0.1; Nexus 5X Build/MMB29P) AppleWebKit/537.36 (KHTML, like Gecko) Chrome/131.0.6778.139 Mobile Safari/537.36 (compatible; Googlebot/2.1; +http://www.google.com/bot.html)"
66.249.73.3 - - [03/Jan/2025:17:49:14 -0500] "GET /aid-74-free-stream-time HTTP/1.1" 200 3444 "-" "Mozilla/5.0 (Linux; Android 6.0.1; Nexus 5X Build/MMB29P) AppleWebKit/537.36 (KHTML, like Gecko) Chrome/131.0.6778.139 Mobile Safari/537.36 (compatible; Googlebot/2.1; +http://www.google.com/bot.html)"
51.222.253.11 - - [03/Jan/2025:17:49:21 -0500] "GET /531-buy-Kukula-by-TNO HTTP/1.1" 200 3003 "-" "Mozilla/5.0 (compatible; AhrefsBot/7.0; +http://ahrefs.com/robot/)"
66.249.73.2 - - [03/Jan/2025:17:49:22 -0500] "GET /sid-1608-how-can-i-praise-by-phil HTTP/1.1" 200 3221 "-" "Mozilla/5.0 (Linux; Android 6.0.1; Nexus 5X Build/MMB29P) AppleWebKit/537.36 (KHTML, like Gecko) Chrome/131.0.6778.139 Mobile Safari/537.36 (compatible; Googlebot/2.1; +http://www.google.com/bot.html)"
66.249.73.2 - - [03/Jan/2025:17:49:23 -0500] "GET /sid-853-akhala-chomwe-ali-by-limbani-simenti HTTP/1.1" 200 3236 "-" "Mozilla/5.0 (Linux; Android 6.0.1; Nexus 5X Build/MMB29P) AppleWebKit/537.36 (KHTML, like Gecko) Chrome/131.0.6778.139 Mobile Safari/537.36 (compatible; Googlebot/2.1; +http://www.google.com/bot.html)"
66.249.73.2 - - [03/Jan/2025:17:49:28 -0500] "GET /sid-1538-we-lift-your-name-by-zizy- HTTP/1.1" 200 3227 "-" "Mozilla/5.0 (Linux; Android 6.0.1; Nexus 5X Build/MMB29P) AppleWebKit/537.36 (KHTML, like Gecko) Chrome/131.0.6778.139 Mobile Safari/537.36 (compatible; Googlebot/2.1; +http://www.google.com/bot.html)"
66.249.73.2 - - [03/Jan/2025:17:49:55 -0500] "GET /sid-1598-tipange-wipe-by-emuzick-1050 HTTP/1.1" 200 3224 "-" "Mozilla/5.0 (Linux; Android 6.0.1; Nexus 5X Build/MMB29P) AppleWebKit/537.36 (KHTML, like Gecko) Chrome/131.0.6778.139 Mobile Safari/537.36 (compatible; Googlebot/2.1; +http://www.google.com/bot.html)"
51.222.253.6 - - [03/Jan/2025:17:49:55 -0500] "GET /sid-1410-kill-dem-by-dterk-x-leon-off HTTP/1.1" 200 3229 "-" "Mozilla/5.0 (compatible; AhrefsBot/7.0; +http://ahrefs.com/robot/)"
66.249.73.3 - - [03/Jan/2025:17:50:01 -0500] "GET /sid-1551-bongo-by-astra- HTTP/1.1" 200 3198 "-" "Mozilla/5.0 (Linux; Android 6.0.1; Nexus 5X Build/MMB29P) AppleWebKit/537.36 (KHTML, like Gecko) Chrome/131.0.6778.139 Mobile Safari/537.36 (compatible; Googlebot/2.1; +http://www.google.com/bot.html)"
66.249.73.2 - - [03/Jan/2025:17:50:05 -0500] "GET /1586-Chigulu-by-Ranken HTTP/1.1" 200 3896 "-" "Mozilla/5.0 (Linux; Android 6.0.1; Nexus 5X Build/MMB29P) AppleWebKit/537.36 (KHTML, like Gecko) Chrome/131.0.6778.139 Mobile Safari/537.36 (compatible; Googlebot/2.1; +http://www.google.com/bot.html)"
66.249.73.3 - - [03/Jan/2025:17:50:07 -0500] "GET /sid-1537-peaches-by-junior HTTP/1.1" 200 3212 "-" "Mozilla/5.0 (Linux; Android 6.0.1; Nexus 5X Build/MMB29P) AppleWebKit/537.36 (KHTML, like Gecko) Chrome/131.0.6778.139 Mobile Safari/537.36 (compatible; Googlebot/2.1; +http://www.google.com/bot.html)"
66.249.73.2 - - [03/Jan/2025:17:50:11 -0500] "GET /sid-760-adzatikwezera-mbendera-by-santhe-assemblies-of-god-omc-choir HTTP/1.1" 200 3254 "-" "Mozilla/5.0 (Linux; Android 6.0.1; Nexus 5X Build/MMB29P) AppleWebKit/537.36 (KHTML, like Gecko) Chrome/131.0.6778.139 Mobile Safari/537.36 (compatible; Googlebot/2.1; +http://www.google.com/bot.html)"
66.249.65.161 - - [03/Jan/2025:17:50:24 -0500] "GET /439-Mulungu-Kulibe-by-Masomphenya-ft.-S.A.M.U.E.L-ft-Suffix HTTP/1.1" 200 3979 "-" "Mozilla/5.0 (Linux; Android 6.0.1; Nexus 5X Build/MMB29P) AppleWebKit/537.36 (KHTML, like Gecko) Chrome/131.0.6778.139 Mobile Safari/537.36 (compatible; Googlebot/2.1; +http://www.google.com/bot.html)"
51.222.253.10 - - [03/Jan/2025:17:50:27 -0500] "GET /aid-357-album-stream-tchelu-podekha HTTP/1.1" 200 3695 "-" "Mozilla/5.0 (compatible; AhrefsBot/7.0; +http://ahrefs.com/robot/)"
66.249.73.2 - - [03/Jan/2025:17:50:39 -0500] "GET /sid-821-redeemer-of-my-life-by-nancy-fortune-dent HTTP/1.1" 200 3267 "-" "Mozilla/5.0 (Linux; Android 6.0.1; Nexus 5X Build/MMB29P) AppleWebKit/537.36 (KHTML, like Gecko) Chrome/131.0.6778.139 Mobile Safari/537.36 (compatible; Googlebot/2.1; +http://www.google.com/bot.html)"
66.249.73.2 - - [03/Jan/2025:17:50:43 -0500] "GET /sid-898-god's-love-by-tuxedo HTTP/1.1" 200 3213 "-" "Mozilla/5.0 (Linux; Android 6.0.1; Nexus 5X Build/MMB29P) AppleWebKit/537.36 (KHTML, like Gecko) Chrome/131.0.6778.139 Mobile Safari/537.36 (compatible; Googlebot/2.1; +http://www.google.com/bot.html)"
66.249.73.2 - - [03/Jan/2025:17:50:46 -0500] "GET /sid-897-ndimakufunabe-by-kty HTTP/1.1" 200 3218 "-" "Mozilla/5.0 (Linux; Android 6.0.1; Nexus 5X Build/MMB29P) AppleWebKit/537.36 (KHTML, like Gecko) Chrome/131.0.6778.139 Mobile Safari/537.36 (compatible; Googlebot/2.1; +http://www.google.com/bot.html)"
66.249.73.2 - - [03/Jan/2025:17:50:48 -0500] "GET /sid-1051-mtetezi-by-harris HTTP/1.1" 200 3225 "-" "Mozilla/5.0 (Linux; Android 6.0.1; Nexus 5X Build/MMB29P) AppleWebKit/537.36 (KHTML, like Gecko) Chrome/131.0.6778.139 Mobile Safari/537.36 (compatible; Googlebot/2.1; +http://www.google.com/bot.html)"
66.249.73.2 - - [03/Jan/2025:17:50:50 -0500] "GET /sid-863-salephera-by-vaz-music HTTP/1.1" 200 3209 "-" "Mozilla/5.0 (Linux; Android 6.0.1; Nexus 5X Build/MMB29P) AppleWebKit/537.36 (KHTML, like Gecko) Chrome/131.0.6778.139 Mobile Safari/537.36 (compatible; Googlebot/2.1; +http://www.google.com/bot.html)"
51.222.253.15 - - [03/Jan/2025:17:50:53 -0500] "GET /sid-377-joy-to-the-world-by-fay-chris-ft.-chims-and-hannah HTTP/1.1" 200 3271 "-" "Mozilla/5.0 (compatible; AhrefsBot/7.0; +http://ahrefs.com/robot/)"
66.249.73.2 - - [03/Jan/2025:17:50:53 -0500] "GET /sid-879-mkazi-wako-by-fuex HTTP/1.1" 200 3213 "-" "Mozilla/5.0 (Linux; Android 6.0.1; Nexus 5X Build/MMB29P) AppleWebKit/537.36 (KHTML, like Gecko) Chrome/131.0.6778.139 Mobile Safari/537.36 (compatible; Googlebot/2.1; +http://www.google.com/bot.html)"
66.249.73.2 - - [03/Jan/2025:17:50:57 -0500] "GET /sid-749-dear-mama-by-sir-odilo- HTTP/1.1" 200 3219 "-" "Mozilla/5.0 (Linux; Android 6.0.1; Nexus 5X Build/MMB29P) AppleWebKit/537.36 (KHTML, like Gecko) Chrome/131.0.6778.139 Mobile Safari/537.36 (compatible; Googlebot/2.1; +http://www.google.com/bot.html)"
66.249.73.2 - - [03/Jan/2025:17:51:00 -0500] "GET /sid-774-lifetime-by-tsanzo-ft-sir-odilo HTTP/1.1" 200 3232 "-" "Mozilla/5.0 (Linux; Android 6.0.1; Nexus 5X Build/MMB29P) AppleWebKit/537.36 (KHTML, like Gecko) Chrome/131.0.6778.139 Mobile Safari/537.36 (compatible; Googlebot/2.1; +http://www.google.com/bot.html)"
66.249.73.3 - - [03/Jan/2025:17:51:02 -0500] "GET /sid-847-wako-wako-by-leslie- HTTP/1.1" 200 3214 "-" "Mozilla/5.0 (Linux; Android 6.0.1; Nexus 5X Build/MMB29P) AppleWebKit/537.36 (KHTML, like Gecko) Chrome/131.0.6778.139 Mobile Safari/537.36 (compatible; Googlebot/2.1; +http://www.google.com/bot.html)"
66.249.73.2 - - [03/Jan/2025:17:51:07 -0500] "GET /747-The-Love-by-Rated-18 HTTP/1.1" 200 325 "-" "Mozilla/5.0 (Linux; Android 6.0.1; Nexus 5X Build/MMB29P) AppleWebKit/537.36 (KHTML, like Gecko) Chrome/131.0.6778.139 Mobile Safari/537.36 (compatible; Googlebot/2.1; +http://www.google.com/bot.html)"
66.249.65.162 - - [03/Jan/2025:17:51:13 -0500] "GET /sid-1453-inuyo-by-reuben-matiti HTTP/1.1" 200 3211 "-" "Mozilla/5.0 (Linux; Android 6.0.1; Nexus 5X Build/MMB29P) AppleWebKit/537.36 (KHTML, like Gecko) Chrome/131.0.6778.139 Mobile Safari/537.36 (compatible; Googlebot/2.1; +http://www.google.com/bot.html)"
51.222.253.9 - - [03/Jan/2025:17:51:22 -0500] "GET /sid-1272-bombesha-by-kayumba-ck-zambia-ft-kmwaps HTTP/1.1" 200 3237 "-" "Mozilla/5.0 (compatible; AhrefsBot/7.0; +http://ahrefs.com/robot/)"
52.167.144.239 - - [03/Jan/2025:17:51:31 -0500] "GET /gl2v5grig.html HTTP/1.1" 404 1251 "-" "Mozilla/5.0 AppleWebKit/537.36 (KHTML, like Gecko; compatible; bingbot/2.0; +http://www.bing.com/bingbot.htm) Chrome/116.0.1938.76 Safari/537.36"
51.222.253.3 - - [03/Jan/2025:17:51:49 -0500] "GET /247-Aint-Done-by-Da-Troy-ft-MK HTTP/1.1" 200 3909 "-" "Mozilla/5.0 (compatible; AhrefsBot/7.0; +http://ahrefs.com/robot/)"
51.222.253.8 - - [03/Jan/2025:17:52:22 -0500] "GET /883-Othwanima-by-Mastol-ft.-Beracah HTTP/1.1" 200 3949 "-" "Mozilla/5.0 (compatible; AhrefsBot/7.0; +http://ahrefs.com/robot/)"
111.225.149.66 - - [03/Jan/2025:17:53:27 -0500] "GET / HTTP/1.1" 200 3228 "-" "Mozilla/5.0 (Linux; Android 5.0) AppleWebKit/537.36 (KHTML, like Gecko) Mobile Safari/537.36 (compatible; Bytespider; https://zhanzhang.toutiao.com/)"
51.222.253.3 - - [03/Jan/2025:17:53:27 -0500] "GET /513-Usalire-by-Alinafe-Shamu HTTP/1.1" 200 3908 "-" "Mozilla/5.0 (compatible; AhrefsBot/7.0; +http://ahrefs.com/robot/)"
111.225.149.66 - - [03/Jan/2025:17:53:27 -0500] "GET /css/load.css HTTP/1.1" 200 8159 "https://www.malawisounds.com/" "Mozilla/5.0 (Linux; Android 5.0) AppleWebKit/537.36 (KHTML, like Gecko) Mobile Safari/537.36 (compatible; Bytespider; https://zhanzhang.toutiao.com/)"
111.225.149.66 - - [03/Jan/2025:17:53:27 -0500] "GET /css/animate.css HTTP/1.1" 200 4001 "https://www.malawisounds.com/" "Mozilla/5.0 (Linux; Android 5.0) AppleWebKit/537.36 (KHTML, like Gecko) Mobile Safari/537.36 (compatible; Bytespider; https://zhanzhang.toutiao.com/)"
111.225.149.66 - - [03/Jan/2025:17:53:27 -0500] "GET /js/ajax.js HTTP/1.1" 200 784 "https://www.malawisounds.com/" "Mozilla/5.0 (Linux; Android 5.0) AppleWebKit/537.36 (KHTML, like Gecko) Mobile Safari/537.36 (compatible; Bytespider; https://zhanzhang.toutiao.com/)"
111.225.149.66 - - [03/Jan/2025:17:53:27 -0500] "GET /impact/stylesheet.css HTTP/1.1" 200 153 "https://www.malawisounds.com/" "Mozilla/5.0 (Linux; Android 5.0) AppleWebKit/537.36 (KHTML, like Gecko) Mobile Safari/537.36 (compatible; Bytespider; https://zhanzhang.toutiao.com/)"
111.225.149.66 - - [03/Jan/2025:17:53:27 -0500] "GET /css/w3.css HTTP/1.1" 200 4832 "https://www.malawisounds.com/" "Mozilla/5.0 (Linux; Android 5.0) AppleWebKit/537.36 (KHTML, like Gecko) Mobile Safari/537.36 (compatible; Bytespider; https://zhanzhang.toutiao.com/)"
111.225.149.66 - - [03/Jan/2025:17:53:27 -0500] "GET /js/facebook-api.js HTTP/1.1" 200 183 "https://www.malawisounds.com/" "Mozilla/5.0 (Linux; Android 5.0) AppleWebKit/537.36 (KHTML, like Gecko) Mobile Safari/537.36 (compatible; Bytespider; https://zhanzhang.toutiao.com/)"
111.225.149.66 - - [03/Jan/2025:17:53:27 -0500] "GET /bootstrap/css/bootstrap.min.css HTTP/1.1" 200 18270 "https://www.malawisounds.com/" "Mozilla/5.0 (Linux; Android 5.0) AppleWebKit/537.36 (KHTML, like Gecko) Mobile Safari/537.36 (compatible; Bytespider; https://zhanzhang.toutiao.com/)"
111.225.149.66 - - [03/Jan/2025:17:53:27 -0500] "GET /Icons/facebook.png HTTP/1.1" 206 500 "https://www.malawisounds.com/" "Mozilla/5.0 (Linux; Android 5.0) AppleWebKit/537.36 (KHTML, like Gecko) Mobile Safari/537.36 (compatible; Bytespider; https://zhanzhang.toutiao.com/)"
111.225.149.66 - - [03/Jan/2025:17:53:28 -0500] "GET /css/Icons/nyc.jpg HTTP/1.1" 404 1251 "https://www.malawisounds.com/css/load.css" "Mozilla/5.0 (Linux; Android 5.0) AppleWebKit/537.36 (KHTML, like Gecko) Mobile Safari/537.36 (compatible; Bytespider; https://zhanzhang.toutiao.com/)"
111.225.149.66 - - [03/Jan/2025:17:53:28 -0500] "GET /null HTTP/1.1" 404 1251 "https://www.malawisounds.com/" "Mozilla/5.0 (Linux; Android 5.0) AppleWebKit/537.36 (KHTML, like Gecko) Mobile Safari/537.36 (compatible; Bytespider; https://zhanzhang.toutiao.com/)"
111.225.149.66 - - [03/Jan/2025:17:53:28 -0500] "GET /Icons/msounds1.png HTTP/1.1" 206 500 "https://www.malawisounds.com/" "Mozilla/5.0 (Linux; Android 5.0) AppleWebKit/537.36 (KHTML, like Gecko) Mobile Safari/537.36 (compatible; Bytespider; https://zhanzhang.toutiao.com/)"
111.225.149.66 - - [03/Jan/2025:17:53:28 -0500] "GET /news/article-20240828-121825.png HTTP/1.1" 206 500 "https://www.malawisounds.com/" "Mozilla/5.0 (Linux; Android 5.0) AppleWebKit/537.36 (KHTML, like Gecko) Mobile Safari/537.36 (compatible; Bytespider; https://zhanzhang.toutiao.com/)"
111.225.149.66 - - [03/Jan/2025:17:53:28 -0500] "GET /js/wow.js HTTP/1.1" 200 3414 "https://www.malawisounds.com/" "Mozilla/5.0 (Linux; Android 5.0) AppleWebKit/537.36 (KHTML, like Gecko) Mobile Safari/537.36 (compatible; Bytespider; https://zhanzhang.toutiao.com/)"
111.225.149.66 - - [03/Jan/2025:17:53:28 -0500] "GET /js/nav.js HTTP/1.1" 200 99 "https://www.malawisounds.com/" "Mozilla/5.0 (Linux; Android 5.0) AppleWebKit/537.36 (KHTML, like Gecko) Mobile Safari/537.36 (compatible; Bytespider; https://zhanzhang.toutiao.com/)"
111.225.149.66 - - [03/Jan/2025:17:53:28 -0500] "GET /Icons/instagram.png HTTP/1.1" 206 500 "https://www.malawisounds.com/" "Mozilla/5.0 (Linux; Android 5.0) AppleWebKit/537.36 (KHTML, like Gecko) Mobile Safari/537.36 (compatible; Bytespider; https://zhanzhang.toutiao.com/)"
111.225.149.66 - - [03/Jan/2025:17:53:28 -0500] "GET /images/mwsounds-20241226-132716-Ndinu-Oyera-by-Keyz-Kingston.jpg HTTP/1.1" 206 500 "https://www.malawisounds.com/" "Mozilla/5.0 (Linux; Android 5.0) AppleWebKit/537.36 (KHTML, like Gecko) Mobile Safari/537.36 (compatible; Bytespider; https://zhanzhang.toutiao.com/)"
111.225.149.66 - - [03/Jan/2025:17:53:28 -0500] "GET /Icons/twitter.png HTTP/1.1" 206 500 "https://www.malawisounds.com/" "Mozilla/5.0 (Linux; Android 5.0) AppleWebKit/537.36 (KHTML, like Gecko) Mobile Safari/537.36 (compatible; Bytespider; https://zhanzhang.toutiao.com/)"
111.225.149.66 - - [03/Jan/2025:17:53:28 -0500] "GET /ads/MS%20covid.jpg HTTP/1.1" 206 500 "https://www.malawisounds.com/" "Mozilla/5.0 (Linux; Android 5.0) AppleWebKit/537.36 (KHTML, like Gecko) Mobile Safari/537.36 (compatible; Bytespider; https://zhanzhang.toutiao.com/)"
111.225.149.66 - - [03/Jan/2025:17:53:28 -0500] "GET /js/jquery.js HTTP/1.1" 200 29664 "https://www.malawisounds.com/" "Mozilla/5.0 (Linux; Android 5.0) AppleWebKit/537.36 (KHTML, like Gecko) Mobile Safari/537.36 (compatible; Bytespider; https://zhanzhang.toutiao.com/)"
111.225.149.66 - - [03/Jan/2025:17:53:28 -0500] "GET /images/mwsounds-20241130-141713-SACRIFICE-by-TASHA-DAFFRECE.jpg HTTP/1.1" 206 500 "https://www.malawisounds.com/" "Mozilla/5.0 (Linux; Android 5.0) AppleWebKit/537.36 (KHTML, like Gecko) Mobile Safari/537.36 (compatible; Bytespider; https://zhanzhang.toutiao.com/)"
111.225.149.66 - - [03/Jan/2025:17:53:28 -0500] "GET /home.php HTTP/1.1" 200 5207 "https://www.malawisounds.com/" "Mozilla/5.0 (Linux; Android 5.0) AppleWebKit/537.36 (KHTML, like Gecko) Mobile Safari/537.36 (compatible; Bytespider; https://zhanzhang.toutiao.com/)"
111.225.149.66 - - [03/Jan/2025:17:53:28 -0500] "GET /bio/mwsounds-20230703010954-IMG-20230703-030900.jpg HTTP/1.1" 206 500 "https://www.malawisounds.com/home.php" "Mozilla/5.0 (Linux; Android 5.0) AppleWebKit/537.36 (KHTML, like Gecko) Mobile Safari/537.36 (compatible; Bytespider; https://zhanzhang.toutiao.com/)"
111.225.149.66 - - [03/Jan/2025:17:53:28 -0500] "GET /js/wow.js HTTP/1.1" 200 3414 "https://www.malawisounds.com/home.php" "Mozilla/5.0 (Linux; Android 5.0) AppleWebKit/537.36 (KHTML, like Gecko) Mobile Safari/537.36 (compatible; Bytespider; https://zhanzhang.toutiao.com/)"
111.225.149.66 - - [03/Jan/2025:17:53:28 -0500] "GET /bio/mwsounds-20200801042643-Dr.Drew.jpg HTTP/1.1" 206 500 "https://www.malawisounds.com/home.php" "Mozilla/5.0 (Linux; Android 5.0) AppleWebKit/537.36 (KHTML, like Gecko) Mobile Safari/537.36 (compatible; Bytespider; https://zhanzhang.toutiao.com/)"
111.225.149.66 - - [03/Jan/2025:17:53:28 -0500] "GET /bio/mwsounds-20200706204045-gwamba.jpg HTTP/1.1" 206 500 "https://www.malawisounds.com/home.php" "Mozilla/5.0 (Linux; Android 5.0) AppleWebKit/537.36 (KHTML, like Gecko) Mobile Safari/537.36 (compatible; Bytespider; https://zhanzhang.toutiao.com/)"
111.225.149.66 - - [03/Jan/2025:17:53:28 -0500] "GET /bio/mwsounds-20200706205025-tay-grin---Copy.jpg HTTP/1.1" 206 500 "https://www.malawisounds.com/home.php" "Mozilla/5.0 (Linux; Android 5.0) AppleWebKit/537.36 (KHTML, like Gecko) Mobile Safari/537.36 (compatible; Bytespider; https://zhanzhang.toutiao.com/)"
111.225.149.66 - - [03/Jan/2025:17:53:28 -0500] "GET /bio/mwsounds-20200706203533-Namadigo.jpg HTTP/1.1" 206 500 "https://www.malawisounds.com/home.php" "Mozilla/5.0 (Linux; Android 5.0) AppleWebKit/537.36 (KHTML, like Gecko) Mobile Safari/537.36 (compatible; Bytespider; https://zhanzhang.toutiao.com/)"
111.225.149.66 - - [03/Jan/2025:17:53:28 -0500] "GET /bio/mwsounds-20200706120806-FB_IMG_1590948777511.jpg HTTP/1.1" 206 500 "https://www.malawisounds.com/home.php" "Mozilla/5.0 (Linux; Android 5.0) AppleWebKit/537.36 (KHTML, like Gecko) Mobile Safari/537.36 (compatible; Bytespider; https://zhanzhang.toutiao.com/)"
111.225.149.66 - - [03/Jan/2025:17:53:28 -0500] "GET /bio/mwsounds-20200710082408-onesmus.jpg HTTP/1.1" 206 500 "https://www.malawisounds.com/home.php" "Mozilla/5.0 (Linux; Android 5.0) AppleWebKit/537.36 (KHTML, like Gecko) Mobile Safari/537.36 (compatible; Bytespider; https://zhanzhang.toutiao.com/)"
111.225.149.66 - - [03/Jan/2025:17:53:28 -0500] "GET /images/mwsounds-20241110-090837-Timtame-by-Ngale.jpg HTTP/1.1" 206 500 "https://www.malawisounds.com/home.php" "Mozilla/5.0 (Linux; Android 5.0) AppleWebKit/537.36 (KHTML, like Gecko) Mobile Safari/537.36 (compatible; Bytespider; https://zhanzhang.toutiao.com/)"
111.225.149.66 - - [03/Jan/2025:17:53:28 -0500] "GET /images/mwsounds-20240329-093239-Welenga-by-Beracah.jpg HTTP/1.1" 206 500 "https://www.malawisounds.com/home.php" "Mozilla/5.0 (Linux; Android 5.0) AppleWebKit/537.36 (KHTML, like Gecko) Mobile Safari/537.36 (compatible; Bytespider; https://zhanzhang.toutiao.com/)"
111.225.149.66 - - [03/Jan/2025:17:53:28 -0500] "GET /Icons/new.png HTTP/1.1" 206 500 "https://www.malawisounds.com/home.php" "Mozilla/5.0 (Linux; Android 5.0) AppleWebKit/537.36 (KHTML, like Gecko) Mobile Safari/537.36 (compatible; Bytespider; https://zhanzhang.toutiao.com/)"
111.225.149.66 - - [03/Jan/2025:17:53:28 -0500] "GET /images/mwsounds-20240513-185209-Just-Smile-by-Gifted-Atikonda.jpg HTTP/1.1" 206 500 "https://www.malawisounds.com/home.php" "Mozilla/5.0 (Linux; Android 5.0) AppleWebKit/537.36 (KHTML, like Gecko) Mobile Safari/537.36 (compatible; Bytespider; https://zhanzhang.toutiao.com/)"
111.225.149.66 - - [03/Jan/2025:17:53:28 -0500] "GET /images/mwsounds-20240628-112930-Final-Fall-Back-by-Phronee99.jpg HTTP/1.1" 206 500 "https://www.malawisounds.com/home.php" "Mozilla/5.0 (Linux; Android 5.0) AppleWebKit/537.36 (KHTML, like Gecko) Mobile Safari/537.36 (compatible; Bytespider; https://zhanzhang.toutiao.com/)"
111.225.149.66 - - [03/Jan/2025:17:53:28 -0500] "GET /images/mwsounds-20241225-043510-Wabadwa-by-Dr.-Drew-feat.-Rudo-Chakwera.jpg HTTP/1.1" 206 500 "https://www.malawisounds.com/home.php" "Mozilla/5.0 (Linux; Android 5.0) AppleWebKit/537.36 (KHTML, like Gecko) Mobile Safari/537.36 (compatible; Bytespider; https://zhanzhang.toutiao.com/)"
111.225.149.66 - - [03/Jan/2025:17:53:28 -0500] "GET /images/mwsounds-20240322-095614-Amanda-by-David-Wilson-.jpg HTTP/1.1" 206 500 "https://www.malawisounds.com/home.php" "Mozilla/5.0 (Linux; Android 5.0) AppleWebKit/537.36 (KHTML, like Gecko) Mobile Safari/537.36 (compatible; Bytespider; https://zhanzhang.toutiao.com/)"
111.225.149.66 - - [03/Jan/2025:17:53:28 -0500] "GET /images/mwsounds-20241106-081214-Sinampeze-by-Sarai-ft.-Harris.jpg HTTP/1.1" 206 500 "https://www.malawisounds.com/home.php" "Mozilla/5.0 (Linux; Android 5.0) AppleWebKit/537.36 (KHTML, like Gecko) Mobile Safari/537.36 (compatible; Bytespider; https://zhanzhang.toutiao.com/)"
111.225.149.66 - - [03/Jan/2025:17:53:28 -0500] "GET /images/mwsounds-20240521-181643-Ena-by-Matiti.jpg HTTP/1.1" 206 500 "https://www.malawisounds.com/home.php" "Mozilla/5.0 (Linux; Android 5.0) AppleWebKit/537.36 (KHTML, like Gecko) Mobile Safari/537.36 (compatible; Bytespider; https://zhanzhang.toutiao.com/)"
111.225.149.66 - - [03/Jan/2025:17:53:28 -0500] "GET /images/mwsounds-20240406163203-IMG-20240406-WA0022.jpg HTTP/1.1" 206 500 "https://www.malawisounds.com/home.php" "Mozilla/5.0 (Linux; Android 5.0) AppleWebKit/537.36 (KHTML, like Gecko) Mobile Safari/537.36 (compatible; Bytespider; https://zhanzhang.toutiao.com/)"
111.225.149.66 - - [03/Jan/2025:17:53:28 -0500] "GET /images/mwsounds-20240127-171148-TRUST-by-Zikomo.jpg HTTP/1.1" 206 500 "https://www.malawisounds.com/home.php" "Mozilla/5.0 (Linux; Android 5.0) AppleWebKit/537.36 (KHTML, like Gecko) Mobile Safari/537.36 (compatible; Bytespider; https://zhanzhang.toutiao.com/)"
111.225.149.66 - - [03/Jan/2025:17:53:28 -0500] "GET /images/mwsounds-20240217-182830-Relationship-by-Costry-and-MJays.jpg HTTP/1.1" 206 500 "https://www.malawisounds.com/home.php" "Mozilla/5.0 (Linux; Android 5.0) AppleWebKit/537.36 (KHTML, like Gecko) Mobile Safari/537.36 (compatible; Bytespider; https://zhanzhang.toutiao.com/)"
