4.43.184.114 - - [03/Jan/2025:11:53:27 -0500] "GET /home.php HTTP/1.0" 200 43034 "-" "Mozilla/5.0 (compatible; MSIE 9.0; Windows NT 6.0; Trident/5.0)"
31.13.127.28 - - [03/Jan/2025:11:53:32 -0500] "GET /meta.json HTTP/1.1" 404 1251 "-" "facebookexternalhit/1.1 (+http://www.facebook.com/externalhit_uatext.php)"
31.13.127.112 - - [03/Jan/2025:11:53:32 -0500] "GET / HTTP/1.1" 200 12109 "-" "facebookexternalhit/1.1 (+http://www.facebook.com/externalhit_uatext.php)"
31.13.127.11 - - [03/Jan/2025:11:53:32 -0500] "GET / HTTP/1.1" 200 12109 "-" "facebookexternalhit/1.1 (+http://www.facebook.com/externalhit_uatext.php)"
105.234.178.80 - - [03/Jan/2025:11:54:27 -0500] "GET /shes-human-by-phillip-sajiwa HTTP/1.1" 200 4005 "-" "Mozilla/5.0 (Linux; U; Android 10; en-us; TECNO KD7 Build/QP1A.190711.020) AppleWebKit/537.36 (KHTML, like Gecko) Chrome/100.0.4896.127 Mobile Safari/537.36 PHX/17.3"
105.234.178.80 - - [03/Jan/2025:11:54:29 -0500] "GET /css/animate.css HTTP/1.1" 200 4001 "https://www.malawisounds.com/shes-human-by-phillip-sajiwa" "Mozilla/5.0 (Linux; U; Android 10; en-us; TECNO KD7 Build/QP1A.190711.020) AppleWebKit/537.36 (KHTML, like Gecko) Chrome/100.0.4896.127 Mobile Safari/537.36 PHX/17.3"
105.234.178.80 - - [03/Jan/2025:11:54:29 -0500] "GET /bootstrap/css/bootstrap.min.css HTTP/1.1" 200 18270 "https://www.malawisounds.com/shes-human-by-phillip-sajiwa" "Mozilla/5.0 (Linux; U; Android 10; en-us; TECNO KD7 Build/QP1A.190711.020) AppleWebKit/537.36 (KHTML, like Gecko) Chrome/100.0.4896.127 Mobile Safari/537.36 PHX/17.3"
105.234.178.80 - - [03/Jan/2025:11:54:29 -0500] "GET /js/ajax.js HTTP/1.1" 200 784 "https://www.malawisounds.com/shes-human-by-phillip-sajiwa" "Mozilla/5.0 (Linux; U; Android 10; en-us; TECNO KD7 Build/QP1A.190711.020) AppleWebKit/537.36 (KHTML, like Gecko) Chrome/100.0.4896.127 Mobile Safari/537.36 PHX/17.3"
105.234.178.80 - - [03/Jan/2025:11:54:29 -0500] "GET /css/load.css HTTP/1.1" 200 8159 "https://www.malawisounds.com/shes-human-by-phillip-sajiwa" "Mozilla/5.0 (Linux; U; Android 10; en-us; TECNO KD7 Build/QP1A.190711.020) AppleWebKit/537.36 (KHTML, like Gecko) Chrome/100.0.4896.127 Mobile Safari/537.36 PHX/17.3"
105.234.178.80 - - [03/Jan/2025:11:54:29 -0500] "GET /css/w3.css HTTP/1.1" 200 4832 "https://www.malawisounds.com/shes-human-by-phillip-sajiwa" "Mozilla/5.0 (Linux; U; Android 10; en-us; TECNO KD7 Build/QP1A.190711.020) AppleWebKit/537.36 (KHTML, like Gecko) Chrome/100.0.4896.127 Mobile Safari/537.36 PHX/17.3"
105.234.178.80 - - [03/Jan/2025:11:54:29 -0500] "GET /css/fontawesome/all.min.css HTTP/1.1" 200 12264 "https://www.malawisounds.com/shes-human-by-phillip-sajiwa" "Mozilla/5.0 (Linux; U; Android 10; en-us; TECNO KD7 Build/QP1A.190711.020) AppleWebKit/537.36 (KHTML, like Gecko) Chrome/100.0.4896.127 Mobile Safari/537.36 PHX/17.3"
105.234.178.80 - - [03/Jan/2025:11:54:29 -0500] "GET /js/jquery.js HTTP/1.1" 200 29664 "https://www.malawisounds.com/shes-human-by-phillip-sajiwa" "Mozilla/5.0 (Linux; U; Android 10; en-us; TECNO KD7 Build/QP1A.190711.020) AppleWebKit/537.36 (KHTML, like Gecko) Chrome/100.0.4896.127 Mobile Safari/537.36 PHX/17.3"
105.234.178.80 - - [03/Jan/2025:11:54:29 -0500] "GET /js/facebook-api.js HTTP/1.1" 200 183 "https://www.malawisounds.com/shes-human-by-phillip-sajiwa" "Mozilla/5.0 (Linux; U; Android 10; en-us; TECNO KD7 Build/QP1A.190711.020) AppleWebKit/537.36 (KHTML, like Gecko) Chrome/100.0.4896.127 Mobile Safari/537.36 PHX/17.3"
105.234.178.80 - - [03/Jan/2025:11:54:30 -0500] "GET /Icons/msounds1.png HTTP/1.1" 200 11619 "https://www.malawisounds.com/shes-human-by-phillip-sajiwa" "Mozilla/5.0 (Linux; U; Android 10; en-us; TECNO KD7 Build/QP1A.190711.020) AppleWebKit/537.36 (KHTML, like Gecko) Chrome/100.0.4896.127 Mobile Safari/537.36 PHX/17.3"
105.234.178.80 - - [03/Jan/2025:11:54:30 -0500] "GET /Icons/facebook.png HTTP/1.1" 200 2279 "https://www.malawisounds.com/shes-human-by-phillip-sajiwa" "Mozilla/5.0 (Linux; U; Android 10; en-us; TECNO KD7 Build/QP1A.190711.020) AppleWebKit/537.36 (KHTML, like Gecko) Chrome/100.0.4896.127 Mobile Safari/537.36 PHX/17.3"
105.234.178.80 - - [03/Jan/2025:11:54:30 -0500] "GET /js/nav.js HTTP/1.1" 200 99 "https://www.malawisounds.com/shes-human-by-phillip-sajiwa" "Mozilla/5.0 (Linux; U; Android 10; en-us; TECNO KD7 Build/QP1A.190711.020) AppleWebKit/537.36 (KHTML, like Gecko) Chrome/100.0.4896.127 Mobile Safari/537.36 PHX/17.3"
105.234.178.80 - - [03/Jan/2025:11:54:30 -0500] "GET /Icons/instagram.png HTTP/1.1" 200 2764 "https://www.malawisounds.com/shes-human-by-phillip-sajiwa" "Mozilla/5.0 (Linux; U; Android 10; en-us; TECNO KD7 Build/QP1A.190711.020) AppleWebKit/537.36 (KHTML, like Gecko) Chrome/100.0.4896.127 Mobile Safari/537.36 PHX/17.3"
105.234.178.80 - - [03/Jan/2025:11:54:30 -0500] "GET /bio/mwsounds-20230703010954-IMG-20230703-030900.jpg HTTP/1.1" 200 25808 "https://www.malawisounds.com/shes-human-by-phillip-sajiwa" "Mozilla/5.0 (Linux; U; Android 10; en-us; TECNO KD7 Build/QP1A.190711.020) AppleWebKit/537.36 (KHTML, like Gecko) Chrome/100.0.4896.127 Mobile Safari/537.36 PHX/17.3"
105.234.178.80 - - [03/Jan/2025:11:54:30 -0500] "GET /js/wow.js HTTP/1.1" 200 3414 "https://www.malawisounds.com/shes-human-by-phillip-sajiwa" "Mozilla/5.0 (Linux; U; Android 10; en-us; TECNO KD7 Build/QP1A.190711.020) AppleWebKit/537.36 (KHTML, like Gecko) Chrome/100.0.4896.127 Mobile Safari/537.36 PHX/17.3"
105.234.178.80 - - [03/Jan/2025:11:54:30 -0500] "GET /jquery-3.3.1.min.js HTTP/1.1" 200 29664 "https://www.malawisounds.com/shes-human-by-phillip-sajiwa" "Mozilla/5.0 (Linux; U; Android 10; en-us; TECNO KD7 Build/QP1A.190711.020) AppleWebKit/537.36 (KHTML, like Gecko) Chrome/100.0.4896.127 Mobile Safari/537.36 PHX/17.3"
105.234.178.80 - - [03/Jan/2025:11:54:30 -0500] "GET /Icons/twitter.png HTTP/1.1" 200 2415 "https://www.malawisounds.com/shes-human-by-phillip-sajiwa" "Mozilla/5.0 (Linux; U; Android 10; en-us; TECNO KD7 Build/QP1A.190711.020) AppleWebKit/537.36 (KHTML, like Gecko) Chrome/100.0.4896.127 Mobile Safari/537.36 PHX/17.3"
105.234.178.80 - - [03/Jan/2025:11:54:30 -0500] "GET /fonts/Gothic.ttf HTTP/1.1" 200 112628 "https://www.malawisounds.com/css/load.css" "Mozilla/5.0 (Linux; U; Android 10; en-us; TECNO KD7 Build/QP1A.190711.020) AppleWebKit/537.36 (KHTML, like Gecko) Chrome/100.0.4896.127 Mobile Safari/537.36 PHX/17.3"
105.234.178.80 - - [03/Jan/2025:11:54:30 -0500] "GET /bootstrap/fonts/glyphicons-halflings-regular.woff2 HTTP/1.1" 200 18028 "https://www.malawisounds.com/bootstrap/css/bootstrap.min.css" "Mozilla/5.0 (Linux; U; Android 10; en-us; TECNO KD7 Build/QP1A.190711.020) AppleWebKit/537.36 (KHTML, like Gecko) Chrome/100.0.4896.127 Mobile Safari/537.36 PHX/17.3"
105.234.178.80 - - [03/Jan/2025:11:54:30 -0500] "GET /fonts/Gothic-B.ttf HTTP/1.1" 200 129676 "https://www.malawisounds.com/css/load.css" "Mozilla/5.0 (Linux; U; Android 10; en-us; TECNO KD7 Build/QP1A.190711.020) AppleWebKit/537.36 (KHTML, like Gecko) Chrome/100.0.4896.127 Mobile Safari/537.36 PHX/17.3"
105.234.178.80 - - [03/Jan/2025:11:54:31 -0500] "GET /bio/mwsounds-20200710082408-onesmus.jpg HTTP/1.1" 200 30093 "https://www.malawisounds.com/shes-human-by-phillip-sajiwa" "Mozilla/5.0 (Linux; U; Android 10; en-us; TECNO KD7 Build/QP1A.190711.020) AppleWebKit/537.36 (KHTML, like Gecko) Chrome/100.0.4896.127 Mobile Safari/537.36 PHX/17.3"
105.234.178.80 - - [03/Jan/2025:11:54:31 -0500] "GET /album_images/mwsounds-20241226094254-shes-human-album-cover-picsay.jpg HTTP/1.1" 200 79085 "https://www.malawisounds.com/shes-human-by-phillip-sajiwa" "Mozilla/5.0 (Linux; U; Android 10; en-us; TECNO KD7 Build/QP1A.190711.020) AppleWebKit/537.36 (KHTML, like Gecko) Chrome/100.0.4896.127 Mobile Safari/537.36 PHX/17.3"
105.234.178.80 - - [03/Jan/2025:11:54:31 -0500] "GET /bio/mwsounds-20200706205025-tay-grin---Copy.jpg HTTP/1.1" 200 43244 "https://www.malawisounds.com/shes-human-by-phillip-sajiwa" "Mozilla/5.0 (Linux; U; Android 10; en-us; TECNO KD7 Build/QP1A.190711.020) AppleWebKit/537.36 (KHTML, like Gecko) Chrome/100.0.4896.127 Mobile Safari/537.36 PHX/17.3"
105.234.178.80 - - [03/Jan/2025:11:54:31 -0500] "GET /bio/mwsounds-20200801042643-Dr.Drew.jpg HTTP/1.1" 200 80629 "https://www.malawisounds.com/shes-human-by-phillip-sajiwa" "Mozilla/5.0 (Linux; U; Android 10; en-us; TECNO KD7 Build/QP1A.190711.020) AppleWebKit/537.36 (KHTML, like Gecko) Chrome/100.0.4896.127 Mobile Safari/537.36 PHX/17.3"
105.234.178.80 - - [03/Jan/2025:11:54:31 -0500] "GET /css/webfonts/fa-regular-400.woff2 HTTP/1.1" 200 13600 "https://www.malawisounds.com/css/fontawesome/all.min.css" "Mozilla/5.0 (Linux; U; Android 10; en-us; TECNO KD7 Build/QP1A.190711.020) AppleWebKit/537.36 (KHTML, like Gecko) Chrome/100.0.4896.127 Mobile Safari/537.36 PHX/17.3"
105.234.178.80 - - [03/Jan/2025:11:54:31 -0500] "GET /fonts/Montserrat-Black.ttf HTTP/1.1" 200 199056 "https://www.malawisounds.com/css/load.css" "Mozilla/5.0 (Linux; U; Android 10; en-us; TECNO KD7 Build/QP1A.190711.020) AppleWebKit/537.36 (KHTML, like Gecko) Chrome/100.0.4896.127 Mobile Safari/537.36 PHX/17.3"
105.234.178.80 - - [03/Jan/2025:11:54:31 -0500] "GET /fonts/Montserrat.ttf HTTP/1.1" 200 394140 "https://www.malawisounds.com/css/load.css" "Mozilla/5.0 (Linux; U; Android 10; en-us; TECNO KD7 Build/QP1A.190711.020) AppleWebKit/537.36 (KHTML, like Gecko) Chrome/100.0.4896.127 Mobile Safari/537.36 PHX/17.3"
105.234.178.80 - - [03/Jan/2025:11:54:31 -0500] "GET /bootstrap/js/bootstrap.min.js HTTP/1.1" 200 9515 "https://www.malawisounds.com/shes-human-by-phillip-sajiwa" "Mozilla/5.0 (Linux; U; Android 10; en-us; TECNO KD7 Build/QP1A.190711.020) AppleWebKit/537.36 (KHTML, like Gecko) Chrome/100.0.4896.127 Mobile Safari/537.36 PHX/17.3"
105.234.178.80 - - [03/Jan/2025:11:54:32 -0500] "GET /js/all.min.js HTTP/1.1" 200 423002 "https://www.malawisounds.com/shes-human-by-phillip-sajiwa" "Mozilla/5.0 (Linux; U; Android 10; en-us; TECNO KD7 Build/QP1A.190711.020) AppleWebKit/537.36 (KHTML, like Gecko) Chrome/100.0.4896.127 Mobile Safari/537.36 PHX/17.3"
105.234.178.80 - - [03/Jan/2025:11:54:33 -0500] "GET /null HTTP/1.1" 404 1251 "https://www.malawisounds.com/shes-human-by-phillip-sajiwa" "Mozilla/5.0 (Linux; U; Android 10; en-us; TECNO KD7 Build/QP1A.190711.020) AppleWebKit/537.36 (KHTML, like Gecko) Chrome/100.0.4896.127 Mobile Safari/537.36 PHX/17.3"
105.234.178.80 - - [03/Jan/2025:11:54:33 -0500] "GET /bio/mwsounds-20200706204045-gwamba.jpg HTTP/1.1" 200 39055 "https://www.malawisounds.com/shes-human-by-phillip-sajiwa" "Mozilla/5.0 (Linux; U; Android 10; en-us; TECNO KD7 Build/QP1A.190711.020) AppleWebKit/537.36 (KHTML, like Gecko) Chrome/100.0.4896.127 Mobile Safari/537.36 PHX/17.3"
105.234.178.80 - - [03/Jan/2025:11:54:33 -0500] "GET /bio/mwsounds-20200706203533-Namadigo.jpg HTTP/1.1" 200 33718 "https://www.malawisounds.com/shes-human-by-phillip-sajiwa" "Mozilla/5.0 (Linux; U; Android 10; en-us; TECNO KD7 Build/QP1A.190711.020) AppleWebKit/537.36 (KHTML, like Gecko) Chrome/100.0.4896.127 Mobile Safari/537.36 PHX/17.3"
105.234.178.80 - - [03/Jan/2025:11:54:33 -0500] "GET /Icons/malawisounds.ico HTTP/1.1" 200 4286 "-" "okhttp/4.10.0"
105.234.178.80 - - [03/Jan/2025:11:54:33 -0500] "GET /bio/mwsounds-20200706120806-FB_IMG_1590948777511.jpg HTTP/1.1" 200 19662 "https://www.malawisounds.com/shes-human-by-phillip-sajiwa" "Mozilla/5.0 (Linux; U; Android 10; en-us; TECNO KD7 Build/QP1A.190711.020) AppleWebKit/537.36 (KHTML, like Gecko) Chrome/100.0.4896.127 Mobile Safari/537.36 PHX/17.3"
105.234.178.80 - - [03/Jan/2025:11:54:34 -0500] "GET /Icons/malawisounds.ico HTTP/1.1" 200 4286 "https://www.malawisounds.com/shes-human-by-phillip-sajiwa" "Mozilla/5.0 (Linux; U; Android 10; en-us; TECNO KD7 Build/QP1A.190711.020) AppleWebKit/537.36 (KHTML, like Gecko) Chrome/100.0.4896.127 Mobile Safari/537.36 PHX/17.3"
105.234.178.80 - - [03/Jan/2025:11:54:44 -0500] "GET /download_album.php?id=535 HTTP/1.1" 200 7789767 "https://www.malawisounds.com/shes-human-by-phillip-sajiwa" "Mozilla/5.0 (Linux; U; Android 10; en-us; TECNO KD7 Build/QP1A.190711.020) AppleWebKit/537.36 (KHTML, like Gecko) Chrome/100.0.4896.127 Mobile Safari/537.36 PHX/17.3"
66.249.65.160 - - [03/Jan/2025:11:54:44 -0500] "GET / HTTP/1.1" 200 3228 "-" "Mozilla/5.0 (compatible; Googlebot/2.1; +http://www.google.com/bot.html)"
66.249.65.162 - - [03/Jan/2025:11:54:44 -0500] "GET /songs.php?id=109&name=Elka-Lero HTTP/1.1" 200 3918 "-" "Mozilla/5.0 (Linux; Android 6.0.1; Nexus 5X Build/MMB29P) AppleWebKit/537.36 (KHTML, like Gecko) Chrome/131.0.6778.139 Mobile Safari/537.36 (compatible; Googlebot/2.1; +http://www.google.com/bot.html)"
66.249.73.4 - - [03/Jan/2025:11:54:48 -0500] "GET /sid-248-nena-zako-by-michael-yekha HTTP/1.1" 200 3223 "-" "Mozilla/5.0 (Linux; Android 6.0.1; Nexus 5X Build/MMB29P) AppleWebKit/537.36 (KHTML, like Gecko) Chrome/131.0.6778.139 Mobile Safari/537.36 (compatible; Googlebot/2.1; +http://www.google.com/bot.html)"
105.234.178.80 - - [03/Jan/2025:11:54:52 -0500] "GET /aid-535-ep-stream-she's-human HTTP/1.1" 200 3466 "https://www.malawisounds.com/shes-human-by-phillip-sajiwa" "Mozilla/5.0 (Linux; U; Android 10; en-us; TECNO KD7 Build/QP1A.190711.020) AppleWebKit/537.36 (KHTML, like Gecko) Chrome/100.0.4896.127 Mobile Safari/537.36 PHX/17.3"
105.234.178.80 - - [03/Jan/2025:11:54:52 -0500] "GET /impact/stylesheet.css HTTP/1.1" 200 153 "https://www.malawisounds.com/aid-535-ep-stream-she's-human" "Mozilla/5.0 (Linux; U; Android 10; en-us; TECNO KD7 Build/QP1A.190711.020) AppleWebKit/537.36 (KHTML, like Gecko) Chrome/100.0.4896.127 Mobile Safari/537.36 PHX/17.3"
105.234.178.80 - - [03/Jan/2025:11:54:52 -0500] "GET /bootstrap/css/bootstrap.css HTTP/1.1" 200 19973 "https://www.malawisounds.com/aid-535-ep-stream-she's-human" "Mozilla/5.0 (Linux; U; Android 10; en-us; TECNO KD7 Build/QP1A.190711.020) AppleWebKit/537.36 (KHTML, like Gecko) Chrome/100.0.4896.127 Mobile Safari/537.36 PHX/17.3"
105.234.178.80 - - [03/Jan/2025:11:54:52 -0500] "GET /css/audio.css HTTP/1.1" 200 143 "https://www.malawisounds.com/aid-535-ep-stream-she's-human" "Mozilla/5.0 (Linux; U; Android 10; en-us; TECNO KD7 Build/QP1A.190711.020) AppleWebKit/537.36 (KHTML, like Gecko) Chrome/100.0.4896.127 Mobile Safari/537.36 PHX/17.3"
105.234.178.80 - - [03/Jan/2025:11:54:52 -0500] "GET /js/codespace_api.js HTTP/1.1" 200 3842 "https://www.malawisounds.com/aid-535-ep-stream-she's-human" "Mozilla/5.0 (Linux; U; Android 10; en-us; TECNO KD7 Build/QP1A.190711.020) AppleWebKit/537.36 (KHTML, like Gecko) Chrome/100.0.4896.127 Mobile Safari/537.36 PHX/17.3"
105.234.178.80 - - [03/Jan/2025:11:54:53 -0500] "GET /album_songs/03-shes-human.mp3 HTTP/1.1" 206 7789767 "https://www.malawisounds.com/aid-535-ep-stream-she's-human" "Mozilla/5.0 (Linux; U; Android 10; en-us; TECNO KD7 Build/QP1A.190711.020) AppleWebKit/537.36 (KHTML, like Gecko) Chrome/100.0.4896.127 Mobile Safari/537.36 PHX/17.3"
105.234.178.80 - - [03/Jan/2025:11:54:57 -0500] "GET /album_songs/03-shes-human.mp3 HTTP/1.1" 206 7642864 "https://www.malawisounds.com/aid-535-ep-stream-she's-human" "Mozilla/5.0 (Linux; U; Android 10; en-us; TECNO KD7 Build/QP1A.190711.020) AppleWebKit/537.36 (KHTML, like Gecko) Chrome/100.0.4896.127 Mobile Safari/537.36 PHX/17.3"
51.222.253.2 - - [03/Jan/2025:11:55:03 -0500] "GET /sid-3-bola-kwa-faraoh-by-ss-ceaser+pro-kzone+hamble HTTP/1.1" 200 3214 "-" "Mozilla/5.0 (compatible; AhrefsBot/7.0; +http://ahrefs.com/robot/)"
52.167.144.222 - - [03/Jan/2025:11:55:12 -0500] "GET /18cuw4elb.html HTTP/1.1" 404 1251 "-" "Mozilla/5.0 AppleWebKit/537.36 (KHTML, like Gecko; compatible; bingbot/2.0; +http://www.bing.com/bingbot.htm) Chrome/116.0.1938.76 Safari/537.36"
51.222.253.8 - - [03/Jan/2025:11:55:49 -0500] "GET /987-Mtuwa-by-Tione-Chirwa HTTP/1.1" 200 3885 "-" "Mozilla/5.0 (compatible; AhrefsBot/7.0; +http://ahrefs.com/robot/)"
105.234.178.80 - - [03/Jan/2025:11:55:55 -0500] "GET /artists HTTP/1.1" 200 4520 "https://www.malawisounds.com/shes-human-by-phillip-sajiwa" "Mozilla/5.0 (Linux; U; Android 10; en-us; TECNO KD7 Build/QP1A.190711.020) AppleWebKit/537.36 (KHTML, like Gecko) Chrome/100.0.4896.127 Mobile Safari/537.36 PHX/17.3"
105.234.178.80 - - [03/Jan/2025:11:55:56 -0500] "GET /bio/mwsounds-20240714180141-IMG-20240710-WA0083.jpg HTTP/1.1" 200 60645 "https://www.malawisounds.com/artists" "Mozilla/5.0 (Linux; U; Android 10; en-us; TECNO KD7 Build/QP1A.190711.020) AppleWebKit/537.36 (KHTML, like Gecko) Chrome/100.0.4896.127 Mobile Safari/537.36 PHX/17.3"
105.234.178.80 - - [03/Jan/2025:11:55:56 -0500] "GET /bio/1001098448.jpg HTTP/1.1" 200 279849 "https://www.malawisounds.com/artists" "Mozilla/5.0 (Linux; U; Android 10; en-us; TECNO KD7 Build/QP1A.190711.020) AppleWebKit/537.36 (KHTML, like Gecko) Chrome/100.0.4896.127 Mobile Safari/537.36 PHX/17.3"
105.234.178.80 - - [03/Jan/2025:11:55:56 -0500] "GET /bio/1000299630.jpg HTTP/1.1" 200 1036493 "https://www.malawisounds.com/artists" "Mozilla/5.0 (Linux; U; Android 10; en-us; TECNO KD7 Build/QP1A.190711.020) AppleWebKit/537.36 (KHTML, like Gecko) Chrome/100.0.4896.127 Mobile Safari/537.36 PHX/17.3"
105.234.178.80 - - [03/Jan/2025:11:55:56 -0500] "GET /bio/Made%20in%20his%20image%20artwork.jpg HTTP/1.1" 200 1968095 "https://www.malawisounds.com/artists" "Mozilla/5.0 (Linux; U; Android 10; en-us; TECNO KD7 Build/QP1A.190711.020) AppleWebKit/537.36 (KHTML, like Gecko) Chrome/100.0.4896.127 Mobile Safari/537.36 PHX/17.3"
105.234.178.80 - - [03/Jan/2025:11:55:59 -0500] "GET /bio/1711033852531.jpg HTTP/1.1" 200 17471 "https://www.malawisounds.com/artists" "Mozilla/5.0 (Linux; U; Android 10; en-us; TECNO KD7 Build/QP1A.190711.020) AppleWebKit/537.36 (KHTML, like Gecko) Chrome/100.0.4896.127 Mobile Safari/537.36 PHX/17.3"
105.234.178.80 - - [03/Jan/2025:11:55:59 -0500] "GET /bio/20240206_132746.JPG HTTP/1.1" 200 43544 "https://www.malawisounds.com/artists" "Mozilla/5.0 (Linux; U; Android 10; en-us; TECNO KD7 Build/QP1A.190711.020) AppleWebKit/537.36 (KHTML, like Gecko) Chrome/100.0.4896.127 Mobile Safari/537.36 PHX/17.3"
105.234.178.80 - - [03/Jan/2025:11:56:00 -0500] "GET /bio/Elikam%20-%20Image%20edited.jpg HTTP/1.1" 200 39026 "https://www.malawisounds.com/artists" "Mozilla/5.0 (Linux; U; Android 10; en-us; TECNO KD7 Build/QP1A.190711.020) AppleWebKit/537.36 (KHTML, like Gecko) Chrome/100.0.4896.127 Mobile Safari/537.36 PHX/17.3"
105.234.178.80 - - [03/Jan/2025:11:56:00 -0500] "GET /bio/mwsounds-20231114214417-IMG-20231114-WA0036.jpg HTTP/1.1" 200 25463 "https://www.malawisounds.com/artists" "Mozilla/5.0 (Linux; U; Android 10; en-us; TECNO KD7 Build/QP1A.190711.020) AppleWebKit/537.36 (KHTML, like Gecko) Chrome/100.0.4896.127 Mobile Safari/537.36 PHX/17.3"
105.234.178.80 - - [03/Jan/2025:11:56:01 -0500] "GET /bio/mwsounds-20230626063306-IMG-20230623-WA0006.jpg HTTP/1.1" 200 31006 "https://www.malawisounds.com/artists" "Mozilla/5.0 (Linux; U; Android 10; en-us; TECNO KD7 Build/QP1A.190711.020) AppleWebKit/537.36 (KHTML, like Gecko) Chrome/100.0.4896.127 Mobile Safari/537.36 PHX/17.3"
105.234.178.80 - - [03/Jan/2025:11:56:01 -0500] "GET /bio/mwsounds-20230610171648-IMG-20230530-WA0036.jpg HTTP/1.1" 200 83868 "https://www.malawisounds.com/artists" "Mozilla/5.0 (Linux; U; Android 10; en-us; TECNO KD7 Build/QP1A.190711.020) AppleWebKit/537.36 (KHTML, like Gecko) Chrome/100.0.4896.127 Mobile Safari/537.36 PHX/17.3"
105.234.178.80 - - [03/Jan/2025:11:56:03 -0500] "GET /bio/mwsounds-20230810171007-IMG-20230810-WA0015.jpg HTTP/1.1" 200 59319 "https://www.malawisounds.com/artists" "Mozilla/5.0 (Linux; U; Android 10; en-us; TECNO KD7 Build/QP1A.190711.020) AppleWebKit/537.36 (KHTML, like Gecko) Chrome/100.0.4896.127 Mobile Safari/537.36 PHX/17.3"
105.234.178.80 - - [03/Jan/2025:11:56:03 -0500] "GET /bio/mwsounds-20230909165449-compressed-570-2023-09-09-18-36-35.png HTTP/1.1" 200 800284 "https://www.malawisounds.com/artists" "Mozilla/5.0 (Linux; U; Android 10; en-us; TECNO KD7 Build/QP1A.190711.020) AppleWebKit/537.36 (KHTML, like Gecko) Chrome/100.0.4896.127 Mobile Safari/537.36 PHX/17.3"
105.234.178.80 - - [03/Jan/2025:11:56:03 -0500] "GET /album_songs/03-shes-human.mp3 HTTP/1.1" 206 6273961 "https://www.malawisounds.com/artists" "Mozilla/5.0 (Linux; U; Android 10; en-us; TECNO KD7 Build/QP1A.190711.020) AppleWebKit/537.36 (KHTML, like Gecko) Chrome/100.0.4896.127 Mobile Safari/537.36 PHX/17.3"
105.234.178.80 - - [03/Jan/2025:11:56:05 -0500] "GET /album_songs/03-shes-human.mp3 HTTP/1.1" 206 4012969 "https://www.malawisounds.com/artists" "Mozilla/5.0 (Linux; U; Android 10; en-us; TECNO KD7 Build/QP1A.190711.020) AppleWebKit/537.36 (KHTML, like Gecko) Chrome/100.0.4896.127 Mobile Safari/537.36 PHX/17.3"
69.171.249.1 - - [03/Jan/2025:11:56:14 -0500] "GET /images/mwsounds-20230623-133957-Vuto-by-Mike-sackson-ft-kita.jpg HTTP/1.1" 200 111647 "-" "facebookexternalhit/1.1 (+http://www.facebook.com/externalhit_uatext.php)"
52.167.144.228 - - [03/Jan/2025:11:56:19 -0500] "GET /nqcotcibb.html HTTP/1.1" 404 1251 "-" "Mozilla/5.0 AppleWebKit/537.36 (KHTML, like Gecko; compatible; bingbot/2.0; +http://www.bing.com/bingbot.htm) Chrome/116.0.1938.76 Safari/537.36"
51.222.253.1 - - [03/Jan/2025:11:56:34 -0500] "GET /sid-1396-blessings-by-gifted-emma-ft-x-tra-pro-beatz HTTP/1.1" 200 3295 "-" "Mozilla/5.0 (compatible; AhrefsBot/7.0; +http://ahrefs.com/robot/)"
114.119.159.76 - - [03/Jan/2025:11:57:39 -0500] "GET /download.php?id=465&name=Complex%20ft%20Tsa-Leo-Love HTTP/1.1" 200 8724599 "https://www.malawisounds.com/465-Love-by-Complex-ft-Tsa-Leo" "Mozilla/5.0 (Linux; Android 7.0;) AppleWebKit/537.36 (KHTML, like Gecko) Mobile Safari/537.36 (compatible; PetalBot;+https://webmaster.petalsearch.com/site/petalbot)"
51.222.253.14 - - [03/Jan/2025:11:57:58 -0500] "GET /663-I-am-unique-by-Nanja HTTP/1.1" 200 3906 "-" "Mozilla/5.0 (compatible; AhrefsBot/7.0; +http://ahrefs.com/robot/)"
66.249.73.2 - - [03/Jan/2025:11:58:04 -0500] "GET /496-Sidala-by-Tuno-ft-Saint HTTP/1.1" 200 3935 "-" "Mozilla/5.0 (Linux; Android 6.0.1; Nexus 5X Build/MMB29P) AppleWebKit/537.36 (KHTML, like Gecko) Chrome/131.0.6778.139 Mobile Safari/537.36 (compatible; Googlebot/2.1; +http://www.google.com/bot.html)"
69.171.249.5 - - [03/Jan/2025:11:58:17 -0500] "GET /images/mwsounds-20210728102417-song-artwork.jpg HTTP/1.1" 200 82169 "-" "facebookexternalhit/1.1 (+http://www.facebook.com/externalhit_uatext.php)"
69.171.251.114 - - [03/Jan/2025:11:58:20 -0500] "GET /article=30 HTTP/1.1" 200 12267 "-" "meta-externalagent/1.1 (+https://developers.facebook.com/docs/sharing/webmasters/crawler)"
66.249.73.3 - - [03/Jan/2025:11:58:22 -0500] "GET /302-Phukira-by-Lawi HTTP/1.1" 200 3954 "-" "Mozilla/5.0 (Linux; Android 6.0.1; Nexus 5X Build/MMB29P) AppleWebKit/537.36 (KHTML, like Gecko) Chrome/131.0.6778.139 Mobile Safari/537.36 (compatible; Googlebot/2.1; +http://www.google.com/bot.html)"
51.222.253.6 - - [03/Jan/2025:11:58:42 -0500] "GET /sid-886-obowa-by-omjazz-ft-k-fella HTTP/1.1" 200 3286 "-" "Mozilla/5.0 (compatible; AhrefsBot/7.0; +http://ahrefs.com/robot/)"
47.128.48.110 - - [03/Jan/2025:11:58:51 -0500] "GET /download.php?id=1676&name=Chisomo%20Chimoto-Kungoyamika HTTP/1.1" 200 7007582 "-" "Mozilla/5.0 (Linux; Android 5.0) AppleWebKit/537.36 (KHTML, like Gecko) Mobile Safari/537.36 (compatible; Bytespider; spider-feedback@bytedance.com)"
40.77.167.131 - - [03/Jan/2025:11:59:14 -0500] "GET /146g6wzwng.html HTTP/1.1" 404 1251 "-" "Mozilla/5.0 AppleWebKit/537.36 (KHTML, like Gecko; compatible; bingbot/2.0; +http://www.bing.com/bingbot.htm) Chrome/116.0.1938.76 Safari/537.36"
51.222.253.18 - - [03/Jan/2025:12:00:04 -0500] "GET /sid-575-monong'ona-by-joe-kellz HTTP/1.1" 200 3244 "-" "Mozilla/5.0 (compatible; AhrefsBot/7.0; +http://ahrefs.com/robot/)"
40.77.167.131 - - [03/Jan/2025:12:00:33 -0500] "GET /9efujvkgr.html HTTP/1.1" 404 1251 "-" "Mozilla/5.0 AppleWebKit/537.36 (KHTML, like Gecko; compatible; bingbot/2.0; +http://www.bing.com/bingbot.htm) Chrome/116.0.1938.76 Safari/537.36"
5.255.231.108 - - [03/Jan/2025:12:01:45 -0500] "GET /robots.txt HTTP/1.1" 404 1251 "-" "Mozilla/5.0 (compatible; YandexBot/3.0; +http://yandex.com/bots)"
213.180.203.198 - - [03/Jan/2025:12:01:45 -0500] "GET /video=36-chakalaka-by-dan-lu HTTP/1.1" 200 2064 "-" "Mozilla/5.0 (compatible; YandexBot/3.0; +http://yandex.com/bots)"
51.222.253.19 - - [03/Jan/2025:12:02:00 -0500] "GET /135-More-than--a-miracle-by-Susan-Kumwenda HTTP/1.1" 200 3933 "-" "Mozilla/5.0 (compatible; AhrefsBot/7.0; +http://ahrefs.com/robot/)"
40.77.167.65 - - [03/Jan/2025:12:02:07 -0500] "GET /plpbmarqe.html HTTP/1.1" 404 1251 "-" "Mozilla/5.0 AppleWebKit/537.36 (KHTML, like Gecko; compatible; bingbot/2.0; +http://www.bing.com/bingbot.htm) Chrome/116.0.1938.76 Safari/537.36"
51.222.253.12 - - [03/Jan/2025:12:02:39 -0500] "GET /876-Sindizasiya-by-Dr.-Drew HTTP/1.1" 200 3904 "-" "Mozilla/5.0 (compatible; AhrefsBot/7.0; +http://ahrefs.com/robot/)"
51.222.253.15 - - [03/Jan/2025:12:03:21 -0500] "GET /473-F.E.E.L.S-by-Tory-Lanez+Bucci+Chris-Brown HTTP/1.1" 200 3964 "-" "Mozilla/5.0 (compatible; AhrefsBot/7.0; +http://ahrefs.com/robot/)"
51.222.253.1 - - [03/Jan/2025:12:04:00 -0500] "GET /videos?pageno=10 HTTP/1.1" 200 2869 "-" "Mozilla/5.0 (compatible; AhrefsBot/7.0; +http://ahrefs.com/robot/)"
52.167.144.145 - - [03/Jan/2025:12:04:11 -0500] "GET /wbnbawizu.html HTTP/1.1" 404 1251 "-" "Mozilla/5.0 AppleWebKit/537.36 (KHTML, like Gecko; compatible; bingbot/2.0; +http://www.bing.com/bingbot.htm) Chrome/116.0.1938.76 Safari/537.36"
173.252.107.115 - - [03/Jan/2025:12:05:54 -0500] "GET /images/mwsounds-20240108-155520-Success-by-Kayumba-CK-Zambia-ft-tea-eskezoh-empire-Boys-.jpg HTTP/1.1" 200 45291 "-" "facebookexternalhit/1.1 (+http://www.facebook.com/externalhit_uatext.php)"
51.222.253.16 - - [03/Jan/2025:12:06:05 -0500] "GET /sid-716-can't-style-ah-genna-by-malinga HTTP/1.1" 200 3247 "-" "Mozilla/5.0 (compatible; AhrefsBot/7.0; +http://ahrefs.com/robot/)"
40.77.167.65 - - [03/Jan/2025:12:06:26 -0500] "GET /wiv1ylkdr.html HTTP/1.1" 404 1251 "-" "Mozilla/5.0 AppleWebKit/537.36 (KHTML, like Gecko; compatible; bingbot/2.0; +http://www.bing.com/bingbot.htm) Chrome/116.0.1938.76 Safari/537.36"
51.222.253.9 - - [03/Jan/2025:12:06:51 -0500] "GET /sid-121-i-do-believe(spoken-word)-by-abel-williams HTTP/1.1" 200 3242 "-" "Mozilla/5.0 (compatible; AhrefsBot/7.0; +http://ahrefs.com/robot/)"
51.222.253.16 - - [03/Jan/2025:12:07:32 -0500] "GET /sid-313-kweza-bar-by-beauce-africa-ft-mista-gray HTTP/1.1" 200 3286 "-" "Mozilla/5.0 (compatible; AhrefsBot/7.0; +http://ahrefs.com/robot/)"
52.167.144.150 - - [03/Jan/2025:12:08:00 -0500] "GET /18hmat9dt6.html HTTP/1.1" 404 1251 "-" "Mozilla/5.0 AppleWebKit/537.36 (KHTML, like Gecko; compatible; bingbot/2.0; +http://www.bing.com/bingbot.htm) Chrome/116.0.1938.76 Safari/537.36"
51.222.253.15 - - [03/Jan/2025:12:08:39 -0500] "GET /sid-1392-like-a-flood-by-slik-ft.-keith-timotheus-x-d-rain HTTP/1.1" 200 3267 "-" "Mozilla/5.0 (compatible; AhrefsBot/7.0; +http://ahrefs.com/robot/)"
105.234.176.77 - - [03/Jan/2025:12:08:43 -0500] "GET /274-kadyelere-by-eliza-mponya HTTP/1.1" 200 3910 "https://www.google.com/" "Mozilla/5.0 (Linux; U; Android 13; en-us; TECNO BG6 Build/TP1A.220624.014) AppleWebKit/537.36 (KHTML, like Gecko) Chrome/114.0.5735.60 Mobile Safari/537.36 PHX/17.3"
105.234.176.77 - - [03/Jan/2025:12:08:50 -0500] "GET /css/animate.css HTTP/1.1" 200 4001 "https://malawisounds.com/274-kadyelere-by-eliza-mponya" "Mozilla/5.0 (Linux; U; Android 13; en-us; TECNO BG6 Build/TP1A.220624.014) AppleWebKit/537.36 (KHTML, like Gecko) Chrome/114.0.5735.60 Mobile Safari/537.36 PHX/17.3"
105.234.176.77 - - [03/Jan/2025:12:08:50 -0500] "GET /impact/stylesheet.css HTTP/1.1" 200 153 "https://malawisounds.com/274-kadyelere-by-eliza-mponya" "Mozilla/5.0 (Linux; U; Android 13; en-us; TECNO BG6 Build/TP1A.220624.014) AppleWebKit/537.36 (KHTML, like Gecko) Chrome/114.0.5735.60 Mobile Safari/537.36 PHX/17.3"
105.234.176.77 - - [03/Jan/2025:12:08:50 -0500] "GET /js/ajax.js HTTP/1.1" 200 784 "https://malawisounds.com/274-kadyelere-by-eliza-mponya" "Mozilla/5.0 (Linux; U; Android 13; en-us; TECNO BG6 Build/TP1A.220624.014) AppleWebKit/537.36 (KHTML, like Gecko) Chrome/114.0.5735.60 Mobile Safari/537.36 PHX/17.3"
105.234.176.77 - - [03/Jan/2025:12:08:50 -0500] "GET /js/facebook-api.js HTTP/1.1" 200 183 "https://malawisounds.com/274-kadyelere-by-eliza-mponya" "Mozilla/5.0 (Linux; U; Android 13; en-us; TECNO BG6 Build/TP1A.220624.014) AppleWebKit/537.36 (KHTML, like Gecko) Chrome/114.0.5735.60 Mobile Safari/537.36 PHX/17.3"
105.234.176.77 - - [03/Jan/2025:12:08:50 -0500] "GET /css/load.css HTTP/1.1" 200 8159 "https://malawisounds.com/274-kadyelere-by-eliza-mponya" "Mozilla/5.0 (Linux; U; Android 13; en-us; TECNO BG6 Build/TP1A.220624.014) AppleWebKit/537.36 (KHTML, like Gecko) Chrome/114.0.5735.60 Mobile Safari/537.36 PHX/17.3"
105.234.176.77 - - [03/Jan/2025:12:08:50 -0500] "GET /css/w3.css HTTP/1.1" 200 4832 "https://malawisounds.com/274-kadyelere-by-eliza-mponya" "Mozilla/5.0 (Linux; U; Android 13; en-us; TECNO BG6 Build/TP1A.220624.014) AppleWebKit/537.36 (KHTML, like Gecko) Chrome/114.0.5735.60 Mobile Safari/537.36 PHX/17.3"
105.234.176.77 - - [03/Jan/2025:12:08:50 -0500] "GET /bootstrap/css/bootstrap.min.css HTTP/1.1" 200 18270 "https://malawisounds.com/274-kadyelere-by-eliza-mponya" "Mozilla/5.0 (Linux; U; Android 13; en-us; TECNO BG6 Build/TP1A.220624.014) AppleWebKit/537.36 (KHTML, like Gecko) Chrome/114.0.5735.60 Mobile Safari/537.36 PHX/17.3"
105.234.176.77 - - [03/Jan/2025:12:08:52 -0500] "GET /Icons/facebook.png HTTP/1.1" 200 2279 "https://malawisounds.com/274-kadyelere-by-eliza-mponya" "Mozilla/5.0 (Linux; U; Android 13; en-us; TECNO BG6 Build/TP1A.220624.014) AppleWebKit/537.36 (KHTML, like Gecko) Chrome/114.0.5735.60 Mobile Safari/537.36 PHX/17.3"
105.234.176.77 - - [03/Jan/2025:12:08:52 -0500] "GET /Icons/msounds1.png HTTP/1.1" 200 11619 "https://malawisounds.com/274-kadyelere-by-eliza-mponya" "Mozilla/5.0 (Linux; U; Android 13; en-us; TECNO BG6 Build/TP1A.220624.014) AppleWebKit/537.36 (KHTML, like Gecko) Chrome/114.0.5735.60 Mobile Safari/537.36 PHX/17.3"
105.234.176.77 - - [03/Jan/2025:12:08:54 -0500] "GET /Icons/instagram.png HTTP/1.1" 200 2764 "https://malawisounds.com/274-kadyelere-by-eliza-mponya" "Mozilla/5.0 (Linux; U; Android 13; en-us; TECNO BG6 Build/TP1A.220624.014) AppleWebKit/537.36 (KHTML, like Gecko) Chrome/114.0.5735.60 Mobile Safari/537.36 PHX/17.3"
105.234.176.77 - - [03/Jan/2025:12:08:54 -0500] "GET /bio/mwsounds-20230703010954-IMG-20230703-030900.jpg HTTP/1.1" 200 25808 "https://malawisounds.com/274-kadyelere-by-eliza-mponya" "Mozilla/5.0 (Linux; U; Android 13; en-us; TECNO BG6 Build/TP1A.220624.014) AppleWebKit/537.36 (KHTML, like Gecko) Chrome/114.0.5735.60 Mobile Safari/537.36 PHX/17.3"
105.234.176.77 - - [03/Jan/2025:12:08:54 -0500] "GET /Icons/twitter.png HTTP/1.1" 200 2415 "https://malawisounds.com/274-kadyelere-by-eliza-mponya" "Mozilla/5.0 (Linux; U; Android 13; en-us; TECNO BG6 Build/TP1A.220624.014) AppleWebKit/537.36 (KHTML, like Gecko) Chrome/114.0.5735.60 Mobile Safari/537.36 PHX/17.3"
105.234.176.77 - - [03/Jan/2025:12:08:54 -0500] "GET /js/nav.js HTTP/1.1" 200 99 "https://malawisounds.com/274-kadyelere-by-eliza-mponya" "Mozilla/5.0 (Linux; U; Android 13; en-us; TECNO BG6 Build/TP1A.220624.014) AppleWebKit/537.36 (KHTML, like Gecko) Chrome/114.0.5735.60 Mobile Safari/537.36 PHX/17.3"
105.234.176.77 - - [03/Jan/2025:12:08:54 -0500] "GET /fonts/Gothic-B.ttf HTTP/1.1" 200 129676 "https://malawisounds.com/css/load.css" "Mozilla/5.0 (Linux; U; Android 13; en-us; TECNO BG6 Build/TP1A.220624.014) AppleWebKit/537.36 (KHTML, like Gecko) Chrome/114.0.5735.60 Mobile Safari/537.36 PHX/17.3"
105.234.176.77 - - [03/Jan/2025:12:08:54 -0500] "GET /bootstrap/fonts/glyphicons-halflings-regular.woff2 HTTP/1.1" 200 18028 "https://malawisounds.com/bootstrap/css/bootstrap.min.css" "Mozilla/5.0 (Linux; U; Android 13; en-us; TECNO BG6 Build/TP1A.220624.014) AppleWebKit/537.36 (KHTML, like Gecko) Chrome/114.0.5735.60 Mobile Safari/537.36 PHX/17.3"
105.234.176.77 - - [03/Jan/2025:12:08:54 -0500] "GET /js/wow.js HTTP/1.1" 200 3414 "https://malawisounds.com/274-kadyelere-by-eliza-mponya" "Mozilla/5.0 (Linux; U; Android 13; en-us; TECNO BG6 Build/TP1A.220624.014) AppleWebKit/537.36 (KHTML, like Gecko) Chrome/114.0.5735.60 Mobile Safari/537.36 PHX/17.3"
105.234.176.77 - - [03/Jan/2025:12:08:54 -0500] "GET /fonts/Gothic.ttf HTTP/1.1" 200 112628 "https://malawisounds.com/css/load.css" "Mozilla/5.0 (Linux; U; Android 13; en-us; TECNO BG6 Build/TP1A.220624.014) AppleWebKit/537.36 (KHTML, like Gecko) Chrome/114.0.5735.60 Mobile Safari/537.36 PHX/17.3"
105.234.176.77 - - [03/Jan/2025:12:08:54 -0500] "GET /js/jquery.js HTTP/1.1" 200 29664 "https://malawisounds.com/274-kadyelere-by-eliza-mponya" "Mozilla/5.0 (Linux; U; Android 13; en-us; TECNO BG6 Build/TP1A.220624.014) AppleWebKit/537.36 (KHTML, like Gecko) Chrome/114.0.5735.60 Mobile Safari/537.36 PHX/17.3"
105.234.176.77 - - [03/Jan/2025:12:08:54 -0500] "GET /bio/mwsounds-20200710082408-onesmus.jpg HTTP/1.1" 200 30093 "https://malawisounds.com/274-kadyelere-by-eliza-mponya" "Mozilla/5.0 (Linux; U; Android 13; en-us; TECNO BG6 Build/TP1A.220624.014) AppleWebKit/537.36 (KHTML, like Gecko) Chrome/114.0.5735.60 Mobile Safari/537.36 PHX/17.3"
105.234.176.77 - - [03/Jan/2025:12:08:54 -0500] "GET /bio/mwsounds-20200706205025-tay-grin---Copy.jpg HTTP/1.1" 200 43244 "https://malawisounds.com/274-kadyelere-by-eliza-mponya" "Mozilla/5.0 (Linux; U; Android 13; en-us; TECNO BG6 Build/TP1A.220624.014) AppleWebKit/537.36 (KHTML, like Gecko) Chrome/114.0.5735.60 Mobile Safari/537.36 PHX/17.3"
105.234.176.77 - - [03/Jan/2025:12:08:54 -0500] "GET /images/mwsounds-20200902184621-mpo.jpg HTTP/1.1" 200 16324 "https://malawisounds.com/274-kadyelere-by-eliza-mponya" "Mozilla/5.0 (Linux; U; Android 13; en-us; TECNO BG6 Build/TP1A.220624.014) AppleWebKit/537.36 (KHTML, like Gecko) Chrome/114.0.5735.60 Mobile Safari/537.36 PHX/17.3"
105.234.176.77 - - [03/Jan/2025:12:08:54 -0500] "GET /bio/mwsounds-20200801042643-Dr.Drew.jpg HTTP/1.1" 200 80629 "https://malawisounds.com/274-kadyelere-by-eliza-mponya" "Mozilla/5.0 (Linux; U; Android 13; en-us; TECNO BG6 Build/TP1A.220624.014) AppleWebKit/537.36 (KHTML, like Gecko) Chrome/114.0.5735.60 Mobile Safari/537.36 PHX/17.3"
105.234.176.77 - - [03/Jan/2025:12:08:55 -0500] "GET /Icons/malawisounds.ico HTTP/1.1" 200 4286 "-" "okhttp/4.10.0"
31.13.127.7 - - [03/Jan/2025:12:08:55 -0500] "GET /images/mwsounds-20230524-091605-Yoh-Body-by-El-Burglar.jpg HTTP/1.1" 200 293324 "-" "facebookexternalhit/1.1 (+http://www.facebook.com/externalhit_uatext.php)"
105.234.176.77 - - [03/Jan/2025:12:09:03 -0500] "GET /bio/mwsounds-20200706204045-gwamba.jpg HTTP/1.1" 200 39055 "https://malawisounds.com/274-kadyelere-by-eliza-mponya" "Mozilla/5.0 (Linux; U; Android 13; en-us; TECNO BG6 Build/TP1A.220624.014) AppleWebKit/537.36 (KHTML, like Gecko) Chrome/114.0.5735.60 Mobile Safari/537.36 PHX/17.3"
105.234.176.77 - - [03/Jan/2025:12:09:03 -0500] "GET /bio/mwsounds-20200706203533-Namadigo.jpg HTTP/1.1" 200 33718 "https://malawisounds.com/274-kadyelere-by-eliza-mponya" "Mozilla/5.0 (Linux; U; Android 13; en-us; TECNO BG6 Build/TP1A.220624.014) AppleWebKit/537.36 (KHTML, like Gecko) Chrome/114.0.5735.60 Mobile Safari/537.36 PHX/17.3"
105.234.176.77 - - [03/Jan/2025:12:09:03 -0500] "GET /null HTTP/1.1" 404 1251 "https://malawisounds.com/274-kadyelere-by-eliza-mponya" "Mozilla/5.0 (Linux; U; Android 13; en-us; TECNO BG6 Build/TP1A.220624.014) AppleWebKit/537.36 (KHTML, like Gecko) Chrome/114.0.5735.60 Mobile Safari/537.36 PHX/17.3"
105.234.176.77 - - [03/Jan/2025:12:09:03 -0500] "GET /bio/mwsounds-20200706120806-FB_IMG_1590948777511.jpg HTTP/1.1" 200 19662 "https://malawisounds.com/274-kadyelere-by-eliza-mponya" "Mozilla/5.0 (Linux; U; Android 13; en-us; TECNO BG6 Build/TP1A.220624.014) AppleWebKit/537.36 (KHTML, like Gecko) Chrome/114.0.5735.60 Mobile Safari/537.36 PHX/17.3"
69.171.249.116 - - [03/Jan/2025:12:09:03 -0500] "GET /songs.php?id=1307 HTTP/1.1" 200 14448 "-" "facebookexternalhit/1.1 (+http://www.facebook.com/externalhit_uatext.php)"
105.234.176.77 - - [03/Jan/2025:12:09:04 -0500] "GET /Icons/malawisounds.ico HTTP/1.1" 200 4286 "https://malawisounds.com/274-kadyelere-by-eliza-mponya" "Mozilla/5.0 (Linux; U; Android 13; en-us; TECNO BG6 Build/TP1A.220624.014) AppleWebKit/537.36 (KHTML, like Gecko) Chrome/114.0.5735.60 Mobile Safari/537.36 PHX/17.3"
105.234.176.77 - - [03/Jan/2025:12:09:05 -0500] "GET /download.php?id=274&name=Eliza%20Mponya-Kadyelere HTTP/1.1" 200 5279275 "https://malawisounds.com/274-kadyelere-by-eliza-mponya" "Mozilla/5.0 (Linux; U; Android 13; en-us; TECNO BG6 Build/TP1A.220624.014) AppleWebKit/537.36 (KHTML, like Gecko) Chrome/114.0.5735.60 Mobile Safari/537.36 PHX/17.3"
52.167.144.150 - - [03/Jan/2025:12:09:11 -0500] "GET /gd4piy1zr.html HTTP/1.1" 404 1251 "-" "Mozilla/5.0 AppleWebKit/537.36 (KHTML, like Gecko; compatible; bingbot/2.0; +http://www.bing.com/bingbot.htm) Chrome/116.0.1938.76 Safari/537.36"
40.77.167.152 - - [03/Jan/2025:12:09:18 -0500] "GET /20peoxfei.html HTTP/1.1" 404 1251 "-" "Mozilla/5.0 AppleWebKit/537.36 (KHTML, like Gecko; compatible; bingbot/2.0; +http://www.bing.com/bingbot.htm) Chrome/116.0.1938.76 Safari/537.36"
105.234.176.77 - - [03/Jan/2025:12:09:19 -0500] "GET /download.php?id=274&name=Eliza%20Mponya-Kadyelere HTTP/1.1" 200 5279275 "https://malawisounds.com/274-kadyelere-by-eliza-mponya" "Mozilla/5.0 (Linux; U; Android 13; en-us; TECNO BG6 Build/TP1A.220624.014) AppleWebKit/537.36 (KHTML, like Gecko) Chrome/114.0.5735.60 Mobile Safari/537.36 PHX/17.3"
105.234.176.77 - - [03/Jan/2025:12:09:22 -0500] "GET /download.php?id=274&name=Eliza%20Mponya-Kadyelere HTTP/1.1" 200 5279275 "https://malawisounds.com/274-kadyelere-by-eliza-mponya" "Mozilla/5.0 (Linux; U; Android 13; en-us; TECNO BG6 Build/TP1A.220624.014) AppleWebKit/537.36 (KHTML, like Gecko) Chrome/114.0.5735.60 Mobile Safari/537.36 PHX/17.3"
51.222.253.4 - - [03/Jan/2025:12:09:24 -0500] "GET /1408-YENDA--by-McDonald-Future- HTTP/1.1" 200 3917 "-" "Mozilla/5.0 (compatible; AhrefsBot/7.0; +http://ahrefs.com/robot/)"
64.124.8.130 - - [03/Jan/2025:12:09:42 -0500] "GET /robots.txt HTTP/1.1" 404 1251 "-" "Mozilla/5.0 (compatible; ImagesiftBot; +imagesift.com)"
64.124.8.130 - - [03/Jan/2025:12:09:42 -0500] "GET /sid-205-own-time-by-gwamba-ft-emtee HTTP/1.1" 200 3253 "-" "Mozilla/5.0 (compatible; ImagesiftBot; +imagesift.com)"
51.222.253.16 - - [03/Jan/2025:12:10:06 -0500] "GET /sid-1406-dale..produced-by-chapter-by-node-king-x-meekboy HTTP/1.1" 200 3246 "-" "Mozilla/5.0 (compatible; AhrefsBot/7.0; +http://ahrefs.com/robot/)"
64.124.8.130 - - [03/Jan/2025:12:10:14 -0500] "GET /1330-Kingdom-First-by-Da-redeemed HTTP/1.1" 200 3929 "-" "Mozilla/5.0 (compatible; ImagesiftBot; +imagesift.com)"
31.13.127.31 - - [03/Jan/2025:12:10:33 -0500] "GET /images/mwsounds-20240724-070616-Muyaya-by-Timothy-Mw-.jpg HTTP/1.1" 200 110687 "-" "facebookexternalhit/1.1 (+http://www.facebook.com/externalhit_uatext.php)"
64.124.8.130 - - [03/Jan/2025:12:10:44 -0500] "GET /sid-1666-muzonse-by-bombe HTTP/1.1" 200 3221 "-" "Mozilla/5.0 (compatible; ImagesiftBot; +imagesift.com)"
81.247.174.159 - - [03/Jan/2025:12:10:48 -0500] "GET /bio/mwsounds-20200706204045-gwamba.jpg HTTP/1.1" 200 39055 "https://www.google.com/" "Mozilla/5.0 (Linux; Android 14; SM-A546B Build/UP1A.231005.007; wv) AppleWebKit/537.36 (KHTML, like Gecko) Version/4.0 Chrome/131.0.6778.135 Mobile Safari/537.36 GoogleApp/15.50.41.ve.arm64"
51.222.253.4 - - [03/Jan/2025:12:11:16 -0500] "GET /sid-593-show-you-love-by-chalz-ways HTTP/1.1" 200 3262 "-" "Mozilla/5.0 (compatible; AhrefsBot/7.0; +http://ahrefs.com/robot/)"
64.124.8.130 - - [03/Jan/2025:12:11:21 -0500] "GET /1277-Mtima-Wina-by-Bligle HTTP/1.1" 200 3902 "-" "Mozilla/5.0 (compatible; ImagesiftBot; +imagesift.com)"
64.124.8.130 - - [03/Jan/2025:12:11:27 -0500] "GET /1661-Loved-by-You-by-Samuel-Peter- HTTP/1.1" 200 3926 "-" "Mozilla/5.0 (compatible; ImagesiftBot; +imagesift.com)"
64.124.8.130 - - [03/Jan/2025:12:11:55 -0500] "GET /sid-1628-tweyagale--by-remon-fuse- HTTP/1.1" 200 3212 "-" "Mozilla/5.0 (compatible; ImagesiftBot; +imagesift.com)"
64.124.8.130 - - [03/Jan/2025:12:12:34 -0500] "GET /1668-Timtame-by-Ngale HTTP/1.1" 200 3886 "-" "Mozilla/5.0 (compatible; ImagesiftBot; +imagesift.com)"
51.222.253.15 - - [03/Jan/2025:12:12:42 -0500] "GET /sid-1289-tell-the-world--by-jowie HTTP/1.1" 200 3224 "-" "Mozilla/5.0 (compatible; AhrefsBot/7.0; +http://ahrefs.com/robot/)"
51.222.253.14 - - [03/Jan/2025:12:13:01 -0500] "GET /sid-189-yalura-mphasa-by-grena-phiri HTTP/1.1" 200 3217 "-" "Mozilla/5.0 (compatible; AhrefsBot/7.0; +http://ahrefs.com/robot/)"
64.124.8.130 - - [03/Jan/2025:12:13:20 -0500] "GET /sid-1453-inuyo-by-reuben-matiti HTTP/1.1" 200 3211 "-" "Mozilla/5.0 (compatible; ImagesiftBot; +imagesift.com)"
51.222.253.16 - - [03/Jan/2025:12:13:22 -0500] "GET /sid-1012-ndiganiza-za-iwe-by-dr.-drew-ft.-umie HTTP/1.1" 200 3248 "-" "Mozilla/5.0 (compatible; AhrefsBot/7.0; +http://ahrefs.com/robot/)"
51.222.253.13 - - [03/Jan/2025:12:13:50 -0500] "GET /sid-1418-maloto-by-jayson-ft.-ka-mlaka HTTP/1.1" 200 3222 "-" "Mozilla/5.0 (compatible; AhrefsBot/7.0; +http://ahrefs.com/robot/)"
64.124.8.130 - - [03/Jan/2025:12:14:08 -0500] "GET /the-egression-by-vallenz HTTP/1.1" 200 4474 "-" "Mozilla/5.0 (compatible; ImagesiftBot; +imagesift.com)"
51.222.253.19 - - [03/Jan/2025:12:14:15 -0500] "GET /688-Iweyo-by-Khenzoa HTTP/1.1" 200 3916 "-" "Mozilla/5.0 (compatible; AhrefsBot/7.0; +http://ahrefs.com/robot/)"
51.222.253.10 - - [03/Jan/2025:12:14:51 -0500] "GET /sid-403-help-by-joma-mw HTTP/1.1" 200 3221 "-" "Mozilla/5.0 (compatible; AhrefsBot/7.0; +http://ahrefs.com/robot/)"
64.124.8.130 - - [03/Jan/2025:12:15:02 -0500] "GET /aid-466-ep-stream-double-edged HTTP/1.1" 200 3507 "-" "Mozilla/5.0 (compatible; ImagesiftBot; +imagesift.com)"
64.124.8.130 - - [03/Jan/2025:12:15:52 -0500] "GET /1357-Okay-by-Ishmael HTTP/1.1" 200 3883 "-" "Mozilla/5.0 (compatible; ImagesiftBot; +imagesift.com)"
40.77.167.131 - - [03/Jan/2025:12:16:00 -0500] "GET /19wlsqoasc.html HTTP/1.1" 404 1251 "-" "Mozilla/5.0 AppleWebKit/537.36 (KHTML, like Gecko; compatible; bingbot/2.0; +http://www.bing.com/bingbot.htm) Chrome/116.0.1938.76 Safari/537.36"
51.222.253.16 - - [03/Jan/2025:12:16:05 -0500] "GET /1268-Mwana-Wa-Landlord--by-Stickers-Alliance-Ft-Kapadocia- HTTP/1.1" 200 3972 "-" "Mozilla/5.0 (compatible; AhrefsBot/7.0; +http://ahrefs.com/robot/)"
51.222.253.9 - - [03/Jan/2025:12:16:46 -0500] "GET /198-Sovereign-God-by-Nara HTTP/1.1" 200 3943 "-" "Mozilla/5.0 (compatible; AhrefsBot/7.0; +http://ahrefs.com/robot/)"
110.249.202.61 - - [03/Jan/2025:12:16:49 -0500] "GET /artist=D33V3N HTTP/1.1" 200 3099 "-" "Mozilla/5.0 (Linux; Android 5.0) AppleWebKit/537.36 (KHTML, like Gecko) Mobile Safari/537.36 (compatible; Bytespider; https://zhanzhang.toutiao.com/)"
110.249.202.61 - - [03/Jan/2025:12:16:50 -0500] "GET /css/animate.css HTTP/1.1" 200 4001 "https://malawisounds.com/artist=D33V3N" "Mozilla/5.0 (Linux; Android 5.0) AppleWebKit/537.36 (KHTML, like Gecko) Mobile Safari/537.36 (compatible; Bytespider; https://zhanzhang.toutiao.com/)"
110.249.202.61 - - [03/Jan/2025:12:16:50 -0500] "GET /css/w3.css HTTP/1.1" 200 4832 "https://malawisounds.com/artist=D33V3N" "Mozilla/5.0 (Linux; Android 5.0) AppleWebKit/537.36 (KHTML, like Gecko) Mobile Safari/537.36 (compatible; Bytespider; https://zhanzhang.toutiao.com/)"
64.124.8.130 - - [03/Jan/2025:12:16:55 -0500] "GET /videos HTTP/1.1" 200 3388 "-" "Mozilla/5.0 (compatible; ImagesiftBot; +imagesift.com)"
105.234.162.20 - - [03/Jan/2025:12:16:59 -0500] "GET /296-Panado-by-Onesimus HTTP/1.1" 200 3872 "https://www.google.com/" "Mozilla/5.0 (Linux; Android 10; Redmi 7) AppleWebKit/537.36 (KHTML, like Gecko) Chrome/87.0.4280.101 Mobile Safari/537.36"
105.234.162.20 - - [03/Jan/2025:12:17:00 -0500] "GET /css/animate.css HTTP/1.1" 200 4001 "https://www.malawisounds.com/296-Panado-by-Onesimus" "Mozilla/5.0 (Linux; Android 10; Redmi 7) AppleWebKit/537.36 (KHTML, like Gecko) Chrome/87.0.4280.101 Mobile Safari/537.36"
105.234.162.20 - - [03/Jan/2025:12:17:00 -0500] "GET /css/w3.css HTTP/1.1" 200 4832 "https://www.malawisounds.com/296-Panado-by-Onesimus" "Mozilla/5.0 (Linux; Android 10; Redmi 7) AppleWebKit/537.36 (KHTML, like Gecko) Chrome/87.0.4280.101 Mobile Safari/537.36"
105.234.162.20 - - [03/Jan/2025:12:17:00 -0500] "GET /css/load.css HTTP/1.1" 200 8159 "https://www.malawisounds.com/296-Panado-by-Onesimus" "Mozilla/5.0 (Linux; Android 10; Redmi 7) AppleWebKit/537.36 (KHTML, like Gecko) Chrome/87.0.4280.101 Mobile Safari/537.36"
105.234.162.20 - - [03/Jan/2025:12:17:00 -0500] "GET /js/ajax.js HTTP/1.1" 200 784 "https://www.malawisounds.com/296-Panado-by-Onesimus" "Mozilla/5.0 (Linux; Android 10; Redmi 7) AppleWebKit/537.36 (KHTML, like Gecko) Chrome/87.0.4280.101 Mobile Safari/537.36"
105.234.162.20 - - [03/Jan/2025:12:17:00 -0500] "GET /bootstrap/css/bootstrap.min.css HTTP/1.1" 200 18270 "https://www.malawisounds.com/296-Panado-by-Onesimus" "Mozilla/5.0 (Linux; Android 10; Redmi 7) AppleWebKit/537.36 (KHTML, like Gecko) Chrome/87.0.4280.101 Mobile Safari/537.36"
105.234.162.20 - - [03/Jan/2025:12:17:00 -0500] "GET /impact/stylesheet.css HTTP/1.1" 200 153 "https://www.malawisounds.com/296-Panado-by-Onesimus" "Mozilla/5.0 (Linux; Android 10; Redmi 7) AppleWebKit/537.36 (KHTML, like Gecko) Chrome/87.0.4280.101 Mobile Safari/537.36"
105.234.162.20 - - [03/Jan/2025:12:17:00 -0500] "GET /js/facebook-api.js HTTP/1.1" 200 183 "https://www.malawisounds.com/296-Panado-by-Onesimus" "Mozilla/5.0 (Linux; Android 10; Redmi 7) AppleWebKit/537.36 (KHTML, like Gecko) Chrome/87.0.4280.101 Mobile Safari/537.36"
105.234.162.20 - - [03/Jan/2025:12:17:01 -0500] "GET /js/jquery.js HTTP/1.1" 200 29664 "https://www.malawisounds.com/296-Panado-by-Onesimus" "Mozilla/5.0 (Linux; Android 10; Redmi 7) AppleWebKit/537.36 (KHTML, like Gecko) Chrome/87.0.4280.101 Mobile Safari/537.36"
105.234.162.20 - - [03/Jan/2025:12:17:01 -0500] "GET /js/nav.js HTTP/1.1" 200 99 "https://www.malawisounds.com/296-Panado-by-Onesimus" "Mozilla/5.0 (Linux; Android 10; Redmi 7) AppleWebKit/537.36 (KHTML, like Gecko) Chrome/87.0.4280.101 Mobile Safari/537.36"
105.234.162.20 - - [03/Jan/2025:12:17:01 -0500] "GET /js/wow.js HTTP/1.1" 200 3414 "https://www.malawisounds.com/296-Panado-by-Onesimus" "Mozilla/5.0 (Linux; Android 10; Redmi 7) AppleWebKit/537.36 (KHTML, like Gecko) Chrome/87.0.4280.101 Mobile Safari/537.36"
105.234.162.20 - - [03/Jan/2025:12:17:01 -0500] "GET /Icons/msounds1.png HTTP/1.1" 200 11619 "https://www.malawisounds.com/296-Panado-by-Onesimus" "Mozilla/5.0 (Linux; Android 10; Redmi 7) AppleWebKit/537.36 (KHTML, like Gecko) Chrome/87.0.4280.101 Mobile Safari/537.36"
105.234.162.20 - - [03/Jan/2025:12:17:01 -0500] "GET /Icons/facebook.png HTTP/1.1" 200 2279 "https://www.malawisounds.com/296-Panado-by-Onesimus" "Mozilla/5.0 (Linux; Android 10; Redmi 7) AppleWebKit/537.36 (KHTML, like Gecko) Chrome/87.0.4280.101 Mobile Safari/537.36"
105.234.162.20 - - [03/Jan/2025:12:17:01 -0500] "GET /Icons/twitter.png HTTP/1.1" 200 2415 "https://www.malawisounds.com/296-Panado-by-Onesimus" "Mozilla/5.0 (Linux; Android 10; Redmi 7) AppleWebKit/537.36 (KHTML, like Gecko) Chrome/87.0.4280.101 Mobile Safari/537.36"
105.234.162.20 - - [03/Jan/2025:12:17:01 -0500] "GET /bio/mwsounds-20230703010954-IMG-20230703-030900.jpg HTTP/1.1" 200 25808 "https://www.malawisounds.com/296-Panado-by-Onesimus" "Mozilla/5.0 (Linux; Android 10; Redmi 7) AppleWebKit/537.36 (KHTML, like Gecko) Chrome/87.0.4280.101 Mobile Safari/537.36"
105.234.162.20 - - [03/Jan/2025:12:17:01 -0500] "GET /Icons/instagram.png HTTP/1.1" 200 2764 "https://www.malawisounds.com/296-Panado-by-Onesimus" "Mozilla/5.0 (Linux; Android 10; Redmi 7) AppleWebKit/537.36 (KHTML, like Gecko) Chrome/87.0.4280.101 Mobile Safari/537.36"
105.234.162.20 - - [03/Jan/2025:12:17:01 -0500] "GET /bio/mwsounds-20200710082408-onesmus.jpg HTTP/1.1" 200 30093 "https://www.malawisounds.com/296-Panado-by-Onesimus" "Mozilla/5.0 (Linux; Android 10; Redmi 7) AppleWebKit/537.36 (KHTML, like Gecko) Chrome/87.0.4280.101 Mobile Safari/537.36"
105.234.162.20 - - [03/Jan/2025:12:17:01 -0500] "GET /images/mwsounds-20201010002145-panado-art.jpg HTTP/1.1" 200 37095 "https://www.malawisounds.com/296-Panado-by-Onesimus" "Mozilla/5.0 (Linux; Android 10; Redmi 7) AppleWebKit/537.36 (KHTML, like Gecko) Chrome/87.0.4280.101 Mobile Safari/537.36"
105.234.162.20 - - [03/Jan/2025:12:17:01 -0500] "GET /bio/mwsounds-20200801042643-Dr.Drew.jpg HTTP/1.1" 200 80629 "https://www.malawisounds.com/296-Panado-by-Onesimus" "Mozilla/5.0 (Linux; Android 10; Redmi 7) AppleWebKit/537.36 (KHTML, like Gecko) Chrome/87.0.4280.101 Mobile Safari/537.36"
105.234.162.20 - - [03/Jan/2025:12:17:01 -0500] "GET /bio/mwsounds-20200706205025-tay-grin---Copy.jpg HTTP/1.1" 200 43244 "https://www.malawisounds.com/296-Panado-by-Onesimus" "Mozilla/5.0 (Linux; Android 10; Redmi 7) AppleWebKit/537.36 (KHTML, like Gecko) Chrome/87.0.4280.101 Mobile Safari/537.36"
105.234.162.20 - - [03/Jan/2025:12:17:01 -0500] "GET /ads/MS%20covid.jpg HTTP/1.1" 200 273002 "https://www.malawisounds.com/296-Panado-by-Onesimus" "Mozilla/5.0 (Linux; Android 10; Redmi 7) AppleWebKit/537.36 (KHTML, like Gecko) Chrome/87.0.4280.101 Mobile Safari/537.36"
105.234.162.20 - - [03/Jan/2025:12:17:04 -0500] "GET /bio/mwsounds-20200706203533-Namadigo.jpg HTTP/1.1" 200 33718 "https://www.malawisounds.com/296-Panado-by-Onesimus" "Mozilla/5.0 (Linux; Android 10; Redmi 7) AppleWebKit/537.36 (KHTML, like Gecko) Chrome/87.0.4280.101 Mobile Safari/537.36"
105.234.162.20 - - [03/Jan/2025:12:17:04 -0500] "GET /bio/mwsounds-20200706204045-gwamba.jpg HTTP/1.1" 200 39055 "https://www.malawisounds.com/296-Panado-by-Onesimus" "Mozilla/5.0 (Linux; Android 10; Redmi 7) AppleWebKit/537.36 (KHTML, like Gecko) Chrome/87.0.4280.101 Mobile Safari/537.36"
