40.77.167.58 - - [03/Jan/2025:21:28:22 -0500] "GET /39vpulkep.html HTTP/1.1" 404 1251 "-" "Mozilla/5.0 AppleWebKit/537.36 (KHTML, like Gecko; compatible; bingbot/2.0; +http://www.bing.com/bingbot.htm) Chrome/116.0.1938.76 Safari/537.36"
52.167.144.222 - - [03/Jan/2025:21:28:58 -0500] "GET /1g01gvkko1.html HTTP/1.1" 404 1251 "-" "Mozilla/5.0 AppleWebKit/537.36 (KHTML, like Gecko; compatible; bingbot/2.0; +http://www.bing.com/bingbot.htm) Chrome/116.0.1938.76 Safari/537.36"
40.77.167.58 - - [03/Jan/2025:21:29:03 -0500] "GET /songs.php?id=1132 HTTP/1.1" 200 3922 "-" "Mozilla/5.0 AppleWebKit/537.36 (KHTML, like Gecko; compatible; bingbot/2.0; +http://www.bing.com/bingbot.htm) Chrome/116.0.1938.76 Safari/537.36"
51.222.253.14 - - [03/Jan/2025:21:29:10 -0500] "GET /1396-Blessings-by-Gifted-Emma-ft-X-tra-pro-beatz HTTP/1.1" 200 4005 "-" "Mozilla/5.0 (compatible; AhrefsBot/7.0; +http://ahrefs.com/robot/)"
4.43.184.114 - - [03/Jan/2025:21:29:52 -0500] "GET / HTTP/1.0" 200 12109 "-" "Mozilla/5.0 (Windows; U; Windows NT 6.1; en-US) AppleWebKit/534.16 (KHTML, like Gecko) Chrome/10.0.648.133 Safari/534.16"
4.43.184.114 - - [03/Jan/2025:21:29:52 -0500] "GET /home.php HTTP/1.0" 200 43034 "-" "Mozilla/5.0 (Macintosh; Intel Mac OS X 10.6) Gecko/20100101 Firefox/5.0.1"
51.222.253.5 - - [03/Jan/2025:21:30:28 -0500] "GET /sid-903-uchi-by-lulu-and-mathumela-band HTTP/1.1" 200 3231 "-" "Mozilla/5.0 (compatible; AhrefsBot/7.0; +http://ahrefs.com/robot/)"
216.244.66.237 - - [03/Jan/2025:21:31:18 -0500] "GET /download.php?id=1557&name=Costry%20and%20MJays-Relationship HTTP/1.1" 200 8360859 "-" "Mozilla/5.0 (compatible; DotBot/1.2; +https://opensiteexplorer.org/dotbot; help@moz.com)"
40.77.167.154 - - [03/Jan/2025:21:34:19 -0500] "GET /download.php?id=1539&name=Zikomo-TRUST HTTP/1.1" 200 9273868 "-" "Mozilla/5.0 AppleWebKit/537.36 (KHTML, like Gecko; compatible; bingbot/2.0; +http://www.bing.com/bingbot.htm) Chrome/116.0.1938.76 Safari/537.36"
51.222.253.14 - - [03/Jan/2025:21:34:21 -0500] "GET /sid-580-yahweh-by-robertson-music HTTP/1.1" 200 3237 "-" "Mozilla/5.0 (compatible; AhrefsBot/7.0; +http://ahrefs.com/robot/)"
51.222.253.18 - - [03/Jan/2025:21:35:49 -0500] "GET /sid-647-fyi-by-third-eye-ft.-eli-njuchi-and-hayze-angola HTTP/1.1" 200 3268 "-" "Mozilla/5.0 (compatible; AhrefsBot/7.0; +http://ahrefs.com/robot/)"
40.77.167.58 - - [03/Jan/2025:21:36:52 -0500] "GET /5d19tz7ns.html HTTP/1.1" 404 1251 "-" "Mozilla/5.0 AppleWebKit/537.36 (KHTML, like Gecko; compatible; bingbot/2.0; +http://www.bing.com/bingbot.htm) Chrome/116.0.1938.76 Safari/537.36"
51.222.253.8 - - [03/Jan/2025:21:37:16 -0500] "GET /sid-225-i-dont-worry-by-blessings-gondwe HTTP/1.1" 200 3225 "-" "Mozilla/5.0 (compatible; AhrefsBot/7.0; +http://ahrefs.com/robot/)"
47.128.43.177 - - [03/Jan/2025:21:39:16 -0500] "GET /singles?pageno=10828 HTTP/1.1" 200 3251 "-" "Mozilla/5.0 (compatible; Bytespider; spider-feedback@bytedance.com) AppleWebKit/537.36 (KHTML, like Gecko) Chrome/70.0.0.0 Safari/537.36"
47.128.43.177 - - [03/Jan/2025:21:39:16 -0500] "GET /bootstrap/css/bootstrap.min.css HTTP/1.1" 200 18270 "https://www.malawisounds.com/singles?pageno=10828" "Mozilla/5.0 (compatible; Bytespider; spider-feedback@bytedance.com) AppleWebKit/537.36 (KHTML, like Gecko) Chrome/70.0.0.0 Safari/537.36"
47.128.43.177 - - [03/Jan/2025:21:39:17 -0500] "GET /Icons/instagram.png HTTP/1.1" 206 500 "https://www.malawisounds.com/singles?pageno=10828" "Mozilla/5.0 (compatible; Bytespider; spider-feedback@bytedance.com) AppleWebKit/537.36 (KHTML, like Gecko) Chrome/70.0.0.0 Safari/537.36"
47.128.43.177 - - [03/Jan/2025:21:39:17 -0500] "GET /bio/mwsounds-20230703010954-IMG-20230703-030900.jpg HTTP/1.1" 206 500 "https://www.malawisounds.com/singles?pageno=10828" "Mozilla/5.0 (compatible; Bytespider; spider-feedback@bytedance.com) AppleWebKit/537.36 (KHTML, like Gecko) Chrome/70.0.0.0 Safari/537.36"
47.128.43.177 - - [03/Jan/2025:21:39:17 -0500] "GET /bio/mwsounds-20200710082408-onesmus.jpg HTTP/1.1" 206 500 "https://www.malawisounds.com/singles?pageno=10828" "Mozilla/5.0 (compatible; Bytespider; spider-feedback@bytedance.com) AppleWebKit/537.36 (KHTML, like Gecko) Chrome/70.0.0.0 Safari/537.36"
47.128.43.177 - - [03/Jan/2025:21:39:17 -0500] "GET /Icons/twitter.png HTTP/1.1" 206 500 "https://www.malawisounds.com/singles?pageno=10828" "Mozilla/5.0 (compatible; Bytespider; spider-feedback@bytedance.com) AppleWebKit/537.36 (KHTML, like Gecko) Chrome/70.0.0.0 Safari/537.36"
47.128.43.177 - - [03/Jan/2025:21:39:17 -0500] "GET /images/mwsounds-20241231-215121-H-n-P-by-R3ALXTRA-MLW-FT-TROY6iX.jpg HTTP/1.1" 206 500 "https://www.malawisounds.com/singles?pageno=10828" "Mozilla/5.0 (compatible; Bytespider; spider-feedback@bytedance.com) AppleWebKit/537.36 (KHTML, like Gecko) Chrome/70.0.0.0 Safari/537.36"
47.128.43.177 - - [03/Jan/2025:21:39:17 -0500] "GET /bio/mwsounds-20200801042643-Dr.Drew.jpg HTTP/1.1" 206 500 "https://www.malawisounds.com/singles?pageno=10828" "Mozilla/5.0 (compatible; Bytespider; spider-feedback@bytedance.com) AppleWebKit/537.36 (KHTML, like Gecko) Chrome/70.0.0.0 Safari/537.36"
47.128.43.177 - - [03/Jan/2025:21:39:17 -0500] "GET /images/mwsounds-20241231-091035-Kungoyamika-by-Chisomo-Chimoto.jpg HTTP/1.1" 206 500 "https://www.malawisounds.com/singles?pageno=10828" "Mozilla/5.0 (compatible; Bytespider; spider-feedback@bytedance.com) AppleWebKit/537.36 (KHTML, like Gecko) Chrome/70.0.0.0 Safari/537.36"
47.128.43.177 - - [03/Jan/2025:21:39:17 -0500] "GET /bio/mwsounds-20200706205025-tay-grin---Copy.jpg HTTP/1.1" 206 500 "https://www.malawisounds.com/singles?pageno=10828" "Mozilla/5.0 (compatible; Bytespider; spider-feedback@bytedance.com) AppleWebKit/537.36 (KHTML, like Gecko) Chrome/70.0.0.0 Safari/537.36"
47.128.43.177 - - [03/Jan/2025:21:39:17 -0500] "GET /null HTTP/1.1" 404 1251 "https://www.malawisounds.com/singles?pageno=10828" "Mozilla/5.0 (compatible; Bytespider; spider-feedback@bytedance.com) AppleWebKit/537.36 (KHTML, like Gecko) Chrome/70.0.0.0 Safari/537.36"
51.222.253.6 - - [03/Jan/2025:21:39:53 -0500] "GET /sid-1208-kuthokoza-by-gifted-atikonda HTTP/1.1" 200 3216 "-" "Mozilla/5.0 (compatible; AhrefsBot/7.0; +http://ahrefs.com/robot/)"
51.222.253.15 - - [03/Jan/2025:21:42:07 -0500] "GET /the-light-by-malawi-gospel-hip-hop-group HTTP/1.1" 200 4255 "-" "Mozilla/5.0 (compatible; AhrefsBot/7.0; +http://ahrefs.com/robot/)"
51.222.253.11 - - [03/Jan/2025:21:42:58 -0500] "GET /sid-318-same-skin-by-ser7n-and-hope HTTP/1.1" 200 3244 "-" "Mozilla/5.0 (compatible; AhrefsBot/7.0; +http://ahrefs.com/robot/)"
66.249.65.162 - - [03/Jan/2025:21:43:42 -0500] "GET /1310-Tikweza-inu-by-Gabriel-Simenti- HTTP/1.1" 200 3914 "-" "Mozilla/5.0 (Linux; Android 6.0.1; Nexus 5X Build/MMB29P) AppleWebKit/537.36 (KHTML, like Gecko) Chrome/131.0.6778.139 Mobile Safari/537.36 (compatible; Googlebot/2.1; +http://www.google.com/bot.html)"
51.222.253.18 - - [03/Jan/2025:21:43:48 -0500] "GET /348-Bushiri-Wabwera-by-Namadingo HTTP/1.1" 200 3928 "-" "Mozilla/5.0 (compatible; AhrefsBot/7.0; +http://ahrefs.com/robot/)"
114.119.138.130 - - [03/Jan/2025:21:44:23 -0500] "GET /images?ND HTTP/1.1" 301 795 "https://www.malawisounds.com/images?NA" "Mozilla/5.0 (Linux; Android 7.0;) AppleWebKit/537.36 (KHTML, like Gecko) Mobile Safari/537.36 (compatible; PetalBot;+https://webmaster.petalsearch.com/site/petalbot)"
114.119.138.130 - - [03/Jan/2025:21:44:24 -0500] "GET /images/?ND HTTP/1.1" 403 1242 "https://www.malawisounds.com/images?NA" "Mozilla/5.0 (Linux; Android 7.0;) AppleWebKit/537.36 (KHTML, like Gecko) Mobile Safari/537.36 (compatible; PetalBot;+https://webmaster.petalsearch.com/site/petalbot)"
51.222.253.5 - - [03/Jan/2025:21:44:33 -0500] "GET /651-Loving-You-by-Cross-heart-feat-E-Star-Hope-and-Hannah HTTP/1.1" 200 4009 "-" "Mozilla/5.0 (compatible; AhrefsBot/7.0; +http://ahrefs.com/robot/)"
40.77.167.25 - - [03/Jan/2025:21:44:54 -0500] "GET /aj0jerbec.html HTTP/1.1" 404 1251 "-" "Mozilla/5.0 AppleWebKit/537.36 (KHTML, like Gecko; compatible; bingbot/2.0; +http://www.bing.com/bingbot.htm) Chrome/116.0.1938.76 Safari/537.36"
43.159.140.236 - - [03/Jan/2025:21:45:15 -0500] "GET / HTTP/1.1" 200 3709 "http://malawisounds.com" "Mozilla/5.0 (iPhone; CPU iPhone OS 13_2_3 like Mac OS X) AppleWebKit/605.1.15 (KHTML, like Gecko) Version/13.0.3 Mobile/15E148 Safari/604.1"
51.222.253.7 - - [03/Jan/2025:21:45:22 -0500] "GET /983-Waste-my-time-by-Lokie-wolf HTTP/1.1" 200 3901 "-" "Mozilla/5.0 (compatible; AhrefsBot/7.0; +http://ahrefs.com/robot/)"
51.222.253.7 - - [03/Jan/2025:21:46:09 -0500] "GET /sid-217-uzathyolera-ft-waly-cris-by-bee-o-gee HTTP/1.1" 200 3276 "-" "Mozilla/5.0 (compatible; AhrefsBot/7.0; +http://ahrefs.com/robot/)"
51.222.253.4 - - [03/Jan/2025:21:46:58 -0500] "GET /sid-1063-tibwelerane-by-smart-p HTTP/1.1" 200 3215 "-" "Mozilla/5.0 (compatible; AhrefsBot/7.0; +http://ahrefs.com/robot/)"
114.119.138.130 - - [03/Jan/2025:21:47:09 -0500] "GET /download_album.php?id=62 HTTP/1.1" 200 2911183 "https://www.malawisounds.com/album_songs.php?title=MR-DANCEHALL&name=Inno-Busy" "Mozilla/5.0 (Linux; Android 7.0;) AppleWebKit/537.36 (KHTML, like Gecko) Mobile Safari/537.36 (compatible; PetalBot;+https://webmaster.petalsearch.com/site/petalbot)"
51.222.253.13 - - [03/Jan/2025:21:47:46 -0500] "GET /sid-278-goodness-of-god(cover)-by-melody HTTP/1.1" 200 3236 "-" "Mozilla/5.0 (compatible; AhrefsBot/7.0; +http://ahrefs.com/robot/)"
51.222.253.20 - - [03/Jan/2025:21:48:36 -0500] "GET /sid-757-be-still-by-susan-kumwenda- HTTP/1.1" 200 3281 "-" "Mozilla/5.0 (compatible; AhrefsBot/7.0; +http://ahrefs.com/robot/)"
51.222.253.8 - - [03/Jan/2025:21:49:32 -0500] "GET /1033-Life-yapanyasa-by-Yassizy HTTP/1.1" 200 3902 "-" "Mozilla/5.0 (compatible; AhrefsBot/7.0; +http://ahrefs.com/robot/)"
114.119.128.158 - - [03/Jan/2025:21:49:55 -0500] "GET /download_album.php?id=51 HTTP/1.1" 200 10465228 "https://www.malawisounds.com/thicker-than-blood-by-revolution" "Mozilla/5.0 (Linux; Android 7.0;) AppleWebKit/537.36 (KHTML, like Gecko) Mobile Safari/537.36 (compatible; PetalBot;+https://webmaster.petalsearch.com/site/petalbot)"
51.222.253.15 - - [03/Jan/2025:21:50:19 -0500] "GET /download.php?id=129&name=Darray%20+%20Just%20Christian-Cocola HTTP/1.1" 200 18 "-" "Mozilla/5.0 (compatible; AhrefsBot/7.0; +http://ahrefs.com/robot/)"
51.222.253.18 - - [03/Jan/2025:21:50:57 -0500] "GET /98-Kundikamba(Rapture-cover)-by-Crush-Point HTTP/1.1" 200 3971 "-" "Mozilla/5.0 (compatible; AhrefsBot/7.0; +http://ahrefs.com/robot/)"
51.222.253.13 - - [03/Jan/2025:21:51:40 -0500] "GET /403-Help-by-Joma-Mw HTTP/1.1" 200 3880 "-" "Mozilla/5.0 (compatible; AhrefsBot/7.0; +http://ahrefs.com/robot/)"
51.222.253.17 - - [03/Jan/2025:21:52:25 -0500] "GET /sid-229-i-am-a-winner-by-vinzo-sugar HTTP/1.1" 200 3228 "-" "Mozilla/5.0 (compatible; AhrefsBot/7.0; +http://ahrefs.com/robot/)"
114.119.136.72 - - [03/Jan/2025:21:52:43 -0500] "GET /download.php?id=139&name=Penjani%20ft%20Saxess-Suli%20Wekha HTTP/1.1" 200 9768066 "https://www.malawisounds.com/songs.php?id=139&name=Penjani-ft-Saxess-Suli-Wekha" "Mozilla/5.0 (Linux; Android 7.0;) AppleWebKit/537.36 (KHTML, like Gecko) Mobile Safari/537.36 (compatible; PetalBot;+https://webmaster.petalsearch.com/site/petalbot)"
51.222.253.5 - - [03/Jan/2025:21:53:06 -0500] "GET /sid-1318-mpikisano-by-papaa-pee HTTP/1.1" 200 3211 "-" "Mozilla/5.0 (compatible; AhrefsBot/7.0; +http://ahrefs.com/robot/)"
51.222.253.20 - - [03/Jan/2025:21:53:47 -0500] "GET /sid-602-uzandikumbuka-by-real-c HTTP/1.1" 200 3224 "-" "Mozilla/5.0 (compatible; AhrefsBot/7.0; +http://ahrefs.com/robot/)"
40.77.167.136 - - [03/Jan/2025:21:54:32 -0500] "GET /124uqxw9r1.html HTTP/1.1" 404 1251 "-" "Mozilla/5.0 AppleWebKit/537.36 (KHTML, like Gecko; compatible; bingbot/2.0; +http://www.bing.com/bingbot.htm) Chrome/116.0.1938.76 Safari/537.36"
216.244.66.237 - - [03/Jan/2025:21:54:35 -0500] "GET /robots.txt HTTP/1.1" 404 1251 "-" "Mozilla/5.0 (compatible; DotBot/1.2; +https://opensiteexplorer.org/dotbot; help@moz.com)"
216.244.66.237 - - [03/Jan/2025:21:54:35 -0500] "GET /robots.txt HTTP/1.1" 404 1251 "-" "Mozilla/5.0 (compatible; DotBot/1.2; +https://opensiteexplorer.org/dotbot; help@moz.com)"
51.222.253.11 - - [03/Jan/2025:21:54:35 -0500] "GET /sid-300-ngiyabonga-by-cozizwa-ft.-kelvin-sings HTTP/1.1" 200 3236 "-" "Mozilla/5.0 (compatible; AhrefsBot/7.0; +http://ahrefs.com/robot/)"
51.222.253.18 - - [03/Jan/2025:21:55:15 -0500] "GET /323-Confessions-over-perfection-by-Ties-Ft-Tama HTTP/1.1" 200 3957 "-" "Mozilla/5.0 (compatible; AhrefsBot/7.0; +http://ahrefs.com/robot/)"
114.119.138.207 - - [03/Jan/2025:21:55:33 -0500] "GET /sid-1233-anguza-by-gaspar-golilo HTTP/1.1" 200 3590 "https://malawisounds.com/songs.php?id=1233&name=Gaspar-Golilo-Anguza" "Mozilla/5.0 (Linux; Android 7.0;) AppleWebKit/537.36 (KHTML, like Gecko) Mobile Safari/537.36 (compatible; PetalBot;+https://webmaster.petalsearch.com/site/petalbot)"
51.222.253.13 - - [03/Jan/2025:21:55:44 -0500] "GET /sid-1127-i'm-redeemed--by-the-chronicles-lilongwe-band- HTTP/1.1" 200 3244 "-" "Mozilla/5.0 (compatible; AhrefsBot/7.0; +http://ahrefs.com/robot/)"
207.46.13.102 - - [03/Jan/2025:21:55:55 -0500] "GET /15ab1kbu6e.html HTTP/1.1" 404 1251 "-" "Mozilla/5.0 AppleWebKit/537.36 (KHTML, like Gecko; compatible; bingbot/2.0; +http://www.bing.com/bingbot.htm) Chrome/116.0.1938.76 Safari/537.36"
51.222.253.15 - - [03/Jan/2025:21:56:10 -0500] "GET /sid-9-forward-by-meek-banda HTTP/1.1" 200 3229 "-" "Mozilla/5.0 (compatible; AhrefsBot/7.0; +http://ahrefs.com/robot/)"
51.222.253.11 - - [03/Jan/2025:21:56:37 -0500] "GET /sid-431-khala-chete-by-vin-chizuzu HTTP/1.1" 200 3213 "-" "Mozilla/5.0 (compatible; AhrefsBot/7.0; +http://ahrefs.com/robot/)"
52.167.144.181 - - [03/Jan/2025:21:56:44 -0500] "GET /fki2bsfcy.html HTTP/1.1" 404 1251 "-" "Mozilla/5.0 AppleWebKit/537.36 (KHTML, like Gecko; compatible; bingbot/2.0; +http://www.bing.com/bingbot.htm) Chrome/116.0.1938.76 Safari/537.36"
51.222.253.3 - - [03/Jan/2025:21:57:11 -0500] "GET /898-God's-Love-by-Tuxedo HTTP/1.1" 200 3905 "-" "Mozilla/5.0 (compatible; AhrefsBot/7.0; +http://ahrefs.com/robot/)"
51.222.253.5 - - [03/Jan/2025:21:57:33 -0500] "GET /sid-357-zimatheka-ndi-ambuye-by-bridget-nkhoma HTTP/1.1" 200 3228 "-" "Mozilla/5.0 (compatible; AhrefsBot/7.0; +http://ahrefs.com/robot/)"
51.222.253.2 - - [03/Jan/2025:21:58:45 -0500] "GET /sid-969-dziko-lalowa-russia--by-sammy- HTTP/1.1" 200 3225 "-" "Mozilla/5.0 (compatible; AhrefsBot/7.0; +http://ahrefs.com/robot/)"
85.208.96.203 - - [03/Jan/2025:21:58:56 -0500] "GET /robots.txt HTTP/1.1" 404 1251 "-" "Mozilla/5.0 (compatible; SemrushBot/7~bl; +http://www.semrush.com/bot.html)"
185.191.171.9 - - [03/Jan/2025:21:58:57 -0500] "GET /1530-Sindingapange-by-Young-Triggar-ft-Fennzo-mw- HTTP/1.1" 200 4498 "-" "Mozilla/5.0 (compatible; SemrushBot/7~bl; +http://www.semrush.com/bot.html)"
51.222.253.13 - - [03/Jan/2025:21:59:10 -0500] "GET /sid-1427-tachezetsa-by-manual-worker-ft-femly HTTP/1.1" 200 3239 "-" "Mozilla/5.0 (compatible; AhrefsBot/7.0; +http://ahrefs.com/robot/)"
51.222.253.19 - - [03/Jan/2025:21:59:32 -0500] "GET /sid-351-usandiyangane-by-cytra-+-man-chi HTTP/1.1" 200 3239 "-" "Mozilla/5.0 (compatible; AhrefsBot/7.0; +http://ahrefs.com/robot/)"
51.222.253.14 - - [03/Jan/2025:21:59:56 -0500] "GET /658-Ntchemo-by-Blessed HTTP/1.1" 200 3917 "-" "Mozilla/5.0 (compatible; AhrefsBot/7.0; +http://ahrefs.com/robot/)"
40.77.167.41 - - [03/Jan/2025:22:00:06 -0500] "GET /1ne8ql4ddt.html HTTP/1.1" 404 1251 "-" "Mozilla/5.0 AppleWebKit/537.36 (KHTML, like Gecko; compatible; bingbot/2.0; +http://www.bing.com/bingbot.htm) Chrome/116.0.1938.76 Safari/537.36"
51.222.253.18 - - [03/Jan/2025:22:00:20 -0500] "GET /1157-Ndadziwa-by-Wangisa- HTTP/1.1" 200 3909 "-" "Mozilla/5.0 (compatible; AhrefsBot/7.0; +http://ahrefs.com/robot/)"
51.222.253.13 - - [03/Jan/2025:22:00:47 -0500] "GET /1225-Make-Mwana--by-Naxy-B-ft-Jay-Jay-cee HTTP/1.1" 200 3957 "-" "Mozilla/5.0 (compatible; AhrefsBot/7.0; +http://ahrefs.com/robot/)"
51.222.253.3 - - [03/Jan/2025:22:01:01 -0500] "GET /album-zip.php?title=nasawas-prodigal&name=phronee99 HTTP/1.1" 302 0 "-" "Mozilla/5.0 (compatible; AhrefsBot/7.0; +http://ahrefs.com/robot/)"
51.222.253.9 - - [03/Jan/2025:22:01:45 -0500] "GET /626-Life-yama-buffa-by-Nyale-ft-vardo-x-Besco-x-spider-x-commex-x-dee-y HTTP/1.1" 200 3999 "-" "Mozilla/5.0 (compatible; AhrefsBot/7.0; +http://ahrefs.com/robot/)"
216.244.66.237 - - [03/Jan/2025:22:01:49 -0500] "GET /1617-Ena-by-Matiti HTTP/1.1" 200 14374 "-" "Mozilla/5.0 (compatible; DotBot/1.2; +https://opensiteexplorer.org/dotbot; help@moz.com)"
31.13.115.10 - - [03/Jan/2025:22:02:02 -0500] "GET /images/mwsounds-20230623-133957-Vuto-by-Mike-sackson-ft-kita.jpg HTTP/1.1" 200 111647 "-" "facebookexternalhit/1.1 (+http://www.facebook.com/externalhit_uatext.php)"
51.222.253.3 - - [03/Jan/2025:22:02:06 -0500] "GET /sid-1551-bongo-by-astra- HTTP/1.1" 200 3198 "-" "Mozilla/5.0 (compatible; AhrefsBot/7.0; +http://ahrefs.com/robot/)"
51.222.253.19 - - [03/Jan/2025:22:02:54 -0500] "GET /1166-We-Come-Running--by-Charity HTTP/1.1" 200 3901 "-" "Mozilla/5.0 (compatible; AhrefsBot/7.0; +http://ahrefs.com/robot/)"
52.167.144.230 - - [03/Jan/2025:22:03:07 -0500] "GET /2109aoduzg.html HTTP/1.1" 404 1251 "-" "Mozilla/5.0 AppleWebKit/537.36 (KHTML, like Gecko; compatible; bingbot/2.0; +http://www.bing.com/bingbot.htm) Chrome/116.0.1938.76 Safari/537.36"
51.222.253.8 - - [03/Jan/2025:22:03:17 -0500] "GET /sid-223-same-way-by-rated-eighteen-keizer-slem-ontoplader HTTP/1.1" 200 3234 "-" "Mozilla/5.0 (compatible; AhrefsBot/7.0; +http://ahrefs.com/robot/)"
51.222.253.2 - - [03/Jan/2025:22:03:39 -0500] "GET /aid-193-ep-stream-tikakuonani HTTP/1.1" 200 3537 "-" "Mozilla/5.0 (compatible; AhrefsBot/7.0; +http://ahrefs.com/robot/)"
51.222.253.12 - - [03/Jan/2025:22:04:03 -0500] "GET /1156-Kwaiito-05-by-Sam-Sarrfontain HTTP/1.1" 200 3955 "-" "Mozilla/5.0 (compatible; AhrefsBot/7.0; +http://ahrefs.com/robot/)"
51.222.253.5 - - [03/Jan/2025:22:04:28 -0500] "GET /aid-378-ep-stream-mumandikondabe-ft.-mzati HTTP/1.1" 200 3473 "-" "Mozilla/5.0 (compatible; AhrefsBot/7.0; +http://ahrefs.com/robot/)"
51.222.253.16 - - [03/Jan/2025:22:04:49 -0500] "GET /261-Blood-SWAG-by-Jospar-Ft.-Hymos HTTP/1.1" 200 3985 "-" "Mozilla/5.0 (compatible; AhrefsBot/7.0; +http://ahrefs.com/robot/)"
51.222.253.17 - - [03/Jan/2025:22:05:14 -0500] "GET /926-Live-Again-by-Dr.-Drew HTTP/1.1" 200 3911 "-" "Mozilla/5.0 (compatible; AhrefsBot/7.0; +http://ahrefs.com/robot/)"
51.222.253.12 - - [03/Jan/2025:22:05:38 -0500] "GET /aid-194-ep-stream-patali HTTP/1.1" 200 3568 "-" "Mozilla/5.0 (compatible; AhrefsBot/7.0; +http://ahrefs.com/robot/)"
216.244.66.237 - - [03/Jan/2025:22:05:52 -0500] "GET /sid-1394-sugar-by-i-4real-x-neigie-set HTTP/1.1" 200 10384 "-" "Mozilla/5.0 (compatible; DotBot/1.2; +https://opensiteexplorer.org/dotbot; help@moz.com)"
216.244.66.237 - - [03/Jan/2025:22:05:56 -0500] "GET /sid-975-every-week-and-weekend-by-swack-cee HTTP/1.1" 200 10443 "-" "Mozilla/5.0 (compatible; DotBot/1.2; +https://opensiteexplorer.org/dotbot; help@moz.com)"
51.222.253.16 - - [03/Jan/2025:22:05:57 -0500] "GET /sid-501-alright-by-bliggle HTTP/1.1" 200 3209 "-" "Mozilla/5.0 (compatible; AhrefsBot/7.0; +http://ahrefs.com/robot/)"
51.222.253.2 - - [03/Jan/2025:22:06:14 -0500] "GET /album_images/mwsounds-20210402230207-img-20210402-wa0010.jpg HTTP/1.1" 200 18676 "-" "Mozilla/5.0 (compatible; AhrefsBot/7.0; +http://ahrefs.com/robot/)"
40.77.167.41 - - [03/Jan/2025:22:06:26 -0500] "GET /22443wwree.html HTTP/1.1" 404 1251 "-" "Mozilla/5.0 AppleWebKit/537.36 (KHTML, like Gecko; compatible; bingbot/2.0; +http://www.bing.com/bingbot.htm) Chrome/116.0.1938.76 Safari/537.36"
51.222.253.1 - - [03/Jan/2025:22:06:44 -0500] "GET /sid-443-ndakupatsa-by-rashley HTTP/1.1" 200 3216 "-" "Mozilla/5.0 (compatible; AhrefsBot/7.0; +http://ahrefs.com/robot/)"
216.244.66.237 - - [03/Jan/2025:22:06:52 -0500] "GET /1384-Zina-by-Typhan-Crea HTTP/1.1" 200 14417 "-" "Mozilla/5.0 (compatible; DotBot/1.2; +https://opensiteexplorer.org/dotbot; help@moz.com)"
51.222.253.14 - - [03/Jan/2025:22:07:04 -0500] "GET /601-Chikondi-chako-by-Smart-k-ft-Liveness-x-weedream HTTP/1.1" 200 3975 "-" "Mozilla/5.0 (compatible; AhrefsBot/7.0; +http://ahrefs.com/robot/)"
194.38.23.16 - - [03/Jan/2025:22:07:17 -0500] "GET /wp-content/plugins/super-interactive-maps/sim-wp-admin/pages/manage-maps.php HTTP/1.1" 404 1251 "-" "ALittle Client"
51.222.253.12 - - [03/Jan/2025:22:07:29 -0500] "GET /1181-Kumwesu-by-Kayumba-ck-Zambia-ft-Mr-lax HTTP/1.1" 200 3969 "-" "Mozilla/5.0 (compatible; AhrefsBot/7.0; +http://ahrefs.com/robot/)"
216.244.66.237 - - [03/Jan/2025:22:07:37 -0500] "GET /1421-Good-morning-[produced-by-Fureoh]-by-Typhan-Crea HTTP/1.1" 200 14648 "-" "Mozilla/5.0 (compatible; DotBot/1.2; +https://opensiteexplorer.org/dotbot; help@moz.com)"
40.77.167.55 - - [03/Jan/2025:22:08:07 -0500] "GET /egkqabydo.html HTTP/1.1" 404 1251 "-" "Mozilla/5.0 AppleWebKit/537.36 (KHTML, like Gecko; compatible; bingbot/2.0; +http://www.bing.com/bingbot.htm) Chrome/116.0.1938.76 Safari/537.36"
51.222.253.3 - - [03/Jan/2025:22:08:12 -0500] "GET /470-In-Your-Presence-by-Leo-Psalmist HTTP/1.1" 200 3946 "-" "Mozilla/5.0 (compatible; AhrefsBot/7.0; +http://ahrefs.com/robot/)"
51.222.253.7 - - [03/Jan/2025:22:10:18 -0500] "GET /artist=Nanja HTTP/1.1" 200 3397 "-" "Mozilla/5.0 (compatible; AhrefsBot/7.0; +http://ahrefs.com/robot/)"
51.222.253.4 - - [03/Jan/2025:22:10:41 -0500] "GET /download.php?id=1666&name=BOMBE-Muzonse HTTP/1.1" 200 5607080 "-" "Mozilla/5.0 (compatible; AhrefsBot/7.0; +http://ahrefs.com/robot/)"
51.222.253.7 - - [03/Jan/2025:22:11:02 -0500] "GET /sid-1624-ndinayaka-by-pohsty-x-dupa-zenneth HTTP/1.1" 200 3223 "-" "Mozilla/5.0 (compatible; AhrefsBot/7.0; +http://ahrefs.com/robot/)"
51.222.253.18 - - [03/Jan/2025:22:11:26 -0500] "GET /922-Black-by-DEAN-Ft-TeeMaps HTTP/1.1" 200 3921 "-" "Mozilla/5.0 (compatible; AhrefsBot/7.0; +http://ahrefs.com/robot/)"
216.244.66.237 - - [03/Jan/2025:22:12:03 -0500] "GET /download.php?id=1403&name=SARAI-Palibe HTTP/1.1" 200 9756343 "-" "Mozilla/5.0 (compatible; DotBot/1.2; +https://opensiteexplorer.org/dotbot; help@moz.com)"
40.77.167.55 - - [03/Jan/2025:22:12:36 -0500] "GET /lkb8oh6t8.html HTTP/1.1" 404 1251 "-" "Mozilla/5.0 AppleWebKit/537.36 (KHTML, like Gecko; compatible; bingbot/2.0; +http://www.bing.com/bingbot.htm) Chrome/116.0.1938.76 Safari/537.36"
51.222.253.1 - - [03/Jan/2025:22:13:02 -0500] "GET /1169-Agalatiya-by-Loktane-Nazkah HTTP/1.1" 200 3909 "-" "Mozilla/5.0 (compatible; AhrefsBot/7.0; +http://ahrefs.com/robot/)"
31.13.103.1 - - [03/Jan/2025:22:13:27 -0500] "GET /songs.php?id=768 HTTP/1.1" 200 14543 "-" "facebookexternalhit/1.1 (+http://www.facebook.com/externalhit_uatext.php)"
31.13.103.6 - - [03/Jan/2025:22:13:28 -0500] "GET /songs.php?id=768 HTTP/1.1" 200 14543 "-" "facebookexternalhit/1.1 (+http://www.facebook.com/externalhit_uatext.php)"
51.222.253.6 - - [03/Jan/2025:22:14:25 -0500] "GET /sid-961-your-name-by-fresh-i-mw HTTP/1.1" 200 3212 "-" "Mozilla/5.0 (compatible; AhrefsBot/7.0; +http://ahrefs.com/robot/)"
51.222.253.20 - - [03/Jan/2025:22:14:54 -0500] "GET /sid-854-ndamaliza-by-cozizwa HTTP/1.1" 200 3210 "-" "Mozilla/5.0 (compatible; AhrefsBot/7.0; +http://ahrefs.com/robot/)"
31.13.103.9 - - [03/Jan/2025:22:15:26 -0500] "GET /songs.php?id=768 HTTP/1.1" 200 14543 "-" "facebookexternalhit/1.1 (+http://www.facebook.com/externalhit_uatext.php)"
31.13.103.6 - - [03/Jan/2025:22:15:26 -0500] "GET /songs.php?id=768 HTTP/1.1" 200 14543 "-" "facebookexternalhit/1.1 (+http://www.facebook.com/externalhit_uatext.php)"
52.167.144.136 - - [03/Jan/2025:22:15:36 -0500] "GET /1182-Made-it-here-by-dF HTTP/1.1" 200 3884 "-" "Mozilla/5.0 AppleWebKit/537.36 (KHTML, like Gecko; compatible; bingbot/2.0; +http://www.bing.com/bingbot.htm) Chrome/116.0.1938.76 Safari/537.36"
51.222.253.15 - - [03/Jan/2025:22:16:00 -0500] "GET /download.php?id=949&name=Yao%20King-Anono%20mwe HTTP/1.1" 200 4589960 "-" "Mozilla/5.0 (compatible; AhrefsBot/7.0; +http://ahrefs.com/robot/)"
51.222.253.7 - - [03/Jan/2025:22:16:32 -0500] "GET /singles?pageno=278 HTTP/1.1" 200 3207 "-" "Mozilla/5.0 (compatible; AhrefsBot/7.0; +http://ahrefs.com/robot/)"
85.208.96.211 - - [03/Jan/2025:22:16:47 -0500] "GET /robots.txt HTTP/1.1" 404 1251 "-" "Mozilla/5.0 (compatible; SemrushBot/7~bl; +http://www.semrush.com/bot.html)"
85.208.96.206 - - [03/Jan/2025:22:16:48 -0500] "GET /38-you-uplifted-me-by-jowie HTTP/1.1" 200 4417 "-" "Mozilla/5.0 (compatible; SemrushBot/7~bl; +http://www.semrush.com/bot.html)"
51.222.253.9 - - [03/Jan/2025:22:16:59 -0500] "GET /albums?pageno=147 HTTP/1.1" 200 2900 "-" "Mozilla/5.0 (compatible; AhrefsBot/7.0; +http://ahrefs.com/robot/)"
51.222.253.7 - - [03/Jan/2025:22:17:53 -0500] "GET /sid-1093-praise-ii-by-cee-jonez HTTP/1.1" 200 3216 "-" "Mozilla/5.0 (compatible; AhrefsBot/7.0; +http://ahrefs.com/robot/)"
51.222.253.18 - - [03/Jan/2025:22:18:26 -0500] "GET /899-tili-limodzi-by-Chago-Platnumz-ft-Lp HTTP/1.1" 200 3940 "-" "Mozilla/5.0 (compatible; AhrefsBot/7.0; +http://ahrefs.com/robot/)"
66.249.65.162 - - [03/Jan/2025:22:18:43 -0500] "GET /133-Zitayeni-by-Cornestone-Muziq HTTP/1.1" 200 3925 "-" "Mozilla/5.0 (Linux; Android 6.0.1; Nexus 5X Build/MMB29P) AppleWebKit/537.36 (KHTML, like Gecko) Chrome/131.0.6778.139 Mobile Safari/537.36 (compatible; Googlebot/2.1; +http://www.google.com/bot.html)"
51.222.253.14 - - [03/Jan/2025:22:18:56 -0500] "GET /sid-966-zungulira-zungulira-by-richard-mcalira HTTP/1.1" 200 3220 "-" "Mozilla/5.0 (compatible; AhrefsBot/7.0; +http://ahrefs.com/robot/)"
51.222.253.16 - - [03/Jan/2025:22:19:03 -0500] "GET /albums?pageno=147 HTTP/1.1" 200 2900 "-" "Mozilla/5.0 (compatible; AhrefsBot/7.0; +http://ahrefs.com/robot/)"
51.222.253.2 - - [03/Jan/2025:22:19:21 -0500] "GET /sid-733-mulamu--by-naxy-b-ft-toriah- HTTP/1.1" 200 3246 "-" "Mozilla/5.0 (compatible; AhrefsBot/7.0; +http://ahrefs.com/robot/)"
51.222.253.7 - - [03/Jan/2025:22:19:45 -0500] "GET /download.php?id=963&name=Henry%20Jc-This%20is%20gonna%20make%20me%20Crash%20marnie's%20computer HTTP/1.1" 200 18 "-" "Mozilla/5.0 (compatible; AhrefsBot/7.0; +http://ahrefs.com/robot/)"
110.249.202.95 - - [03/Jan/2025:22:19:55 -0500] "GET /artist=Tsa-Leo HTTP/1.1" 500 0 "-" "Mozilla/5.0 (Linux; Android 5.0) AppleWebKit/537.36 (KHTML, like Gecko) Mobile Safari/537.36 (compatible; Bytespider; https://zhanzhang.toutiao.com/)"
51.222.253.19 - - [03/Jan/2025:22:20:10 -0500] "GET /1164-AFRO-DRILL-BEAT[INSTRUMENTAL]-by-CNABEATS HTTP/1.1" 200 3955 "-" "Mozilla/5.0 (compatible; AhrefsBot/7.0; +http://ahrefs.com/robot/)"
51.222.253.9 - - [03/Jan/2025:22:20:40 -0500] "GET /sid-565-she's-on-fire-by-kay-taii HTTP/1.1" 200 3228 "-" "Mozilla/5.0 (compatible; AhrefsBot/7.0; +http://ahrefs.com/robot/)"
51.222.253.20 - - [03/Jan/2025:22:21:10 -0500] "GET /552-Ndineneko-by-Beracah HTTP/1.1" 200 3899 "-" "Mozilla/5.0 (compatible; AhrefsBot/7.0; +http://ahrefs.com/robot/)"
47.128.119.106 - - [03/Jan/2025:22:21:24 -0500] "GET /singles?pageno=15478 HTTP/1.1" 200 3224 "-" "Mozilla/5.0 (compatible; Bytespider; spider-feedback@bytedance.com) AppleWebKit/537.36 (KHTML, like Gecko) Chrome/70.0.0.0 Safari/537.36"
47.128.119.106 - - [03/Jan/2025:22:21:25 -0500] "GET /impact/stylesheet.css HTTP/1.1" 200 153 "https://malawisounds.com/singles?pageno=15478" "Mozilla/5.0 (compatible; Bytespider; spider-feedback@bytedance.com) AppleWebKit/537.36 (KHTML, like Gecko) Chrome/70.0.0.0 Safari/537.36"
47.128.119.106 - - [03/Jan/2025:22:21:25 -0500] "GET /bio/mwsounds-20200706204045-gwamba.jpg HTTP/1.1" 206 500 "https://malawisounds.com/singles?pageno=15478" "Mozilla/5.0 (compatible; Bytespider; spider-feedback@bytedance.com) AppleWebKit/537.36 (KHTML, like Gecko) Chrome/70.0.0.0 Safari/537.36"
47.128.119.106 - - [03/Jan/2025:22:21:25 -0500] "GET /images/mwsounds-20241231-215121-H-n-P-by-R3ALXTRA-MLW-FT-TROY6iX.jpg HTTP/1.1" 206 500 "https://malawisounds.com/singles?pageno=15478" "Mozilla/5.0 (compatible; Bytespider; spider-feedback@bytedance.com) AppleWebKit/537.36 (KHTML, like Gecko) Chrome/70.0.0.0 Safari/537.36"
47.128.119.106 - - [03/Jan/2025:22:21:25 -0500] "GET /null HTTP/1.1" 404 1251 "https://malawisounds.com/singles?pageno=15478" "Mozilla/5.0 (compatible; Bytespider; spider-feedback@bytedance.com) AppleWebKit/537.36 (KHTML, like Gecko) Chrome/70.0.0.0 Safari/537.36"
51.222.253.8 - - [03/Jan/2025:22:22:05 -0500] "GET /sid-378-jingle-bells-by-sir-odilo+hope-logah+praise-p HTTP/1.1" 200 3260 "-" "Mozilla/5.0 (compatible; AhrefsBot/7.0; +http://ahrefs.com/robot/)"
54.36.148.149 - - [03/Jan/2025:22:22:56 -0500] "GET /robots.txt HTTP/1.1" 404 1251 "-" "Mozilla/5.0 (compatible; AhrefsBot/7.0; +http://ahrefs.com/robot/)"
51.222.253.18 - - [03/Jan/2025:22:22:57 -0500] "GET /sid-518-mwabona-by-anchanza-ft.-niekay HTTP/1.1" 200 3230 "-" "Mozilla/5.0 (compatible; AhrefsBot/7.0; +http://ahrefs.com/robot/)"
51.222.253.3 - - [03/Jan/2025:22:23:53 -0500] "GET /822-B.O.K-by-Costry-ft.-Sir-Odilo HTTP/1.1" 200 3919 "-" "Mozilla/5.0 (compatible; AhrefsBot/7.0; +http://ahrefs.com/robot/)"
51.222.253.17 - - [03/Jan/2025:22:24:20 -0500] "GET /699-Zinasintha-by-K-Staffoh-ft.-Vacaan HTTP/1.1" 200 3928 "-" "Mozilla/5.0 (compatible; AhrefsBot/7.0; +http://ahrefs.com/robot/)"
51.222.253.4 - - [03/Jan/2025:22:25:18 -0500] "GET /sid-1510-hallelujah--by-just_lusungu-ft.-kharis HTTP/1.1" 200 3245 "-" "Mozilla/5.0 (compatible; AhrefsBot/7.0; +http://ahrefs.com/robot/)"
51.222.253.8 - - [03/Jan/2025:22:25:57 -0500] "GET /sid-606-zikomo-by-wendy-harawa-ft.-lexixone HTTP/1.1" 200 3242 "-" "Mozilla/5.0 (compatible; AhrefsBot/7.0; +http://ahrefs.com/robot/)"
51.222.253.13 - - [03/Jan/2025:22:26:20 -0500] "GET /sid-1664-yerere-yerere-by-alasc HTTP/1.1" 200 3208 "-" "Mozilla/5.0 (compatible; AhrefsBot/7.0; +http://ahrefs.com/robot/)"
51.222.253.9 - - [03/Jan/2025:22:26:43 -0500] "GET /910-Ngai-myero--by-Mtk-soldier-ft-born-zoo- HTTP/1.1" 200 3956 "-" "Mozilla/5.0 (compatible; AhrefsBot/7.0; +http://ahrefs.com/robot/)"
51.222.253.1 - - [03/Jan/2025:22:27:11 -0500] "GET /161-Ndizichita-by-Suffix-ft-Beracah HTTP/1.1" 200 3925 "-" "Mozilla/5.0 (compatible; AhrefsBot/7.0; +http://ahrefs.com/robot/)"
51.222.253.12 - - [03/Jan/2025:22:27:47 -0500] "GET /525-Fine-by-Cozizwa HTTP/1.1" 200 3891 "-" "Mozilla/5.0 (compatible; AhrefsBot/7.0; +http://ahrefs.com/robot/)"
92.40.122.17 - - [03/Jan/2025:22:28:12 -0500] "GET /artist=Praise-Umali HTTP/1.1" 200 3185 "https://www.google.com/" "Mozilla/5.0 (iPhone; CPU iPhone OS 18_1_1 like Mac OS X) AppleWebKit/605.1.15 (KHTML, like Gecko) Version/18.1.1 Mobile/15E148 Safari/604.1"
92.40.122.17 - - [03/Jan/2025:22:28:13 -0500] "GET /js/jquery.js HTTP/1.1" 200 29664 "https://www.malawisounds.com/artist=Praise-Umali" "Mozilla/5.0 (iPhone; CPU iPhone OS 18_1_1 like Mac OS X) AppleWebKit/605.1.15 (KHTML, like Gecko) Version/18.1.1 Mobile/15E148 Safari/604.1"
92.40.122.17 - - [03/Jan/2025:22:28:13 -0500] "GET /js/nav.js HTTP/1.1" 200 99 "https://www.malawisounds.com/artist=Praise-Umali" "Mozilla/5.0 (iPhone; CPU iPhone OS 18_1_1 like Mac OS X) AppleWebKit/605.1.15 (KHTML, like Gecko) Version/18.1.1 Mobile/15E148 Safari/604.1"
92.40.122.17 - - [03/Jan/2025:22:28:13 -0500] "GET /js/wow.js HTTP/1.1" 200 3414 "https://www.malawisounds.com/artist=Praise-Umali" "Mozilla/5.0 (iPhone; CPU iPhone OS 18_1_1 like Mac OS X) AppleWebKit/605.1.15 (KHTML, like Gecko) Version/18.1.1 Mobile/15E148 Safari/604.1"
92.40.122.17 - - [03/Jan/2025:22:28:13 -0500] "GET /css/animate.css HTTP/1.1" 200 4001 "https://www.malawisounds.com/artist=Praise-Umali" "Mozilla/5.0 (iPhone; CPU iPhone OS 18_1_1 like Mac OS X) AppleWebKit/605.1.15 (KHTML, like Gecko) Version/18.1.1 Mobile/15E148 Safari/604.1"
92.40.122.17 - - [03/Jan/2025:22:28:13 -0500] "GET /css/w3.css HTTP/1.1" 200 4832 "https://www.malawisounds.com/artist=Praise-Umali" "Mozilla/5.0 (iPhone; CPU iPhone OS 18_1_1 like Mac OS X) AppleWebKit/605.1.15 (KHTML, like Gecko) Version/18.1.1 Mobile/15E148 Safari/604.1"
92.40.122.17 - - [03/Jan/2025:22:28:13 -0500] "GET /impact/stylesheet.css HTTP/1.1" 200 153 "https://www.malawisounds.com/artist=Praise-Umali" "Mozilla/5.0 (iPhone; CPU iPhone OS 18_1_1 like Mac OS X) AppleWebKit/605.1.15 (KHTML, like Gecko) Version/18.1.1 Mobile/15E148 Safari/604.1"
92.40.122.17 - - [03/Jan/2025:22:28:13 -0500] "GET /css/load.css HTTP/1.1" 200 8159 "https://www.malawisounds.com/artist=Praise-Umali" "Mozilla/5.0 (iPhone; CPU iPhone OS 18_1_1 like Mac OS X) AppleWebKit/605.1.15 (KHTML, like Gecko) Version/18.1.1 Mobile/15E148 Safari/604.1"
92.40.122.17 - - [03/Jan/2025:22:28:13 -0500] "GET /js/ajax.js HTTP/1.1" 200 784 "https://www.malawisounds.com/artist=Praise-Umali" "Mozilla/5.0 (iPhone; CPU iPhone OS 18_1_1 like Mac OS X) AppleWebKit/605.1.15 (KHTML, like Gecko) Version/18.1.1 Mobile/15E148 Safari/604.1"
92.40.122.17 - - [03/Jan/2025:22:28:13 -0500] "GET /bootstrap/css/bootstrap.css HTTP/1.1" 200 19973 "https://www.malawisounds.com/artist=Praise-Umali" "Mozilla/5.0 (iPhone; CPU iPhone OS 18_1_1 like Mac OS X) AppleWebKit/605.1.15 (KHTML, like Gecko) Version/18.1.1 Mobile/15E148 Safari/604.1"
92.40.122.17 - - [03/Jan/2025:22:28:13 -0500] "GET /js/all.min.js HTTP/1.1" 200 423002 "https://www.malawisounds.com/artist=Praise-Umali" "Mozilla/5.0 (iPhone; CPU iPhone OS 18_1_1 like Mac OS X) AppleWebKit/605.1.15 (KHTML, like Gecko) Version/18.1.1 Mobile/15E148 Safari/604.1"
92.40.122.17 - - [03/Jan/2025:22:28:13 -0500] "GET /Icons/msounds1.png HTTP/1.1" 200 11619 "https://www.malawisounds.com/artist=Praise-Umali" "Mozilla/5.0 (iPhone; CPU iPhone OS 18_1_1 like Mac OS X) AppleWebKit/605.1.15 (KHTML, like Gecko) Version/18.1.1 Mobile/15E148 Safari/604.1"
92.40.122.17 - - [03/Jan/2025:22:28:13 -0500] "GET /fonts/Gothic.ttf HTTP/1.1" 200 112628 "https://www.malawisounds.com/artist=Praise-Umali" "Mozilla/5.0 (iPhone; CPU iPhone OS 18_1_1 like Mac OS X) AppleWebKit/605.1.15 (KHTML, like Gecko) Version/18.1.1 Mobile/15E148 Safari/604.1"
92.40.122.17 - - [03/Jan/2025:22:28:13 -0500] "GET /fonts/Gothic-B.ttf HTTP/1.1" 200 129676 "https://www.malawisounds.com/artist=Praise-Umali" "Mozilla/5.0 (iPhone; CPU iPhone OS 18_1_1 like Mac OS X) AppleWebKit/605.1.15 (KHTML, like Gecko) Version/18.1.1 Mobile/15E148 Safari/604.1"
92.40.122.17 - - [03/Jan/2025:22:28:13 -0500] "GET /bootstrap/fonts/glyphicons-halflings-regular.woff2 HTTP/1.1" 200 18028 "https://www.malawisounds.com/artist=Praise-Umali" "Mozilla/5.0 (iPhone; CPU iPhone OS 18_1_1 like Mac OS X) AppleWebKit/605.1.15 (KHTML, like Gecko) Version/18.1.1 Mobile/15E148 Safari/604.1"
92.40.122.17 - - [03/Jan/2025:22:28:14 -0500] "GET /Icons/facebook.png HTTP/1.1" 200 2279 "https://www.malawisounds.com/artist=Praise-Umali" "Mozilla/5.0 (iPhone; CPU iPhone OS 18_1_1 like Mac OS X) AppleWebKit/605.1.15 (KHTML, like Gecko) Version/18.1.1 Mobile/15E148 Safari/604.1"
92.40.122.17 - - [03/Jan/2025:22:28:14 -0500] "GET /Icons/twitter.png HTTP/1.1" 200 2415 "https://www.malawisounds.com/artist=Praise-Umali" "Mozilla/5.0 (iPhone; CPU iPhone OS 18_1_1 like Mac OS X) AppleWebKit/605.1.15 (KHTML, like Gecko) Version/18.1.1 Mobile/15E148 Safari/604.1"
92.40.122.17 - - [03/Jan/2025:22:28:14 -0500] "GET /bio/mwsounds-20200801042643-Dr.Drew.jpg HTTP/1.1" 200 80629 "https://www.malawisounds.com/artist=Praise-Umali" "Mozilla/5.0 (iPhone; CPU iPhone OS 18_1_1 like Mac OS X) AppleWebKit/605.1.15 (KHTML, like Gecko) Version/18.1.1 Mobile/15E148 Safari/604.1"
92.40.122.17 - - [03/Jan/2025:22:28:14 -0500] "GET /bio/mwsounds-20230703010954-IMG-20230703-030900.jpg HTTP/1.1" 200 25808 "https://www.malawisounds.com/artist=Praise-Umali" "Mozilla/5.0 (iPhone; CPU iPhone OS 18_1_1 like Mac OS X) AppleWebKit/605.1.15 (KHTML, like Gecko) Version/18.1.1 Mobile/15E148 Safari/604.1"
92.40.122.17 - - [03/Jan/2025:22:28:14 -0500] "GET /bio/mwsounds-20200717220359-IMG_20200718_045851.jpg HTTP/1.1" 200 54594 "https://www.malawisounds.com/artist=Praise-Umali" "Mozilla/5.0 (iPhone; CPU iPhone OS 18_1_1 like Mac OS X) AppleWebKit/605.1.15 (KHTML, like Gecko) Version/18.1.1 Mobile/15E148 Safari/604.1"
92.40.122.17 - - [03/Jan/2025:22:28:14 -0500] "GET /Icons/instagram.png HTTP/1.1" 200 2764 "https://www.malawisounds.com/artist=Praise-Umali" "Mozilla/5.0 (iPhone; CPU iPhone OS 18_1_1 like Mac OS X) AppleWebKit/605.1.15 (KHTML, like Gecko) Version/18.1.1 Mobile/15E148 Safari/604.1"
92.40.122.17 - - [03/Jan/2025:22:28:14 -0500] "GET /bio/mwsounds-20200710082408-onesmus.jpg HTTP/1.1" 200 30093 "https://www.malawisounds.com/artist=Praise-Umali" "Mozilla/5.0 (iPhone; CPU iPhone OS 18_1_1 like Mac OS X) AppleWebKit/605.1.15 (KHTML, like Gecko) Version/18.1.1 Mobile/15E148 Safari/604.1"
92.40.122.17 - - [03/Jan/2025:22:28:14 -0500] "GET /ads/MS%20covid.jpg HTTP/1.1" 200 273002 "https://www.malawisounds.com/artist=Praise-Umali" "Mozilla/5.0 (iPhone; CPU iPhone OS 18_1_1 like Mac OS X) AppleWebKit/605.1.15 (KHTML, like Gecko) Version/18.1.1 Mobile/15E148 Safari/604.1"
92.40.122.17 - - [03/Jan/2025:22:28:14 -0500] "GET /bio/mwsounds-20200706205025-tay-grin---Copy.jpg HTTP/1.1" 200 43244 "https://www.malawisounds.com/artist=Praise-Umali" "Mozilla/5.0 (iPhone; CPU iPhone OS 18_1_1 like Mac OS X) AppleWebKit/605.1.15 (KHTML, like Gecko) Version/18.1.1 Mobile/15E148 Safari/604.1"
92.40.122.17 - - [03/Jan/2025:22:28:14 -0500] "GET /bio/mwsounds-20200706204045-gwamba.jpg HTTP/1.1" 200 39055 "https://www.malawisounds.com/artist=Praise-Umali" "Mozilla/5.0 (iPhone; CPU iPhone OS 18_1_1 like Mac OS X) AppleWebKit/605.1.15 (KHTML, like Gecko) Version/18.1.1 Mobile/15E148 Safari/604.1"
92.40.122.17 - - [03/Jan/2025:22:28:14 -0500] "GET /null HTTP/1.1" 404 1251 "https://www.malawisounds.com/artist=Praise-Umali" "Mozilla/5.0 (iPhone; CPU iPhone OS 18_1_1 like Mac OS X) AppleWebKit/605.1.15 (KHTML, like Gecko) Version/18.1.1 Mobile/15E148 Safari/604.1"
92.40.122.17 - - [03/Jan/2025:22:28:14 -0500] "GET /bio/mwsounds-20200706203533-Namadigo.jpg HTTP/1.1" 200 33718 "https://www.malawisounds.com/artist=Praise-Umali" "Mozilla/5.0 (iPhone; CPU iPhone OS 18_1_1 like Mac OS X) AppleWebKit/605.1.15 (KHTML, like Gecko) Version/18.1.1 Mobile/15E148 Safari/604.1"
92.40.122.17 - - [03/Jan/2025:22:28:14 -0500] "GET /bio/mwsounds-20200706120806-FB_IMG_1590948777511.jpg HTTP/1.1" 200 19662 "https://www.malawisounds.com/artist=Praise-Umali" "Mozilla/5.0 (iPhone; CPU iPhone OS 18_1_1 like Mac OS X) AppleWebKit/605.1.15 (KHTML, like Gecko) Version/18.1.1 Mobile/15E148 Safari/604.1"
92.40.122.17 - - [03/Jan/2025:22:28:15 -0500] "GET /Icons/malawisounds.ico HTTP/1.1" 200 4286 "https://www.malawisounds.com/artist=Praise-Umali" "Mozilla/5.0 (iPhone; CPU iPhone OS 18_1_1 like Mac OS X) AppleWebKit/605.1.15 (KHTML, like Gecko) Version/18.1.1 Mobile/15E148 Safari/604.1"
51.222.253.6 - - [03/Jan/2025:22:28:25 -0500] "GET /1356-Wandiyitana-by-Mycah-x-Ranken- HTTP/1.1" 200 3914 "-" "Mozilla/5.0 (compatible; AhrefsBot/7.0; +http://ahrefs.com/robot/)"
51.222.253.5 - - [03/Jan/2025:22:29:39 -0500] "GET /sid-237-one-more(prod-by-fobra)-by-inno-busy HTTP/1.1" 200 3250 "-" "Mozilla/5.0 (compatible; AhrefsBot/7.0; +http://ahrefs.com/robot/)"
51.222.253.17 - - [03/Jan/2025:22:30:40 -0500] "GET /sid-1470-maya-ganga-si-ng'ona-by-chitimatima HTTP/1.1" 200 3236 "-" "Mozilla/5.0 (compatible; AhrefsBot/7.0; +http://ahrefs.com/robot/)"
51.222.253.8 - - [03/Jan/2025:22:31:46 -0500] "GET /548-Dancing-Floor--by-Achina-Gattah-Ase%C3%97Black-Jack%C3%97Icemotious HTTP/1.1" 200 4014 "-" "Mozilla/5.0 (compatible; AhrefsBot/7.0; +http://ahrefs.com/robot/)"
51.222.253.8 - - [03/Jan/2025:22:32:13 -0500] "GET /1279-Help-by-L-one-Spacail HTTP/1.1" 200 3907 "-" "Mozilla/5.0 (compatible; AhrefsBot/7.0; +http://ahrefs.com/robot/)"
40.77.167.7 - - [03/Jan/2025:22:32:29 -0500] "GET /s0rjt2dtc.html HTTP/1.1" 404 1251 "-" "Mozilla/5.0 AppleWebKit/537.36 (KHTML, like Gecko; compatible; bingbot/2.0; +http://www.bing.com/bingbot.htm) Chrome/116.0.1938.76 Safari/537.36"
52.167.144.208 - - [03/Jan/2025:22:32:30 -0500] "GET /1vb9gwhavu.html HTTP/1.1" 404 1251 "-" "Mozilla/5.0 AppleWebKit/537.36 (KHTML, like Gecko; compatible; bingbot/2.0; +http://www.bing.com/bingbot.htm) Chrome/116.0.1938.76 Safari/537.36"
51.222.253.11 - - [03/Jan/2025:22:32:41 -0500] "GET /sid-740-come-closer--by-mr-a-k-47-malawian-boy-ft-swack-cee- HTTP/1.1" 200 3278 "-" "Mozilla/5.0 (compatible; AhrefsBot/7.0; +http://ahrefs.com/robot/)"
51.222.253.18 - - [03/Jan/2025:22:33:07 -0500] "GET /robots.txt HTTP/1.1" 404 1251 "-" "Mozilla/5.0 (compatible; AhrefsBot/7.0; +http://ahrefs.com/robot/)"
51.222.253.11 - - [03/Jan/2025:22:33:08 -0500] "GET /sid-976-your-love-by-luddie-lue-ft.-ser7n HTTP/1.1" 200 3240 "-" "Mozilla/5.0 (compatible; AhrefsBot/7.0; +http://ahrefs.com/robot/)"
51.222.253.10 - - [03/Jan/2025:22:33:35 -0500] "GET /856-Jesus-by-G.S-Murungi HTTP/1.1" 200 3895 "-" "Mozilla/5.0 (compatible; AhrefsBot/7.0; +http://ahrefs.com/robot/)"
157.55.39.194 - - [03/Jan/2025:22:34:00 -0500] "GET /2gbbgcd6bs.html HTTP/1.1" 404 1251 "-" "Mozilla/5.0 AppleWebKit/537.36 (KHTML, like Gecko; compatible; bingbot/2.0; +http://www.bing.com/bingbot.htm) Chrome/116.0.1938.76 Safari/537.36"
51.222.253.18 - - [03/Jan/2025:22:34:04 -0500] "GET /669-Your-Love-by-Glocence-Manoto HTTP/1.1" 200 3922 "-" "Mozilla/5.0 (compatible; AhrefsBot/7.0; +http://ahrefs.com/robot/)"
51.222.253.14 - - [03/Jan/2025:22:34:34 -0500] "GET /sid-639-peep-the-drip-by-stominem HTTP/1.1" 200 3234 "-" "Mozilla/5.0 (compatible; AhrefsBot/7.0; +http://ahrefs.com/robot/)"
51.222.253.5 - - [03/Jan/2025:22:34:57 -0500] "GET /sid-152-ndilape-by-hb-ft-leslie HTTP/1.1" 200 3207 "-" "Mozilla/5.0 (compatible; AhrefsBot/7.0; +http://ahrefs.com/robot/)"
51.222.253.19 - - [03/Jan/2025:22:35:51 -0500] "GET /aid-192-ep-stream-pemphero-na-fuel HTTP/1.1" 200 3549 "-" "Mozilla/5.0 (compatible; AhrefsBot/7.0; +http://ahrefs.com/robot/)"
4.43.184.114 - - [03/Jan/2025:22:36:28 -0500] "GET / HTTP/1.0" 200 12109 "-" "Mozilla/5.0 (Windows; U; Windows NT 6.1; en-US; rv:1.9.2.23) Gecko/20110920 Firefox/3.6.23"
51.222.253.6 - - [03/Jan/2025:22:37:17 -0500] "GET /aid-450-ep-stream-take-all-the-glory HTTP/1.1" 200 3603 "-" "Mozilla/5.0 (compatible; AhrefsBot/7.0; +http://ahrefs.com/robot/)"
51.222.253.15 - - [03/Jan/2025:22:38:10 -0500] "GET /sid-626-life-yama-buffa-by-nyale-ft-vardo-x-besco-x-spider-x-commex-x-dee-y HTTP/1.1" 200 3290 "-" "Mozilla/5.0 (compatible; AhrefsBot/7.0; +http://ahrefs.com/robot/)"
51.222.253.16 - - [03/Jan/2025:22:38:44 -0500] "GET /sid-1363-machinjiri-by-el-thew-ft-braz-lu HTTP/1.1" 200 3245 "-" "Mozilla/5.0 (compatible; AhrefsBot/7.0; +http://ahrefs.com/robot/)"
51.222.253.15 - - [03/Jan/2025:22:39:12 -0500] "GET /cgi-sys/suspendedpage.cgi HTTP/1.1" 200 3903 "-" "Mozilla/5.0 (compatible; AhrefsBot/7.0; +http://ahrefs.com/robot/)"
173.252.79.8 - - [03/Jan/2025:22:39:13 -0500] "GET /1164-afro-drill-beat[instrumental]-by-cnabeats HTTP/1.1" 200 14598 "-" "meta-externalagent/1.1 (+https://developers.facebook.com/docs/sharing/webmasters/crawler)"
173.252.79.114 - - [03/Jan/2025:22:39:20 -0500] "GET /1164-afro-drill-beat[instrumental]-by-cnabeats HTTP/1.1" 200 4482 "-" "facebookexternalhit/1.1 (+http://www.facebook.com/externalhit_uatext.php)"
173.252.79.8 - - [03/Jan/2025:22:39:20 -0500] "GET /songs.php?id=1164 HTTP/1.1" 200 4482 "-" "facebookexternalhit/1.1 (+http://www.facebook.com/externalhit_uatext.php)"
173.252.79.112 - - [03/Jan/2025:22:39:22 -0500] "GET /images/mwsounds-20221124-182007-AFRO-DRILL-BEAT[INSTRUMENTAL]-by-CNABEATS.jpg HTTP/1.1" 200 113676 "-" "facebookexternalhit/1.1 (+http://www.facebook.com/externalhit_uatext.php)"
173.252.79.2 - - [03/Jan/2025:22:39:27 -0500] "GET /images/mwsounds-20221124-182007-AFRO-DRILL-BEAT[INSTRUMENTAL]-by-CNABEATS.jpg HTTP/1.1" 200 113676 "-" "facebookexternalhit/1.1 (+http://www.facebook.com/externalhit_uatext.php)"
173.252.79.113 - - [03/Jan/2025:22:39:28 -0500] "GET /songs.php?id=1164 HTTP/1.1" 200 14598 "-" "facebookexternalhit/1.1 (+http://www.facebook.com/externalhit_uatext.php)"
173.252.79.7 - - [03/Jan/2025:22:39:29 -0500] "GET /js/facebook-api.js HTTP/1.1" 200 354 "-" "facebookexternalhit/1.1 (+http://www.facebook.com/externalhit_uatext.php)"
173.252.79.5 - - [03/Jan/2025:22:39:29 -0500] "GET /js/wow.js HTTP/1.1" 200 16064 "-" "facebookexternalhit/1.1 (+http://www.facebook.com/externalhit_uatext.php)"
173.252.79.5 - - [03/Jan/2025:22:39:29 -0500] "GET /js/jquery.js HTTP/1.1" 200 86927 "-" "facebookexternalhit/1.1 (+http://www.facebook.com/externalhit_uatext.php)"
173.252.79.114 - - [03/Jan/2025:22:39:29 -0500] "GET /js/nav.js HTTP/1.1" 200 99 "-" "facebookexternalhit/1.1 (+http://www.facebook.com/externalhit_uatext.php)"
173.252.79.9 - - [03/Jan/2025:22:39:29 -0500] "GET /js/ajax.js HTTP/1.1" 200 4217 "-" "facebookexternalhit/1.1 (+http://www.facebook.com/externalhit_uatext.php)"
173.252.79.112 - - [03/Jan/2025:22:39:30 -0500] "GET /1164-afro-drill-beat[instrumental]-by-cnabeats HTTP/1.1" 200 14598 "-" "facebookexternalhit/1.1 (+http://www.facebook.com/externalhit_uatext.php)"
173.252.79.6 - - [03/Jan/2025:22:39:30 -0500] "GET /images/mwsounds-20221124-182007-AFRO-DRILL-BEAT[INSTRUMENTAL]-by-CNABEATS.jpg HTTP/1.1" 200 113676 "-" "facebookexternalhit/1.1 (+http://www.facebook.com/externalhit_uatext.php)"
31.13.127.16 - - [03/Jan/2025:22:39:31 -0500] "GET /images/mwsounds-20221124-182007-AFRO-DRILL-BEAT[INSTRUMENTAL]-by-CNABEATS.jpg HTTP/1.1" 200 113676 "-" "facebookexternalhit/1.1 (+http://www.facebook.com/externalhit_uatext.php)"
173.252.95.19 - - [03/Jan/2025:22:39:47 -0500] "GET /songs.php?id=1164 HTTP/1.1" 200 14598 "-" "facebookexternalhit/1.1 (+http://www.facebook.com/externalhit_uatext.php)"
51.222.253.18 - - [03/Jan/2025:22:39:47 -0500] "GET /artist=Dr-Drew HTTP/1.1" 200 3838 "-" "Mozilla/5.0 (compatible; AhrefsBot/7.0; +http://ahrefs.com/robot/)"
51.222.253.8 - - [03/Jan/2025:22:40:10 -0500] "GET /1671-Sacrifice--by-Tasha-Daffrece HTTP/1.1" 200 3927 "-" "Mozilla/5.0 (compatible; AhrefsBot/7.0; +http://ahrefs.com/robot/)"
51.222.253.9 - - [03/Jan/2025:22:41:08 -0500] "GET /1070-Ndine-Mdalitso-by-Mike-Kaunde HTTP/1.1" 200 3904 "-" "Mozilla/5.0 (compatible; AhrefsBot/7.0; +http://ahrefs.com/robot/)"
51.222.253.2 - - [03/Jan/2025:22:41:33 -0500] "GET /artist=Charity HTTP/1.1" 200 3102 "-" "Mozilla/5.0 (compatible; AhrefsBot/7.0; +http://ahrefs.com/robot/)"
51.222.253.15 - - [03/Jan/2025:22:41:57 -0500] "GET /sid-475-make-up-by-mastol-ft.-joe-kells HTTP/1.1" 200 3211 "-" "Mozilla/5.0 (compatible; AhrefsBot/7.0; +http://ahrefs.com/robot/)"
51.222.253.3 - - [03/Jan/2025:22:42:24 -0500] "GET /sid-1634-final-fall-back-by-phronee99 HTTP/1.1" 200 3269 "-" "Mozilla/5.0 (compatible; AhrefsBot/7.0; +http://ahrefs.com/robot/)"
51.222.253.6 - - [03/Jan/2025:22:42:54 -0500] "GET /sid-433-he-has-done-by-excellent HTTP/1.1" 200 3262 "-" "Mozilla/5.0 (compatible; AhrefsBot/7.0; +http://ahrefs.com/robot/)"
51.222.253.5 - - [03/Jan/2025:22:43:23 -0500] "GET /sid-474-the-bitter-the-wine-by-base-cube HTTP/1.1" 200 3204 "-" "Mozilla/5.0 (compatible; AhrefsBot/7.0; +http://ahrefs.com/robot/)"
51.222.253.13 - - [03/Jan/2025:22:43:49 -0500] "GET /928-Vision-by-Cee-Jonez HTTP/1.1" 200 3914 "-" "Mozilla/5.0 (compatible; AhrefsBot/7.0; +http://ahrefs.com/robot/)"
51.222.253.7 - - [03/Jan/2025:22:44:20 -0500] "GET /albums?pageno=21 HTTP/1.1" 200 2895 "-" "Mozilla/5.0 (compatible; AhrefsBot/7.0; +http://ahrefs.com/robot/)"
51.222.253.1 - - [03/Jan/2025:22:44:53 -0500] "GET /sid-380-pefekiti-by-dr.-namadingo HTTP/1.1" 200 3211 "-" "Mozilla/5.0 (compatible; AhrefsBot/7.0; +http://ahrefs.com/robot/)"
51.222.253.6 - - [03/Jan/2025:22:45:35 -0500] "GET /sid-470-in-your-presence-by-leo-psalmist HTTP/1.1" 200 3242 "-" "Mozilla/5.0 (compatible; AhrefsBot/7.0; +http://ahrefs.com/robot/)"
51.222.253.3 - - [03/Jan/2025:22:46:03 -0500] "GET /411-21-by-Costry-Ft-Massive HTTP/1.1" 200 3933 "-" "Mozilla/5.0 (compatible; AhrefsBot/7.0; +http://ahrefs.com/robot/)"
52.167.144.157 - - [03/Jan/2025:22:46:20 -0500] "GET /7vn9ogfqw.html HTTP/1.1" 404 1251 "-" "Mozilla/5.0 AppleWebKit/537.36 (KHTML, like Gecko; compatible; bingbot/2.0; +http://www.bing.com/bingbot.htm) Chrome/116.0.1938.76 Safari/537.36"
51.222.253.14 - - [03/Jan/2025:22:47:07 -0500] "GET /sid-496-sidala-by-tuno-ft.-saint HTTP/1.1" 200 3252 "-" "Mozilla/5.0 (compatible; AhrefsBot/7.0; +http://ahrefs.com/robot/)"
95.91.104.62 - - [03/Jan/2025:22:48:33 -0500] "GET /robots.txt HTTP/1.1" 404 1251 "-" "Mozilla/5.0 (compatible; MJ12bot/v1.4.8; http://mj12bot.com/)"
95.91.104.62 - - [03/Jan/2025:22:48:35 -0500] "GET /1665-Gratitude-by-Emerald HTTP/1.1" 200 3907 "-" "Mozilla/5.0 (compatible; MJ12bot/v1.4.8; http://mj12bot.com/)"
51.222.253.16 - - [03/Jan/2025:22:48:35 -0500] "GET /sid-1132-udziwerenga-by-innocent-chatola- HTTP/1.1" 200 3235 "-" "Mozilla/5.0 (compatible; AhrefsBot/7.0; +http://ahrefs.com/robot/)"
66.249.73.2 - - [03/Jan/2025:22:48:35 -0500] "GET /null HTTP/1.1" 404 1251 "-" "Googlebot-Image/1.0"
40.77.167.56 - - [03/Jan/2025:22:49:04 -0500] "GET /16w12fuiml.html HTTP/1.1" 404 1251 "-" "Mozilla/5.0 AppleWebKit/537.36 (KHTML, like Gecko; compatible; bingbot/2.0; +http://www.bing.com/bingbot.htm) Chrome/116.0.1938.76 Safari/537.36"
51.222.253.14 - - [03/Jan/2025:22:49:04 -0500] "GET /sid-947-chotsa-nkhawa-by-lovemore-mwanyama-jnr-ft-brown-gray- HTTP/1.1" 200 3268 "-" "Mozilla/5.0 (compatible; AhrefsBot/7.0; +http://ahrefs.com/robot/)"
51.222.253.13 - - [03/Jan/2025:22:49:25 -0500] "GET /sid-265-greatest-story-by-melvin-music HTTP/1.1" 200 3263 "-" "Mozilla/5.0 (compatible; AhrefsBot/7.0; +http://ahrefs.com/robot/)"
51.222.253.15 - - [03/Jan/2025:22:49:54 -0500] "GET /819-Ilumbeni-Mfumuyo-by-Zabeta HTTP/1.1" 200 3896 "-" "Mozilla/5.0 (compatible; AhrefsBot/7.0; +http://ahrefs.com/robot/)"
51.222.253.14 - - [03/Jan/2025:22:50:32 -0500] "GET /1064-Footprints--by-Jane-Maisie HTTP/1.1" 200 3921 "-" "Mozilla/5.0 (compatible; AhrefsBot/7.0; +http://ahrefs.com/robot/)"
