154.54.249.197 - - [03/Jan/2025:15:42:35 -0500] "GET /download.php?id=551&name=Mable%20Lwanda-Ndili%20ndi%20Yesu HTTP/1.1" 200 7071017 "-" "Mozilla/5.0 (compatible; Barkrowler/0.9; +https://babbar.tech/crawler)"
217.113.194.50 - - [03/Jan/2025:15:42:44 -0500] "GET /download.php?id=399&name=Rabecca%20Mwafulirwa-Likunozga HTTP/1.1" 200 6048201 "-" "Mozilla/5.0 (compatible; Barkrowler/0.9; +https://babbar.tech/crawler)"
51.222.253.13 - - [03/Jan/2025:15:42:51 -0500] "GET /sid-1208-kuthokoza-by-gifted-atikonda HTTP/1.1" 200 3216 "-" "Mozilla/5.0 (compatible; AhrefsBot/7.0; +http://ahrefs.com/robot/)"
217.113.194.47 - - [03/Jan/2025:15:42:54 -0500] "GET /download.php?id=842&name=Just%20Lusungu-Dear%20Godly%20woman HTTP/1.1" 200 6899817 "-" "Mozilla/5.0 (compatible; Barkrowler/0.9; +https://babbar.tech/crawler)"
217.113.194.244 - - [03/Jan/2025:15:43:06 -0500] "GET /download.php?id=499&name=Massive%20ft.%20Sir%20Odilo-Missionaries HTTP/1.1" 200 5470828 "-" "Mozilla/5.0 (compatible; Barkrowler/0.9; +https://babbar.tech/crawler)"
216.244.66.237 - - [03/Jan/2025:15:43:26 -0500] "GET /sid-1100-oyera-by-the-chronicles-lilongwe-band HTTP/1.1" 200 10464 "-" "Mozilla/5.0 (compatible; DotBot/1.2; +https://opensiteexplorer.org/dotbot; help@moz.com)"
216.244.66.237 - - [03/Jan/2025:15:43:31 -0500] "GET /sid-679-galu-wapadzara-by-stainless-musiq HTTP/1.1" 200 10265 "-" "Mozilla/5.0 (compatible; DotBot/1.2; +https://opensiteexplorer.org/dotbot; help@moz.com)"
216.244.66.237 - - [03/Jan/2025:15:43:35 -0500] "GET /sid-963-this-is-gonna-make-me-crash-marnie's-computer-by-henry-jc HTTP/1.1" 200 10657 "-" "Mozilla/5.0 (compatible; DotBot/1.2; +https://opensiteexplorer.org/dotbot; help@moz.com)"
217.113.194.50 - - [03/Jan/2025:15:43:33 -0500] "GET /download.php?id=1363&name=El%20thew%20ft%20Braz%20lu-Machinjiri HTTP/1.1" 200 7541856 "-" "Mozilla/5.0 (compatible; Barkrowler/0.9; +https://babbar.tech/crawler)"
216.244.66.237 - - [03/Jan/2025:15:43:39 -0500] "GET /singles?pageno=159 HTTP/1.1" 200 12905 "-" "Mozilla/5.0 (compatible; DotBot/1.2; +https://opensiteexplorer.org/dotbot; help@moz.com)"
216.244.66.237 - - [03/Jan/2025:15:43:42 -0500] "GET /387-Never-Been-Easy-by-Santafella HTTP/1.1" 200 14469 "-" "Mozilla/5.0 (compatible; DotBot/1.2; +https://opensiteexplorer.org/dotbot; help@moz.com)"
51.222.253.11 - - [03/Jan/2025:15:43:43 -0500] "GET /sid-960-believe--by-melody HTTP/1.1" 200 3204 "-" "Mozilla/5.0 (compatible; AhrefsBot/7.0; +http://ahrefs.com/robot/)"
216.244.66.237 - - [03/Jan/2025:15:43:46 -0500] "GET /392-Tisamakhale-choncho-by-Nancy-Dent HTTP/1.1" 200 14489 "-" "Mozilla/5.0 (compatible; DotBot/1.2; +https://opensiteexplorer.org/dotbot; help@moz.com)"
216.244.66.237 - - [03/Jan/2025:15:43:48 -0500] "GET /586-Ndimafuna-by-Wize-King+Nile+Uzmo HTTP/1.1" 200 14480 "-" "Mozilla/5.0 (compatible; DotBot/1.2; +https://opensiteexplorer.org/dotbot; help@moz.com)"
216.244.66.237 - - [03/Jan/2025:15:43:51 -0500] "GET /859-Testimony-by-Lady-cathy-kirabo HTTP/1.1" 200 14485 "-" "Mozilla/5.0 (compatible; DotBot/1.2; +https://opensiteexplorer.org/dotbot; help@moz.com)"
217.113.194.43 - - [03/Jan/2025:15:44:04 -0500] "GET /download.php?id=653&name=Vin%20Chizuzu-Zeze%20Lolambira HTTP/1.1" 200 4952071 "-" "Mozilla/5.0 (compatible; Barkrowler/0.9; +https://babbar.tech/crawler)"
51.222.253.16 - - [03/Jan/2025:15:44:08 -0500] "GET /sid-7-miss-chanco-by-k-davaspah HTTP/1.1" 200 3226 "-" "Mozilla/5.0 (compatible; AhrefsBot/7.0; +http://ahrefs.com/robot/)"
217.113.194.42 - - [03/Jan/2025:15:44:16 -0500] "GET /download.php?id=139&name=Penjani%20ft%20Saxess-Suli%20Wekha HTTP/1.1" 200 9768066 "-" "Mozilla/5.0 (compatible; Barkrowler/0.9; +https://babbar.tech/crawler)"
51.222.253.15 - - [03/Jan/2025:15:44:30 -0500] "GET /766-Bwelera--by-Dziwa-and-Salimo HTTP/1.1" 200 3935 "-" "Mozilla/5.0 (compatible; AhrefsBot/7.0; +http://ahrefs.com/robot/)"
217.113.194.43 - - [03/Jan/2025:15:44:50 -0500] "GET /download.php?id=618&name=Pawalo%20ft%20Achina%20Forces-Fwasa HTTP/1.1" 200 6231278 "-" "Mozilla/5.0 (compatible; Barkrowler/0.9; +https://babbar.tech/crawler)"
51.222.253.11 - - [03/Jan/2025:15:44:52 -0500] "GET /3-Bola-Kwa-Faraoh-by-SS-ceaser+pro-kzone+hamble HTTP/1.1" 200 3940 "-" "Mozilla/5.0 (compatible; AhrefsBot/7.0; +http://ahrefs.com/robot/)"
51.222.253.5 - - [03/Jan/2025:15:45:17 -0500] "GET /sid-680-zimveke-bwa-by-hyphen-ft.-achina-gatta-ase-and-gd HTTP/1.1" 200 3324 "-" "Mozilla/5.0 (compatible; AhrefsBot/7.0; +http://ahrefs.com/robot/)"
217.113.194.45 - - [03/Jan/2025:15:45:17 -0500] "GET /download.php?id=913&name=Robertson%20Nyimbo-Zanga%20Zina. HTTP/1.1" 200 7791900 "-" "Mozilla/5.0 (compatible; Barkrowler/0.9; +https://babbar.tech/crawler)"
217.113.194.46 - - [03/Jan/2025:15:45:29 -0500] "GET /download.php?id=191&name=Symon%20and%20Kendall-Talowa%20Canaan HTTP/1.1" 200 10233416 "-" "Mozilla/5.0 (compatible; Barkrowler/0.9; +https://babbar.tech/crawler)"
51.222.253.4 - - [03/Jan/2025:15:45:37 -0500] "GET /images/img-20190526-wa0015.jpg HTTP/1.1" 200 16498 "-" "Mozilla/5.0 (compatible; AhrefsBot/7.0; +http://ahrefs.com/robot/)"
217.113.194.48 - - [03/Jan/2025:15:45:49 -0500] "GET /239-Jealousy-ft-Stunner-+-Stevo-by-Phyzix HTTP/1.1" 200 4468 "-" "Mozilla/5.0 (compatible; Barkrowler/0.9; +https://babbar.tech/crawler)"
154.54.249.197 - - [03/Jan/2025:15:45:57 -0500] "GET /download.php?id=608&name=Name%20iz%20ChaPo-Bwenzi%20Zikoma HTTP/1.1" 200 7688320 "-" "Mozilla/5.0 (compatible; Barkrowler/0.9; +https://babbar.tech/crawler)"
51.222.253.18 - - [03/Jan/2025:15:46:01 -0500] "GET /sid-433-he-has-done-by-excellent HTTP/1.1" 200 3262 "-" "Mozilla/5.0 (compatible; AhrefsBot/7.0; +http://ahrefs.com/robot/)"
217.113.194.47 - - [03/Jan/2025:15:46:07 -0500] "GET /download.php?id=797&name=MK%20ft%20Troy%20&%20Georgina-Grateful HTTP/1.1" 200 10060448 "-" "Mozilla/5.0 (compatible; Barkrowler/0.9; +https://babbar.tech/crawler)"
217.113.194.49 - - [03/Jan/2025:15:46:26 -0500] "GET /download.php?id=630&name=Nels%20Elias%20ft%20Gacko-All%204%20U HTTP/1.1" 200 7122788 "-" "Mozilla/5.0 (compatible; Barkrowler/0.9; +https://babbar.tech/crawler)"
51.222.253.16 - - [03/Jan/2025:15:46:50 -0500] "GET /albums?pageno=144 HTTP/1.1" 200 2900 "-" "Mozilla/5.0 (compatible; AhrefsBot/7.0; +http://ahrefs.com/robot/)"
114.119.138.130 - - [03/Jan/2025:15:46:56 -0500] "GET /1078-ndili-ndi-yesu--by-promc-the-vocalist- HTTP/1.1" 200 4483 "-" "Mozilla/5.0 (Linux; Android 7.0;) AppleWebKit/537.36 (KHTML, like Gecko) Mobile Safari/537.36 (compatible; PetalBot;+https://webmaster.petalsearch.com/site/petalbot)"
217.113.194.48 - - [03/Jan/2025:15:46:54 -0500] "GET /download.php?id=342&name=Chigo%20Grace-Munoshamisa%20Mwari. HTTP/1.1" 200 12086505 "-" "Mozilla/5.0 (compatible; Barkrowler/0.9; +https://babbar.tech/crawler)"
217.113.194.45 - - [03/Jan/2025:15:47:06 -0500] "GET /download.php?id=774&name=Tsanzo%20Ft%20Sir%20Odilo-Lifetime HTTP/1.1" 200 5023056 "-" "Mozilla/5.0 (compatible; Barkrowler/0.9; +https://babbar.tech/crawler)"
114.119.158.0 - - [03/Jan/2025:15:47:36 -0500] "GET /sid-1674-amen-by-yoha9ne-&-hemmah HTTP/1.1" 200 3601 "https://www.malawisounds.com/1674-AMEN-by-YOHA9NE-&-HEMMAH" "Mozilla/5.0 (Linux; Android 7.0;) AppleWebKit/537.36 (KHTML, like Gecko) Mobile Safari/537.36 (compatible; PetalBot;+https://webmaster.petalsearch.com/site/petalbot)"
217.113.194.51 - - [03/Jan/2025:15:47:39 -0500] "GET /download.php?id=896&name=Rabecca%20Mwafulirwa-Kaning'ina HTTP/1.1" 200 5391408 "-" "Mozilla/5.0 (compatible; Barkrowler/0.9; +https://babbar.tech/crawler)"
66.249.65.160 - - [03/Jan/2025:15:47:51 -0500] "GET /224-Proud-by-Praise- HTTP/1.1" 200 3925 "-" "Mozilla/5.0 (Linux; Android 6.0.1; Nexus 5X Build/MMB29P) AppleWebKit/537.36 (KHTML, like Gecko) Chrome/131.0.6778.139 Mobile Safari/537.36 (compatible; Googlebot/2.1; +http://www.google.com/bot.html)"
217.113.194.42 - - [03/Jan/2025:15:48:10 -0500] "GET /download.php?id=845&name=xKesh-JACK%20(FREESTYLE) HTTP/1.1" 200 1833546 "-" "Mozilla/5.0 (compatible; Barkrowler/0.9; +https://babbar.tech/crawler)"
217.113.194.48 - - [03/Jan/2025:15:48:39 -0500] "GET /download.php?id=208&name=Phyzix%20ft%20Hyphen-They%20will%20know HTTP/1.1" 200 3626351 "-" "Mozilla/5.0 (compatible; Barkrowler/0.9; +https://babbar.tech/crawler)"
51.222.253.12 - - [03/Jan/2025:15:48:54 -0500] "GET /978-Yahweh-by-L-More-x-Elida-x-Jessie HTTP/1.1" 200 3957 "-" "Mozilla/5.0 (compatible; AhrefsBot/7.0; +http://ahrefs.com/robot/)"
217.113.194.50 - - [03/Jan/2025:15:49:05 -0500] "GET /download.php?id=923&name=Josiah%20Cross-Sindikupanga%20Nawo HTTP/1.1" 200 5597075 "-" "Mozilla/5.0 (compatible; Barkrowler/0.9; +https://babbar.tech/crawler)"
4.43.184.114 - - [03/Jan/2025:15:49:20 -0500] "GET / HTTP/1.0" 200 12109 "-" "Mozilla/5.0 (Windows NT 5.1) Gecko/20100101 Firefox/4.0.1"
4.43.184.114 - - [03/Jan/2025:15:49:21 -0500] "GET /home.php HTTP/1.0" 200 43034 "-" "Mozilla/5.0 (Windows NT 5.1) Gecko/20100101 Firefox/9.0.1"
154.54.249.197 - - [03/Jan/2025:15:49:23 -0500] "GET /download.php?id=864&name=sirpacha%20ft%20p%20foxy-china%20china HTTP/1.1" 200 2830967 "-" "Mozilla/5.0 (compatible; Barkrowler/0.9; +https://babbar.tech/crawler)"
51.222.253.16 - - [03/Jan/2025:15:49:29 -0500] "GET /sid-1113-ndidalila-inu-by-dj-vice-ft.-prominent-and-fosterino-kay HTTP/1.1" 200 3265 "-" "Mozilla/5.0 (compatible; AhrefsBot/7.0; +http://ahrefs.com/robot/)"
217.113.194.49 - - [03/Jan/2025:15:49:33 -0500] "GET /download.php?id=425&name=Bezalel%20ft.%20Ekari%20and%20Chris-2007 HTTP/1.1" 200 7191714 "-" "Mozilla/5.0 (compatible; Barkrowler/0.9; +https://babbar.tech/crawler)"
69.171.249.15 - - [03/Jan/2025:15:49:36 -0500] "GET /artist=Kelvin-Sings HTTP/1.1" 200 12411 "-" "meta-externalagent/1.1 (+https://developers.facebook.com/docs/sharing/webmasters/crawler)"
51.222.253.20 - - [03/Jan/2025:15:50:01 -0500] "GET /sid-301-blessing-by-bligle-ft.-x-109-kardesh HTTP/1.1" 200 3236 "-" "Mozilla/5.0 (compatible; AhrefsBot/7.0; +http://ahrefs.com/robot/)"
217.113.194.48 - - [03/Jan/2025:15:49:44 -0500] "GET /download.php?id=571&name=Phyzix%20and%20%20Dare%20Devils-Pa%20ground HTTP/1.1" 200 9111581 "-" "Mozilla/5.0 (compatible; Barkrowler/0.9; +https://babbar.tech/crawler)"
217.113.194.51 - - [03/Jan/2025:15:50:14 -0500] "GET /download.php?id=846&name=The%20Herald%20of%20God-Ndikamupedza HTTP/1.1" 200 6286466 "-" "Mozilla/5.0 (compatible; Barkrowler/0.9; +https://babbar.tech/crawler)"
51.222.253.20 - - [03/Jan/2025:15:50:40 -0500] "GET /1021-M'bebe-by-Louid-x-Martse-x-Toxeec(Prod-by-M-two-zee) HTTP/1.1" 200 4013 "-" "Mozilla/5.0 (compatible; AhrefsBot/7.0; +http://ahrefs.com/robot/)"
217.113.194.42 - - [03/Jan/2025:15:50:34 -0500] "GET /download.php?id=671&name=Suffix%20ft%20Onesimus-Ngati%20Dolo HTTP/1.1" 200 9627061 "-" "Mozilla/5.0 (compatible; Barkrowler/0.9; +https://babbar.tech/crawler)"
51.222.253.19 - - [03/Jan/2025:15:51:09 -0500] "GET /sid-1405-ukukaika-by-meekboy HTTP/1.1" 200 3212 "-" "Mozilla/5.0 (compatible; AhrefsBot/7.0; +http://ahrefs.com/robot/)"
217.113.194.50 - - [03/Jan/2025:15:51:10 -0500] "GET /download.php?id=323&name=Ties%20Ft%20Tama-Confessions%20over%20perfection HTTP/1.1" 200 7861505 "-" "Mozilla/5.0 (compatible; Barkrowler/0.9; +https://babbar.tech/crawler)"
217.113.194.49 - - [03/Jan/2025:15:51:31 -0500] "GET /download.php?id=245&name=Elikam%20Mathemba-Mukwezeke%20Yesu HTTP/1.1" 200 4909517 "-" "Mozilla/5.0 (compatible; Barkrowler/0.9; +https://babbar.tech/crawler)"
51.222.253.9 - - [03/Jan/2025:15:51:36 -0500] "GET /sid-554-yesu-amandikwanira-by-the-herald-of-god HTTP/1.1" 200 3278 "-" "Mozilla/5.0 (compatible; AhrefsBot/7.0; +http://ahrefs.com/robot/)"
217.113.194.45 - - [03/Jan/2025:15:52:07 -0500] "GET /download.php?id=609&name=MTK%20ft%20dF%20&%20Platform%20Mind-Time HTTP/1.1" 200 10300956 "-" "Mozilla/5.0 (compatible; Barkrowler/0.9; +https://babbar.tech/crawler)"
217.113.194.42 - - [03/Jan/2025:15:52:30 -0500] "GET /download.php?id=100&name=Hope%20Makupete-Chiyembekezo%20Changa HTTP/1.1" 200 8838632 "-" "Mozilla/5.0 (compatible; Barkrowler/0.9; +https://babbar.tech/crawler)"
51.222.253.12 - - [03/Jan/2025:15:52:38 -0500] "GET /1472-Only-by-J3-Kobu-ft-Lexii-Cl HTTP/1.1" 200 3925 "-" "Mozilla/5.0 (compatible; AhrefsBot/7.0; +http://ahrefs.com/robot/)"
217.113.194.46 - - [03/Jan/2025:15:53:01 -0500] "GET /download.php?id=1085&name=Gift%20Scot%20and%20P_midribiz-Pretend HTTP/1.1" 200 3909636 "-" "Mozilla/5.0 (compatible; Barkrowler/0.9; +https://babbar.tech/crawler)"
40.77.167.79 - - [03/Jan/2025:15:53:01 -0500] "GET /h4bttzfnz.html HTTP/1.1" 404 1251 "-" "Mozilla/5.0 AppleWebKit/537.36 (KHTML, like Gecko; compatible; bingbot/2.0; +http://www.bing.com/bingbot.htm) Chrome/116.0.1938.76 Safari/537.36"
66.249.73.4 - - [03/Jan/2025:15:53:02 -0500] "GET /848-Amina-Kon-by-Genious-drey-ft-Sparo-Ug HTTP/1.1" 200 3942 "-" "Mozilla/5.0 (Linux; Android 6.0.1; Nexus 5X Build/MMB29P) AppleWebKit/537.36 (KHTML, like Gecko) Chrome/131.0.6778.139 Mobile Safari/537.36 (compatible; Googlebot/2.1; +http://www.google.com/bot.html)"
51.222.253.4 - - [03/Jan/2025:15:53:03 -0500] "GET /sid-574-nthawi-by-hb-ft-leslie HTTP/1.1" 200 3239 "-" "Mozilla/5.0 (compatible; AhrefsBot/7.0; +http://ahrefs.com/robot/)"
217.113.194.50 - - [03/Jan/2025:15:53:23 -0500] "GET /download.php?id=597&name=South%20West%20ft%20Ray%20Shine-Down%20for%20me HTTP/1.1" 200 5789427 "-" "Mozilla/5.0 (compatible; Barkrowler/0.9; +https://babbar.tech/crawler)"
51.222.253.3 - - [03/Jan/2025:15:53:33 -0500] "GET /254-Adimaki-by-GoFetch HTTP/1.1" 200 3893 "-" "Mozilla/5.0 (compatible; AhrefsBot/7.0; +http://ahrefs.com/robot/)"
51.222.253.10 - - [03/Jan/2025:15:54:01 -0500] "GET /sid-594-undigwire-by-tuno-ft-bucci HTTP/1.1" 200 3257 "-" "Mozilla/5.0 (compatible; AhrefsBot/7.0; +http://ahrefs.com/robot/)"
69.63.189.8 - - [03/Jan/2025:15:54:06 -0500] "GET /article=30 HTTP/1.1" 200 12267 "-" "meta-externalagent/1.1 (+https://developers.facebook.com/docs/sharing/webmasters/crawler)"
217.113.194.45 - - [03/Jan/2025:15:53:53 -0500] "GET /download.php?id=112&name=Saxess%20ft%20Cozizwa-Dyodyodyo HTTP/1.1" 200 9961282 "-" "Mozilla/5.0 (compatible; Barkrowler/0.9; +https://babbar.tech/crawler)"
51.222.253.10 - - [03/Jan/2025:15:54:33 -0500] "GET /sid-621-thanthwe-langa-by-bridget-makhula-spedi HTTP/1.1" 200 3296 "-" "Mozilla/5.0 (compatible; AhrefsBot/7.0; +http://ahrefs.com/robot/)"
217.113.194.51 - - [03/Jan/2025:15:54:21 -0500] "GET /download.php?id=1149&name=Ras%20Pupa-Kumeneko%20Nkupusa HTTP/1.1" 200 10309288 "-" "Mozilla/5.0 (compatible; Barkrowler/0.9; +https://babbar.tech/crawler)"
217.113.194.50 - - [03/Jan/2025:15:54:43 -0500] "GET /download.php?id=1144&name=Jane%20ft%20Firstron&Wiz-life%20style HTTP/1.1" 200 4357576 "-" "Mozilla/5.0 (compatible; Barkrowler/0.9; +https://babbar.tech/crawler)"
51.222.253.7 - - [03/Jan/2025:15:55:03 -0500] "GET /795-Christmas-is-here-by-Roni HTTP/1.1" 200 3906 "-" "Mozilla/5.0 (compatible; AhrefsBot/7.0; +http://ahrefs.com/robot/)"
51.222.253.1 - - [03/Jan/2025:15:55:29 -0500] "GET /257-Bwezi-Langa-by-Soma HTTP/1.1" 200 3897 "-" "Mozilla/5.0 (compatible; AhrefsBot/7.0; +http://ahrefs.com/robot/)"
217.113.194.45 - - [03/Jan/2025:15:55:07 -0500] "GET /download.php?id=1052&name=Nancy%20Fortune%20Dent-Victory%20belongs%20to%20me HTTP/1.1" 200 10079912 "-" "Mozilla/5.0 (compatible; Barkrowler/0.9; +https://babbar.tech/crawler)"
217.113.194.47 - - [03/Jan/2025:15:55:39 -0500] "GET /download.php?id=366&name=Praizy%20Liwonde-You%20saved%20my%20life HTTP/1.1" 200 6450218 "-" "Mozilla/5.0 (compatible; Barkrowler/0.9; +https://babbar.tech/crawler)"
217.113.194.43 - - [03/Jan/2025:15:55:49 -0500] "GET /download.php?id=160&name=Charis%20Phiri-Your%20Love%20is%20a%20miracle HTTP/1.1" 200 4750047 "-" "Mozilla/5.0 (compatible; Barkrowler/0.9; +https://babbar.tech/crawler)"
51.222.253.9 - - [03/Jan/2025:15:55:58 -0500] "GET /909-Ndaona-by-Alle-ft.-Luki247 HTTP/1.1" 200 3918 "-" "Mozilla/5.0 (compatible; AhrefsBot/7.0; +http://ahrefs.com/robot/)"
51.222.253.15 - - [03/Jan/2025:15:56:14 -0500] "GET /images/mwsounds-20210705155946-1625500510402thathwe-langa-final-artwork.jpg HTTP/1.1" 200 22900 "-" "Mozilla/5.0 (compatible; AhrefsBot/7.0; +http://ahrefs.com/robot/)"
217.113.194.48 - - [03/Jan/2025:15:56:19 -0500] "GET /download.php?id=838&name=Vallenz%20ft.%20Cossy%20Hancho-Pills HTTP/1.1" 200 8291280 "-" "Mozilla/5.0 (compatible; Barkrowler/0.9; +https://babbar.tech/crawler)"
51.222.253.17 - - [03/Jan/2025:15:56:23 -0500] "GET /1401-JUST-SAY-YES-by-Promc-the-Vocalist-X-Meyonii-X-Twiinch-Ble HTTP/1.1" 200 4009 "-" "Mozilla/5.0 (compatible; AhrefsBot/7.0; +http://ahrefs.com/robot/)"
154.54.249.197 - - [03/Jan/2025:15:56:38 -0500] "GET /download.php?id=733&name=Naxy%20b%20ft%20Toriah%20-Mulamu HTTP/1.1" 200 9304128 "-" "Mozilla/5.0 (compatible; Barkrowler/0.9; +https://babbar.tech/crawler)"
217.113.194.244 - - [03/Jan/2025:15:56:48 -0500] "GET /download.php?id=195&name=Robert%20Chiwamba-Anthu%20amafika%20potopa HTTP/1.1" 200 4908895 "-" "Mozilla/5.0 (compatible; Barkrowler/0.9; +https://babbar.tech/crawler)"
217.113.194.42 - - [03/Jan/2025:15:56:57 -0500] "GET /download.php?id=543&name=Epistle%20OC-I'll%20take%20you%20to%20Malawi HTTP/1.1" 200 8638075 "-" "Mozilla/5.0 (compatible; Barkrowler/0.9; +https://babbar.tech/crawler)"
51.222.253.11 - - [03/Jan/2025:15:57:29 -0500] "GET /673-Kaduwa-la-duwa-by-Ace-Jizzy-ft-Lanex-Luther HTTP/1.1" 200 3963 "-" "Mozilla/5.0 (compatible; AhrefsBot/7.0; +http://ahrefs.com/robot/)"
217.113.194.45 - - [03/Jan/2025:15:57:35 -0500] "GET /download.php?id=1018&name=T%20wayne%20&%20Dan%20o%20gizzy%20-Some%20more HTTP/1.1" 200 9368387 "-" "Mozilla/5.0 (compatible; Barkrowler/0.9; +https://babbar.tech/crawler)"
217.113.194.46 - - [03/Jan/2025:15:57:45 -0500] "GET /download.php?id=699&name=K%20Staffoh%20ft.%20Vacaan-Zinasintha HTTP/1.1" 200 4248885 "-" "Mozilla/5.0 (compatible; Barkrowler/0.9; +https://babbar.tech/crawler)"
142.250.32.41 - - [03/Jan/2025:15:57:51 -0500] "GET /.well-known/traffic-advice HTTP/1.1" 404 1251 "-" "Chrome Privacy Preserving Prefetch Proxy"
51.222.253.9 - - [03/Jan/2025:15:57:54 -0500] "GET /aid-444-album-stream-nkono-wa-yesu HTTP/1.1" 200 3696 "-" "Mozilla/5.0 (compatible; AhrefsBot/7.0; +http://ahrefs.com/robot/)"
217.113.194.46 - - [03/Jan/2025:15:58:07 -0500] "GET /download.php?id=676&name=Sir%20Mwetho%20ft%20Glory-Maphunziro HTTP/1.1" 200 4529696 "-" "Mozilla/5.0 (compatible; Barkrowler/0.9; +https://babbar.tech/crawler)"
51.222.253.4 - - [03/Jan/2025:15:58:29 -0500] "GET /799-Love-Your-Neighbor-by-Promc-the-vocalist HTTP/1.1" 200 3956 "-" "Mozilla/5.0 (compatible; AhrefsBot/7.0; +http://ahrefs.com/robot/)"
40.77.167.55 - - [03/Jan/2025:15:58:32 -0500] "GET /js/payment.js HTTP/1.1" 200 360 "-" "Mozilla/5.0 AppleWebKit/537.36 (KHTML, like Gecko; compatible; bingbot/2.0; +http://www.bing.com/bingbot.htm) Chrome/116.0.1938.76 Safari/537.36"
217.113.194.45 - - [03/Jan/2025:15:58:38 -0500] "GET /download.php?id=427&name=Henry%20Czar-Osamangonamidzira%20Satana HTTP/1.1" 200 7434696 "-" "Mozilla/5.0 (compatible; Barkrowler/0.9; +https://babbar.tech/crawler)"
154.54.249.197 - - [03/Jan/2025:15:59:17 -0500] "GET /download.php?id=194&name=Everything%20Happens%20For%20a%20reason-Dan%20Lu HTTP/1.1" 200 3443684 "-" "Mozilla/5.0 (compatible; Barkrowler/0.9; +https://babbar.tech/crawler)"
110.249.201.114 - - [03/Jan/2025:15:59:33 -0500] "GET /artist=Mastol HTTP/1.1" 200 3215 "-" "Mozilla/5.0 (Linux; Android 5.0) AppleWebKit/537.36 (KHTML, like Gecko) Mobile Safari/537.36 (compatible; Bytespider; https://zhanzhang.toutiao.com/)"
110.249.201.114 - - [03/Jan/2025:15:59:34 -0500] "GET /null HTTP/1.1" 404 1251 "https://malawisounds.com/artist=Mastol" "Mozilla/5.0 (Linux; Android 5.0) AppleWebKit/537.36 (KHTML, like Gecko) Mobile Safari/537.36 (compatible; Bytespider; https://zhanzhang.toutiao.com/)"
110.249.201.114 - - [03/Jan/2025:15:59:34 -0500] "GET /bio/mwsounds-20200708213347-mastol.jpg HTTP/1.1" 206 500 "https://malawisounds.com/artist=Mastol" "Mozilla/5.0 (Linux; Android 5.0) AppleWebKit/537.36 (KHTML, like Gecko) Mobile Safari/537.36 (compatible; Bytespider; https://zhanzhang.toutiao.com/)"
110.249.201.114 - - [03/Jan/2025:15:59:34 -0500] "GET /bio/mwsounds-20200801042643-Dr.Drew.jpg HTTP/1.1" 206 500 "https://malawisounds.com/artist=Mastol" "Mozilla/5.0 (Linux; Android 5.0) AppleWebKit/537.36 (KHTML, like Gecko) Mobile Safari/537.36 (compatible; Bytespider; https://zhanzhang.toutiao.com/)"
217.113.194.44 - - [03/Jan/2025:15:59:34 -0500] "GET /download.php?id=340&name=Nels%20Elias%20ft%20James-Ndapeza%20Vuto HTTP/1.1" 200 4679808 "-" "Mozilla/5.0 (compatible; Barkrowler/0.9; +https://babbar.tech/crawler)"
51.222.253.19 - - [03/Jan/2025:15:59:35 -0500] "GET /aid-440-album-stream-akanadziwa HTTP/1.1" 200 3705 "-" "Mozilla/5.0 (compatible; AhrefsBot/7.0; +http://ahrefs.com/robot/)"
173.252.83.5 - - [03/Jan/2025:16:00:00 -0500] "GET /images/mwsounds-20221215-185203-Kumwesu-by-Kayumba-ck-Zambia-ft-Mr-lax.jpg HTTP/1.1" 200 24416 "-" "facebookexternalhit/1.1 (+http://www.facebook.com/externalhit_uatext.php)"
31.13.103.9 - - [03/Jan/2025:16:00:05 -0500] "GET /deloismassey HTTP/1.1" 404 1251 "-" "facebookexternalhit/1.1 (+http://www.facebook.com/externalhit_uatext.php)"
31.13.103.112 - - [03/Jan/2025:16:00:05 -0500] "GET /deloismassey HTTP/1.1" 404 1251 "-" "facebookexternalhit/1.1 (+http://www.facebook.com/externalhit_uatext.php)"
172.203.190.132 - - [03/Jan/2025:16:00:07 -0500] "GET /robots.txt HTTP/1.1" 404 1251 "-" "Mozilla/5.0 AppleWebKit/537.36 (KHTML, like Gecko); compatible; OAI-SearchBot/1.0; +https://openai.com/searchbot"
217.113.194.50 - - [03/Jan/2025:16:00:06 -0500] "GET /download.php?id=491&name=Rabecca%20Mwafulirwa-Chiharo%20Chane HTTP/1.1" 200 9193052 "-" "Mozilla/5.0 (compatible; Barkrowler/0.9; +https://babbar.tech/crawler)"
172.203.190.132 - - [03/Jan/2025:16:00:07 -0500] "GET /robots.txt HTTP/1.1" 404 1251 "-" "Mozilla/5.0 AppleWebKit/537.36 (KHTML, like Gecko); compatible; OAI-SearchBot/1.0; +https://openai.com/searchbot"
40.77.167.55 - - [03/Jan/2025:16:00:23 -0500] "GET /artist=Chigo HTTP/1.1" 200 3397 "-" "Mozilla/5.0 AppleWebKit/537.36 (KHTML, like Gecko; compatible; bingbot/2.0; +http://www.bing.com/bingbot.htm) Chrome/116.0.1938.76 Safari/537.36"
217.113.194.44 - - [03/Jan/2025:16:00:26 -0500] "GET /download.php?id=821&name=Nancy%20Fortune%20Dent-Redeemer%20of%20my%20life HTTP/1.1" 200 12151776 "-" "Mozilla/5.0 (compatible; Barkrowler/0.9; +https://babbar.tech/crawler)"
217.113.194.46 - - [03/Jan/2025:16:00:37 -0500] "GET /download.php?id=794&name=JAYZIE%20B%20ft%20Amoeba-Usalire HTTP/1.1" 200 3645858 "-" "Mozilla/5.0 (compatible; Barkrowler/0.9; +https://babbar.tech/crawler)"
51.222.253.5 - - [03/Jan/2025:16:00:41 -0500] "GET /sid-948-anonomwe-by-yao-king HTTP/1.1" 200 3214 "-" "Mozilla/5.0 (compatible; AhrefsBot/7.0; +http://ahrefs.com/robot/)"
217.113.194.42 - - [03/Jan/2025:16:00:55 -0500] "GET /download.php?id=556&name=Don%20Von%20%20ft%20E-Star-Be%20Alright HTTP/1.1" 200 4070033 "-" "Mozilla/5.0 (compatible; Barkrowler/0.9; +https://babbar.tech/crawler)"
51.222.253.1 - - [03/Jan/2025:16:01:10 -0500] "GET /aid-61-free-stream-talk-to-my-manager HTTP/1.1" 200 3598 "-" "Mozilla/5.0 (compatible; AhrefsBot/7.0; +http://ahrefs.com/robot/)"
157.55.39.61 - - [03/Jan/2025:16:01:11 -0500] "GET /2g3thewlxs.html HTTP/1.1" 404 1251 "-" "Mozilla/5.0 AppleWebKit/537.36 (KHTML, like Gecko; compatible; bingbot/2.0; +http://www.bing.com/bingbot.htm) Chrome/116.0.1938.76 Safari/537.36"
217.113.194.244 - - [03/Jan/2025:16:01:20 -0500] "GET /download.php?id=316&name=Ronald%20Chikafa-Amamva%20Kuyitana HTTP/1.1" 200 5419682 "-" "Mozilla/5.0 (compatible; Barkrowler/0.9; +https://babbar.tech/crawler)"
217.113.194.48 - - [03/Jan/2025:16:01:36 -0500] "GET /download.php?id=1015&name=Debbie%20ft.%20Eliza%20Mponya-Mtendere HTTP/1.1" 200 5188538 "-" "Mozilla/5.0 (compatible; Barkrowler/0.9; +https://babbar.tech/crawler)"
66.249.73.2 - - [03/Jan/2025:16:02:07 -0500] "GET /images/mwsounds-20210828145853-robertson-(sylakdesignz).jpg HTTP/1.1" 200 56355 "-" "Googlebot-Image/1.0"
110.249.202.145 - - [03/Jan/2025:16:02:12 -0500] "GET /artist=Gloria-Praise HTTP/1.1" 200 3211 "-" "Mozilla/5.0 (Linux; Android 5.0) AppleWebKit/537.36 (KHTML, like Gecko) Mobile Safari/537.36 (compatible; Bytespider; https://zhanzhang.toutiao.com/)"
110.249.202.145 - - [03/Jan/2025:16:02:13 -0500] "GET /bio/mwsounds-20200710080826-GLORIA-PRAISE-1.jpg HTTP/1.1" 206 500 "https://malawisounds.com/artist=Gloria-Praise" "Mozilla/5.0 (Linux; Android 5.0) AppleWebKit/537.36 (KHTML, like Gecko) Mobile Safari/537.36 (compatible; Bytespider; https://zhanzhang.toutiao.com/)"
110.249.202.145 - - [03/Jan/2025:16:02:13 -0500] "GET /null HTTP/1.1" 404 1251 "https://malawisounds.com/artist=Gloria-Praise" "Mozilla/5.0 (Linux; Android 5.0) AppleWebKit/537.36 (KHTML, like Gecko) Mobile Safari/537.36 (compatible; Bytespider; https://zhanzhang.toutiao.com/)"
217.113.194.42 - - [03/Jan/2025:16:02:13 -0500] "GET /download.php?id=1019&name=Baba%20Lao%20ft%20valesha-Ndilowemo HTTP/1.1" 200 7551274 "-" "Mozilla/5.0 (compatible; Barkrowler/0.9; +https://babbar.tech/crawler)"
114.119.136.72 - - [03/Jan/2025:16:02:23 -0500] "GET /e-news?pageno=10 HTTP/1.1" 404 1251 "https://malawisounds.com/e-news?pageno=11" "Mozilla/5.0 (Linux; Android 7.0;) AppleWebKit/537.36 (KHTML, like Gecko) Mobile Safari/537.36 (compatible; PetalBot;+https://webmaster.petalsearch.com/site/petalbot)"
51.222.253.5 - - [03/Jan/2025:16:02:45 -0500] "GET /1346-Shelo-by-Young-ricky-ft-same-say HTTP/1.1" 200 3987 "-" "Mozilla/5.0 (compatible; AhrefsBot/7.0; +http://ahrefs.com/robot/)"
217.113.194.43 - - [03/Jan/2025:16:02:45 -0500] "GET /download.php?id=598&name=Phronee99-I'm%20not%20crazy%20Pt%202 HTTP/1.1" 200 7129316 "-" "Mozilla/5.0 (compatible; Barkrowler/0.9; +https://babbar.tech/crawler)"
52.167.144.230 - - [03/Jan/2025:16:03:03 -0500] "GET /296b16oug4.html HTTP/1.1" 404 1251 "-" "Mozilla/5.0 AppleWebKit/537.36 (KHTML, like Gecko; compatible; bingbot/2.0; +http://www.bing.com/bingbot.htm) Chrome/116.0.1938.76 Safari/537.36"
217.113.194.51 - - [03/Jan/2025:16:03:19 -0500] "GET /download.php?id=555&name=Pastor%20Moffat%20Mtegha-Bviwongo HTTP/1.1" 200 6932923 "-" "Mozilla/5.0 (compatible; Barkrowler/0.9; +https://babbar.tech/crawler)"
51.222.253.17 - - [03/Jan/2025:16:03:24 -0500] "GET /sid-1475-sindiziwonela-pansi-by-kakla HTTP/1.1" 200 3220 "-" "Mozilla/5.0 (compatible; AhrefsBot/7.0; +http://ahrefs.com/robot/)"
4.43.184.114 - - [03/Jan/2025:16:03:42 -0500] "GET / HTTP/1.0" 200 12109 "-" "Mozilla/5.0 (Windows; U; Windows NT 6.1; en-US; rv:1.9.2.13) Gecko/20101203 Firefox/3.6.13"
217.113.194.244 - - [03/Jan/2025:16:03:52 -0500] "GET /download.php?id=540&name=Grace%20Magombo-Ndingom'nkhupilira HTTP/1.1" 200 7933069 "-" "Mozilla/5.0 (compatible; Barkrowler/0.9; +https://babbar.tech/crawler)"
51.222.253.18 - - [03/Jan/2025:16:04:03 -0500] "GET /sid-577-i-miss-you-by-jay-jay-cee-ft-piksy HTTP/1.1" 200 3260 "-" "Mozilla/5.0 (compatible; AhrefsBot/7.0; +http://ahrefs.com/robot/)"
217.113.194.47 - - [03/Jan/2025:16:04:03 -0500] "GET /download.php?id=616&name=Luki%20247%20ft%20Limoblaze-I%20know%20love HTTP/1.1" 200 3124454 "-" "Mozilla/5.0 (compatible; Barkrowler/0.9; +https://babbar.tech/crawler)"
129.140.0.19 - - [03/Jan/2025:16:04:26 -0500] "GET /css/load.css HTTP/1.1" 200 8159 "-" "Mozilla/5.0 (Linux; Android 10; K) AppleWebKit/537.36 (KHTML, like Gecko) Chrome/130.0.0.0 Mobile Safari/537.36"
129.140.0.19 - - [03/Jan/2025:16:04:26 -0500] "GET /css/animate.css HTTP/1.1" 200 4001 "-" "Mozilla/5.0 (Linux; Android 10; K) AppleWebKit/537.36 (KHTML, like Gecko) Chrome/130.0.0.0 Mobile Safari/537.36"
129.140.0.19 - - [03/Jan/2025:16:04:26 -0500] "GET /css/w3.css HTTP/1.1" 200 4832 "-" "Mozilla/5.0 (Linux; Android 10; K) AppleWebKit/537.36 (KHTML, like Gecko) Chrome/130.0.0.0 Mobile Safari/537.36"
129.140.0.19 - - [03/Jan/2025:16:04:26 -0500] "GET /693-khalidwe-by-keturah-ft.-giddess-chalamanda HTTP/1.1" 200 3997 "https://www.google.com/" "Mozilla/5.0 (Linux; Android 10; K) AppleWebKit/537.36 (KHTML, like Gecko) Chrome/130.0.0.0 Mobile Safari/537.36"
51.222.253.2 - - [03/Jan/2025:16:04:26 -0500] "GET /sid-273-aliyense-by-patience-namadingo HTTP/1.1" 200 3206 "-" "Mozilla/5.0 (compatible; AhrefsBot/7.0; +http://ahrefs.com/robot/)"
129.140.0.19 - - [03/Jan/2025:16:04:26 -0500] "GET /impact/stylesheet.css HTTP/1.1" 200 153 "-" "Mozilla/5.0 (Linux; Android 10; K) AppleWebKit/537.36 (KHTML, like Gecko) Chrome/130.0.0.0 Mobile Safari/537.36"
129.140.0.19 - - [03/Jan/2025:16:04:26 -0500] "GET /bootstrap/css/bootstrap.min.css HTTP/1.1" 200 18270 "-" "Mozilla/5.0 (Linux; Android 10; K) AppleWebKit/537.36 (KHTML, like Gecko) Chrome/130.0.0.0 Mobile Safari/537.36"
129.140.0.19 - - [03/Jan/2025:16:04:26 -0500] "GET /js/ajax.js HTTP/1.1" 200 784 "https://www.malawisounds.com/693-khalidwe-by-keturah-ft.-giddess-chalamanda" "Mozilla/5.0 (Linux; Android 10; K) AppleWebKit/537.36 (KHTML, like Gecko) Chrome/130.0.0.0 Mobile Safari/537.36"
129.140.0.19 - - [03/Jan/2025:16:04:26 -0500] "GET /js/facebook-api.js HTTP/1.1" 200 183 "https://www.malawisounds.com/693-khalidwe-by-keturah-ft.-giddess-chalamanda" "Mozilla/5.0 (Linux; Android 10; K) AppleWebKit/537.36 (KHTML, like Gecko) Chrome/130.0.0.0 Mobile Safari/537.36"
129.140.0.19 - - [03/Jan/2025:16:04:27 -0500] "GET /Icons/facebook.png HTTP/1.1" 200 2279 "https://www.malawisounds.com/693-khalidwe-by-keturah-ft.-giddess-chalamanda" "Mozilla/5.0 (Linux; Android 10; K) AppleWebKit/537.36 (KHTML, like Gecko) Chrome/130.0.0.0 Mobile Safari/537.36"
129.140.0.19 - - [03/Jan/2025:16:04:27 -0500] "GET /Icons/msounds1.png HTTP/1.1" 200 11619 "https://www.malawisounds.com/693-khalidwe-by-keturah-ft.-giddess-chalamanda" "Mozilla/5.0 (Linux; Android 10; K) AppleWebKit/537.36 (KHTML, like Gecko) Chrome/130.0.0.0 Mobile Safari/537.36"
129.140.0.19 - - [03/Jan/2025:16:04:27 -0500] "GET /Icons/instagram.png HTTP/1.1" 200 2764 "https://www.malawisounds.com/693-khalidwe-by-keturah-ft.-giddess-chalamanda" "Mozilla/5.0 (Linux; Android 10; K) AppleWebKit/537.36 (KHTML, like Gecko) Chrome/130.0.0.0 Mobile Safari/537.36"
129.140.0.19 - - [03/Jan/2025:16:04:27 -0500] "GET /Icons/twitter.png HTTP/1.1" 200 2415 "https://www.malawisounds.com/693-khalidwe-by-keturah-ft.-giddess-chalamanda" "Mozilla/5.0 (Linux; Android 10; K) AppleWebKit/537.36 (KHTML, like Gecko) Chrome/130.0.0.0 Mobile Safari/537.36"
129.140.0.19 - - [03/Jan/2025:16:04:27 -0500] "GET /bio/mwsounds-20230703010954-IMG-20230703-030900.jpg HTTP/1.1" 200 25808 "https://www.malawisounds.com/693-khalidwe-by-keturah-ft.-giddess-chalamanda" "Mozilla/5.0 (Linux; Android 10; K) AppleWebKit/537.36 (KHTML, like Gecko) Chrome/130.0.0.0 Mobile Safari/537.36"
129.140.0.19 - - [03/Jan/2025:16:04:27 -0500] "GET /js/wow.js HTTP/1.1" 200 3414 "https://www.malawisounds.com/693-khalidwe-by-keturah-ft.-giddess-chalamanda" "Mozilla/5.0 (Linux; Android 10; K) AppleWebKit/537.36 (KHTML, like Gecko) Chrome/130.0.0.0 Mobile Safari/537.36"
129.140.0.19 - - [03/Jan/2025:16:04:27 -0500] "GET /js/nav.js HTTP/1.1" 200 99 "https://www.malawisounds.com/693-khalidwe-by-keturah-ft.-giddess-chalamanda" "Mozilla/5.0 (Linux; Android 10; K) AppleWebKit/537.36 (KHTML, like Gecko) Chrome/130.0.0.0 Mobile Safari/537.36"
129.140.0.19 - - [03/Jan/2025:16:04:27 -0500] "GET /js/jquery.js HTTP/1.1" 200 29664 "https://www.malawisounds.com/693-khalidwe-by-keturah-ft.-giddess-chalamanda" "Mozilla/5.0 (Linux; Android 10; K) AppleWebKit/537.36 (KHTML, like Gecko) Chrome/130.0.0.0 Mobile Safari/537.36"
129.140.0.19 - - [03/Jan/2025:16:04:27 -0500] "GET /bio/mwsounds-20200801042643-Dr.Drew.jpg HTTP/1.1" 200 80629 "https://www.malawisounds.com/693-khalidwe-by-keturah-ft.-giddess-chalamanda" "Mozilla/5.0 (Linux; Android 10; K) AppleWebKit/537.36 (KHTML, like Gecko) Chrome/130.0.0.0 Mobile Safari/537.36"
129.140.0.19 - - [03/Jan/2025:16:04:27 -0500] "GET /bio/mwsounds-20200706205025-tay-grin---Copy.jpg HTTP/1.1" 200 43244 "https://www.malawisounds.com/693-khalidwe-by-keturah-ft.-giddess-chalamanda" "Mozilla/5.0 (Linux; Android 10; K) AppleWebKit/537.36 (KHTML, like Gecko) Chrome/130.0.0.0 Mobile Safari/537.36"
129.140.0.19 - - [03/Jan/2025:16:04:27 -0500] "GET /bio/mwsounds-20200710082408-onesmus.jpg HTTP/1.1" 200 30093 "https://www.malawisounds.com/693-khalidwe-by-keturah-ft.-giddess-chalamanda" "Mozilla/5.0 (Linux; Android 10; K) AppleWebKit/537.36 (KHTML, like Gecko) Chrome/130.0.0.0 Mobile Safari/537.36"
129.140.0.19 - - [03/Jan/2025:16:04:27 -0500] "GET /images/mwsounds-20210828175728-img-20210828-wa0029.jpg HTTP/1.1" 200 48936 "https://www.malawisounds.com/693-khalidwe-by-keturah-ft.-giddess-chalamanda" "Mozilla/5.0 (Linux; Android 10; K) AppleWebKit/537.36 (KHTML, like Gecko) Chrome/130.0.0.0 Mobile Safari/537.36"
129.140.0.19 - - [03/Jan/2025:16:04:27 -0500] "GET /ads/MS%20covid.jpg HTTP/1.1" 200 273002 "https://www.malawisounds.com/693-khalidwe-by-keturah-ft.-giddess-chalamanda" "Mozilla/5.0 (Linux; Android 10; K) AppleWebKit/537.36 (KHTML, like Gecko) Chrome/130.0.0.0 Mobile Safari/537.36"
129.140.0.19 - - [03/Jan/2025:16:04:29 -0500] "GET /bio/mwsounds-20200706204045-gwamba.jpg HTTP/1.1" 200 39055 "https://www.malawisounds.com/693-khalidwe-by-keturah-ft.-giddess-chalamanda" "Mozilla/5.0 (Linux; Android 10; K) AppleWebKit/537.36 (KHTML, like Gecko) Chrome/130.0.0.0 Mobile Safari/537.36"
129.140.0.19 - - [03/Jan/2025:16:04:29 -0500] "GET /bio/mwsounds-20200706120806-FB_IMG_1590948777511.jpg HTTP/1.1" 200 19662 "https://www.malawisounds.com/693-khalidwe-by-keturah-ft.-giddess-chalamanda" "Mozilla/5.0 (Linux; Android 10; K) AppleWebKit/537.36 (KHTML, like Gecko) Chrome/130.0.0.0 Mobile Safari/537.36"
129.140.0.19 - - [03/Jan/2025:16:04:29 -0500] "GET /bio/mwsounds-20200706203533-Namadigo.jpg HTTP/1.1" 200 33718 "https://www.malawisounds.com/693-khalidwe-by-keturah-ft.-giddess-chalamanda" "Mozilla/5.0 (Linux; Android 10; K) AppleWebKit/537.36 (KHTML, like Gecko) Chrome/130.0.0.0 Mobile Safari/537.36"
129.140.0.19 - - [03/Jan/2025:16:04:29 -0500] "GET /null HTTP/1.1" 404 1251 "https://www.malawisounds.com/693-khalidwe-by-keturah-ft.-giddess-chalamanda" "Mozilla/5.0 (Linux; Android 10; K) AppleWebKit/537.36 (KHTML, like Gecko) Chrome/130.0.0.0 Mobile Safari/537.36"
129.140.0.19 - - [03/Jan/2025:16:04:30 -0500] "GET /bootstrap/fonts/glyphicons-halflings-regular.woff2 HTTP/1.1" 200 18028 "https://www.malawisounds.com/bootstrap/css/bootstrap.min.css" "Mozilla/5.0 (Linux; Android 10; K) AppleWebKit/537.36 (KHTML, like Gecko) Chrome/130.0.0.0 Mobile Safari/537.36"
129.140.0.19 - - [03/Jan/2025:16:04:30 -0500] "GET /fonts/Gothic-B.ttf HTTP/1.1" 200 129676 "https://www.malawisounds.com/css/load.css" "Mozilla/5.0 (Linux; Android 10; K) AppleWebKit/537.36 (KHTML, like Gecko) Chrome/130.0.0.0 Mobile Safari/537.36"
129.140.0.19 - - [03/Jan/2025:16:04:30 -0500] "GET /fonts/Gothic.ttf HTTP/1.1" 200 112628 "https://www.malawisounds.com/css/load.css" "Mozilla/5.0 (Linux; Android 10; K) AppleWebKit/537.36 (KHTML, like Gecko) Chrome/130.0.0.0 Mobile Safari/537.36"
129.140.0.19 - - [03/Jan/2025:16:04:35 -0500] "GET /Icons/malawisounds.ico HTTP/1.1" 200 4286 "https://www.malawisounds.com/693-khalidwe-by-keturah-ft.-giddess-chalamanda" "Mozilla/5.0 (Linux; Android 10; K) AppleWebKit/537.36 (KHTML, like Gecko) Chrome/130.0.0.0 Mobile Safari/537.36"
217.113.194.50 - - [03/Jan/2025:16:04:41 -0500] "GET /download.php?id=237&name=Inno%20Busy-One%20More(Prod%20by%20Fobra) HTTP/1.1" 200 4135879 "-" "Mozilla/5.0 (compatible; Barkrowler/0.9; +https://babbar.tech/crawler)"
51.222.253.3 - - [03/Jan/2025:16:04:53 -0500] "GET /sid-981-lord-i-thank-you-by-l-more HTTP/1.1" 200 3237 "-" "Mozilla/5.0 (compatible; AhrefsBot/7.0; +http://ahrefs.com/robot/)"
217.113.194.49 - - [03/Jan/2025:16:05:13 -0500] "GET /download.php?id=1347&name=Richard%20Mcalira-BAKASHABAKASHA HTTP/1.1" 200 6684210 "-" "Mozilla/5.0 (compatible; Barkrowler/0.9; +https://babbar.tech/crawler)"
51.222.253.1 - - [03/Jan/2025:16:05:16 -0500] "GET /sid-1180-timtamande-by-mazibayao-kamata HTTP/1.1" 200 3226 "-" "Mozilla/5.0 (compatible; AhrefsBot/7.0; +http://ahrefs.com/robot/)"
217.113.194.43 - - [03/Jan/2025:16:05:40 -0500] "GET /download.php?id=621&name=Bridget%20Makhula%20Spedi-Thanthwe%20Langa HTTP/1.1" 200 4169530 "-" "Mozilla/5.0 (compatible; Barkrowler/0.9; +https://babbar.tech/crawler)"
217.113.194.48 - - [03/Jan/2025:16:06:16 -0500] "GET /download.php?id=976&name=Luddie%20Lue%20ft.%20Ser7n-Your%20Love HTTP/1.1" 200 6812824 "-" "Mozilla/5.0 (compatible; Barkrowler/0.9; +https://babbar.tech/crawler)"
217.113.194.43 - - [03/Jan/2025:16:06:26 -0500] "GET /download.php?id=1023&name=Harofeel%20x%20Louid-Mphasha%20zanga HTTP/1.1" 200 5808286 "-" "Mozilla/5.0 (compatible; Barkrowler/0.9; +https://babbar.tech/crawler)"
51.222.253.7 - - [03/Jan/2025:16:06:35 -0500] "GET /aid-437-album-stream-mulamulire HTTP/1.1" 200 3704 "-" "Mozilla/5.0 (compatible; AhrefsBot/7.0; +http://ahrefs.com/robot/)"
51.222.253.14 - - [03/Jan/2025:16:06:57 -0500] "GET /860-Umusamale-by-Ranken-X-Sackson-X-Don-More-X-Dwaine-99 HTTP/1.1" 200 3977 "-" "Mozilla/5.0 (compatible; AhrefsBot/7.0; +http://ahrefs.com/robot/)"
217.113.194.46 - - [03/Jan/2025:16:06:58 -0500] "GET /download.php?id=624&name=The%20Herald%20of%20God-Osamaphweketsa HTTP/1.1" 200 5610718 "-" "Mozilla/5.0 (compatible; Barkrowler/0.9; +https://babbar.tech/crawler)"
51.222.253.20 - - [03/Jan/2025:16:07:19 -0500] "GET /sid-527-mula-by-black-jak-ft-dare-devils HTTP/1.1" 200 3250 "-" "Mozilla/5.0 (compatible; AhrefsBot/7.0; +http://ahrefs.com/robot/)"
217.113.194.244 - - [03/Jan/2025:16:07:28 -0500] "GET /download.php?id=359&name=WeLee%20Ft%20Dav%20Risen-My%20Shot HTTP/1.1" 200 7924859 "-" "Mozilla/5.0 (compatible; Barkrowler/0.9; +https://babbar.tech/crawler)"
51.222.253.1 - - [03/Jan/2025:16:07:46 -0500] "GET /1055-Ndinu-Oyera-by-Martha-Manyongo HTTP/1.1" 200 3975 "-" "Mozilla/5.0 (compatible; AhrefsBot/7.0; +http://ahrefs.com/robot/)"
17.241.219.67 - - [03/Jan/2025:16:08:00 -0500] "GET /sid-1075-glorious--by-lester HTTP/1.1" 200 3606 "-" "Mozilla/5.0 (Macintosh; Intel Mac OS X 10_15_7) AppleWebKit/605.1.15 (KHTML, like Gecko) Version/17.4 Safari/605.1.15 (Applebot/0.1; +http://www.apple.com/go/applebot)"
217.113.194.45 - - [03/Jan/2025:16:07:46 -0500] "GET /download.php?id=353&name=Rude%20P%20Ft%20Yo%20Maps-I%20dont%20care HTTP/1.1" 200 10023101 "-" "Mozilla/5.0 (compatible; Barkrowler/0.9; +https://babbar.tech/crawler)"
217.113.194.50 - - [03/Jan/2025:16:08:13 -0500] "GET /download.php?id=763&name=Caleb%20Sambo-The%20Glory%20Is%20Coming HTTP/1.1" 200 6916761 "-" "Mozilla/5.0 (compatible; Barkrowler/0.9; +https://babbar.tech/crawler)"
51.222.253.12 - - [03/Jan/2025:16:08:14 -0500] "GET /870-Mama-by-Ex-leo-feat-Risky HTTP/1.1" 200 3920 "-" "Mozilla/5.0 (compatible; AhrefsBot/7.0; +http://ahrefs.com/robot/)"
51.222.253.1 - - [03/Jan/2025:16:08:38 -0500] "GET /310-Low-by-Episodz-Ft.-Mwanie-and-Taygrin HTTP/1.1" 200 3984 "-" "Mozilla/5.0 (compatible; AhrefsBot/7.0; +http://ahrefs.com/robot/)"
217.113.194.47 - - [03/Jan/2025:16:08:45 -0500] "GET /download.php?id=400&name=Keenalf%20ft%20HB+Gazel-Ndimadalira HTTP/1.1" 200 7561897 "-" "Mozilla/5.0 (compatible; Barkrowler/0.9; +https://babbar.tech/crawler)"
66.249.73.4 - - [03/Jan/2025:16:09:02 -0500] "GET /impact/Impact.svg HTTP/1.1" 200 42221 "-" "Googlebot-Image/1.0"
51.222.253.1 - - [03/Jan/2025:16:09:05 -0500] "GET /introducing-me-by-vallenz HTTP/1.1" 200 4143 "-" "Mozilla/5.0 (compatible; AhrefsBot/7.0; +http://ahrefs.com/robot/)"
217.113.194.45 - - [03/Jan/2025:16:09:17 -0500] "GET /download.php?id=853&name=Limbani%20Simenti-Akhala%20chomwe%20ali HTTP/1.1" 200 7273420 "-" "Mozilla/5.0 (compatible; Barkrowler/0.9; +https://babbar.tech/crawler)"
52.167.144.230 - - [03/Jan/2025:16:09:22 -0500] "GET /album-zip.php?title=mkati-moyesa&name=eminent_1 HTTP/1.1" 302 0 "-" "Mozilla/5.0 AppleWebKit/537.36 (KHTML, like Gecko; compatible; bingbot/2.0; +http://www.bing.com/bingbot.htm) Chrome/116.0.1938.76 Safari/537.36"
52.167.144.230 - - [03/Jan/2025:16:09:23 -0500] "GET /zipped-albums/mkati-moyesa.zip HTTP/1.1" 200 67055228 "-" "Mozilla/5.0 AppleWebKit/537.36 (KHTML, like Gecko; compatible; bingbot/2.0; +http://www.bing.com/bingbot.htm) Chrome/116.0.1938.76 Safari/537.36"
51.222.253.4 - - [03/Jan/2025:16:09:27 -0500] "GET /sid-1211-mdalitso--by-gifted-atikonda HTTP/1.1" 200 3219 "-" "Mozilla/5.0 (compatible; AhrefsBot/7.0; +http://ahrefs.com/robot/)"
17.241.227.113 - - [03/Jan/2025:16:09:39 -0500] "GET /impact/stylesheet.css HTTP/1.1" 200 180 "https://www.malawisounds.com/sid-1075-glorious--by-lester" "Mozilla/5.0 (Macintosh; Intel Mac OS X 10_15_7) AppleWebKit/605.1.15 (KHTML, like Gecko) Version/17.4 Safari/605.1.15 (Applebot/0.1; +http://www.apple.com/go/applebot)"
17.241.227.52 - - [03/Jan/2025:16:09:39 -0500] "GET /css/audio.css HTTP/1.1" 200 201 "https://www.malawisounds.com/sid-1075-glorious--by-lester" "Mozilla/5.0 (Macintosh; Intel Mac OS X 10_15_7) AppleWebKit/605.1.15 (KHTML, like Gecko) Version/17.4 Safari/605.1.15 (Applebot/0.1; +http://www.apple.com/go/applebot)"
17.241.75.51 - - [03/Jan/2025:16:09:40 -0500] "GET /css/load.css HTTP/1.1" 200 10718 "https://www.malawisounds.com/sid-1075-glorious--by-lester" "Mozilla/5.0 (Macintosh; Intel Mac OS X 10_15_7) AppleWebKit/605.1.15 (KHTML, like Gecko) Version/17.4 Safari/605.1.15 (Applebot/0.1; +http://www.apple.com/go/applebot)"
17.241.227.171 - - [03/Jan/2025:16:09:40 -0500] "GET /bootstrap/css/bootstrap.css HTTP/1.1" 200 28339 "https://www.malawisounds.com/sid-1075-glorious--by-lester" "Mozilla/5.0 (Macintosh; Intel Mac OS X 10_15_7) AppleWebKit/605.1.15 (KHTML, like Gecko) Version/17.4 Safari/605.1.15 (Applebot/0.1; +http://www.apple.com/go/applebot)"
17.241.227.52 - - [03/Jan/2025:16:09:41 -0500] "GET /js/codespace_api.js HTTP/1.1" 200 4663 "https://www.malawisounds.com/sid-1075-glorious--by-lester" "Mozilla/5.0 (Macintosh; Intel Mac OS X 10_15_7) AppleWebKit/605.1.15 (KHTML, like Gecko) Version/17.4 Safari/605.1.15 (Applebot/0.1; +http://www.apple.com/go/applebot)"
17.241.219.143 - - [03/Jan/2025:16:09:41 -0500] "GET /css/w3.css HTTP/1.1" 200 6038 "https://www.malawisounds.com/sid-1075-glorious--by-lester" "Mozilla/5.0 (Macintosh; Intel Mac OS X 10_15_7) AppleWebKit/605.1.15 (KHTML, like Gecko) Version/17.4 Safari/605.1.15 (Applebot/0.1; +http://www.apple.com/go/applebot)"
217.113.194.45 - - [03/Jan/2025:16:09:49 -0500] "GET /download.php?id=1471&name=Josper%20G%20-Mtima%20-%20prod%20by%20Martrx HTTP/1.1" 200 7472952 "-" "Mozilla/5.0 (compatible; Barkrowler/0.9; +https://babbar.tech/crawler)"
51.222.253.12 - - [03/Jan/2025:16:09:51 -0500] "GET /now-and-then-by-king-d HTTP/1.1" 200 4129 "-" "Mozilla/5.0 (compatible; AhrefsBot/7.0; +http://ahrefs.com/robot/)"
154.54.249.197 - - [03/Jan/2025:16:10:15 -0500] "GET /download.php?id=1007&name=Major%20Zack%20ft%20Ghozy-Uli%20Fine HTTP/1.1" 200 5023898 "-" "Mozilla/5.0 (compatible; Barkrowler/0.9; +https://babbar.tech/crawler)"
51.222.253.4 - - [03/Jan/2025:16:10:21 -0500] "GET /sid-1345-dance-tonight--by-vj-ice-ft.-mcluther- HTTP/1.1" 200 3255 "-" "Mozilla/5.0 (compatible; AhrefsBot/7.0; +http://ahrefs.com/robot/)"
51.222.253.1 - - [03/Jan/2025:16:10:48 -0500] "GET /artist=KMG HTTP/1.1" 200 3428 "-" "Mozilla/5.0 (compatible; AhrefsBot/7.0; +http://ahrefs.com/robot/)"
66.249.73.2 - - [03/Jan/2025:16:10:54 -0500] "GET /sid-1586-chigulu-by-ranken HTTP/1.1" 200 3213 "-" "Mozilla/5.0 (Linux; Android 6.0.1; Nexus 5X Build/MMB29P) AppleWebKit/537.36 (KHTML, like Gecko) Chrome/131.0.6778.139 Mobile Safari/537.36 (compatible; Googlebot/2.1; +http://www.google.com/bot.html)"
217.113.194.51 - - [03/Jan/2025:16:10:26 -0500] "GET /download.php?id=1009&name=Cornerstone%20Musiq-Thanks%20and%20Praise HTTP/1.1" 200 8747190 "-" "Mozilla/5.0 (compatible; Barkrowler/0.9; +https://babbar.tech/crawler)"
154.54.249.197 - - [03/Jan/2025:16:11:03 -0500] "GET /download.php?id=357&name=Bridget%20Nkhoma-Zimatheka%20ndi%20ambuye HTTP/1.1" 200 8814057 "-" "Mozilla/5.0 (compatible; Barkrowler/0.9; +https://babbar.tech/crawler)"
51.222.253.6 - - [03/Jan/2025:16:11:14 -0500] "GET /aid-46-free-stream-confession-over-perfection HTTP/1.1" 200 3534 "-" "Mozilla/5.0 (compatible; AhrefsBot/7.0; +http://ahrefs.com/robot/)"
217.113.194.47 - - [03/Jan/2025:16:11:18 -0500] "GET /download.php?id=814&name=Cynthia%20N.Y%20Music-Muli%20Yemweyo HTTP/1.1" 200 2977423 "-" "Mozilla/5.0 (compatible; Barkrowler/0.9; +https://babbar.tech/crawler)"
217.113.194.44 - - [03/Jan/2025:16:11:30 -0500] "GET /download.php?id=1011&name=Caleb%20Sambo%20ft%20Owener%20-Upemphere HTTP/1.1" 200 8946644 "-" "Mozilla/5.0 (compatible; Barkrowler/0.9; +https://babbar.tech/crawler)"
173.252.83.13 - - [03/Jan/2025:16:11:47 -0500] "GET /songs.php?id=1481 HTTP/1.1" 200 14529 "-" "facebookexternalhit/1.1 (+http://www.facebook.com/externalhit_uatext.php)"
173.252.83.30 - - [03/Jan/2025:16:11:48 -0500] "GET /images/mwsounds-20231102-152655-Chiphona-by-Sir-Mwetho-ft-DJ-Brano.jpg HTTP/1.1" 200 28407 "-" "facebookexternalhit/1.1 (+http://www.facebook.com/externalhit_uatext.php)"
217.113.194.244 - - [03/Jan/2025:16:12:00 -0500] "GET /download.php?id=824&name=Dj%20Try%20Moo-greetings%20time%20Slow%20jams HTTP/1.1" 200 6756588 "-" "Mozilla/5.0 (compatible; Barkrowler/0.9; +https://babbar.tech/crawler)"
51.222.253.10 - - [03/Jan/2025:16:12:04 -0500] "GET /sid-379-wabadwa-by-dr.-drew HTTP/1.1" 200 3222 "-" "Mozilla/5.0 (compatible; AhrefsBot/7.0; +http://ahrefs.com/robot/)"
40.77.167.23 - - [03/Jan/2025:16:12:13 -0500] "GET /1mrr2e2xom.html HTTP/1.1" 404 1251 "-" "Mozilla/5.0 AppleWebKit/537.36 (KHTML, like Gecko; compatible; bingbot/2.0; +http://www.bing.com/bingbot.htm) Chrome/116.0.1938.76 Safari/537.36"
217.113.194.244 - - [03/Jan/2025:16:12:32 -0500] "GET /download.php?id=1481&name=Sir%20Mwetho%20ft%20DJ%20Brano-Chiphona HTTP/1.1" 200 3327660 "-" "Mozilla/5.0 (compatible; Barkrowler/0.9; +https://babbar.tech/crawler)"
51.222.253.3 - - [03/Jan/2025:16:12:35 -0500] "GET /sid-365-amen-by-oj-x-sindie-golden HTTP/1.1" 200 3230 "-" "Mozilla/5.0 (compatible; AhrefsBot/7.0; +http://ahrefs.com/robot/)"
157.55.39.196 - - [03/Jan/2025:16:12:43 -0500] "GET /pu3lqumzc.html HTTP/1.1" 404 1251 "-" "Mozilla/5.0 AppleWebKit/537.36 (KHTML, like Gecko; compatible; bingbot/2.0; +http://www.bing.com/bingbot.htm) Chrome/116.0.1938.76 Safari/537.36"
217.113.194.45 - - [03/Jan/2025:16:12:52 -0500] "GET /download.php?id=43&name=Pc%20Bway%20Ft%20Ice%20Cool-Ndamuonera HTTP/1.1" 200 3787077 "-" "Mozilla/5.0 (compatible; Barkrowler/0.9; +https://babbar.tech/crawler)"
51.222.253.6 - - [03/Jan/2025:16:12:59 -0500] "GET /1115-Burn-Dem-by-Jah-SpyRas HTTP/1.1" 200 3915 "-" "Mozilla/5.0 (compatible; AhrefsBot/7.0; +http://ahrefs.com/robot/)"
217.113.194.46 - - [03/Jan/2025:16:13:07 -0500] "GET /download.php?id=553&name=J%20Greed%20Ft%20Ice%20Queen-Tangofatsa HTTP/1.1" 200 3060166 "-" "Mozilla/5.0 (compatible; Barkrowler/0.9; +https://babbar.tech/crawler)"
51.222.253.5 - - [03/Jan/2025:16:13:18 -0500] "GET /387-Never-Been-Easy-by-Santafella HTTP/1.1" 200 3929 "-" "Mozilla/5.0 (compatible; AhrefsBot/7.0; +http://ahrefs.com/robot/)"
217.113.194.244 - - [03/Jan/2025:16:13:37 -0500] "GET /download.php?id=235&name=Tiya%20Eneya%20ft.%20Saxess-Limodzi HTTP/1.1" 200 8864092 "-" "Mozilla/5.0 (compatible; Barkrowler/0.9; +https://babbar.tech/crawler)"
51.222.253.16 - - [03/Jan/2025:16:14:08 -0500] "GET /471-Wabwino-by-Wangisa HTTP/1.1" 200 3939 "-" "Mozilla/5.0 (compatible; AhrefsBot/7.0; +http://ahrefs.com/robot/)"
217.113.194.47 - - [03/Jan/2025:16:14:12 -0500] "GET /download.php?id=382&name=David%20Kalirani%20Ft%20Cozizwa-yahweh HTTP/1.1" 200 5416512 "-" "Mozilla/5.0 (compatible; Barkrowler/0.9; +https://babbar.tech/crawler)"
217.113.194.45 - - [03/Jan/2025:16:14:46 -0500] "GET /download.php?id=1047&name=Gift%20Scot%20and%20P_midribiz-Amangolira HTTP/1.1" 200 4696643 "-" "Mozilla/5.0 (compatible; Barkrowler/0.9; +https://babbar.tech/crawler)"
51.222.253.9 - - [03/Jan/2025:16:14:58 -0500] "GET /865-Zisakukhuze-by-Naptin-o03 HTTP/1.1" 200 3911 "-" "Mozilla/5.0 (compatible; AhrefsBot/7.0; +http://ahrefs.com/robot/)"
217.113.194.50 - - [03/Jan/2025:16:15:09 -0500] "GET /download.php?id=1429&name=Navid%20ft%20El%20thew%20&%20funnix-misonzi HTTP/1.1" 200 7233018 "-" "Mozilla/5.0 (compatible; Barkrowler/0.9; +https://babbar.tech/crawler)"
51.222.253.13 - - [03/Jan/2025:16:15:25 -0500] "GET /sid-139-suli-wekha-by-penjani-ft-saxess HTTP/1.1" 200 3219 "-" "Mozilla/5.0 (compatible; AhrefsBot/7.0; +http://ahrefs.com/robot/)"
217.113.194.44 - - [03/Jan/2025:16:15:38 -0500] "GET /download.php?id=352&name=Psalms-Dora(Reekado%20banks%20cover) HTTP/1.1" 200 5596596 "-" "Mozilla/5.0 (compatible; Barkrowler/0.9; +https://babbar.tech/crawler)"
51.222.253.7 - - [03/Jan/2025:16:15:50 -0500] "GET /sid-371-usalire-by-alinane-shamu HTTP/1.1" 200 3233 "-" "Mozilla/5.0 (compatible; AhrefsBot/7.0; +http://ahrefs.com/robot/)"
47.128.61.5 - - [03/Jan/2025:16:16:12 -0500] "GET /download.php?id=1677&name=R3ALXTRA%20MLW%20FT%20TROY6iX-H%20n%27%20P HTTP/1.1" 200 6569984 "-" "Mozilla/5.0 (Linux; Android 5.0) AppleWebKit/537.36 (KHTML, like Gecko) Mobile Safari/537.36 (compatible; Bytespider; spider-feedback@bytedance.com)"
217.113.194.44 - - [03/Jan/2025:16:16:10 -0500] "GET /download.php?id=833&name=Dj%20TryMoo%20-Nokia%20tone%20amapiano HTTP/1.1" 200 8538349 "-" "Mozilla/5.0 (compatible; Barkrowler/0.9; +https://babbar.tech/crawler)"
217.113.194.244 - - [03/Jan/2025:16:16:54 -0500] "GET /download.php?id=915&name=Pat%20Eagle%20ft%20Nthumwi-Ndabwela HTTP/1.1" 200 6301621 "-" "Mozilla/5.0 (compatible; Barkrowler/0.9; +https://babbar.tech/crawler)"
51.222.253.5 - - [03/Jan/2025:16:17:09 -0500] "GET /the-vision-ep-by-mdnayo HTTP/1.1" 200 4376 "-" "Mozilla/5.0 (compatible; AhrefsBot/7.0; +http://ahrefs.com/robot/)"
