105.234.162.20 - - [03/Jan/2025:12:17:05 -0500] "GET /null HTTP/1.1" 404 1251 "https://www.malawisounds.com/296-Panado-by-Onesimus" "Mozilla/5.0 (Linux; Android 10; Redmi 7) AppleWebKit/537.36 (KHTML, like Gecko) Chrome/87.0.4280.101 Mobile Safari/537.36"
105.234.162.20 - - [03/Jan/2025:12:17:05 -0500] "GET /bio/mwsounds-20200706120806-FB_IMG_1590948777511.jpg HTTP/1.1" 200 19662 "https://www.malawisounds.com/296-Panado-by-Onesimus" "Mozilla/5.0 (Linux; Android 10; Redmi 7) AppleWebKit/537.36 (KHTML, like Gecko) Chrome/87.0.4280.101 Mobile Safari/537.36"
105.234.162.20 - - [03/Jan/2025:12:17:05 -0500] "GET /fonts/Gothic-B.ttf HTTP/1.1" 200 129676 "https://www.malawisounds.com/css/load.css" "Mozilla/5.0 (Linux; Android 10; Redmi 7) AppleWebKit/537.36 (KHTML, like Gecko) Chrome/87.0.4280.101 Mobile Safari/537.36"
110.249.202.49 - - [03/Jan/2025:12:17:06 -0500] "GET /Icons/msounds1.png HTTP/1.1" 206 500 "https://malawisounds.com/artist=D33V3N" "Mozilla/5.0 (Linux; Android 5.0) AppleWebKit/537.36 (KHTML, like Gecko) Mobile Safari/537.36 (compatible; Bytespider; https://zhanzhang.toutiao.com/)"
110.249.202.49 - - [03/Jan/2025:12:17:06 -0500] "GET /bio/mwsounds-20200706205025-tay-grin---Copy.jpg HTTP/1.1" 206 500 "https://malawisounds.com/artist=D33V3N" "Mozilla/5.0 (Linux; Android 5.0) AppleWebKit/537.36 (KHTML, like Gecko) Mobile Safari/537.36 (compatible; Bytespider; https://zhanzhang.toutiao.com/)"
110.249.202.49 - - [03/Jan/2025:12:17:06 -0500] "GET /Icons/instagram.png HTTP/1.1" 206 500 "https://malawisounds.com/artist=D33V3N" "Mozilla/5.0 (Linux; Android 5.0) AppleWebKit/537.36 (KHTML, like Gecko) Mobile Safari/537.36 (compatible; Bytespider; https://zhanzhang.toutiao.com/)"
110.249.202.49 - - [03/Jan/2025:12:17:06 -0500] "GET /bio/mwsounds-20230703010954-IMG-20230703-030900.jpg HTTP/1.1" 206 500 "https://malawisounds.com/artist=D33V3N" "Mozilla/5.0 (Linux; Android 5.0) AppleWebKit/537.36 (KHTML, like Gecko) Mobile Safari/537.36 (compatible; Bytespider; https://zhanzhang.toutiao.com/)"
110.249.202.49 - - [03/Jan/2025:12:17:06 -0500] "GET /null HTTP/1.1" 404 1251 "https://malawisounds.com/artist=D33V3N" "Mozilla/5.0 (Linux; Android 5.0) AppleWebKit/537.36 (KHTML, like Gecko) Mobile Safari/537.36 (compatible; Bytespider; https://zhanzhang.toutiao.com/)"
110.249.202.49 - - [03/Jan/2025:12:17:06 -0500] "GET /bio/mwsounds-20200706120806-FB_IMG_1590948777511.jpg HTTP/1.1" 206 500 "https://malawisounds.com/artist=D33V3N" "Mozilla/5.0 (Linux; Android 5.0) AppleWebKit/537.36 (KHTML, like Gecko) Mobile Safari/537.36 (compatible; Bytespider; https://zhanzhang.toutiao.com/)"
110.249.202.49 - - [03/Jan/2025:12:17:06 -0500] "GET /ads/MS%20covid.jpg HTTP/1.1" 206 500 "https://malawisounds.com/artist=D33V3N" "Mozilla/5.0 (Linux; Android 5.0) AppleWebKit/537.36 (KHTML, like Gecko) Mobile Safari/537.36 (compatible; Bytespider; https://zhanzhang.toutiao.com/)"
110.249.202.49 - - [03/Jan/2025:12:17:06 -0500] "GET /bio/DSC_0078.jpg HTTP/1.1" 206 500 "https://malawisounds.com/artist=D33V3N" "Mozilla/5.0 (Linux; Android 5.0) AppleWebKit/537.36 (KHTML, like Gecko) Mobile Safari/537.36 (compatible; Bytespider; https://zhanzhang.toutiao.com/)"
105.234.162.20 - - [03/Jan/2025:12:17:06 -0500] "GET /bootstrap/fonts/glyphicons-halflings-regular.woff2 HTTP/1.1" 200 18028 "https://www.malawisounds.com/bootstrap/css/bootstrap.min.css" "Mozilla/5.0 (Linux; Android 10; Redmi 7) AppleWebKit/537.36 (KHTML, like Gecko) Chrome/87.0.4280.101 Mobile Safari/537.36"
105.234.162.20 - - [03/Jan/2025:12:17:06 -0500] "GET /fonts/Gothic.ttf HTTP/1.1" 200 112628 "https://www.malawisounds.com/css/load.css" "Mozilla/5.0 (Linux; Android 10; Redmi 7) AppleWebKit/537.36 (KHTML, like Gecko) Chrome/87.0.4280.101 Mobile Safari/537.36"
105.234.162.20 - - [03/Jan/2025:12:17:08 -0500] "GET /Icons/malawisounds.ico HTTP/1.1" 200 4286 "https://www.malawisounds.com/296-Panado-by-Onesimus" "Mozilla/5.0 (Linux; Android 10; Redmi 7) AppleWebKit/537.36 (KHTML, like Gecko) Chrome/87.0.4280.101 Mobile Safari/537.36"
105.234.162.20 - - [03/Jan/2025:12:17:09 -0500] "GET /download.php?id=296&name=Onesimus-Panado HTTP/1.1" 200 3467653 "https://www.malawisounds.com/296-Panado-by-Onesimus" "Mozilla/5.0 (Linux; Android 10; Redmi 7) AppleWebKit/537.36 (KHTML, like Gecko) Chrome/87.0.4280.101 Mobile Safari/537.36"
105.234.162.20 - - [03/Jan/2025:12:17:21 -0500] "GET /artist=Onesimus HTTP/1.1" 200 3130 "https://www.malawisounds.com/296-Panado-by-Onesimus" "Mozilla/5.0 (Linux; Android 10; Redmi 7) AppleWebKit/537.36 (KHTML, like Gecko) Chrome/87.0.4280.101 Mobile Safari/537.36"
105.234.162.20 - - [03/Jan/2025:12:17:21 -0500] "GET /bootstrap/css/bootstrap.css HTTP/1.1" 200 19973 "https://www.malawisounds.com/artist=Onesimus" "Mozilla/5.0 (Linux; Android 10; Redmi 7) AppleWebKit/537.36 (KHTML, like Gecko) Chrome/87.0.4280.101 Mobile Safari/537.36"
105.234.162.20 - - [03/Jan/2025:12:17:21 -0500] "GET /js/all.min.js HTTP/1.1" 200 423002 "https://www.malawisounds.com/artist=Onesimus" "Mozilla/5.0 (Linux; Android 10; Redmi 7) AppleWebKit/537.36 (KHTML, like Gecko) Chrome/87.0.4280.101 Mobile Safari/537.36"
105.234.162.20 - - [03/Jan/2025:12:17:23 -0500] "GET /null HTTP/1.1" 404 1251 "https://www.malawisounds.com/artist=Onesimus" "Mozilla/5.0 (Linux; Android 10; Redmi 7) AppleWebKit/537.36 (KHTML, like Gecko) Chrome/87.0.4280.101 Mobile Safari/537.36"
51.222.253.15 - - [03/Jan/2025:12:17:27 -0500] "GET /526-Streets-by-Afana-Gattah-Ase HTTP/1.1" 200 3919 "-" "Mozilla/5.0 (compatible; AhrefsBot/7.0; +http://ahrefs.com/robot/)"
105.234.162.20 - - [03/Jan/2025:12:17:36 -0500] "GET /albums HTTP/1.1" 200 3672 "https://www.malawisounds.com/artist=Onesimus" "Mozilla/5.0 (Linux; Android 10; Redmi 7) AppleWebKit/537.36 (KHTML, like Gecko) Chrome/87.0.4280.101 Mobile Safari/537.36"
105.234.162.20 - - [03/Jan/2025:12:17:37 -0500] "GET /album_images/mwsounds-20241226094254-shes-human-album-cover-picsay.jpg HTTP/1.1" 200 79085 "https://www.malawisounds.com/albums" "Mozilla/5.0 (Linux; Android 10; Redmi 7) AppleWebKit/537.36 (KHTML, like Gecko) Chrome/87.0.4280.101 Mobile Safari/537.36"
105.234.162.20 - - [03/Jan/2025:12:17:37 -0500] "GET /album_images/mwsounds-20240329153706-love-ep1.jpg HTTP/1.1" 200 76636 "https://www.malawisounds.com/albums" "Mozilla/5.0 (Linux; Android 10; Redmi 7) AppleWebKit/537.36 (KHTML, like Gecko) Chrome/87.0.4280.101 Mobile Safari/537.36"
105.234.162.20 - - [03/Jan/2025:12:17:37 -0500] "GET /album_images/mwsounds-20231201102807-the-egression-(cover-art)_1701426426886.jpeg HTTP/1.1" 200 49645 "https://www.malawisounds.com/albums" "Mozilla/5.0 (Linux; Android 10; Redmi 7) AppleWebKit/537.36 (KHTML, like Gecko) Chrome/87.0.4280.101 Mobile Safari/537.36"
105.234.162.20 - - [03/Jan/2025:12:17:37 -0500] "GET /album_images/mwsounds-20240930102419-album-art-cover-front.jpg HTTP/1.1" 200 222011 "https://www.malawisounds.com/albums" "Mozilla/5.0 (Linux; Android 10; Redmi 7) AppleWebKit/537.36 (KHTML, like Gecko) Chrome/87.0.4280.101 Mobile Safari/537.36"
105.234.162.20 - - [03/Jan/2025:12:17:37 -0500] "GET /album_images/mwsounds-20231201033034-whatsapp-image-2023-11-29-at-3.51.28-pm.jpeg HTTP/1.1" 200 41718 "https://www.malawisounds.com/albums" "Mozilla/5.0 (Linux; Android 10; Redmi 7) AppleWebKit/537.36 (KHTML, like Gecko) Chrome/87.0.4280.101 Mobile Safari/537.36"
105.234.162.20 - - [03/Jan/2025:12:17:37 -0500] "GET /album_images/mwsounds-20241011181543-IMG-20241011-201227.jpg HTTP/1.1" 200 343442 "https://www.malawisounds.com/albums" "Mozilla/5.0 (Linux; Android 10; Redmi 7) AppleWebKit/537.36 (KHTML, like Gecko) Chrome/87.0.4280.101 Mobile Safari/537.36"
105.234.162.20 - - [03/Jan/2025:12:17:37 -0500] "GET /album_images/mwsounds-20240830154825-img-20240830-wa0018.jpg HTTP/1.1" 200 310882 "https://www.malawisounds.com/albums" "Mozilla/5.0 (Linux; Android 10; Redmi 7) AppleWebKit/537.36 (KHTML, like Gecko) Chrome/87.0.4280.101 Mobile Safari/537.36"
105.234.162.20 - - [03/Jan/2025:12:17:37 -0500] "GET /album_images/mwsounds-20240714195126-screenshot_20240714_214303_gallery.jpg HTTP/1.1" 200 845523 "https://www.malawisounds.com/albums" "Mozilla/5.0 (Linux; Android 10; Redmi 7) AppleWebKit/537.36 (KHTML, like Gecko) Chrome/87.0.4280.101 Mobile Safari/537.36"
105.234.162.20 - - [03/Jan/2025:12:17:39 -0500] "GET /null HTTP/1.1" 404 1251 "https://www.malawisounds.com/albums" "Mozilla/5.0 (Linux; Android 10; Redmi 7) AppleWebKit/537.36 (KHTML, like Gecko) Chrome/87.0.4280.101 Mobile Safari/537.36"
105.234.162.20 - - [03/Jan/2025:12:17:48 -0500] "GET /null HTTP/1.1" 404 1251 "https://www.malawisounds.com/artist=Onesimus" "Mozilla/5.0 (Linux; Android 10; Redmi 7) AppleWebKit/537.36 (KHTML, like Gecko) Chrome/87.0.4280.101 Mobile Safari/537.36"
105.234.162.20 - - [03/Jan/2025:12:17:52 -0500] "GET /null HTTP/1.1" 404 1251 "https://www.malawisounds.com/296-Panado-by-Onesimus" "Mozilla/5.0 (Linux; Android 10; Redmi 7) AppleWebKit/537.36 (KHTML, like Gecko) Chrome/87.0.4280.101 Mobile Safari/537.36"
64.124.8.130 - - [03/Jan/2025:12:17:52 -0500] "GET /aid-511-album-stream-thandizo-losatha-ft.-siggy-kim HTTP/1.1" 200 3748 "-" "Mozilla/5.0 (compatible; ImagesiftBot; +imagesift.com)"
51.222.253.4 - - [03/Jan/2025:12:18:04 -0500] "GET /sid-260-im-okay-by-susan-kumwenda-ft-saxess HTTP/1.1" 200 3225 "-" "Mozilla/5.0 (compatible; AhrefsBot/7.0; +http://ahrefs.com/robot/)"
51.222.253.16 - - [03/Jan/2025:12:18:44 -0500] "GET /sid-1124-analowa-yesu-mtimanga-by-the-tribute-messages-quartet HTTP/1.1" 200 3265 "-" "Mozilla/5.0 (compatible; AhrefsBot/7.0; +http://ahrefs.com/robot/)"
64.124.8.130 - - [03/Jan/2025:12:18:50 -0500] "GET /aid-530-ep-stream-mulili-mix HTTP/1.1" 200 3522 "-" "Mozilla/5.0 (compatible; ImagesiftBot; +imagesift.com)"
64.124.8.130 - - [03/Jan/2025:12:19:00 -0500] "GET /1271-Moving--by-Sizzle-Krayne-ft.-Stominem HTTP/1.1" 200 3940 "-" "Mozilla/5.0 (compatible; ImagesiftBot; +imagesift.com)"
51.222.253.4 - - [03/Jan/2025:12:19:28 -0500] "GET /contact.php HTTP/1.1" 200 2637 "-" "Mozilla/5.0 (compatible; AhrefsBot/7.0; +http://ahrefs.com/robot/)"
64.124.8.130 - - [03/Jan/2025:12:19:58 -0500] "GET /sid-1260-yalembedwe-by-l-khalie-ft.-lucius-banda HTTP/1.1" 200 3235 "-" "Mozilla/5.0 (compatible; ImagesiftBot; +imagesift.com)"
51.222.253.17 - - [03/Jan/2025:12:20:12 -0500] "GET /sid-390-unkakamize-by-kidma-and-uncle-brimah HTTP/1.1" 200 3243 "-" "Mozilla/5.0 (compatible; AhrefsBot/7.0; +http://ahrefs.com/robot/)"
64.124.8.130 - - [03/Jan/2025:12:20:13 -0500] "GET /artist=Phyzix HTTP/1.1" 200 3191 "-" "Mozilla/5.0 (compatible; ImagesiftBot; +imagesift.com)"
64.124.8.130 - - [03/Jan/2025:12:20:37 -0500] "GET /artists HTTP/1.1" 200 4520 "-" "Mozilla/5.0 (compatible; ImagesiftBot; +imagesift.com)"
64.124.8.130 - - [03/Jan/2025:12:20:38 -0500] "GET /bio/1001098448.jpg HTTP/1.1" 200 131072 "-" "Mozilla/5.0 (compatible; ImagesiftBot; +imagesift.com)"
64.124.8.130 - - [03/Jan/2025:12:21:34 -0500] "GET /sid-1367-seasons-2.0-by-jahves HTTP/1.1" 200 3229 "-" "Mozilla/5.0 (compatible; ImagesiftBot; +imagesift.com)"
51.222.253.4 - - [03/Jan/2025:12:21:39 -0500] "GET /502-Kuyenda-by-Pastors-Unit-ft.-Madela HTTP/1.1" 200 3945 "-" "Mozilla/5.0 (compatible; AhrefsBot/7.0; +http://ahrefs.com/robot/)"
51.222.253.14 - - [03/Jan/2025:12:22:19 -0500] "GET /238-Mulinane-by-Alle HTTP/1.1" 200 3899 "-" "Mozilla/5.0 (compatible; AhrefsBot/7.0; +http://ahrefs.com/robot/)"
31.13.103.6 - - [03/Jan/2025:12:22:49 -0500] "GET /images/mwsounds-20230707-100703-Ndinu-Moyo-Wanga-by-The-Herald-of-God-ft.-Friddo-Saphwani.jpg HTTP/1.1" 200 28584 "-" "facebookexternalhit/1.1 (+http://www.facebook.com/externalhit_uatext.php)"
51.222.253.20 - - [03/Jan/2025:12:22:58 -0500] "GET /sid-194-dan-lu-by-everything-happens-for-a-reason HTTP/1.1" 200 3234 "-" "Mozilla/5.0 (compatible; AhrefsBot/7.0; +http://ahrefs.com/robot/)"
51.222.253.10 - - [03/Jan/2025:12:23:02 -0500] "GET /238-Mulinane-by-Alle HTTP/1.1" 200 3899 "-" "Mozilla/5.0 (compatible; AhrefsBot/7.0; +http://ahrefs.com/robot/)"
64.124.8.130 - - [03/Jan/2025:12:23:14 -0500] "GET /sid-1659-i-see-you-by-excepcion,-servant-aaron,-watie-michael-noah--ft-t3lvin- HTTP/1.1" 200 3279 "-" "Mozilla/5.0 (compatible; ImagesiftBot; +imagesift.com)"
51.222.253.19 - - [03/Jan/2025:12:23:30 -0500] "GET /albums?pageno=107 HTTP/1.1" 200 2900 "-" "Mozilla/5.0 (compatible; AhrefsBot/7.0; +http://ahrefs.com/robot/)"
4.43.184.114 - - [03/Jan/2025:12:23:30 -0500] "GET / HTTP/1.0" 200 12109 "-" "Mozilla/5.0 (X11; U; Linux x86_64; en-US; rv:1.9.2.13) Gecko/20101206 Ubuntu/10.04 (lucid) Firefox/3.6.13"
51.222.253.10 - - [03/Jan/2025:12:24:23 -0500] "GET /download.php?id=181&name=Crossheart%20ft%20Cynthia%20and%20Akuzike-You%20are%20beautiful HTTP/1.1" 200 18 "-" "Mozilla/5.0 (compatible; AhrefsBot/7.0; +http://ahrefs.com/robot/)"
51.222.253.14 - - [03/Jan/2025:12:24:47 -0500] "GET /sid-421-mwa-yesu-by-michael-mbendera HTTP/1.1" 200 3234 "-" "Mozilla/5.0 (compatible; AhrefsBot/7.0; +http://ahrefs.com/robot/)"
64.124.8.130 - - [03/Jan/2025:12:24:52 -0500] "GET /artist=Harris HTTP/1.1" 200 3114 "-" "Mozilla/5.0 (compatible; ImagesiftBot; +imagesift.com)"
64.124.8.130 - - [03/Jan/2025:12:25:33 -0500] "GET /1633-Uzisamale--by-Demnoh-vyb-ft-Wysah-Cage- HTTP/1.1" 200 3945 "-" "Mozilla/5.0 (compatible; ImagesiftBot; +imagesift.com)"
51.222.253.14 - - [03/Jan/2025:12:25:41 -0500] "GET /914-He-is-able-by-Theresa HTTP/1.1" 200 3897 "-" "Mozilla/5.0 (compatible; AhrefsBot/7.0; +http://ahrefs.com/robot/)"
51.222.253.11 - - [03/Jan/2025:12:26:11 -0500] "GET /269-V.I.P-by-Mastol-Ft.-JEG-+-Kelvin-Sings-+Mista-Gray HTTP/1.1" 200 3968 "-" "Mozilla/5.0 (compatible; AhrefsBot/7.0; +http://ahrefs.com/robot/)"
51.222.253.18 - - [03/Jan/2025:12:26:42 -0500] "GET /20-Big-up-Mama-by-Spencer-ft-wanasachie HTTP/1.1" 200 3920 "-" "Mozilla/5.0 (compatible; AhrefsBot/7.0; +http://ahrefs.com/robot/)"
64.124.8.130 - - [03/Jan/2025:12:26:57 -0500] "GET /artist=Class-Twenty6 HTTP/1.1" 200 3094 "-" "Mozilla/5.0 (compatible; ImagesiftBot; +imagesift.com)"
51.222.253.6 - - [03/Jan/2025:12:27:05 -0500] "GET /sid-1394-sugar-by-i-4real-x-neigie-set HTTP/1.1" 200 3224 "-" "Mozilla/5.0 (compatible; AhrefsBot/7.0; +http://ahrefs.com/robot/)"
51.222.253.15 - - [03/Jan/2025:12:27:38 -0500] "GET /artist=Lolo HTTP/1.1" 200 3358 "-" "Mozilla/5.0 (compatible; AhrefsBot/7.0; +http://ahrefs.com/robot/)"
111.225.149.132 - - [03/Jan/2025:12:27:52 -0500] "GET /artist=Classick HTTP/1.1" 200 3076 "-" "Mozilla/5.0 (Linux; Android 5.0) AppleWebKit/537.36 (KHTML, like Gecko) Mobile Safari/537.36 (compatible; Bytespider; https://zhanzhang.toutiao.com/)"
111.225.149.132 - - [03/Jan/2025:12:27:53 -0500] "GET /css/w3.css HTTP/1.1" 200 4832 "https://malawisounds.com/artist=Classick" "Mozilla/5.0 (Linux; Android 5.0) AppleWebKit/537.36 (KHTML, like Gecko) Mobile Safari/537.36 (compatible; Bytespider; https://zhanzhang.toutiao.com/)"
111.225.149.132 - - [03/Jan/2025:12:27:53 -0500] "GET /css/animate.css HTTP/1.1" 200 4001 "https://malawisounds.com/artist=Classick" "Mozilla/5.0 (Linux; Android 5.0) AppleWebKit/537.36 (KHTML, like Gecko) Mobile Safari/537.36 (compatible; Bytespider; https://zhanzhang.toutiao.com/)"
111.225.149.132 - - [03/Jan/2025:12:27:53 -0500] "GET /Icons/instagram.png HTTP/1.1" 206 500 "https://malawisounds.com/artist=Classick" "Mozilla/5.0 (Linux; Android 5.0) AppleWebKit/537.36 (KHTML, like Gecko) Mobile Safari/537.36 (compatible; Bytespider; https://zhanzhang.toutiao.com/)"
111.225.149.132 - - [03/Jan/2025:12:27:53 -0500] "GET /null HTTP/1.1" 404 1251 "https://malawisounds.com/artist=Classick" "Mozilla/5.0 (Linux; Android 5.0) AppleWebKit/537.36 (KHTML, like Gecko) Mobile Safari/537.36 (compatible; Bytespider; https://zhanzhang.toutiao.com/)"
111.225.149.132 - - [03/Jan/2025:12:27:53 -0500] "GET /bio/mwsounds-20230703010954-IMG-20230703-030900.jpg HTTP/1.1" 206 500 "https://malawisounds.com/artist=Classick" "Mozilla/5.0 (Linux; Android 5.0) AppleWebKit/537.36 (KHTML, like Gecko) Mobile Safari/537.36 (compatible; Bytespider; https://zhanzhang.toutiao.com/)"
111.225.149.132 - - [03/Jan/2025:12:27:53 -0500] "GET /bio/mwsounds-20200706204337-FB_IMG_1590953356952.jpg HTTP/1.1" 206 500 "https://malawisounds.com/artist=Classick" "Mozilla/5.0 (Linux; Android 5.0) AppleWebKit/537.36 (KHTML, like Gecko) Mobile Safari/537.36 (compatible; Bytespider; https://zhanzhang.toutiao.com/)"
111.225.149.132 - - [03/Jan/2025:12:27:53 -0500] "GET /ads/MS%20covid.jpg HTTP/1.1" 206 500 "https://malawisounds.com/artist=Classick" "Mozilla/5.0 (Linux; Android 5.0) AppleWebKit/537.36 (KHTML, like Gecko) Mobile Safari/537.36 (compatible; Bytespider; https://zhanzhang.toutiao.com/)"
51.222.253.19 - - [03/Jan/2025:12:28:08 -0500] "GET /aid-360-album-stream-sindingaiwale HTTP/1.1" 200 3737 "-" "Mozilla/5.0 (compatible; AhrefsBot/7.0; +http://ahrefs.com/robot/)"
31.13.127.116 - - [03/Jan/2025:12:28:12 -0500] "GET /images/mwsounds-20241216-061125-Cha-Lero-by-Harris-Chiwalo.jpg HTTP/1.1" 200 217721 "-" "facebookexternalhit/1.1 (+http://www.facebook.com/externalhit_uatext.php)"
51.222.253.8 - - [03/Jan/2025:12:28:28 -0500] "GET /452-Crown-by-Comte-ft-B-Willz HTTP/1.1" 200 3938 "-" "Mozilla/5.0 (compatible; AhrefsBot/7.0; +http://ahrefs.com/robot/)"
102.70.0.245 - - [03/Jan/2025:12:28:50 -0500] "GET /1658-Muyaya--by-Timothy-Mw-?fbclid=IwZXh0bgNhZW0CMTEAAR0Asj5Pag85g0oY7hnmbh4ff8mEgv3Q4c-I4OkyxhDlzfS8K6-39liNyTM_aem_McOK2P5f4Ybsp1KD1YULhQ HTTP/1.1" 200 3916 "http://m.facebook.com/" "Mozilla/5.0 (Linux; Android 14; TECNO BG6m Build/UP1A.231005.007; wv) AppleWebKit/537.36 (KHTML, like Gecko) Version/4.0 Chrome/131.0.6778.135 Mobile Safari/537.36[FBAN/EMA;FBLC/en_US;FBAV/440.0.0.7.100;FBCX/modulariab;]"
102.70.0.245 - - [03/Jan/2025:12:28:51 -0500] "GET /css/animate.css HTTP/1.1" 200 4001 "https://malawisounds.com/1658-Muyaya--by-Timothy-Mw-?fbclid=IwZXh0bgNhZW0CMTEAAR0Asj5Pag85g0oY7hnmbh4ff8mEgv3Q4c-I4OkyxhDlzfS8K6-39liNyTM_aem_McOK2P5f4Ybsp1KD1YULhQ" "Mozilla/5.0 (Linux; Android 14; TECNO BG6m Build/UP1A.231005.007; wv) AppleWebKit/537.36 (KHTML, like Gecko) Version/4.0 Chrome/131.0.6778.135 Mobile Safari/537.36[FBAN/EMA;FBLC/en_US;FBAV/440.0.0.7.100;FBCX/modulariab;]"
102.70.0.245 - - [03/Jan/2025:12:28:51 -0500] "GET /css/w3.css HTTP/1.1" 200 4832 "https://malawisounds.com/1658-Muyaya--by-Timothy-Mw-?fbclid=IwZXh0bgNhZW0CMTEAAR0Asj5Pag85g0oY7hnmbh4ff8mEgv3Q4c-I4OkyxhDlzfS8K6-39liNyTM_aem_McOK2P5f4Ybsp1KD1YULhQ" "Mozilla/5.0 (Linux; Android 14; TECNO BG6m Build/UP1A.231005.007; wv) AppleWebKit/537.36 (KHTML, like Gecko) Version/4.0 Chrome/131.0.6778.135 Mobile Safari/537.36[FBAN/EMA;FBLC/en_US;FBAV/440.0.0.7.100;FBCX/modulariab;]"
102.70.0.245 - - [03/Jan/2025:12:28:51 -0500] "GET /css/load.css HTTP/1.1" 200 8159 "https://malawisounds.com/1658-Muyaya--by-Timothy-Mw-?fbclid=IwZXh0bgNhZW0CMTEAAR0Asj5Pag85g0oY7hnmbh4ff8mEgv3Q4c-I4OkyxhDlzfS8K6-39liNyTM_aem_McOK2P5f4Ybsp1KD1YULhQ" "Mozilla/5.0 (Linux; Android 14; TECNO BG6m Build/UP1A.231005.007; wv) AppleWebKit/537.36 (KHTML, like Gecko) Version/4.0 Chrome/131.0.6778.135 Mobile Safari/537.36[FBAN/EMA;FBLC/en_US;FBAV/440.0.0.7.100;FBCX/modulariab;]"
102.70.0.245 - - [03/Jan/2025:12:28:51 -0500] "GET /impact/stylesheet.css HTTP/1.1" 200 153 "https://malawisounds.com/1658-Muyaya--by-Timothy-Mw-?fbclid=IwZXh0bgNhZW0CMTEAAR0Asj5Pag85g0oY7hnmbh4ff8mEgv3Q4c-I4OkyxhDlzfS8K6-39liNyTM_aem_McOK2P5f4Ybsp1KD1YULhQ" "Mozilla/5.0 (Linux; Android 14; TECNO BG6m Build/UP1A.231005.007; wv) AppleWebKit/537.36 (KHTML, like Gecko) Version/4.0 Chrome/131.0.6778.135 Mobile Safari/537.36[FBAN/EMA;FBLC/en_US;FBAV/440.0.0.7.100;FBCX/modulariab;]"
102.70.0.245 - - [03/Jan/2025:12:28:51 -0500] "GET /js/ajax.js HTTP/1.1" 200 784 "https://malawisounds.com/1658-Muyaya--by-Timothy-Mw-?fbclid=IwZXh0bgNhZW0CMTEAAR0Asj5Pag85g0oY7hnmbh4ff8mEgv3Q4c-I4OkyxhDlzfS8K6-39liNyTM_aem_McOK2P5f4Ybsp1KD1YULhQ" "Mozilla/5.0 (Linux; Android 14; TECNO BG6m Build/UP1A.231005.007; wv) AppleWebKit/537.36 (KHTML, like Gecko) Version/4.0 Chrome/131.0.6778.135 Mobile Safari/537.36[FBAN/EMA;FBLC/en_US;FBAV/440.0.0.7.100;FBCX/modulariab;]"
102.70.0.245 - - [03/Jan/2025:12:28:51 -0500] "GET /bootstrap/css/bootstrap.min.css HTTP/1.1" 200 18270 "https://malawisounds.com/1658-Muyaya--by-Timothy-Mw-?fbclid=IwZXh0bgNhZW0CMTEAAR0Asj5Pag85g0oY7hnmbh4ff8mEgv3Q4c-I4OkyxhDlzfS8K6-39liNyTM_aem_McOK2P5f4Ybsp1KD1YULhQ" "Mozilla/5.0 (Linux; Android 14; TECNO BG6m Build/UP1A.231005.007; wv) AppleWebKit/537.36 (KHTML, like Gecko) Version/4.0 Chrome/131.0.6778.135 Mobile Safari/537.36[FBAN/EMA;FBLC/en_US;FBAV/440.0.0.7.100;FBCX/modulariab;]"
102.70.0.245 - - [03/Jan/2025:12:28:51 -0500] "GET /js/facebook-api.js HTTP/1.1" 200 183 "https://malawisounds.com/1658-Muyaya--by-Timothy-Mw-?fbclid=IwZXh0bgNhZW0CMTEAAR0Asj5Pag85g0oY7hnmbh4ff8mEgv3Q4c-I4OkyxhDlzfS8K6-39liNyTM_aem_McOK2P5f4Ybsp1KD1YULhQ" "Mozilla/5.0 (Linux; Android 14; TECNO BG6m Build/UP1A.231005.007; wv) AppleWebKit/537.36 (KHTML, like Gecko) Version/4.0 Chrome/131.0.6778.135 Mobile Safari/537.36[FBAN/EMA;FBLC/en_US;FBAV/440.0.0.7.100;FBCX/modulariab;]"
102.70.0.245 - - [03/Jan/2025:12:28:51 -0500] "GET /Icons/msounds1.png HTTP/1.1" 200 11619 "https://malawisounds.com/1658-Muyaya--by-Timothy-Mw-?fbclid=IwZXh0bgNhZW0CMTEAAR0Asj5Pag85g0oY7hnmbh4ff8mEgv3Q4c-I4OkyxhDlzfS8K6-39liNyTM_aem_McOK2P5f4Ybsp1KD1YULhQ" "Mozilla/5.0 (Linux; Android 14; TECNO BG6m Build/UP1A.231005.007; wv) AppleWebKit/537.36 (KHTML, like Gecko) Version/4.0 Chrome/131.0.6778.135 Mobile Safari/537.36[FBAN/EMA;FBLC/en_US;FBAV/440.0.0.7.100;FBCX/modulariab;]"
102.70.0.245 - - [03/Jan/2025:12:28:51 -0500] "GET /Icons/facebook.png HTTP/1.1" 200 2279 "https://malawisounds.com/1658-Muyaya--by-Timothy-Mw-?fbclid=IwZXh0bgNhZW0CMTEAAR0Asj5Pag85g0oY7hnmbh4ff8mEgv3Q4c-I4OkyxhDlzfS8K6-39liNyTM_aem_McOK2P5f4Ybsp1KD1YULhQ" "Mozilla/5.0 (Linux; Android 14; TECNO BG6m Build/UP1A.231005.007; wv) AppleWebKit/537.36 (KHTML, like Gecko) Version/4.0 Chrome/131.0.6778.135 Mobile Safari/537.36[FBAN/EMA;FBLC/en_US;FBAV/440.0.0.7.100;FBCX/modulariab;]"
102.70.0.245 - - [03/Jan/2025:12:28:51 -0500] "GET /Icons/instagram.png HTTP/1.1" 200 2764 "https://malawisounds.com/1658-Muyaya--by-Timothy-Mw-?fbclid=IwZXh0bgNhZW0CMTEAAR0Asj5Pag85g0oY7hnmbh4ff8mEgv3Q4c-I4OkyxhDlzfS8K6-39liNyTM_aem_McOK2P5f4Ybsp1KD1YULhQ" "Mozilla/5.0 (Linux; Android 14; TECNO BG6m Build/UP1A.231005.007; wv) AppleWebKit/537.36 (KHTML, like Gecko) Version/4.0 Chrome/131.0.6778.135 Mobile Safari/537.36[FBAN/EMA;FBLC/en_US;FBAV/440.0.0.7.100;FBCX/modulariab;]"
102.70.0.245 - - [03/Jan/2025:12:28:51 -0500] "GET /bio/mwsounds-20230703010954-IMG-20230703-030900.jpg HTTP/1.1" 200 25808 "https://malawisounds.com/1658-Muyaya--by-Timothy-Mw-?fbclid=IwZXh0bgNhZW0CMTEAAR0Asj5Pag85g0oY7hnmbh4ff8mEgv3Q4c-I4OkyxhDlzfS8K6-39liNyTM_aem_McOK2P5f4Ybsp1KD1YULhQ" "Mozilla/5.0 (Linux; Android 14; TECNO BG6m Build/UP1A.231005.007; wv) AppleWebKit/537.36 (KHTML, like Gecko) Version/4.0 Chrome/131.0.6778.135 Mobile Safari/537.36[FBAN/EMA;FBLC/en_US;FBAV/440.0.0.7.100;FBCX/modulariab;]"
102.70.0.245 - - [03/Jan/2025:12:28:51 -0500] "GET /Icons/twitter.png HTTP/1.1" 200 2415 "https://malawisounds.com/1658-Muyaya--by-Timothy-Mw-?fbclid=IwZXh0bgNhZW0CMTEAAR0Asj5Pag85g0oY7hnmbh4ff8mEgv3Q4c-I4OkyxhDlzfS8K6-39liNyTM_aem_McOK2P5f4Ybsp1KD1YULhQ" "Mozilla/5.0 (Linux; Android 14; TECNO BG6m Build/UP1A.231005.007; wv) AppleWebKit/537.36 (KHTML, like Gecko) Version/4.0 Chrome/131.0.6778.135 Mobile Safari/537.36[FBAN/EMA;FBLC/en_US;FBAV/440.0.0.7.100;FBCX/modulariab;]"
102.70.0.245 - - [03/Jan/2025:12:28:51 -0500] "GET /js/jquery.js HTTP/1.1" 200 29664 "https://malawisounds.com/1658-Muyaya--by-Timothy-Mw-?fbclid=IwZXh0bgNhZW0CMTEAAR0Asj5Pag85g0oY7hnmbh4ff8mEgv3Q4c-I4OkyxhDlzfS8K6-39liNyTM_aem_McOK2P5f4Ybsp1KD1YULhQ" "Mozilla/5.0 (Linux; Android 14; TECNO BG6m Build/UP1A.231005.007; wv) AppleWebKit/537.36 (KHTML, like Gecko) Version/4.0 Chrome/131.0.6778.135 Mobile Safari/537.36[FBAN/EMA;FBLC/en_US;FBAV/440.0.0.7.100;FBCX/modulariab;]"
102.70.0.245 - - [03/Jan/2025:12:28:51 -0500] "GET /js/wow.js HTTP/1.1" 200 3414 "https://malawisounds.com/1658-Muyaya--by-Timothy-Mw-?fbclid=IwZXh0bgNhZW0CMTEAAR0Asj5Pag85g0oY7hnmbh4ff8mEgv3Q4c-I4OkyxhDlzfS8K6-39liNyTM_aem_McOK2P5f4Ybsp1KD1YULhQ" "Mozilla/5.0 (Linux; Android 14; TECNO BG6m Build/UP1A.231005.007; wv) AppleWebKit/537.36 (KHTML, like Gecko) Version/4.0 Chrome/131.0.6778.135 Mobile Safari/537.36[FBAN/EMA;FBLC/en_US;FBAV/440.0.0.7.100;FBCX/modulariab;]"
102.70.0.245 - - [03/Jan/2025:12:28:51 -0500] "GET /js/nav.js HTTP/1.1" 200 99 "https://malawisounds.com/1658-Muyaya--by-Timothy-Mw-?fbclid=IwZXh0bgNhZW0CMTEAAR0Asj5Pag85g0oY7hnmbh4ff8mEgv3Q4c-I4OkyxhDlzfS8K6-39liNyTM_aem_McOK2P5f4Ybsp1KD1YULhQ" "Mozilla/5.0 (Linux; Android 14; TECNO BG6m Build/UP1A.231005.007; wv) AppleWebKit/537.36 (KHTML, like Gecko) Version/4.0 Chrome/131.0.6778.135 Mobile Safari/537.36[FBAN/EMA;FBLC/en_US;FBAV/440.0.0.7.100;FBCX/modulariab;]"
102.70.0.245 - - [03/Jan/2025:12:28:52 -0500] "GET /fonts/Gothic-B.ttf HTTP/1.1" 200 129676 "https://malawisounds.com/css/load.css" "Mozilla/5.0 (Linux; Android 14; TECNO BG6m Build/UP1A.231005.007; wv) AppleWebKit/537.36 (KHTML, like Gecko) Version/4.0 Chrome/131.0.6778.135 Mobile Safari/537.36[FBAN/EMA;FBLC/en_US;FBAV/440.0.0.7.100;FBCX/modulariab;]"
102.70.0.245 - - [03/Jan/2025:12:28:52 -0500] "GET /bootstrap/fonts/glyphicons-halflings-regular.woff2 HTTP/1.1" 200 18028 "https://malawisounds.com/bootstrap/css/bootstrap.min.css" "Mozilla/5.0 (Linux; Android 14; TECNO BG6m Build/UP1A.231005.007; wv) AppleWebKit/537.36 (KHTML, like Gecko) Version/4.0 Chrome/131.0.6778.135 Mobile Safari/537.36[FBAN/EMA;FBLC/en_US;FBAV/440.0.0.7.100;FBCX/modulariab;]"
102.70.0.245 - - [03/Jan/2025:12:28:52 -0500] "GET /fonts/Gothic.ttf HTTP/1.1" 200 112628 "https://malawisounds.com/css/load.css" "Mozilla/5.0 (Linux; Android 14; TECNO BG6m Build/UP1A.231005.007; wv) AppleWebKit/537.36 (KHTML, like Gecko) Version/4.0 Chrome/131.0.6778.135 Mobile Safari/537.36[FBAN/EMA;FBLC/en_US;FBAV/440.0.0.7.100;FBCX/modulariab;]"
102.70.0.245 - - [03/Jan/2025:12:28:52 -0500] "GET /bio/mwsounds-20200710082408-onesmus.jpg HTTP/1.1" 200 30093 "https://malawisounds.com/1658-Muyaya--by-Timothy-Mw-?fbclid=IwZXh0bgNhZW0CMTEAAR0Asj5Pag85g0oY7hnmbh4ff8mEgv3Q4c-I4OkyxhDlzfS8K6-39liNyTM_aem_McOK2P5f4Ybsp1KD1YULhQ" "Mozilla/5.0 (Linux; Android 14; TECNO BG6m Build/UP1A.231005.007; wv) AppleWebKit/537.36 (KHTML, like Gecko) Version/4.0 Chrome/131.0.6778.135 Mobile Safari/537.36[FBAN/EMA;FBLC/en_US;FBAV/440.0.0.7.100;FBCX/modulariab;]"
102.70.0.245 - - [03/Jan/2025:12:28:52 -0500] "GET /bio/mwsounds-20200801042643-Dr.Drew.jpg HTTP/1.1" 200 80629 "https://malawisounds.com/1658-Muyaya--by-Timothy-Mw-?fbclid=IwZXh0bgNhZW0CMTEAAR0Asj5Pag85g0oY7hnmbh4ff8mEgv3Q4c-I4OkyxhDlzfS8K6-39liNyTM_aem_McOK2P5f4Ybsp1KD1YULhQ" "Mozilla/5.0 (Linux; Android 14; TECNO BG6m Build/UP1A.231005.007; wv) AppleWebKit/537.36 (KHTML, like Gecko) Version/4.0 Chrome/131.0.6778.135 Mobile Safari/537.36[FBAN/EMA;FBLC/en_US;FBAV/440.0.0.7.100;FBCX/modulariab;]"
102.70.0.245 - - [03/Jan/2025:12:28:52 -0500] "GET /bio/mwsounds-20200706205025-tay-grin---Copy.jpg HTTP/1.1" 200 43244 "https://malawisounds.com/1658-Muyaya--by-Timothy-Mw-?fbclid=IwZXh0bgNhZW0CMTEAAR0Asj5Pag85g0oY7hnmbh4ff8mEgv3Q4c-I4OkyxhDlzfS8K6-39liNyTM_aem_McOK2P5f4Ybsp1KD1YULhQ" "Mozilla/5.0 (Linux; Android 14; TECNO BG6m Build/UP1A.231005.007; wv) AppleWebKit/537.36 (KHTML, like Gecko) Version/4.0 Chrome/131.0.6778.135 Mobile Safari/537.36[FBAN/EMA;FBLC/en_US;FBAV/440.0.0.7.100;FBCX/modulariab;]"
102.70.0.245 - - [03/Jan/2025:12:28:52 -0500] "GET /images/mwsounds-20240724-070616-Muyaya-by-Timothy-Mw-.jpg HTTP/1.1" 200 110687 "https://malawisounds.com/1658-Muyaya--by-Timothy-Mw-?fbclid=IwZXh0bgNhZW0CMTEAAR0Asj5Pag85g0oY7hnmbh4ff8mEgv3Q4c-I4OkyxhDlzfS8K6-39liNyTM_aem_McOK2P5f4Ybsp1KD1YULhQ" "Mozilla/5.0 (Linux; Android 14; TECNO BG6m Build/UP1A.231005.007; wv) AppleWebKit/537.36 (KHTML, like Gecko) Version/4.0 Chrome/131.0.6778.135 Mobile Safari/537.36[FBAN/EMA;FBLC/en_US;FBAV/440.0.0.7.100;FBCX/modulariab;]"
102.70.0.245 - - [03/Jan/2025:12:28:52 -0500] "GET /ads/MS%20covid.jpg HTTP/1.1" 200 273002 "https://malawisounds.com/1658-Muyaya--by-Timothy-Mw-?fbclid=IwZXh0bgNhZW0CMTEAAR0Asj5Pag85g0oY7hnmbh4ff8mEgv3Q4c-I4OkyxhDlzfS8K6-39liNyTM_aem_McOK2P5f4Ybsp1KD1YULhQ" "Mozilla/5.0 (Linux; Android 14; TECNO BG6m Build/UP1A.231005.007; wv) AppleWebKit/537.36 (KHTML, like Gecko) Version/4.0 Chrome/131.0.6778.135 Mobile Safari/537.36[FBAN/EMA;FBLC/en_US;FBAV/440.0.0.7.100;FBCX/modulariab;]"
102.70.0.245 - - [03/Jan/2025:12:28:53 -0500] "GET /null HTTP/1.1" 404 1251 "https://malawisounds.com/1658-Muyaya--by-Timothy-Mw-?fbclid=IwZXh0bgNhZW0CMTEAAR0Asj5Pag85g0oY7hnmbh4ff8mEgv3Q4c-I4OkyxhDlzfS8K6-39liNyTM_aem_McOK2P5f4Ybsp1KD1YULhQ" "Mozilla/5.0 (Linux; Android 14; TECNO BG6m Build/UP1A.231005.007; wv) AppleWebKit/537.36 (KHTML, like Gecko) Version/4.0 Chrome/131.0.6778.135 Mobile Safari/537.36[FBAN/EMA;FBLC/en_US;FBAV/440.0.0.7.100;FBCX/modulariab;]"
102.70.0.245 - - [03/Jan/2025:12:28:53 -0500] "GET /bio/mwsounds-20200706204045-gwamba.jpg HTTP/1.1" 200 39055 "https://malawisounds.com/1658-Muyaya--by-Timothy-Mw-?fbclid=IwZXh0bgNhZW0CMTEAAR0Asj5Pag85g0oY7hnmbh4ff8mEgv3Q4c-I4OkyxhDlzfS8K6-39liNyTM_aem_McOK2P5f4Ybsp1KD1YULhQ" "Mozilla/5.0 (Linux; Android 14; TECNO BG6m Build/UP1A.231005.007; wv) AppleWebKit/537.36 (KHTML, like Gecko) Version/4.0 Chrome/131.0.6778.135 Mobile Safari/537.36[FBAN/EMA;FBLC/en_US;FBAV/440.0.0.7.100;FBCX/modulariab;]"
102.70.0.245 - - [03/Jan/2025:12:28:53 -0500] "GET /bio/mwsounds-20200706203533-Namadigo.jpg HTTP/1.1" 200 33718 "https://malawisounds.com/1658-Muyaya--by-Timothy-Mw-?fbclid=IwZXh0bgNhZW0CMTEAAR0Asj5Pag85g0oY7hnmbh4ff8mEgv3Q4c-I4OkyxhDlzfS8K6-39liNyTM_aem_McOK2P5f4Ybsp1KD1YULhQ" "Mozilla/5.0 (Linux; Android 14; TECNO BG6m Build/UP1A.231005.007; wv) AppleWebKit/537.36 (KHTML, like Gecko) Version/4.0 Chrome/131.0.6778.135 Mobile Safari/537.36[FBAN/EMA;FBLC/en_US;FBAV/440.0.0.7.100;FBCX/modulariab;]"
102.70.0.245 - - [03/Jan/2025:12:28:53 -0500] "GET /bio/mwsounds-20200706120806-FB_IMG_1590948777511.jpg HTTP/1.1" 200 19662 "https://malawisounds.com/1658-Muyaya--by-Timothy-Mw-?fbclid=IwZXh0bgNhZW0CMTEAAR0Asj5Pag85g0oY7hnmbh4ff8mEgv3Q4c-I4OkyxhDlzfS8K6-39liNyTM_aem_McOK2P5f4Ybsp1KD1YULhQ" "Mozilla/5.0 (Linux; Android 14; TECNO BG6m Build/UP1A.231005.007; wv) AppleWebKit/537.36 (KHTML, like Gecko) Version/4.0 Chrome/131.0.6778.135 Mobile Safari/537.36[FBAN/EMA;FBLC/en_US;FBAV/440.0.0.7.100;FBCX/modulariab;]"
102.70.0.245 - - [03/Jan/2025:12:28:57 -0500] "GET /Icons/malawisounds.ico HTTP/1.1" 200 4286 "https://malawisounds.com/1658-Muyaya--by-Timothy-Mw-?fbclid=IwZXh0bgNhZW0CMTEAAR0Asj5Pag85g0oY7hnmbh4ff8mEgv3Q4c-I4OkyxhDlzfS8K6-39liNyTM_aem_McOK2P5f4Ybsp1KD1YULhQ" "Mozilla/5.0 (Linux; Android 14; TECNO BG6m Build/UP1A.231005.007; wv) AppleWebKit/537.36 (KHTML, like Gecko) Version/4.0 Chrome/131.0.6778.135 Mobile Safari/537.36[FBAN/EMA;FBLC/en_US;FBAV/440.0.0.7.100;FBCX/modulariab;]"
51.222.253.15 - - [03/Jan/2025:12:28:59 -0500] "GET /aid-361-album-stream-chilungamo-chathatha HTTP/1.1" 200 3696 "-" "Mozilla/5.0 (compatible; AhrefsBot/7.0; +http://ahrefs.com/robot/)"
102.70.0.245 - - [03/Jan/2025:12:29:01 -0500] "GET /download.php?id=1658&name=Timothy%20Mw%20-Muyaya HTTP/1.1" 200 7990999 "https://malawisounds.com/1658-Muyaya--by-Timothy-Mw-?fbclid=IwZXh0bgNhZW0CMTEAAR0Asj5Pag85g0oY7hnmbh4ff8mEgv3Q4c-I4OkyxhDlzfS8K6-39liNyTM_aem_McOK2P5f4Ybsp1KD1YULhQ" "Mozilla/5.0 (Linux; Android 14; TECNO BG6m Build/UP1A.231005.007; wv) AppleWebKit/537.36 (KHTML, like Gecko) Version/4.0 Chrome/131.0.6778.135 Mobile Safari/537.36[FBAN/EMA;FBLC/en_US;FBAV/440.0.0.7.100;FBCX/modulariab;]"
102.70.0.245 - - [03/Jan/2025:12:29:05 -0500] "GET /download.php?id=1658&name=Timothy%20Mw%20-Muyaya HTTP/1.1" 200 7990999 "-" "Mozilla/5.0 (Linux; Android 10; K) AppleWebKit/537.36 (KHTML, like Gecko) Chrome/131.0.0.0 Mobile Safari/537.36"
64.124.8.130 - - [03/Jan/2025:12:29:21 -0500] "GET /love-by-phil HTTP/1.1" 200 3963 "-" "Mozilla/5.0 (compatible; ImagesiftBot; +imagesift.com)"
51.222.253.16 - - [03/Jan/2025:12:29:22 -0500] "GET /aid-354-album-stream-ntsitsi HTTP/1.1" 200 3678 "-" "Mozilla/5.0 (compatible; AhrefsBot/7.0; +http://ahrefs.com/robot/)"
102.70.0.245 - - [03/Jan/2025:12:29:27 -0500] "GET /1658-Muyaya--by-Timothy-Mw-?fbclid=IwZXh0bgNhZW0CMTEAAR0Asj5Pag85g0oY7hnmbh4ff8mEgv3Q4c-I4OkyxhDlzfS8K6-39liNyTM_aem_McOK2P5f4Ybsp1KD1YULhQ HTTP/1.1" 200 3916 "http://m.facebook.com/" "Mozilla/5.0 (Linux; Android 14; TECNO BG6m Build/UP1A.231005.007; wv) AppleWebKit/537.36 (KHTML, like Gecko) Version/4.0 Chrome/131.0.6778.135 Mobile Safari/537.36[FBAN/EMA;FBLC/en_US;FBAV/440.0.0.7.100;FBCX/modulariab;]"
102.70.0.245 - - [03/Jan/2025:12:29:27 -0500] "GET /null HTTP/1.1" 404 1251 "https://malawisounds.com/1658-Muyaya--by-Timothy-Mw-?fbclid=IwZXh0bgNhZW0CMTEAAR0Asj5Pag85g0oY7hnmbh4ff8mEgv3Q4c-I4OkyxhDlzfS8K6-39liNyTM_aem_McOK2P5f4Ybsp1KD1YULhQ" "Mozilla/5.0 (Linux; Android 14; TECNO BG6m Build/UP1A.231005.007; wv) AppleWebKit/537.36 (KHTML, like Gecko) Version/4.0 Chrome/131.0.6778.135 Mobile Safari/537.36[FBAN/EMA;FBLC/en_US;FBAV/440.0.0.7.100;FBCX/modulariab;]"
51.222.253.18 - - [03/Jan/2025:12:29:47 -0500] "GET /464-Kuseli-by-Saint-ft.-Dan-Lu HTTP/1.1" 200 3922 "-" "Mozilla/5.0 (compatible; AhrefsBot/7.0; +http://ahrefs.com/robot/)"
51.222.253.18 - - [03/Jan/2025:12:30:11 -0500] "GET /205-Own-Time-by-Gwamba-ft-Emtee HTTP/1.1" 200 3925 "-" "Mozilla/5.0 (compatible; AhrefsBot/7.0; +http://ahrefs.com/robot/)"
52.167.144.187 - - [03/Jan/2025:12:30:18 -0500] "GET /tq0vcesio.html HTTP/1.1" 404 1251 "-" "Mozilla/5.0 AppleWebKit/537.36 (KHTML, like Gecko; compatible; bingbot/2.0; +http://www.bing.com/bingbot.htm) Chrome/116.0.1938.76 Safari/537.36"
51.222.253.3 - - [03/Jan/2025:12:30:41 -0500] "GET /sid-449-golide-by-d-manzy,-g-will,-s.a.m,-shammah-vocals HTTP/1.1" 200 3236 "-" "Mozilla/5.0 (compatible; AhrefsBot/7.0; +http://ahrefs.com/robot/)"
64.124.8.130 - - [03/Jan/2025:12:31:02 -0500] "GET /about-us HTTP/1.1" 200 2061 "-" "Mozilla/5.0 (compatible; ImagesiftBot; +imagesift.com)"
51.222.253.9 - - [03/Jan/2025:12:31:40 -0500] "GET /sid-1049-no-other-name-by-grace-junior HTTP/1.1" 200 3219 "-" "Mozilla/5.0 (compatible; AhrefsBot/7.0; +http://ahrefs.com/robot/)"
173.252.107.2 - - [03/Jan/2025:12:32:05 -0500] "GET /Icons/msounds1.png HTTP/1.1" 200 11619 "-" "facebookexternalhit/1.1 (+http://www.facebook.com/externalhit_uatext.php)"
40.77.167.10 - - [03/Jan/2025:12:32:25 -0500] "GET /gjl6fqmi0.html HTTP/1.1" 404 1251 "-" "Mozilla/5.0 AppleWebKit/537.36 (KHTML, like Gecko; compatible; bingbot/2.0; +http://www.bing.com/bingbot.htm) Chrome/116.0.1938.76 Safari/537.36"
40.77.167.154 - - [03/Jan/2025:12:32:34 -0500] "GET /28r5cbm84j.html HTTP/1.1" 404 1251 "-" "Mozilla/5.0 AppleWebKit/537.36 (KHTML, like Gecko; compatible; bingbot/2.0; +http://www.bing.com/bingbot.htm) Chrome/116.0.1938.76 Safari/537.36"
111.225.149.206 - - [03/Jan/2025:12:32:37 -0500] "GET /artist=Ronald-Chikafa HTTP/1.1" 200 3317 "-" "Mozilla/5.0 (Linux; Android 5.0) AppleWebKit/537.36 (KHTML, like Gecko) Mobile Safari/537.36 (compatible; Bytespider; https://zhanzhang.toutiao.com/)"
111.225.149.206 - - [03/Jan/2025:12:32:38 -0500] "GET /null HTTP/1.1" 404 1251 "https://www.malawisounds.com/artist=Ronald-Chikafa" "Mozilla/5.0 (Linux; Android 5.0) AppleWebKit/537.36 (KHTML, like Gecko) Mobile Safari/537.36 (compatible; Bytespider; https://zhanzhang.toutiao.com/)"
142.250.32.33 - - [03/Jan/2025:12:32:43 -0500] "GET /.well-known/traffic-advice HTTP/1.1" 404 1251 "-" "Chrome Privacy Preserving Prefetch Proxy"
72.14.201.99 - - [03/Jan/2025:12:32:43 -0500] "GET /671-ngati-dolo-by-suffix-ft-onesimus HTTP/1.1" 200 3938 "https://www.google.com/" "Mozilla/5.0 (Windows NT 10.0; Win64; x64) AppleWebKit/537.36 (KHTML, like Gecko) Chrome/131.0.0.0 Safari/537.36"
40.77.167.10 - - [03/Jan/2025:12:33:01 -0500] "GET /images/mwsounds-20210615135301-fb-img-1623722268613.jpg HTTP/1.1" 200 60877 "-" "Mozilla/5.0 AppleWebKit/537.36 (KHTML, like Gecko; compatible; bingbot/2.0; +http://www.bing.com/bingbot.htm) Chrome/116.0.1938.76 Safari/537.36"
64.124.8.130 - - [03/Jan/2025:12:33:06 -0500] "GET /sid-1615-just-smile-by-gifted-atikonda HTTP/1.1" 200 3263 "-" "Mozilla/5.0 (compatible; ImagesiftBot; +imagesift.com)"
40.77.167.131 - - [03/Jan/2025:12:33:26 -0500] "GET /gsg7idyef.html HTTP/1.1" 404 1251 "-" "Mozilla/5.0 AppleWebKit/537.36 (KHTML, like Gecko; compatible; bingbot/2.0; +http://www.bing.com/bingbot.htm) Chrome/116.0.1938.76 Safari/537.36"
51.222.253.12 - - [03/Jan/2025:12:33:33 -0500] "GET /sid-1322-hannah-by-prince-bellion-ft-dumi-skn HTTP/1.1" 200 3244 "-" "Mozilla/5.0 (compatible; AhrefsBot/7.0; +http://ahrefs.com/robot/)"
51.222.253.14 - - [03/Jan/2025:12:33:58 -0500] "GET /aid-385-ep-stream-ndisiyeni HTTP/1.1" 200 3525 "-" "Mozilla/5.0 (compatible; AhrefsBot/7.0; +http://ahrefs.com/robot/)"
51.222.253.12 - - [03/Jan/2025:12:34:22 -0500] "GET /1120-99-by-Phronee99 HTTP/1.1" 200 3927 "-" "Mozilla/5.0 (compatible; AhrefsBot/7.0; +http://ahrefs.com/robot/)"
51.222.253.4 - - [03/Jan/2025:12:34:54 -0500] "GET /sid-74-pinda-by-dee-trice HTTP/1.1" 200 3205 "-" "Mozilla/5.0 (compatible; AhrefsBot/7.0; +http://ahrefs.com/robot/)"
51.222.253.14 - - [03/Jan/2025:12:35:17 -0500] "GET /sid-681-brave-with-you-by-melvin-music HTTP/1.1" 200 3288 "-" "Mozilla/5.0 (compatible; AhrefsBot/7.0; +http://ahrefs.com/robot/)"
51.222.253.18 - - [03/Jan/2025:12:35:41 -0500] "GET /897-Ndimakufunabe-by-KTY HTTP/1.1" 200 3911 "-" "Mozilla/5.0 (compatible; AhrefsBot/7.0; +http://ahrefs.com/robot/)"
64.124.8.130 - - [03/Jan/2025:12:35:45 -0500] "GET /309-Amayi-Anati-by-Donald-Kachamba HTTP/1.1" 200 3925 "-" "Mozilla/5.0 (compatible; ImagesiftBot; +imagesift.com)"
51.222.253.11 - - [03/Jan/2025:12:36:34 -0500] "GET /sid-1543-future--by-shidex-mw- HTTP/1.1" 200 3259 "-" "Mozilla/5.0 (compatible; AhrefsBot/7.0; +http://ahrefs.com/robot/)"
51.222.253.17 - - [03/Jan/2025:12:37:03 -0500] "GET /sid-180-i-am-strong-by-crossheart--ft-frank-moleni+elka HTTP/1.1" 200 3291 "-" "Mozilla/5.0 (compatible; AhrefsBot/7.0; +http://ahrefs.com/robot/)"
172.110.146.164 - - [03/Jan/2025:12:37:08 -0500] "GET /contact-us HTTP/1.1" 200 2637 "-" "Mozilla/5.0 (Windows NT 10.0; Win64; x64; Xbox; Xbox One) AppleWebKit/537.36 (KHTML, like Gecko) Chrome/114.0.0.0 Safari/537.36 Edge/44.18363.8131"
172.110.146.164 - - [03/Jan/2025:12:37:09 -0500] "POST /contact.php HTTP/1.1" 200 3066 "https://malawisounds.com/contact-us" "Mozilla/5.0 (Windows NT 10.0; Win64; x64; Xbox; Xbox One) AppleWebKit/537.36 (KHTML, like Gecko) Chrome/114.0.0.0 Safari/537.36 Edge/44.18363.8131"
129.140.0.12 - - [03/Jan/2025:12:37:14 -0500] "GET /683-mr.-nobody-by-onesimus- HTTP/1.1" 200 3906 "https://www.google.com/" "Mozilla/5.0 (Linux; Android 10; K) AppleWebKit/537.36 (KHTML, like Gecko) Chrome/131.0.0.0 Mobile Safari/537.36"
129.140.0.12 - - [03/Jan/2025:12:37:14 -0500] "GET /css/animate.css HTTP/1.1" 200 4001 "https://malawisounds.com/683-mr.-nobody-by-onesimus-" "Mozilla/5.0 (Linux; Android 10; K) AppleWebKit/537.36 (KHTML, like Gecko) Chrome/131.0.0.0 Mobile Safari/537.36"
129.140.0.12 - - [03/Jan/2025:12:37:14 -0500] "GET /css/load.css HTTP/1.1" 200 8159 "https://malawisounds.com/683-mr.-nobody-by-onesimus-" "Mozilla/5.0 (Linux; Android 10; K) AppleWebKit/537.36 (KHTML, like Gecko) Chrome/131.0.0.0 Mobile Safari/537.36"
129.140.0.12 - - [03/Jan/2025:12:37:14 -0500] "GET /css/w3.css HTTP/1.1" 200 4832 "https://malawisounds.com/683-mr.-nobody-by-onesimus-" "Mozilla/5.0 (Linux; Android 10; K) AppleWebKit/537.36 (KHTML, like Gecko) Chrome/131.0.0.0 Mobile Safari/537.36"
129.140.0.12 - - [03/Jan/2025:12:37:14 -0500] "GET /impact/stylesheet.css HTTP/1.1" 200 153 "https://malawisounds.com/683-mr.-nobody-by-onesimus-" "Mozilla/5.0 (Linux; Android 10; K) AppleWebKit/537.36 (KHTML, like Gecko) Chrome/131.0.0.0 Mobile Safari/537.36"
129.140.0.12 - - [03/Jan/2025:12:37:14 -0500] "GET /js/ajax.js HTTP/1.1" 200 784 "https://malawisounds.com/683-mr.-nobody-by-onesimus-" "Mozilla/5.0 (Linux; Android 10; K) AppleWebKit/537.36 (KHTML, like Gecko) Chrome/131.0.0.0 Mobile Safari/537.36"
129.140.0.12 - - [03/Jan/2025:12:37:14 -0500] "GET /js/facebook-api.js HTTP/1.1" 200 183 "https://malawisounds.com/683-mr.-nobody-by-onesimus-" "Mozilla/5.0 (Linux; Android 10; K) AppleWebKit/537.36 (KHTML, like Gecko) Chrome/131.0.0.0 Mobile Safari/537.36"
129.140.0.12 - - [03/Jan/2025:12:37:14 -0500] "GET /bootstrap/css/bootstrap.min.css HTTP/1.1" 200 18270 "https://malawisounds.com/683-mr.-nobody-by-onesimus-" "Mozilla/5.0 (Linux; Android 10; K) AppleWebKit/537.36 (KHTML, like Gecko) Chrome/131.0.0.0 Mobile Safari/537.36"
129.140.0.12 - - [03/Jan/2025:12:37:15 -0500] "GET /Icons/msounds1.png HTTP/1.1" 200 11619 "https://malawisounds.com/683-mr.-nobody-by-onesimus-" "Mozilla/5.0 (Linux; Android 10; K) AppleWebKit/537.36 (KHTML, like Gecko) Chrome/131.0.0.0 Mobile Safari/537.36"
129.140.0.12 - - [03/Jan/2025:12:37:15 -0500] "GET /Icons/facebook.png HTTP/1.1" 200 2279 "https://malawisounds.com/683-mr.-nobody-by-onesimus-" "Mozilla/5.0 (Linux; Android 10; K) AppleWebKit/537.36 (KHTML, like Gecko) Chrome/131.0.0.0 Mobile Safari/537.36"
129.140.0.12 - - [03/Jan/2025:12:37:15 -0500] "GET /Icons/instagram.png HTTP/1.1" 200 2764 "https://malawisounds.com/683-mr.-nobody-by-onesimus-" "Mozilla/5.0 (Linux; Android 10; K) AppleWebKit/537.36 (KHTML, like Gecko) Chrome/131.0.0.0 Mobile Safari/537.36"
129.140.0.12 - - [03/Jan/2025:12:37:16 -0500] "GET /bio/mwsounds-20230703010954-IMG-20230703-030900.jpg HTTP/1.1" 200 25808 "https://malawisounds.com/683-mr.-nobody-by-onesimus-" "Mozilla/5.0 (Linux; Android 10; K) AppleWebKit/537.36 (KHTML, like Gecko) Chrome/131.0.0.0 Mobile Safari/537.36"
129.140.0.12 - - [03/Jan/2025:12:37:16 -0500] "GET /js/jquery.js HTTP/1.1" 200 29664 "https://malawisounds.com/683-mr.-nobody-by-onesimus-" "Mozilla/5.0 (Linux; Android 10; K) AppleWebKit/537.36 (KHTML, like Gecko) Chrome/131.0.0.0 Mobile Safari/537.36"
129.140.0.12 - - [03/Jan/2025:12:37:16 -0500] "GET /Icons/twitter.png HTTP/1.1" 200 2415 "https://malawisounds.com/683-mr.-nobody-by-onesimus-" "Mozilla/5.0 (Linux; Android 10; K) AppleWebKit/537.36 (KHTML, like Gecko) Chrome/131.0.0.0 Mobile Safari/537.36"
129.140.0.12 - - [03/Jan/2025:12:37:16 -0500] "GET /bio/mwsounds-20200801042643-Dr.Drew.jpg HTTP/1.1" 200 80629 "https://malawisounds.com/683-mr.-nobody-by-onesimus-" "Mozilla/5.0 (Linux; Android 10; K) AppleWebKit/537.36 (KHTML, like Gecko) Chrome/131.0.0.0 Mobile Safari/537.36"
129.140.0.12 - - [03/Jan/2025:12:37:16 -0500] "GET /js/nav.js HTTP/1.1" 200 99 "https://malawisounds.com/683-mr.-nobody-by-onesimus-" "Mozilla/5.0 (Linux; Android 10; K) AppleWebKit/537.36 (KHTML, like Gecko) Chrome/131.0.0.0 Mobile Safari/537.36"
129.140.0.12 - - [03/Jan/2025:12:37:16 -0500] "GET /js/wow.js HTTP/1.1" 200 3414 "https://malawisounds.com/683-mr.-nobody-by-onesimus-" "Mozilla/5.0 (Linux; Android 10; K) AppleWebKit/537.36 (KHTML, like Gecko) Chrome/131.0.0.0 Mobile Safari/537.36"
129.140.0.12 - - [03/Jan/2025:12:37:16 -0500] "GET /bio/mwsounds-20200710082408-onesmus.jpg HTTP/1.1" 200 30093 "https://malawisounds.com/683-mr.-nobody-by-onesimus-" "Mozilla/5.0 (Linux; Android 10; K) AppleWebKit/537.36 (KHTML, like Gecko) Chrome/131.0.0.0 Mobile Safari/537.36"
129.140.0.12 - - [03/Jan/2025:12:37:16 -0500] "GET /bio/mwsounds-20200706205025-tay-grin---Copy.jpg HTTP/1.1" 200 43244 "https://malawisounds.com/683-mr.-nobody-by-onesimus-" "Mozilla/5.0 (Linux; Android 10; K) AppleWebKit/537.36 (KHTML, like Gecko) Chrome/131.0.0.0 Mobile Safari/537.36"
129.140.0.12 - - [03/Jan/2025:12:37:16 -0500] "GET /images/mwsounds-20210824104840-fb-img-1629753946030.jpg HTTP/1.1" 200 26407 "https://malawisounds.com/683-mr.-nobody-by-onesimus-" "Mozilla/5.0 (Linux; Android 10; K) AppleWebKit/537.36 (KHTML, like Gecko) Chrome/131.0.0.0 Mobile Safari/537.36"
129.140.0.12 - - [03/Jan/2025:12:37:16 -0500] "GET /ads/MS%20covid.jpg HTTP/1.1" 200 273002 "https://malawisounds.com/683-mr.-nobody-by-onesimus-" "Mozilla/5.0 (Linux; Android 10; K) AppleWebKit/537.36 (KHTML, like Gecko) Chrome/131.0.0.0 Mobile Safari/537.36"
129.140.0.12 - - [03/Jan/2025:12:37:18 -0500] "GET /bio/mwsounds-20200706204045-gwamba.jpg HTTP/1.1" 200 39055 "https://malawisounds.com/683-mr.-nobody-by-onesimus-" "Mozilla/5.0 (Linux; Android 10; K) AppleWebKit/537.36 (KHTML, like Gecko) Chrome/131.0.0.0 Mobile Safari/537.36"
129.140.0.12 - - [03/Jan/2025:12:37:18 -0500] "GET /bio/mwsounds-20200706203533-Namadigo.jpg HTTP/1.1" 200 33718 "https://malawisounds.com/683-mr.-nobody-by-onesimus-" "Mozilla/5.0 (Linux; Android 10; K) AppleWebKit/537.36 (KHTML, like Gecko) Chrome/131.0.0.0 Mobile Safari/537.36"
129.140.0.12 - - [03/Jan/2025:12:37:18 -0500] "GET /bio/mwsounds-20200706120806-FB_IMG_1590948777511.jpg HTTP/1.1" 200 19662 "https://malawisounds.com/683-mr.-nobody-by-onesimus-" "Mozilla/5.0 (Linux; Android 10; K) AppleWebKit/537.36 (KHTML, like Gecko) Chrome/131.0.0.0 Mobile Safari/537.36"
129.140.0.12 - - [03/Jan/2025:12:37:19 -0500] "GET /null HTTP/1.1" 404 1251 "https://malawisounds.com/683-mr.-nobody-by-onesimus-" "Mozilla/5.0 (Linux; Android 10; K) AppleWebKit/537.36 (KHTML, like Gecko) Chrome/131.0.0.0 Mobile Safari/537.36"
129.140.0.12 - - [03/Jan/2025:12:37:20 -0500] "GET /fonts/Gothic-B.ttf HTTP/1.1" 200 129676 "https://malawisounds.com/css/load.css" "Mozilla/5.0 (Linux; Android 10; K) AppleWebKit/537.36 (KHTML, like Gecko) Chrome/131.0.0.0 Mobile Safari/537.36"
129.140.0.12 - - [03/Jan/2025:12:37:20 -0500] "GET /bootstrap/fonts/glyphicons-halflings-regular.woff2 HTTP/1.1" 200 18028 "https://malawisounds.com/bootstrap/css/bootstrap.min.css" "Mozilla/5.0 (Linux; Android 10; K) AppleWebKit/537.36 (KHTML, like Gecko) Chrome/131.0.0.0 Mobile Safari/537.36"
129.140.0.12 - - [03/Jan/2025:12:37:20 -0500] "GET /fonts/Gothic.ttf HTTP/1.1" 200 112628 "https://malawisounds.com/css/load.css" "Mozilla/5.0 (Linux; Android 10; K) AppleWebKit/537.36 (KHTML, like Gecko) Chrome/131.0.0.0 Mobile Safari/537.36"
129.140.0.12 - - [03/Jan/2025:12:37:21 -0500] "GET /download.php?id=683&name=Onesimus%20-Mr.%20Nobody HTTP/1.1" 200 7866634 "https://malawisounds.com/683-mr.-nobody-by-onesimus-" "Mozilla/5.0 (Linux; Android 10; K) AppleWebKit/537.36 (KHTML, like Gecko) Chrome/131.0.0.0 Mobile Safari/537.36"
51.222.253.5 - - [03/Jan/2025:12:37:36 -0500] "GET /1205-Tembenuza--by-Naxy-B-ft-Jay-Blast HTTP/1.1" 200 3952 "-" "Mozilla/5.0 (compatible; AhrefsBot/7.0; +http://ahrefs.com/robot/)"
51.222.253.19 - - [03/Jan/2025:12:38:05 -0500] "GET /sid-819-ilumbeni-mfumuyo-by-zabeta HTTP/1.1" 200 3227 "-" "Mozilla/5.0 (compatible; AhrefsBot/7.0; +http://ahrefs.com/robot/)"
51.222.253.4 - - [03/Jan/2025:12:38:34 -0500] "GET /455-Misozi-by-Suffix-ft.-Esther-Chitheka-Lewis HTTP/1.1" 200 3965 "-" "Mozilla/5.0 (compatible; AhrefsBot/7.0; +http://ahrefs.com/robot/)"
52.167.144.160 - - [03/Jan/2025:12:39:11 -0500] "GET /bio/mwsounds-20220919162659-FB_IMG_1663604564896.jpg HTTP/1.1" 200 27559 "-" "Mozilla/5.0 AppleWebKit/537.36 (KHTML, like Gecko; compatible; bingbot/2.0; +http://www.bing.com/bingbot.htm) Chrome/116.0.1938.76 Safari/537.36"
64.124.8.130 - - [03/Jan/2025:12:39:16 -0500] "GET /219-Here-with-me-by-Onesimus HTTP/1.1" 200 3993 "-" "Mozilla/5.0 (compatible; ImagesiftBot; +imagesift.com)"
51.222.253.4 - - [03/Jan/2025:12:40:05 -0500] "GET /sid-564-unandi-by-kay-taii HTTP/1.1" 200 3230 "-" "Mozilla/5.0 (compatible; AhrefsBot/7.0; +http://ahrefs.com/robot/)"
69.171.249.115 - - [03/Jan/2025:12:40:15 -0500] "GET /images/mwsounds-20220506-070255-Anointed-For-Showing-by-Israel.jpg HTTP/1.1" 200 24004 "-" "facebookexternalhit/1.1 (+http://www.facebook.com/externalhit_uatext.php)"
51.222.253.18 - - [03/Jan/2025:12:40:27 -0500] "GET /sid-627-wonderfully-made-by-hope-makupete HTTP/1.1" 200 3228 "-" "Mozilla/5.0 (compatible; AhrefsBot/7.0; +http://ahrefs.com/robot/)"
51.222.253.18 - - [03/Jan/2025:12:41:19 -0500] "GET /691-Yesu-ndi-Biggy-by-Robertson- HTTP/1.1" 200 3912 "-" "Mozilla/5.0 (compatible; AhrefsBot/7.0; +http://ahrefs.com/robot/)"
82.145.222.246 - - [03/Jan/2025:12:41:23 -0500] "GET /307-ma-ine-by-eli-njuchi HTTP/1.1" 200 4467 "https://www.google.com/search?client=ms-opera-mini&sca_esv=07409c85c1408ace&q=Waptrick+musica+de+eli+njuchi+mai+ine&oq=Waptrick+musica+de+eli+njuchi+mai+ine&aqs=heirloom-srp.." "Opera/9.80 (MAUI Runtime; Opera Mini/4.4.39030/191.361; U; pt) Presto/2.12.423 Version/12.16"
82.145.222.246 - - [03/Jan/2025:12:41:23 -0500] "GET /Icons/malawisounds.ico HTTP/1.1" 200 4286 "https://malawisounds.com/307-ma-ine-by-eli-njuchi" "Opera/9.80 (MAUI Runtime; Opera Mini/4.4.39030/191.361; U; pt) Presto/2.12.423 Version/12.16"
82.145.222.246 - - [03/Jan/2025:12:41:23 -0500] "GET /js/ajax.js HTTP/1.1" 200 965 "https://malawisounds.com/307-ma-ine-by-eli-njuchi" "Opera/9.80 (MAUI Runtime; Opera Mini/4.4.39030/191.361; U; pt) Presto/2.12.423 Version/12.16"
82.145.222.246 - - [03/Jan/2025:12:41:24 -0500] "GET /bio/mwsounds-20230703010954-IMG-20230703-030900.jpg HTTP/1.1" 200 25808 "https://malawisounds.com/307-ma-ine-by-eli-njuchi" "Opera/9.80 (MAUI Runtime; Opera Mini/4.4.39030/191.361; U; pt) Presto/2.12.423 Version/12.16"
82.145.222.246 - - [03/Jan/2025:12:41:24 -0500] "GET /bio/mwsounds-20200706120806-FB_IMG_1590948777511.jpg HTTP/1.1" 200 19662 "https://malawisounds.com/307-ma-ine-by-eli-njuchi" "Opera/9.80 (MAUI Runtime; Opera Mini/4.4.39030/191.361; U; pt) Presto/2.12.423 Version/12.16"
82.145.222.246 - - [03/Jan/2025:12:41:24 -0500] "GET /css/w3.css HTTP/1.1" 200 6038 "https://malawisounds.com/307-ma-ine-by-eli-njuchi" "Opera/9.80 (MAUI Runtime; Opera Mini/4.4.39030/191.361; U; pt) Presto/2.12.423 Version/12.16"
82.145.222.246 - - [03/Jan/2025:12:41:24 -0500] "GET /Icons/facebook.png HTTP/1.1" 200 2279 "https://malawisounds.com/307-ma-ine-by-eli-njuchi" "Opera/9.80 (MAUI Runtime; Opera Mini/4.4.39030/191.361; U; pt) Presto/2.12.423 Version/12.16"
