102.70.4.246 - - [03/Jan/2025:07:31:20 -0500] "GET /bio/mwsounds-20210617114003-Screenshot_20210617-133624_Facebook.jpg HTTP/1.1" 200 12677 "https://malawisounds.com/artist=Lady-Aikaa" "Mozilla/5.0 (Linux; Android 10; K) AppleWebKit/537.36 (KHTML, like Gecko) Chrome/131.0.0.0 Mobile Safari/537.36"
102.70.4.246 - - [03/Jan/2025:07:31:21 -0500] "GET /js/all.min.js HTTP/1.1" 200 423002 "https://malawisounds.com/artist=Lady-Aikaa" "Mozilla/5.0 (Linux; Android 10; K) AppleWebKit/537.36 (KHTML, like Gecko) Chrome/131.0.0.0 Mobile Safari/537.36"
102.70.4.246 - - [03/Jan/2025:07:31:22 -0500] "GET /bio/mwsounds-20200706204045-gwamba.jpg HTTP/1.1" 200 39055 "https://malawisounds.com/artist=Lady-Aikaa" "Mozilla/5.0 (Linux; Android 10; K) AppleWebKit/537.36 (KHTML, like Gecko) Chrome/131.0.0.0 Mobile Safari/537.36"
102.70.4.246 - - [03/Jan/2025:07:31:22 -0500] "GET /bio/mwsounds-20200706203533-Namadigo.jpg HTTP/1.1" 200 33718 "https://malawisounds.com/artist=Lady-Aikaa" "Mozilla/5.0 (Linux; Android 10; K) AppleWebKit/537.36 (KHTML, like Gecko) Chrome/131.0.0.0 Mobile Safari/537.36"
102.70.4.246 - - [03/Jan/2025:07:31:22 -0500] "GET /bio/mwsounds-20200706120806-FB_IMG_1590948777511.jpg HTTP/1.1" 200 19662 "https://malawisounds.com/artist=Lady-Aikaa" "Mozilla/5.0 (Linux; Android 10; K) AppleWebKit/537.36 (KHTML, like Gecko) Chrome/131.0.0.0 Mobile Safari/537.36"
102.70.4.246 - - [03/Jan/2025:07:31:22 -0500] "GET /null HTTP/1.1" 404 1251 "https://malawisounds.com/artist=Lady-Aikaa" "Mozilla/5.0 (Linux; Android 10; K) AppleWebKit/537.36 (KHTML, like Gecko) Chrome/131.0.0.0 Mobile Safari/537.36"
102.70.4.246 - - [03/Jan/2025:07:31:22 -0500] "GET /fonts/Gothic-B.ttf HTTP/1.1" 200 129676 "https://malawisounds.com/css/load.css" "Mozilla/5.0 (Linux; Android 10; K) AppleWebKit/537.36 (KHTML, like Gecko) Chrome/131.0.0.0 Mobile Safari/537.36"
102.70.4.246 - - [03/Jan/2025:07:31:23 -0500] "GET /bootstrap/fonts/glyphicons-halflings-regular.woff2 HTTP/1.1" 200 18028 "https://malawisounds.com/bootstrap/css/bootstrap.css" "Mozilla/5.0 (Linux; Android 10; K) AppleWebKit/537.36 (KHTML, like Gecko) Chrome/131.0.0.0 Mobile Safari/537.36"
102.70.4.246 - - [03/Jan/2025:07:31:23 -0500] "GET /fonts/Gothic.ttf HTTP/1.1" 200 112628 "https://malawisounds.com/css/load.css" "Mozilla/5.0 (Linux; Android 10; K) AppleWebKit/537.36 (KHTML, like Gecko) Chrome/131.0.0.0 Mobile Safari/537.36"
102.70.4.246 - - [03/Jan/2025:07:31:23 -0500] "GET /Icons/malawisounds.ico HTTP/1.1" 200 4286 "https://malawisounds.com/artist=Lady-Aikaa" "Mozilla/5.0 (Linux; Android 10; K) AppleWebKit/537.36 (KHTML, like Gecko) Chrome/131.0.0.0 Mobile Safari/537.36"
51.222.253.1 - - [03/Jan/2025:07:31:27 -0500] "GET /sid-375-mamtah-by-its-priceless-fam HTTP/1.1" 200 3234 "-" "Mozilla/5.0 (compatible; AhrefsBot/7.0; +http://ahrefs.com/robot/)"
102.70.4.246 - - [03/Jan/2025:07:31:41 -0500] "GET /artist=Lady-Aikaa HTTP/1.1" 200 3094 "https://www.google.com/" "Mozilla/5.0 (Linux; Android 10; K) AppleWebKit/537.36 (KHTML, like Gecko) Chrome/131.0.0.0 Mobile Safari/537.36"
102.70.4.246 - - [03/Jan/2025:07:31:41 -0500] "GET /null HTTP/1.1" 404 1251 "https://malawisounds.com/artist=Lady-Aikaa" "Mozilla/5.0 (Linux; Android 10; K) AppleWebKit/537.36 (KHTML, like Gecko) Chrome/131.0.0.0 Mobile Safari/537.36"
51.222.253.3 - - [03/Jan/2025:07:31:51 -0500] "GET /sid-869-i-do-by-ex-leo HTTP/1.1" 200 3205 "-" "Mozilla/5.0 (compatible; AhrefsBot/7.0; +http://ahrefs.com/robot/)"
51.222.253.5 - - [03/Jan/2025:07:32:12 -0500] "GET /sid-440-joanna-by-bonky HTTP/1.1" 200 3232 "-" "Mozilla/5.0 (compatible; AhrefsBot/7.0; +http://ahrefs.com/robot/)"
40.77.167.41 - - [03/Jan/2025:07:32:31 -0500] "GET /289kobzkvo.html HTTP/1.1" 404 1251 "-" "Mozilla/5.0 AppleWebKit/537.36 (KHTML, like Gecko; compatible; bingbot/2.0; +http://www.bing.com/bingbot.htm) Chrome/116.0.1938.76 Safari/537.36"
51.222.253.7 - - [03/Jan/2025:07:32:32 -0500] "GET /sid-867-spirit-by-ex-leo HTTP/1.1" 200 3207 "-" "Mozilla/5.0 (compatible; AhrefsBot/7.0; +http://ahrefs.com/robot/)"
40.77.167.33 - - [03/Jan/2025:07:32:39 -0500] "GET /102b2ps5sp.html HTTP/1.1" 404 1251 "-" "Mozilla/5.0 AppleWebKit/537.36 (KHTML, like Gecko; compatible; bingbot/2.0; +http://www.bing.com/bingbot.htm) Chrome/116.0.1938.76 Safari/537.36"
51.222.253.15 - - [03/Jan/2025:07:32:58 -0500] "GET /sid-820-zachikunja-by-postor-jack HTTP/1.1" 200 3232 "-" "Mozilla/5.0 (compatible; AhrefsBot/7.0; +http://ahrefs.com/robot/)"
51.222.253.6 - - [03/Jan/2025:07:33:21 -0500] "GET /sid-136-ambuye-alinane(remix)-by-mercy-ft.-crecile HTTP/1.1" 200 3248 "-" "Mozilla/5.0 (compatible; AhrefsBot/7.0; +http://ahrefs.com/robot/)"
51.222.253.5 - - [03/Jan/2025:07:33:44 -0500] "GET /artist=Trealz HTTP/1.1" 200 3058 "-" "Mozilla/5.0 (compatible; AhrefsBot/7.0; +http://ahrefs.com/robot/)"
114.119.128.158 - - [03/Jan/2025:07:34:01 -0500] "GET /download_album.php?id=261 HTTP/1.1" 200 12776173 "https://malawisounds.com/malawian-giant-by-crush-point" "Mozilla/5.0 (Linux; Android 7.0;) AppleWebKit/537.36 (KHTML, like Gecko) Mobile Safari/537.36 (compatible; PetalBot;+https://webmaster.petalsearch.com/site/petalbot)"
209.141.35.218 - - [03/Jan/2025:07:34:03 -0500] "GET /news/img-20191004-wa0022.jpg HTTP/1.1" 200 10991 "-" "python-requests/2.32.3"
51.222.253.7 - - [03/Jan/2025:07:34:31 -0500] "GET /sid-198-sovereign-god-by-nara HTTP/1.1" 200 3197 "-" "Mozilla/5.0 (compatible; AhrefsBot/7.0; +http://ahrefs.com/robot/)"
114.119.134.192 - - [03/Jan/2025:07:34:41 -0500] "GET /aid-374-ep-stream-mdzagenda-katauluka HTTP/1.1" 200 3885 "https://www.malawisounds.com/mdzagenda-katauluka-by-light-walkers-music" "Mozilla/5.0 (Linux; Android 7.0;) AppleWebKit/537.36 (KHTML, like Gecko) Mobile Safari/537.36 (compatible; PetalBot;+https://webmaster.petalsearch.com/site/petalbot)"
45.79.42.132 - - [03/Jan/2025:07:35:11 -0500] "HEAD / HTTP/1.1" 200 0 "-" "Spider_Bot/3.0"
51.222.253.15 - - [03/Jan/2025:07:35:23 -0500] "GET /sid-1203-chikhondi-chapa-season--by-danny-blacka- HTTP/1.1" 200 3253 "-" "Mozilla/5.0 (compatible; AhrefsBot/7.0; +http://ahrefs.com/robot/)"
209.141.35.218 - - [03/Jan/2025:07:35:29 -0500] "GET /news/img-20191121-wa0006.jpg HTTP/1.1" 200 31450 "-" "python-requests/2.32.3"
51.222.253.14 - - [03/Jan/2025:07:36:25 -0500] "GET /sid-1528-success--by-kayumba-ck-zambia-ft-tea-eskezoh-empire-boys- HTTP/1.1" 200 3261 "-" "Mozilla/5.0 (compatible; AhrefsBot/7.0; +http://ahrefs.com/robot/)"
209.141.35.218 - - [03/Jan/2025:07:37:05 -0500] "GET /bio/IMG_20210812_114414_569.jpg HTTP/1.1" 200 94184 "-" "python-requests/2.32.3"
51.222.253.10 - - [03/Jan/2025:07:37:39 -0500] "GET /sid-949-anono-mwe-by-yao-king HTTP/1.1" 200 3223 "-" "Mozilla/5.0 (compatible; AhrefsBot/7.0; +http://ahrefs.com/robot/)"
52.167.144.160 - - [03/Jan/2025:07:37:45 -0500] "GET /tv2jnvani.html HTTP/1.1" 404 1251 "-" "Mozilla/5.0 AppleWebKit/537.36 (KHTML, like Gecko; compatible; bingbot/2.0; +http://www.bing.com/bingbot.htm) Chrome/116.0.1938.76 Safari/537.36"
114.119.134.192 - - [03/Jan/2025:07:38:07 -0500] "GET /album-zip.php?title=The-genesis-of-revelation&name=Fatsani HTTP/1.1" 302 0 "https://malawisounds.com/album_songs.php?title=The-genesis-of-revelation&name=Fatsani" "Mozilla/5.0 (Linux; Android 7.0;) AppleWebKit/537.36 (KHTML, like Gecko) Mobile Safari/537.36 (compatible; PetalBot;+https://webmaster.petalsearch.com/site/petalbot)"
51.222.253.13 - - [03/Jan/2025:07:38:07 -0500] "GET /sid-1521-bless-the-lord-by-phil HTTP/1.1" 200 3215 "-" "Mozilla/5.0 (compatible; AhrefsBot/7.0; +http://ahrefs.com/robot/)"
114.119.134.192 - - [03/Jan/2025:07:38:08 -0500] "GET /zipped-albums/The-genesis-of-revelation.zip HTTP/1.1" 200 45743016 "https://malawisounds.com/album_songs.php?title=The-genesis-of-revelation&name=Fatsani" "Mozilla/5.0 (Linux; Android 7.0;) AppleWebKit/537.36 (KHTML, like Gecko) Mobile Safari/537.36 (compatible; PetalBot;+https://webmaster.petalsearch.com/site/petalbot)"
51.222.253.10 - - [03/Jan/2025:07:38:33 -0500] "GET /sid-1347-bakashabakasha-by-richard-mcalira HTTP/1.1" 200 3231 "-" "Mozilla/5.0 (compatible; AhrefsBot/7.0; +http://ahrefs.com/robot/)"
51.222.253.17 - - [03/Jan/2025:07:38:58 -0500] "GET /singles?pageno=64 HTTP/1.1" 200 3807 "-" "Mozilla/5.0 (compatible; AhrefsBot/7.0; +http://ahrefs.com/robot/)"
51.222.253.20 - - [03/Jan/2025:07:39:26 -0500] "GET /sid-2-usadzasinthe-by-en-vee-ft-ricco-d HTTP/1.1" 200 3202 "-" "Mozilla/5.0 (compatible; AhrefsBot/7.0; +http://ahrefs.com/robot/)"
52.167.144.182 - - [03/Jan/2025:07:39:35 -0500] "GET /ab671kngn.html HTTP/1.1" 404 1251 "-" "Mozilla/5.0 AppleWebKit/537.36 (KHTML, like Gecko; compatible; bingbot/2.0; +http://www.bing.com/bingbot.htm) Chrome/116.0.1938.76 Safari/537.36"
51.222.253.14 - - [03/Jan/2025:07:40:10 -0500] "GET /385-Ndiine-by- HTTP/1.1" 200 3865 "-" "Mozilla/5.0 (compatible; AhrefsBot/7.0; +http://ahrefs.com/robot/)"
51.222.253.8 - - [03/Jan/2025:07:40:32 -0500] "GET /sid-1021-m'bebe-by-louid-x-martse-x-toxeec(prod-by-m-two-zee) HTTP/1.1" 200 3272 "-" "Mozilla/5.0 (compatible; AhrefsBot/7.0; +http://ahrefs.com/robot/)"
51.222.253.19 - - [03/Jan/2025:07:41:45 -0500] "GET /singles?pageno=242 HTTP/1.1" 200 3205 "-" "Mozilla/5.0 (compatible; AhrefsBot/7.0; +http://ahrefs.com/robot/)"
51.222.253.8 - - [03/Jan/2025:07:42:06 -0500] "GET /sid-385-ndiine-by- HTTP/1.1" 200 3220 "-" "Mozilla/5.0 (compatible; AhrefsBot/7.0; +http://ahrefs.com/robot/)"
51.222.253.11 - - [03/Jan/2025:07:42:34 -0500] "GET /sid-755-mvera-by-fillz HTTP/1.1" 200 3230 "-" "Mozilla/5.0 (compatible; AhrefsBot/7.0; +http://ahrefs.com/robot/)"
51.222.253.20 - - [03/Jan/2025:07:43:00 -0500] "GET /90-Lero-by-Elka HTTP/1.1" 200 3897 "-" "Mozilla/5.0 (compatible; AhrefsBot/7.0; +http://ahrefs.com/robot/)"
173.252.127.42 - - [03/Jan/2025:07:43:23 -0500] "GET /images/mwsounds-20230623-133957-Vuto-by-Mike-sackson-ft-kita.jpg HTTP/1.1" 200 111647 "-" "facebookexternalhit/1.1 (+http://www.facebook.com/externalhit_uatext.php)"
51.222.253.17 - - [03/Jan/2025:07:43:56 -0500] "GET /indigo-night-by-phronee HTTP/1.1" 200 3988 "-" "Mozilla/5.0 (compatible; AhrefsBot/7.0; +http://ahrefs.com/robot/)"
51.222.253.19 - - [03/Jan/2025:07:44:24 -0500] "GET /sid-946-a-man-branded-from-heaven-by-leo-hymnist-ft.-jowie HTTP/1.1" 200 3258 "-" "Mozilla/5.0 (compatible; AhrefsBot/7.0; +http://ahrefs.com/robot/)"
51.222.253.11 - - [03/Jan/2025:07:45:17 -0500] "GET /sid-404-solomoni-by-onesimus HTTP/1.1" 200 3225 "-" "Mozilla/5.0 (compatible; AhrefsBot/7.0; +http://ahrefs.com/robot/)"
51.222.253.6 - - [03/Jan/2025:07:45:41 -0500] "GET /sid-671-ngati-dolo-by-suffix-ft-onesimus HTTP/1.1" 200 3246 "-" "Mozilla/5.0 (compatible; AhrefsBot/7.0; +http://ahrefs.com/robot/)"
51.222.253.3 - - [03/Jan/2025:07:46:03 -0500] "GET /singles?pageno=35 HTTP/1.1" 200 3882 "-" "Mozilla/5.0 (compatible; AhrefsBot/7.0; +http://ahrefs.com/robot/)"
209.141.35.218 - - [03/Jan/2025:07:46:09 -0500] "GET /bio/IMG-20190531-WA0066.jpg HTTP/1.1" 200 20144 "-" "python-requests/2.32.3"
51.222.253.3 - - [03/Jan/2025:07:46:25 -0500] "GET /sid-388-always-there-by-dr.-drew HTTP/1.1" 200 3249 "-" "Mozilla/5.0 (compatible; AhrefsBot/7.0; +http://ahrefs.com/robot/)"
51.222.253.3 - - [03/Jan/2025:07:46:47 -0500] "GET /sid-423-nyimbo-by-pastor's-unit HTTP/1.1" 200 3212 "-" "Mozilla/5.0 (compatible; AhrefsBot/7.0; +http://ahrefs.com/robot/)"
51.222.253.8 - - [03/Jan/2025:07:47:33 -0500] "GET /1307-Yoh-Body-by-El-Burglar HTTP/1.1" 200 3962 "-" "Mozilla/5.0 (compatible; AhrefsBot/7.0; +http://ahrefs.com/robot/)"
51.222.253.7 - - [03/Jan/2025:07:47:52 -0500] "GET /sid-480-one-day-by-kell-kay HTTP/1.1" 200 3273 "-" "Mozilla/5.0 (compatible; AhrefsBot/7.0; +http://ahrefs.com/robot/)"
51.222.253.12 - - [03/Jan/2025:07:48:14 -0500] "GET /sid-526-streets-by-afana-gattah-ase HTTP/1.1" 200 3233 "-" "Mozilla/5.0 (compatible; AhrefsBot/7.0; +http://ahrefs.com/robot/)"
40.88.21.235 - - [03/Jan/2025:07:48:22 -0500] "GET / HTTP/1.1" 200 3709 "https://www.malawisounds.com/" "DuckDuckBot/1.1; (+http://duckduckgo.com/duckduckbot.html)"
40.88.21.235 - - [03/Jan/2025:07:48:22 -0500] "GET /Icons/malawisounds.ico HTTP/1.1" 200 4286 "https://www.malawisounds.com/Icons/malawisounds.ico" "DuckDuckBot/1.1; (+http://duckduckgo.com/duckduckbot.html)"
111.225.148.55 - - [03/Jan/2025:07:48:48 -0500] "GET /artist=Blessings-Gondwe HTTP/1.1" 200 3715 "-" "Mozilla/5.0 (Linux; Android 5.0) AppleWebKit/537.36 (KHTML, like Gecko) Mobile Safari/537.36 (compatible; Bytespider; https://zhanzhang.toutiao.com/)"
111.225.148.55 - - [03/Jan/2025:07:48:49 -0500] "GET /bio/mwsounds-20200719151645-FB_IMG_1568057668655.jpg HTTP/1.1" 206 500 "https://www.malawisounds.com/artist=Blessings-Gondwe" "Mozilla/5.0 (Linux; Android 5.0) AppleWebKit/537.36 (KHTML, like Gecko) Mobile Safari/537.36 (compatible; Bytespider; https://zhanzhang.toutiao.com/)"
111.225.148.55 - - [03/Jan/2025:07:48:49 -0500] "GET /null HTTP/1.1" 404 1251 "https://www.malawisounds.com/artist=Blessings-Gondwe" "Mozilla/5.0 (Linux; Android 5.0) AppleWebKit/537.36 (KHTML, like Gecko) Mobile Safari/537.36 (compatible; Bytespider; https://zhanzhang.toutiao.com/)"
114.119.158.0 - - [03/Jan/2025:07:49:21 -0500] "GET /sid-758-special-loving--by-mdnayo-enecho- HTTP/1.1" 200 3647 "https://www.malawisounds.com/758-Special-loving--by-Mdnayo-Enecho-" "Mozilla/5.0 (Linux; Android 7.0;) AppleWebKit/537.36 (KHTML, like Gecko) Mobile Safari/537.36 (compatible; PetalBot;+https://webmaster.petalsearch.com/site/petalbot)"
66.249.65.160 - - [03/Jan/2025:07:49:25 -0500] "GET /ads.txt HTTP/1.1" 404 1251 "-" "Mozilla/5.0 (compatible; Googlebot/2.1; +http://www.google.com/bot.html)"
51.222.253.4 - - [03/Jan/2025:07:49:28 -0500] "GET /sid-316-amamva-kuyitana-by-ronald-chikafa HTTP/1.1" 200 3220 "-" "Mozilla/5.0 (compatible; AhrefsBot/7.0; +http://ahrefs.com/robot/)"
51.222.253.9 - - [03/Jan/2025:07:49:52 -0500] "GET /227-Wandiyika-Apa-by-Blessings-Gondwe HTTP/1.1" 200 3924 "-" "Mozilla/5.0 (compatible; AhrefsBot/7.0; +http://ahrefs.com/robot/)"
52.167.144.19 - - [03/Jan/2025:07:50:14 -0500] "GET /mdqtmhiaa.html HTTP/1.1" 404 1251 "-" "Mozilla/5.0 AppleWebKit/537.36 (KHTML, like Gecko; compatible; bingbot/2.0; +http://www.bing.com/bingbot.htm) Chrome/116.0.1938.76 Safari/537.36"
52.167.144.19 - - [03/Jan/2025:07:50:15 -0500] "GET /n100rumys.html HTTP/1.1" 404 1251 "-" "Mozilla/5.0 AppleWebKit/537.36 (KHTML, like Gecko; compatible; bingbot/2.0; +http://www.bing.com/bingbot.htm) Chrome/116.0.1938.76 Safari/537.36"
51.222.253.6 - - [03/Jan/2025:07:50:19 -0500] "GET /playlist-by-sir-odilo HTTP/1.1" 200 4128 "-" "Mozilla/5.0 (compatible; AhrefsBot/7.0; +http://ahrefs.com/robot/)"
51.222.253.8 - - [03/Jan/2025:07:50:47 -0500] "GET /sid-534-north-side-by-df-and-i'mbash HTTP/1.1" 200 3231 "-" "Mozilla/5.0 (compatible; AhrefsBot/7.0; +http://ahrefs.com/robot/)"
66.249.65.161 - - [03/Jan/2025:07:51:09 -0500] "GET /songs.php?id=524&name=Henwood-Won%27t-be-the-same HTTP/1.1" 200 3984 "-" "Mozilla/5.0 (Linux; Android 6.0.1; Nexus 5X Build/MMB29P) AppleWebKit/537.36 (KHTML, like Gecko) Chrome/131.0.6778.139 Mobile Safari/537.36 (compatible; Googlebot/2.1; +http://www.google.com/bot.html)"
52.167.144.213 - - [03/Jan/2025:07:51:14 -0500] "GET /artist=Eli-Njuchi HTTP/1.1" 200 3040 "-" "Mozilla/5.0 AppleWebKit/537.36 (KHTML, like Gecko; compatible; bingbot/2.0; +http://www.bing.com/bingbot.htm) Chrome/116.0.1938.76 Safari/537.36"
51.222.253.13 - - [03/Jan/2025:07:51:57 -0500] "GET /albums?pageno=140 HTTP/1.1" 200 2900 "-" "Mozilla/5.0 (compatible; AhrefsBot/7.0; +http://ahrefs.com/robot/)"
51.222.253.4 - - [03/Jan/2025:07:52:18 -0500] "GET /singles?pageno=271 HTTP/1.1" 200 3206 "-" "Mozilla/5.0 (compatible; AhrefsBot/7.0; +http://ahrefs.com/robot/)"
209.141.35.218 - - [03/Jan/2025:07:52:49 -0500] "GET /bio/IMG-20180827-WA0010.jpg HTTP/1.1" 200 21454 "-" "python-requests/2.32.3"
66.249.73.2 - - [03/Jan/2025:07:52:59 -0500] "GET /766-Bwelera--by-Dziwa-and-Salimo HTTP/1.1" 200 3935 "-" "Mozilla/5.0 (Linux; Android 6.0.1; Nexus 5X Build/MMB29P) AppleWebKit/537.36 (KHTML, like Gecko) Chrome/131.0.6778.139 Mobile Safari/537.36 (compatible; Googlebot/2.1; +http://www.google.com/bot.html)"
51.222.253.3 - - [03/Jan/2025:07:53:11 -0500] "GET /singles.php?pageno=108 HTTP/1.1" 200 3754 "-" "Mozilla/5.0 (compatible; AhrefsBot/7.0; +http://ahrefs.com/robot/)"
51.222.253.8 - - [03/Jan/2025:07:53:41 -0500] "GET /760-Adzatikwezera-Mbendera-by-Santhe-Assemblies-of-God-OMC-choir HTTP/1.1" 200 4019 "-" "Mozilla/5.0 (compatible; AhrefsBot/7.0; +http://ahrefs.com/robot/)"
51.222.253.3 - - [03/Jan/2025:07:54:04 -0500] "GET /singles.php?pageno=161 HTTP/1.1" 200 3204 "-" "Mozilla/5.0 (compatible; AhrefsBot/7.0; +http://ahrefs.com/robot/)"
52.167.144.194 - - [03/Jan/2025:07:54:22 -0500] "GET /248-Nena-Zako-by-Michael-Yekha HTTP/1.1" 200 3917 "-" "Mozilla/5.0 AppleWebKit/537.36 (KHTML, like Gecko; compatible; bingbot/2.0; +http://www.bing.com/bingbot.htm) Chrome/116.0.1938.76 Safari/537.36"
51.222.253.19 - - [03/Jan/2025:07:54:32 -0500] "GET /sid-666-andichengetela-by-saxess-ft.-grace-jr HTTP/1.1" 200 3247 "-" "Mozilla/5.0 (compatible; AhrefsBot/7.0; +http://ahrefs.com/robot/)"
209.141.35.218 - - [03/Jan/2025:07:54:37 -0500] "GET /bio/Nelias-Elias.jpg HTTP/1.1" 200 37108 "-" "python-requests/2.32.3"
37.19.217.87 - - [03/Jan/2025:07:54:41 -0500] "GET /contact-us HTTP/1.1" 200 2637 "-" "Mozilla/5.0 (Windows NT 10.0; Win64; x64; Xbox; Xbox One) AppleWebKit/537.36 (KHTML, like Gecko) Chrome/114.0.0.0 Safari/537.36 Edge/44.18363.8131"
37.19.217.87 - - [03/Jan/2025:07:54:42 -0500] "POST /contact.php HTTP/1.1" 200 3110 "https://malawisounds.com/contact-us" "Mozilla/5.0 (Windows NT 10.0; Win64; x64; Xbox; Xbox One) AppleWebKit/537.36 (KHTML, like Gecko) Chrome/114.0.0.0 Safari/537.36 Edge/44.18363.8131"
51.222.253.13 - - [03/Jan/2025:07:55:01 -0500] "GET /366-You-saved-my-life-by-Praizy-Liwonde HTTP/1.1" 200 3930 "-" "Mozilla/5.0 (compatible; AhrefsBot/7.0; +http://ahrefs.com/robot/)"
102.70.6.184 - - [03/Jan/2025:07:55:30 -0500] "GET /1569-akufunika-adziwe-by-fredrick-sulani- HTTP/1.1" 200 3934 "https://www.google.com/" "Mozilla/5.0 (Linux; Android 10; K) AppleWebKit/537.36 (KHTML, like Gecko) Chrome/131.0.0.0 Mobile Safari/537.36"
102.70.6.184 - - [03/Jan/2025:07:55:31 -0500] "GET /uploads/Akufunika-Adziwe-by-Fredrick-Sulani-.mp3 HTTP/1.1" 206 3798650 "https://malawisounds.com/1569-akufunika-adziwe-by-fredrick-sulani-" "Mozilla/5.0 (Linux; Android 10; K) AppleWebKit/537.36 (KHTML, like Gecko) Chrome/131.0.0.0 Mobile Safari/537.36"
102.70.6.184 - - [03/Jan/2025:07:55:33 -0500] "GET /uploads/Akufunika-Adziwe-by-Fredrick-Sulani-.mp3 HTTP/1.1" 206 5767168 "https://malawisounds.com/1569-akufunika-adziwe-by-fredrick-sulani-" "Mozilla/5.0 (Linux; Android 10; K) AppleWebKit/537.36 (KHTML, like Gecko) Chrome/131.0.0.0 Mobile Safari/537.36"
102.70.6.184 - - [03/Jan/2025:07:55:33 -0500] "GET /uploads/Akufunika-Adziwe-by-Fredrick-Sulani-.mp3 HTTP/1.1" 206 9830400 "https://malawisounds.com/1569-akufunika-adziwe-by-fredrick-sulani-" "Mozilla/5.0 (Linux; Android 10; K) AppleWebKit/537.36 (KHTML, like Gecko) Chrome/131.0.0.0 Mobile Safari/537.36"
51.222.253.1 - - [03/Jan/2025:07:55:37 -0500] "GET /sid-103-amandida-by-shattah-ranks-ft-kho-gomzy HTTP/1.1" 200 3218 "-" "Mozilla/5.0 (compatible; AhrefsBot/7.0; +http://ahrefs.com/robot/)"
40.77.167.136 - - [03/Jan/2025:07:55:38 -0500] "GET /album-zip.php?title=malawian-giant&name=crush-point HTTP/1.1" 302 0 "-" "Mozilla/5.0 AppleWebKit/537.36 (KHTML, like Gecko; compatible; bingbot/2.0; +http://www.bing.com/bingbot.htm) Chrome/116.0.1938.76 Safari/537.36"
102.70.6.184 - - [03/Jan/2025:07:55:34 -0500] "GET /download.php?id=1569&name=Fredrick%20Sulani%20-Akufunika%20Adziwe HTTP/1.1" 200 15427316 "https://malawisounds.com/1569-akufunika-adziwe-by-fredrick-sulani-" "Mozilla/5.0 (Linux; Android 10; K) AppleWebKit/537.36 (KHTML, like Gecko) Chrome/131.0.0.0 Mobile Safari/537.36"
40.77.167.136 - - [03/Jan/2025:07:55:39 -0500] "GET /zipped-albums/malawian-giant.zip HTTP/1.1" 200 65536000 "-" "Mozilla/5.0 AppleWebKit/537.36 (KHTML, like Gecko; compatible; bingbot/2.0; +http://www.bing.com/bingbot.htm) Chrome/116.0.1938.76 Safari/537.36"
209.141.35.218 - - [03/Jan/2025:07:55:42 -0500] "GET /bio/mwsounds-20210808190906-20210808_193550.jpg HTTP/1.1" 200 6907 "-" "python-requests/2.32.3"
31.13.115.114 - - [03/Jan/2025:07:55:47 -0500] "GET /article=24 HTTP/1.1" 200 12877 "-" "meta-externalagent/1.1 (+https://developers.facebook.com/docs/sharing/webmasters/crawler)"
31.13.127.112 - - [03/Jan/2025:07:56:05 -0500] "GET /songs.php?id=604 HTTP/1.1" 200 14441 "-" "facebookexternalhit/1.1 (+http://www.facebook.com/externalhit_uatext.php)"
31.13.127.9 - - [03/Jan/2025:07:56:05 -0500] "GET /songs.php?id=604 HTTP/1.1" 200 14441 "-" "facebookexternalhit/1.1 (+http://www.facebook.com/externalhit_uatext.php)"
51.222.253.4 - - [03/Jan/2025:07:56:42 -0500] "GET /artist=Faith-DJ HTTP/1.1" 200 3383 "-" "Mozilla/5.0 (compatible; AhrefsBot/7.0; +http://ahrefs.com/robot/)"
52.167.144.194 - - [03/Jan/2025:07:57:04 -0500] "GET /2g05gmbtpy.html HTTP/1.1" 404 1251 "-" "Mozilla/5.0 AppleWebKit/537.36 (KHTML, like Gecko; compatible; bingbot/2.0; +http://www.bing.com/bingbot.htm) Chrome/116.0.1938.76 Safari/537.36"
51.222.253.11 - - [03/Jan/2025:07:57:09 -0500] "GET /296-Panado-by-Onesimus HTTP/1.1" 200 3872 "-" "Mozilla/5.0 (compatible; AhrefsBot/7.0; +http://ahrefs.com/robot/)"
202.8.41.90 - - [03/Jan/2025:07:57:09 -0500] "GET /css/w3.css HTTP/1.1" 200 4832 "https://www.malawisounds.com/296-Panado-by-Onesimus" "Mozilla/5.0 (compatible; AhrefsBot/7.0; +http://ahrefs.com/robot/)"
202.8.41.90 - - [03/Jan/2025:07:57:09 -0500] "GET /bootstrap/css/bootstrap.min.css HTTP/1.1" 200 18270 "https://www.malawisounds.com/296-Panado-by-Onesimus" "Mozilla/5.0 (compatible; AhrefsBot/7.0; +http://ahrefs.com/robot/)"
202.8.41.90 - - [03/Jan/2025:07:57:09 -0500] "GET /css/load.css HTTP/1.1" 200 8159 "https://www.malawisounds.com/296-Panado-by-Onesimus" "Mozilla/5.0 (compatible; AhrefsBot/7.0; +http://ahrefs.com/robot/)"
202.8.41.90 - - [03/Jan/2025:07:57:09 -0500] "GET /js/ajax.js HTTP/1.1" 200 784 "https://www.malawisounds.com/296-Panado-by-Onesimus" "Mozilla/5.0 (compatible; AhrefsBot/7.0; +http://ahrefs.com/robot/)"
202.8.41.90 - - [03/Jan/2025:07:57:09 -0500] "GET /js/facebook-api.js HTTP/1.1" 200 183 "https://www.malawisounds.com/296-Panado-by-Onesimus" "Mozilla/5.0 (compatible; AhrefsBot/7.0; +http://ahrefs.com/robot/)"
202.8.41.90 - - [03/Jan/2025:07:57:09 -0500] "GET /impact/stylesheet.css HTTP/1.1" 200 153 "https://www.malawisounds.com/296-Panado-by-Onesimus" "Mozilla/5.0 (compatible; AhrefsBot/7.0; +http://ahrefs.com/robot/)"
202.8.41.90 - - [03/Jan/2025:07:57:09 -0500] "GET /css/animate.css HTTP/1.1" 200 4001 "https://www.malawisounds.com/296-Panado-by-Onesimus" "Mozilla/5.0 (compatible; AhrefsBot/7.0; +http://ahrefs.com/robot/)"
202.8.41.90 - - [03/Jan/2025:07:57:10 -0500] "GET /js/nav.js HTTP/1.1" 200 99 "https://www.malawisounds.com/296-Panado-by-Onesimus" "Mozilla/5.0 (compatible; AhrefsBot/7.0; +http://ahrefs.com/robot/)"
202.8.41.90 - - [03/Jan/2025:07:57:10 -0500] "GET /js/jquery.js HTTP/1.1" 200 29664 "https://www.malawisounds.com/296-Panado-by-Onesimus" "Mozilla/5.0 (compatible; AhrefsBot/7.0; +http://ahrefs.com/robot/)"
202.8.41.90 - - [03/Jan/2025:07:57:10 -0500] "GET /js/wow.js HTTP/1.1" 200 3414 "https://www.malawisounds.com/296-Panado-by-Onesimus" "Mozilla/5.0 (compatible; AhrefsBot/7.0; +http://ahrefs.com/robot/)"
202.8.41.90 - - [03/Jan/2025:07:57:10 -0500] "GET /fonts/Gothic.ttf HTTP/1.1" 200 112628 "https://www.malawisounds.com/css/load.css" "Mozilla/5.0 (compatible; AhrefsBot/7.0; +http://ahrefs.com/robot/)"
202.8.41.90 - - [03/Jan/2025:07:57:10 -0500] "GET /fonts/Gothic-B.ttf HTTP/1.1" 200 129676 "https://www.malawisounds.com/css/load.css" "Mozilla/5.0 (compatible; AhrefsBot/7.0; +http://ahrefs.com/robot/)"
202.8.41.90 - - [03/Jan/2025:07:57:10 -0500] "GET /bootstrap/fonts/glyphicons-halflings-regular.woff2 HTTP/1.1" 200 18028 "https://www.malawisounds.com/bootstrap/css/bootstrap.min.css" "Mozilla/5.0 (compatible; AhrefsBot/7.0; +http://ahrefs.com/robot/)"
40.77.167.136 - - [03/Jan/2025:07:57:19 -0500] "GET /545-Ndasankha-by-Eliza-Mponya HTTP/1.1" 200 3923 "-" "Mozilla/5.0 AppleWebKit/537.36 (KHTML, like Gecko; compatible; bingbot/2.0; +http://www.bing.com/bingbot.htm) Chrome/116.0.1938.76 Safari/537.36"
66.249.73.2 - - [03/Jan/2025:07:57:30 -0500] "GET /150-unfortunate-by-david-kata-ft-kidma(prod.-by-masclan-records) HTTP/1.1" 200 3972 "-" "Mozilla/5.0 (Linux; Android 6.0.1; Nexus 5X Build/MMB29P) AppleWebKit/537.36 (KHTML, like Gecko) Chrome/131.0.6778.139 Mobile Safari/537.36 (compatible; Googlebot/2.1; +http://www.google.com/bot.html)"
51.222.253.14 - - [03/Jan/2025:07:57:36 -0500] "GET /sid-768-saafuna-badman-by-naptin-ft-fred-mineo HTTP/1.1" 200 3269 "-" "Mozilla/5.0 (compatible; AhrefsBot/7.0; +http://ahrefs.com/robot/)"
51.222.253.7 - - [03/Jan/2025:07:58:28 -0500] "GET /videos?pageno=32 HTTP/1.1" 200 2833 "-" "Mozilla/5.0 (compatible; AhrefsBot/7.0; +http://ahrefs.com/robot/)"
51.222.253.16 - - [03/Jan/2025:07:58:50 -0500] "GET /sid-796-with-you-by-mjayz HTTP/1.1" 200 3211 "-" "Mozilla/5.0 (compatible; AhrefsBot/7.0; +http://ahrefs.com/robot/)"
51.222.253.6 - - [03/Jan/2025:07:59:17 -0500] "GET /aid-429-album-stream-new-life HTTP/1.1" 200 3647 "-" "Mozilla/5.0 (compatible; AhrefsBot/7.0; +http://ahrefs.com/robot/)"
51.222.253.7 - - [03/Jan/2025:07:59:45 -0500] "GET /aid-12-free-stream-tangolingalira HTTP/1.1" 200 3566 "-" "Mozilla/5.0 (compatible; AhrefsBot/7.0; +http://ahrefs.com/robot/)"
51.222.253.10 - - [03/Jan/2025:08:00:05 -0500] "GET /1057-Ofunika-Ku-Worker-by-KMG HTTP/1.1" 200 3933 "-" "Mozilla/5.0 (compatible; AhrefsBot/7.0; +http://ahrefs.com/robot/)"
51.222.253.12 - - [03/Jan/2025:08:00:37 -0500] "GET /254-Adimaki-by-GoFetch HTTP/1.1" 200 3893 "-" "Mozilla/5.0 (compatible; AhrefsBot/7.0; +http://ahrefs.com/robot/)"
52.167.144.194 - - [03/Jan/2025:08:01:16 -0500] "GET /100bleqswj.html HTTP/1.1" 404 1251 "-" "Mozilla/5.0 AppleWebKit/537.36 (KHTML, like Gecko; compatible; bingbot/2.0; +http://www.bing.com/bingbot.htm) Chrome/116.0.1938.76 Safari/537.36"
51.222.253.1 - - [03/Jan/2025:08:01:37 -0500] "GET /sid-143-kabuntu-by-shattah-ranks- HTTP/1.1" 200 3229 "-" "Mozilla/5.0 (compatible; AhrefsBot/7.0; +http://ahrefs.com/robot/)"
51.222.253.17 - - [03/Jan/2025:08:02:12 -0500] "GET /82-Craving-for-by-Paul-Strong HTTP/1.1" 200 3899 "-" "Mozilla/5.0 (compatible; AhrefsBot/7.0; +http://ahrefs.com/robot/)"
51.222.253.10 - - [03/Jan/2025:08:02:44 -0500] "GET /672-Mtsinje-by-Nesness- HTTP/1.1" 200 3919 "-" "Mozilla/5.0 (compatible; AhrefsBot/7.0; +http://ahrefs.com/robot/)"
40.77.167.230 - - [03/Jan/2025:08:03:18 -0500] "GET /video=64-sakaka-by-namadingo HTTP/1.1" 200 1865 "-" "Mozilla/5.0 AppleWebKit/537.36 (KHTML, like Gecko; compatible; bingbot/2.0; +http://www.bing.com/bingbot.htm) Chrome/116.0.1938.76 Safari/537.36"
51.222.253.20 - - [03/Jan/2025:08:03:45 -0500] "GET /sid-277-nsanje-by-rated-18+kaizer-slem+novah HTTP/1.1" 200 3236 "-" "Mozilla/5.0 (compatible; AhrefsBot/7.0; +http://ahrefs.com/robot/)"
52.167.144.198 - - [03/Jan/2025:08:04:10 -0500] "GET /e7r2rzv7v.html HTTP/1.1" 404 1251 "-" "Mozilla/5.0 AppleWebKit/537.36 (KHTML, like Gecko; compatible; bingbot/2.0; +http://www.bing.com/bingbot.htm) Chrome/116.0.1938.76 Safari/537.36"
51.222.253.9 - - [03/Jan/2025:08:04:18 -0500] "GET /sid-245-mukwezeke-yesu-by-elikam-mathemba HTTP/1.1" 200 3240 "-" "Mozilla/5.0 (compatible; AhrefsBot/7.0; +http://ahrefs.com/robot/)"
40.77.167.10 - - [03/Jan/2025:08:04:35 -0500] "GET /2elogqfhnc.html HTTP/1.1" 404 1251 "-" "Mozilla/5.0 AppleWebKit/537.36 (KHTML, like Gecko; compatible; bingbot/2.0; +http://www.bing.com/bingbot.htm) Chrome/116.0.1938.76 Safari/537.36"
51.222.253.9 - - [03/Jan/2025:08:04:45 -0500] "GET /sid-66-twinz-by-vallenz HTTP/1.1" 200 3202 "-" "Mozilla/5.0 (compatible; AhrefsBot/7.0; +http://ahrefs.com/robot/)"
114.119.138.207 - - [03/Jan/2025:08:04:51 -0500] "GET /video=19-yobwata-by-suffix-ft-faith-mussa HTTP/1.1" 200 2075 "https://www.malawisounds.com/videos?pageno=6" "Mozilla/5.0 (Linux; Android 7.0;) AppleWebKit/537.36 (KHTML, like Gecko) Mobile Safari/537.36 (compatible; PetalBot;+https://webmaster.petalsearch.com/site/petalbot)"
51.222.253.6 - - [03/Jan/2025:08:05:19 -0500] "GET /buy-ageless-hymns-album-by-rabecca-mwafulirwa HTTP/1.1" 200 5348 "-" "Mozilla/5.0 (compatible; AhrefsBot/7.0; +http://ahrefs.com/robot/)"
52.167.144.175 - - [03/Jan/2025:08:05:26 -0500] "GET /21ml2wufh1.html HTTP/1.1" 404 1251 "-" "Mozilla/5.0 AppleWebKit/537.36 (KHTML, like Gecko; compatible; bingbot/2.0; +http://www.bing.com/bingbot.htm) Chrome/116.0.1938.76 Safari/537.36"
216.244.66.237 - - [03/Jan/2025:08:06:18 -0500] "GET /robots.txt HTTP/1.1" 404 1251 "-" "Mozilla/5.0 (compatible; DotBot/1.2; +https://opensiteexplorer.org/dotbot; help@moz.com)"
216.244.66.237 - - [03/Jan/2025:08:06:18 -0500] "GET /robots.txt HTTP/1.1" 404 1251 "-" "Mozilla/5.0 (compatible; DotBot/1.2; +https://opensiteexplorer.org/dotbot; help@moz.com)"
51.222.253.9 - - [03/Jan/2025:08:06:19 -0500] "GET /166-My-Help-by- HTTP/1.1" 200 3882 "-" "Mozilla/5.0 (compatible; AhrefsBot/7.0; +http://ahrefs.com/robot/)"
51.222.253.6 - - [03/Jan/2025:08:06:52 -0500] "GET /buy-kalibu-yesu-album-by-precious-matapula HTTP/1.1" 200 5347 "-" "Mozilla/5.0 (compatible; AhrefsBot/7.0; +http://ahrefs.com/robot/)"
51.222.253.20 - - [03/Jan/2025:08:07:25 -0500] "GET /the-dependable-ep-by-kmg HTTP/1.1" 200 4102 "-" "Mozilla/5.0 (compatible; AhrefsBot/7.0; +http://ahrefs.com/robot/)"
102.70.0.11 - - [03/Jan/2025:08:07:30 -0500] "GET /bio/mwsounds-20200706205720-kelvin-sings.jpg HTTP/1.1" 200 18540 "https://www.bing.com/" "Mozilla/5.0 (Linux; Android 10; K) AppleWebKit/537.36 (KHTML, like Gecko) Chrome/116.0.0.0 Mobile Safari/537.36"
114.119.128.158 - - [03/Jan/2025:08:07:36 -0500] "GET /video=20-don't-run-away-by-faith-mussa HTTP/1.1" 200 2069 "-" "Mozilla/5.0 (Linux; Android 7.0;) AppleWebKit/537.36 (KHTML, like Gecko) Mobile Safari/537.36 (compatible; PetalBot;+https://webmaster.petalsearch.com/site/petalbot)"
51.222.253.8 - - [03/Jan/2025:08:08:26 -0500] "GET /buy-ageless-hymns-album-by-rabecca-mwafulirwa HTTP/1.1" 200 5348 "-" "Mozilla/5.0 (compatible; AhrefsBot/7.0; +http://ahrefs.com/robot/)"
51.222.253.15 - - [03/Jan/2025:08:10:02 -0500] "GET /sid-1352-wafikanso--by-heavy-t-mw HTTP/1.1" 200 3227 "-" "Mozilla/5.0 (compatible; AhrefsBot/7.0; +http://ahrefs.com/robot/)"
114.119.136.72 - - [03/Jan/2025:08:10:22 -0500] "GET /aid-62-free-stream-Mr-Dancehall-x-Don-Gogo HTTP/1.1" 200 4053 "https://www.malawisounds.com/album_songs.php?title=MR-DANCEHALL&name=Inno-Busy" "Mozilla/5.0 (Linux; Android 7.0;) AppleWebKit/537.36 (KHTML, like Gecko) Mobile Safari/537.36 (compatible; PetalBot;+https://webmaster.petalsearch.com/site/petalbot)"
51.222.253.9 - - [03/Jan/2025:08:11:09 -0500] "GET /sid-1340-samasintha-by-oj HTTP/1.1" 200 3203 "-" "Mozilla/5.0 (compatible; AhrefsBot/7.0; +http://ahrefs.com/robot/)"
51.222.253.5 - - [03/Jan/2025:08:12:18 -0500] "GET /961-your-name-by-fresh-i-mw HTTP/1.1" 200 3907 "-" "Mozilla/5.0 (compatible; AhrefsBot/7.0; +http://ahrefs.com/robot/)"
52.167.144.175 - - [03/Jan/2025:08:12:35 -0500] "GET /bootstrap/ HTTP/1.1" 403 1242 "-" "Mozilla/5.0 AppleWebKit/537.36 (KHTML, like Gecko; compatible; bingbot/2.0; +http://www.bing.com/bingbot.htm) Chrome/116.0.1938.76 Safari/537.36"
51.222.253.8 - - [03/Jan/2025:08:12:45 -0500] "GET /sid-572-joseph-kalirani-by-taygrin HTTP/1.1" 200 3241 "-" "Mozilla/5.0 (compatible; AhrefsBot/7.0; +http://ahrefs.com/robot/)"
66.249.65.161 - - [03/Jan/2025:08:13:05 -0500] "GET /singles?pageno=7 HTTP/1.1" 200 3683 "-" "Mozilla/5.0 (Linux; Android 6.0.1; Nexus 5X Build/MMB29P) AppleWebKit/537.36 (KHTML, like Gecko) Chrome/131.0.6778.139 Mobile Safari/537.36 (compatible; Googlebot/2.1; +http://www.google.com/bot.html)"
51.222.253.15 - - [03/Jan/2025:08:13:13 -0500] "GET /artist=Numerie HTTP/1.1" 200 3164 "-" "Mozilla/5.0 (compatible; AhrefsBot/7.0; +http://ahrefs.com/robot/)"
154.213.185.165 - - [03/Jan/2025:08:13:20 -0500] "GET / HTTP/1.1" 200 12109 "malawisounds.com" "Mozilla/5.0 (Windows NT 5.1) AppleWebKit/537.36 (KHTML, like Gecko) Chrome/48.0.2564.109 Safari/537.36"
154.213.185.165 - - [03/Jan/2025:08:13:24 -0500] "GET /1671-Sacrifice--by-Tasha-Daffrece HTTP/1.1" 200 14483 "https://malawisounds.com/1671-Sacrifice--by-Tasha-Daffrece" "Mozilla/5.0 (Windows NT 5.1) AppleWebKit/537.36 (KHTML, like Gecko) Chrome/48.0.2564.109 Safari/537.36"
154.213.185.165 - - [03/Jan/2025:08:13:26 -0500] "GET /1675-Ndinu-Oyera-by-Keyz-Kingston HTTP/1.1" 200 14496 "https://malawisounds.com/1675-Ndinu-Oyera-by-Keyz-Kingston" "Mozilla/5.0 (Windows NT 5.1) AppleWebKit/537.36 (KHTML, like Gecko) Chrome/48.0.2564.109 Safari/537.36"
154.213.185.165 - - [03/Jan/2025:08:13:27 -0500] "GET /about-us HTTP/1.1" 200 5686 "https://malawisounds.com/about-us" "Mozilla/5.0 (Windows NT 5.1) AppleWebKit/537.36 (KHTML, like Gecko) Chrome/48.0.2564.109 Safari/537.36"
154.213.185.165 - - [03/Jan/2025:08:13:30 -0500] "GET /albums HTTP/1.1" 200 15519 "https://malawisounds.com/albums" "Mozilla/5.0 (Windows NT 5.1) AppleWebKit/537.36 (KHTML, like Gecko) Chrome/48.0.2564.109 Safari/537.36"
51.222.253.14 - - [03/Jan/2025:08:13:31 -0500] "GET /images/mwsounds-20230721-075808-Wafikanso-by-Heavy-T-mw.jpg HTTP/1.1" 200 25836 "-" "Mozilla/5.0 (compatible; AhrefsBot/7.0; +http://ahrefs.com/robot/)"
185.220.101.32 - - [03/Jan/2025:08:13:31 -0500] "GET /article=30 HTTP/1.1" 200 12267 "https://malawisounds.com/article=30" "Mozilla/5.0 (Windows NT 5.1) AppleWebKit/537.36 (KHTML, like Gecko) Chrome/48.0.2564.109 Safari/537.36"
185.220.101.32 - - [03/Jan/2025:08:13:32 -0500] "GET /articles HTTP/1.1" 200 16684 "https://malawisounds.com/articles" "Mozilla/5.0 (Windows NT 5.1) AppleWebKit/537.36 (KHTML, like Gecko) Chrome/48.0.2564.109 Safari/537.36"
185.220.101.32 - - [03/Jan/2025:08:13:34 -0500] "GET /artists HTTP/1.1" 200 20845 "https://malawisounds.com/artists" "Mozilla/5.0 (Windows NT 5.1) AppleWebKit/537.36 (KHTML, like Gecko) Chrome/48.0.2564.109 Safari/537.36"
185.220.101.32 - - [03/Jan/2025:08:13:35 -0500] "GET /contact-us HTTP/1.1" 200 9936 "https://malawisounds.com/contact-us" "Mozilla/5.0 (Windows NT 5.1) AppleWebKit/537.36 (KHTML, like Gecko) Chrome/48.0.2564.109 Safari/537.36"
185.220.101.32 - - [03/Jan/2025:08:13:36 -0500] "POST /contact.php HTTP/1.1" 200 9936 "https://malawisounds.com/contact.php" "Mozilla/5.0 (Windows NT 5.1) AppleWebKit/537.36 (KHTML, like Gecko) Chrome/48.0.2564.109 Safari/537.36"
185.220.101.32 - - [03/Jan/2025:08:13:38 -0500] "GET /home HTTP/1.1" 200 12109 "https://malawisounds.com/home" "Mozilla/5.0 (Windows NT 5.1) AppleWebKit/537.36 (KHTML, like Gecko) Chrome/48.0.2564.109 Safari/537.36"
185.220.101.32 - - [03/Jan/2025:08:13:39 -0500] "GET /oldies HTTP/1.1" 200 13493 "https://malawisounds.com/oldies" "Mozilla/5.0 (Windows NT 5.1) AppleWebKit/537.36 (KHTML, like Gecko) Chrome/48.0.2564.109 Safari/537.36"
185.220.101.32 - - [03/Jan/2025:08:13:40 -0500] "GET /sid-1671-sacrifice--by-tasha-daffrece HTTP/1.1" 200 10368 "https://malawisounds.com/sid-1671-sacrifice--by-tasha-daffrece" "Mozilla/5.0 (Windows NT 5.1) AppleWebKit/537.36 (KHTML, like Gecko) Chrome/48.0.2564.109 Safari/537.36"
185.220.101.32 - - [03/Jan/2025:08:13:41 -0500] "GET /sid-1675-ndinu-oyera-by-keyz-kingston HTTP/1.1" 200 10374 "https://malawisounds.com/sid-1675-ndinu-oyera-by-keyz-kingston" "Mozilla/5.0 (Windows NT 5.1) AppleWebKit/537.36 (KHTML, like Gecko) Chrome/48.0.2564.109 Safari/537.36"
185.220.101.32 - - [03/Jan/2025:08:13:43 -0500] "GET /singles HTTP/1.1" 200 17090 "https://malawisounds.com/singles" "Mozilla/5.0 (Windows NT 5.1) AppleWebKit/537.36 (KHTML, like Gecko) Chrome/48.0.2564.109 Safari/537.36"
185.220.101.32 - - [03/Jan/2025:08:13:45 -0500] "GET /upload-music HTTP/1.1" 200 24583 "https://malawisounds.com/upload-music" "Mozilla/5.0 (Windows NT 5.1) AppleWebKit/537.36 (KHTML, like Gecko) Chrome/48.0.2564.109 Safari/537.36"
192.42.116.209 - - [03/Jan/2025:08:13:46 -0500] "GET /videos HTTP/1.1" 200 15158 "https://malawisounds.com/videos" "Mozilla/5.0 (Windows NT 5.1) AppleWebKit/537.36 (KHTML, like Gecko) Chrome/48.0.2564.109 Safari/537.36"
52.167.144.175 - - [03/Jan/2025:08:13:54 -0500] "GET /455-Misozi-by-Suffix-ft.-Esther-Chitheka-Lewis HTTP/1.1" 200 3965 "-" "Mozilla/5.0 AppleWebKit/537.36 (KHTML, like Gecko; compatible; bingbot/2.0; +http://www.bing.com/bingbot.htm) Chrome/116.0.1938.76 Safari/537.36"
51.222.253.4 - - [03/Jan/2025:08:14:11 -0500] "GET /1143-let-go-by-Jane- HTTP/1.1" 200 3869 "-" "Mozilla/5.0 (compatible; AhrefsBot/7.0; +http://ahrefs.com/robot/)"
40.77.167.46 - - [03/Jan/2025:08:14:12 -0500] "GET /download.php?id=145&name=PHRONEE-21(Free%20Style) HTTP/1.1" 200 4403112 "-" "Mozilla/5.0 AppleWebKit/537.36 (KHTML, like Gecko; compatible; bingbot/2.0; +http://www.bing.com/bingbot.htm) Chrome/116.0.1938.76 Safari/537.36"
51.222.253.8 - - [03/Jan/2025:08:14:42 -0500] "GET /aid-357-album-stream-tchelu-podekha HTTP/1.1" 200 3695 "-" "Mozilla/5.0 (compatible; AhrefsBot/7.0; +http://ahrefs.com/robot/)"
40.77.167.70 - - [03/Jan/2025:08:14:51 -0500] "GET /album-zip.php?title=im-yet-to-find-a-title&name=df HTTP/1.1" 302 0 "-" "Mozilla/5.0 AppleWebKit/537.36 (KHTML, like Gecko; compatible; bingbot/2.0; +http://www.bing.com/bingbot.htm) Chrome/116.0.1938.76 Safari/537.36"
40.77.167.70 - - [03/Jan/2025:08:14:51 -0500] "GET /zipped-albums/im-yet-to-find-a-title.zip HTTP/1.1" 200 26865144 "-" "Mozilla/5.0 AppleWebKit/537.36 (KHTML, like Gecko; compatible; bingbot/2.0; +http://www.bing.com/bingbot.htm) Chrome/116.0.1938.76 Safari/537.36"
51.222.253.5 - - [03/Jan/2025:08:15:12 -0500] "GET /singles?pageno=85 HTTP/1.1" 200 3836 "-" "Mozilla/5.0 (compatible; AhrefsBot/7.0; +http://ahrefs.com/robot/)"
51.222.253.6 - - [03/Jan/2025:08:15:50 -0500] "GET /244-Ghetto-Mavuvuuh-by-LP-x-J-Greed-x-Mdnayo-x-Nagwa-x-Ajay HTTP/1.1" 200 4004 "-" "Mozilla/5.0 (compatible; AhrefsBot/7.0; +http://ahrefs.com/robot/)"
216.244.66.237 - - [03/Jan/2025:08:15:48 -0500] "GET /download_album.php?id=312 HTTP/1.1" 200 8200281 "-" "Mozilla/5.0 (compatible; DotBot/1.2; +https://opensiteexplorer.org/dotbot; help@moz.com)"
52.167.144.22 - - [03/Jan/2025:08:15:56 -0500] "GET /olf48azx4.html HTTP/1.1" 404 1251 "-" "Mozilla/5.0 AppleWebKit/537.36 (KHTML, like Gecko; compatible; bingbot/2.0; +http://www.bing.com/bingbot.htm) Chrome/116.0.1938.76 Safari/537.36"
51.222.253.5 - - [03/Jan/2025:08:16:22 -0500] "GET /aid-363-album-stream-mphamvu-ya-mkwiyo HTTP/1.1" 200 3694 "-" "Mozilla/5.0 (compatible; AhrefsBot/7.0; +http://ahrefs.com/robot/)"
51.222.253.14 - - [03/Jan/2025:08:17:22 -0500] "GET /sid-392-tisamakhale-choncho-by-nancy-dent HTTP/1.1" 200 3246 "-" "Mozilla/5.0 (compatible; AhrefsBot/7.0; +http://ahrefs.com/robot/)"
51.222.253.13 - - [03/Jan/2025:08:18:03 -0500] "GET /sid-1513-when-i-pray-by-minister-jeremiah-ft.-shalom HTTP/1.1" 200 3249 "-" "Mozilla/5.0 (compatible; AhrefsBot/7.0; +http://ahrefs.com/robot/)"
197.250.103.25 - - [03/Jan/2025:08:18:04 -0500] "GET /746-mbembembe-by-beracah HTTP/1.1" 200 3894 "https://www.google.com/url?q=https://malawisounds.com/746-mbembembe-by-beracah&sa=U&sqi=2&ved=2ahUKEwivmMvb0dmKAxVcRKQEHU2nBVIQ2LwJegQIIRAB&usg=AOvVaw1FyRaVg7CgMG40hKlhFqTL" "Mozilla/5.0 (iPhone; CPU iPhone OS 17_6 like Mac OS X) AppleWebKit/605.1.15 (KHTML, like Gecko) GSA/340.3.689937600 Mobile/15E148 Safari/604.1"
197.250.103.25 - - [03/Jan/2025:08:18:04 -0500] "GET /impact/stylesheet.css HTTP/1.1" 200 153 "https://malawisounds.com/746-mbembembe-by-beracah" "Mozilla/5.0 (iPhone; CPU iPhone OS 17_6 like Mac OS X) AppleWebKit/605.1.15 (KHTML, like Gecko) GSA/340.3.689937600 Mobile/15E148 Safari/604.1"
197.250.103.25 - - [03/Jan/2025:08:18:04 -0500] "GET /css/animate.css HTTP/1.1" 200 4001 "https://malawisounds.com/746-mbembembe-by-beracah" "Mozilla/5.0 (iPhone; CPU iPhone OS 17_6 like Mac OS X) AppleWebKit/605.1.15 (KHTML, like Gecko) GSA/340.3.689937600 Mobile/15E148 Safari/604.1"
197.250.103.25 - - [03/Jan/2025:08:18:04 -0500] "GET /bootstrap/css/bootstrap.min.css HTTP/1.1" 200 18270 "https://malawisounds.com/746-mbembembe-by-beracah" "Mozilla/5.0 (iPhone; CPU iPhone OS 17_6 like Mac OS X) AppleWebKit/605.1.15 (KHTML, like Gecko) GSA/340.3.689937600 Mobile/15E148 Safari/604.1"
197.250.103.25 - - [03/Jan/2025:08:18:04 -0500] "GET /css/w3.css HTTP/1.1" 200 4832 "https://malawisounds.com/746-mbembembe-by-beracah" "Mozilla/5.0 (iPhone; CPU iPhone OS 17_6 like Mac OS X) AppleWebKit/605.1.15 (KHTML, like Gecko) GSA/340.3.689937600 Mobile/15E148 Safari/604.1"
197.250.103.25 - - [03/Jan/2025:08:18:04 -0500] "GET /css/load.css HTTP/1.1" 200 8159 "https://malawisounds.com/746-mbembembe-by-beracah" "Mozilla/5.0 (iPhone; CPU iPhone OS 17_6 like Mac OS X) AppleWebKit/605.1.15 (KHTML, like Gecko) GSA/340.3.689937600 Mobile/15E148 Safari/604.1"
197.250.103.25 - - [03/Jan/2025:08:18:04 -0500] "GET /js/ajax.js HTTP/1.1" 200 784 "https://malawisounds.com/746-mbembembe-by-beracah" "Mozilla/5.0 (iPhone; CPU iPhone OS 17_6 like Mac OS X) AppleWebKit/605.1.15 (KHTML, like Gecko) GSA/340.3.689937600 Mobile/15E148 Safari/604.1"
197.250.103.25 - - [03/Jan/2025:08:18:04 -0500] "GET /js/facebook-api.js HTTP/1.1" 200 183 "https://malawisounds.com/746-mbembembe-by-beracah" "Mozilla/5.0 (iPhone; CPU iPhone OS 17_6 like Mac OS X) AppleWebKit/605.1.15 (KHTML, like Gecko) GSA/340.3.689937600 Mobile/15E148 Safari/604.1"
197.250.103.25 - - [03/Jan/2025:08:18:04 -0500] "GET /js/wow.js HTTP/1.1" 200 3414 "https://malawisounds.com/746-mbembembe-by-beracah" "Mozilla/5.0 (iPhone; CPU iPhone OS 17_6 like Mac OS X) AppleWebKit/605.1.15 (KHTML, like Gecko) GSA/340.3.689937600 Mobile/15E148 Safari/604.1"
197.250.103.25 - - [03/Jan/2025:08:18:04 -0500] "GET /js/nav.js HTTP/1.1" 200 99 "https://malawisounds.com/746-mbembembe-by-beracah" "Mozilla/5.0 (iPhone; CPU iPhone OS 17_6 like Mac OS X) AppleWebKit/605.1.15 (KHTML, like Gecko) GSA/340.3.689937600 Mobile/15E148 Safari/604.1"
197.250.103.25 - - [03/Jan/2025:08:18:04 -0500] "GET /js/jquery.js HTTP/1.1" 200 29664 "https://malawisounds.com/746-mbembembe-by-beracah" "Mozilla/5.0 (iPhone; CPU iPhone OS 17_6 like Mac OS X) AppleWebKit/605.1.15 (KHTML, like Gecko) GSA/340.3.689937600 Mobile/15E148 Safari/604.1"
197.250.103.25 - - [03/Jan/2025:08:18:05 -0500] "GET /Icons/msounds1.png HTTP/1.1" 200 11619 "https://malawisounds.com/746-mbembembe-by-beracah" "Mozilla/5.0 (iPhone; CPU iPhone OS 17_6 like Mac OS X) AppleWebKit/605.1.15 (KHTML, like Gecko) GSA/340.3.689937600 Mobile/15E148 Safari/604.1"
197.250.103.25 - - [03/Jan/2025:08:18:05 -0500] "GET /fonts/Gothic.ttf HTTP/1.1" 200 112628 "https://malawisounds.com/746-mbembembe-by-beracah" "Mozilla/5.0 (iPhone; CPU iPhone OS 17_6 like Mac OS X) AppleWebKit/605.1.15 (KHTML, like Gecko) GSA/340.3.689937600 Mobile/15E148 Safari/604.1"
197.250.103.25 - - [03/Jan/2025:08:18:05 -0500] "GET /bootstrap/fonts/glyphicons-halflings-regular.woff2 HTTP/1.1" 200 18028 "https://malawisounds.com/746-mbembembe-by-beracah" "Mozilla/5.0 (iPhone; CPU iPhone OS 17_6 like Mac OS X) AppleWebKit/605.1.15 (KHTML, like Gecko) GSA/340.3.689937600 Mobile/15E148 Safari/604.1"
197.250.103.25 - - [03/Jan/2025:08:18:05 -0500] "GET /fonts/Gothic-B.ttf HTTP/1.1" 200 129676 "https://malawisounds.com/746-mbembembe-by-beracah" "Mozilla/5.0 (iPhone; CPU iPhone OS 17_6 like Mac OS X) AppleWebKit/605.1.15 (KHTML, like Gecko) GSA/340.3.689937600 Mobile/15E148 Safari/604.1"
197.250.103.25 - - [03/Jan/2025:08:18:06 -0500] "GET /Icons/facebook.png HTTP/1.1" 200 2279 "https://malawisounds.com/746-mbembembe-by-beracah" "Mozilla/5.0 (iPhone; CPU iPhone OS 17_6 like Mac OS X) AppleWebKit/605.1.15 (KHTML, like Gecko) GSA/340.3.689937600 Mobile/15E148 Safari/604.1"
197.250.103.25 - - [03/Jan/2025:08:18:06 -0500] "GET /Icons/instagram.png HTTP/1.1" 200 2764 "https://malawisounds.com/746-mbembembe-by-beracah" "Mozilla/5.0 (iPhone; CPU iPhone OS 17_6 like Mac OS X) AppleWebKit/605.1.15 (KHTML, like Gecko) GSA/340.3.689937600 Mobile/15E148 Safari/604.1"
197.250.103.25 - - [03/Jan/2025:08:18:06 -0500] "GET /bio/mwsounds-20200801042643-Dr.Drew.jpg HTTP/1.1" 200 80629 "https://malawisounds.com/746-mbembembe-by-beracah" "Mozilla/5.0 (iPhone; CPU iPhone OS 17_6 like Mac OS X) AppleWebKit/605.1.15 (KHTML, like Gecko) GSA/340.3.689937600 Mobile/15E148 Safari/604.1"
197.250.103.25 - - [03/Jan/2025:08:18:06 -0500] "GET /images/mwsounds-20211011202312-1633983614520mbembembe.jpg HTTP/1.1" 200 27746 "https://malawisounds.com/746-mbembembe-by-beracah" "Mozilla/5.0 (iPhone; CPU iPhone OS 17_6 like Mac OS X) AppleWebKit/605.1.15 (KHTML, like Gecko) GSA/340.3.689937600 Mobile/15E148 Safari/604.1"
197.250.103.25 - - [03/Jan/2025:08:18:06 -0500] "GET /bio/mwsounds-20230703010954-IMG-20230703-030900.jpg HTTP/1.1" 200 25808 "https://malawisounds.com/746-mbembembe-by-beracah" "Mozilla/5.0 (iPhone; CPU iPhone OS 17_6 like Mac OS X) AppleWebKit/605.1.15 (KHTML, like Gecko) GSA/340.3.689937600 Mobile/15E148 Safari/604.1"
197.250.103.25 - - [03/Jan/2025:08:18:06 -0500] "GET /Icons/twitter.png HTTP/1.1" 200 2415 "https://malawisounds.com/746-mbembembe-by-beracah" "Mozilla/5.0 (iPhone; CPU iPhone OS 17_6 like Mac OS X) AppleWebKit/605.1.15 (KHTML, like Gecko) GSA/340.3.689937600 Mobile/15E148 Safari/604.1"
197.250.103.25 - - [03/Jan/2025:08:18:06 -0500] "GET /ads/MS%20covid.jpg HTTP/1.1" 200 273002 "https://malawisounds.com/746-mbembembe-by-beracah" "Mozilla/5.0 (iPhone; CPU iPhone OS 17_6 like Mac OS X) AppleWebKit/605.1.15 (KHTML, like Gecko) GSA/340.3.689937600 Mobile/15E148 Safari/604.1"
197.250.103.25 - - [03/Jan/2025:08:18:07 -0500] "GET /bio/mwsounds-20200710082408-onesmus.jpg HTTP/1.1" 200 30093 "https://malawisounds.com/746-mbembembe-by-beracah" "Mozilla/5.0 (iPhone; CPU iPhone OS 17_6 like Mac OS X) AppleWebKit/605.1.15 (KHTML, like Gecko) GSA/340.3.689937600 Mobile/15E148 Safari/604.1"
197.250.103.25 - - [03/Jan/2025:08:18:07 -0500] "GET /bio/mwsounds-20200706205025-tay-grin---Copy.jpg HTTP/1.1" 200 43244 "https://malawisounds.com/746-mbembembe-by-beracah" "Mozilla/5.0 (iPhone; CPU iPhone OS 17_6 like Mac OS X) AppleWebKit/605.1.15 (KHTML, like Gecko) GSA/340.3.689937600 Mobile/15E148 Safari/604.1"
197.250.103.25 - - [03/Jan/2025:08:18:07 -0500] "GET /bio/mwsounds-20200706204045-gwamba.jpg HTTP/1.1" 200 39055 "https://malawisounds.com/746-mbembembe-by-beracah" "Mozilla/5.0 (iPhone; CPU iPhone OS 17_6 like Mac OS X) AppleWebKit/605.1.15 (KHTML, like Gecko) GSA/340.3.689937600 Mobile/15E148 Safari/604.1"
197.250.103.25 - - [03/Jan/2025:08:18:08 -0500] "GET /bio/mwsounds-20200706203533-Namadigo.jpg HTTP/1.1" 200 33718 "https://malawisounds.com/746-mbembembe-by-beracah" "Mozilla/5.0 (iPhone; CPU iPhone OS 17_6 like Mac OS X) AppleWebKit/605.1.15 (KHTML, like Gecko) GSA/340.3.689937600 Mobile/15E148 Safari/604.1"
197.250.103.25 - - [03/Jan/2025:08:18:08 -0500] "GET /bio/mwsounds-20200706120806-FB_IMG_1590948777511.jpg HTTP/1.1" 200 19662 "https://malawisounds.com/746-mbembembe-by-beracah" "Mozilla/5.0 (iPhone; CPU iPhone OS 17_6 like Mac OS X) AppleWebKit/605.1.15 (KHTML, like Gecko) GSA/340.3.689937600 Mobile/15E148 Safari/604.1"
197.250.103.25 - - [03/Jan/2025:08:18:08 -0500] "GET /null HTTP/1.1" 404 1251 "https://malawisounds.com/746-mbembembe-by-beracah" "Mozilla/5.0 (iPhone; CPU iPhone OS 17_6 like Mac OS X) AppleWebKit/605.1.15 (KHTML, like Gecko) GSA/340.3.689937600 Mobile/15E148 Safari/604.1"
195.191.219.130 - - [03/Jan/2025:08:18:27 -0500] "GET /robots.txt HTTP/1.1" 404 1251 "-" "Mozilla/5.0 (compatible; MJ12bot/v1.4.8; http://mj12bot.com/)"
195.191.219.130 - - [03/Jan/2025:08:18:29 -0500] "GET /808-Whine-by-Driemo HTTP/1.1" 200 3933 "-" "Mozilla/5.0 (compatible; MJ12bot/v1.4.8; http://mj12bot.com/)"
51.222.253.18 - - [03/Jan/2025:08:18:32 -0500] "GET /albums?pageno=6 HTTP/1.1" 200 3621 "-" "Mozilla/5.0 (compatible; AhrefsBot/7.0; +http://ahrefs.com/robot/)"
51.222.253.15 - - [03/Jan/2025:08:19:05 -0500] "GET /ii-swords-by-ii-swords HTTP/1.1" 200 4118 "-" "Mozilla/5.0 (compatible; AhrefsBot/7.0; +http://ahrefs.com/robot/)"
110.249.201.80 - - [03/Jan/2025:08:19:09 -0500] "GET /artist=Martina HTTP/1.1" 200 3157 "-" "Mozilla/5.0 (Linux; Android 5.0) AppleWebKit/537.36 (KHTML, like Gecko) Mobile Safari/537.36 (compatible; Bytespider; https://zhanzhang.toutiao.com/)"
110.249.201.80 - - [03/Jan/2025:08:19:10 -0500] "GET /null HTTP/1.1" 404 1251 "https://www.malawisounds.com/artist=Martina" "Mozilla/5.0 (Linux; Android 5.0) AppleWebKit/537.36 (KHTML, like Gecko) Mobile Safari/537.36 (compatible; Bytespider; https://zhanzhang.toutiao.com/)"
110.249.201.80 - - [03/Jan/2025:08:19:10 -0500] "GET /bio/mwsounds-20201012202658-IMG_20201012_221707.jpg HTTP/1.1" 206 500 "https://www.malawisounds.com/artist=Martina" "Mozilla/5.0 (Linux; Android 5.0) AppleWebKit/537.36 (KHTML, like Gecko) Mobile Safari/537.36 (compatible; Bytespider; https://zhanzhang.toutiao.com/)"
51.222.253.11 - - [03/Jan/2025:08:19:39 -0500] "GET /382-yahweh-by-David-Kalirani-Ft-Cozizwa HTTP/1.1" 200 3958 "-" "Mozilla/5.0 (compatible; AhrefsBot/7.0; +http://ahrefs.com/robot/)"
51.222.253.16 - - [03/Jan/2025:08:20:20 -0500] "GET /877-Ulumba-meddly-by-Ulumba-Meddly HTTP/1.1" 200 3924 "-" "Mozilla/5.0 (compatible; AhrefsBot/7.0; +http://ahrefs.com/robot/)"
31.13.127.40 - - [03/Jan/2025:08:20:44 -0500] "GET /songs.php?id=1651&name=3-BOYZ-UG-ENT-3-BOYZ-ENT-JAMU HTTP/1.1" 200 610 "-" "meta-externalagent/1.1 (+https://developers.facebook.com/docs/sharing/webmasters/crawler)"
66.249.73.2 - - [03/Jan/2025:08:20:49 -0500] "GET /ads.txt HTTP/1.1" 404 1251 "-" "Mozilla/5.0 (compatible; Googlebot/2.1; +http://www.google.com/bot.html)"
51.222.253.14 - - [03/Jan/2025:08:20:50 -0500] "GET /989-Gwetsa-by-Ze-Fiasto-Ft.-Saxess-and-Gazel HTTP/1.1" 200 3955 "-" "Mozilla/5.0 (compatible; AhrefsBot/7.0; +http://ahrefs.com/robot/)"
