217.113.194.45 - - [03/Jan/2025:17:09:00 -0500] "GET /download.php?id=822&name=Costry%20ft.%20Sir%20Odilo-B.O.K HTTP/1.1" 200 5518962 "-" "Mozilla/5.0 (compatible; Barkrowler/0.9; +https://babbar.tech/crawler)"
154.54.249.197 - - [03/Jan/2025:17:09:27 -0500] "GET /download.php?id=1006&name=Xe-call%20B%20Mw%20ft%20NevCee-Uzima HTTP/1.1" 200 2978058 "-" "Mozilla/5.0 (compatible; Barkrowler/0.9; +https://babbar.tech/crawler)"
217.113.194.49 - - [03/Jan/2025:17:09:37 -0500] "GET /download.php?id=126&name=Costry%20+%20Laynex%20Luther-Be%20My%20Valentines HTTP/1.1" 200 7422470 "-" "Mozilla/5.0 (compatible; Barkrowler/0.9; +https://babbar.tech/crawler)"
51.222.253.4 - - [03/Jan/2025:17:09:39 -0500] "GET /581-Verdad--by-Keenalf-and-Gracious-Hill HTTP/1.1" 200 3940 "-" "Mozilla/5.0 (compatible; AhrefsBot/7.0; +http://ahrefs.com/robot/)"
154.54.249.197 - - [03/Jan/2025:17:10:01 -0500] "GET /download.php?id=111&name=Tchaka-Facts%20only(prod%20by%20yung%20star) HTTP/1.1" 200 4501577 "-" "Mozilla/5.0 (compatible; Barkrowler/0.9; +https://babbar.tech/crawler)"
217.113.194.48 - - [03/Jan/2025:17:10:14 -0500] "GET /download.php?id=697&name=Gemini%20Major,%20Toast%20and%20Charisma-Mandede HTTP/1.1" 200 9177296 "-" "Mozilla/5.0 (compatible; Barkrowler/0.9; +https://babbar.tech/crawler)"
157.55.39.6 - - [03/Jan/2025:17:10:27 -0500] "GET /1287-Life-we-are-living--by-Alert-ft-medicine- HTTP/1.1" 200 3970 "-" "Mozilla/5.0 AppleWebKit/537.36 (KHTML, like Gecko; compatible; bingbot/2.0; +http://www.bing.com/bingbot.htm) Chrome/116.0.1938.76 Safari/537.36"
217.113.194.42 - - [03/Jan/2025:17:10:49 -0500] "GET /download.php?id=157&name=Lusungu%20Munthali-Focus(Spoken%20Word) HTTP/1.1" 200 5161952 "-" "Mozilla/5.0 (compatible; Barkrowler/0.9; +https://babbar.tech/crawler)"
217.113.194.45 - - [03/Jan/2025:17:10:59 -0500] "GET /download.php?id=406&name=Faith%20Mussa%20Ft%20Gresham%20Mokwoena-Ogode HTTP/1.1" 200 4175329 "-" "Mozilla/5.0 (compatible; Barkrowler/0.9; +https://babbar.tech/crawler)"
217.113.194.48 - - [03/Jan/2025:17:11:09 -0500] "GET /download.php?id=558&name=Janet%20C.%20Walusa-Mfumu%20ya%20mafumu HTTP/1.1" 200 9542024 "-" "Mozilla/5.0 (compatible; Barkrowler/0.9; +https://babbar.tech/crawler)"
51.222.253.3 - - [03/Jan/2025:17:11:35 -0500] "GET /712-Good--Father-by-Frk-ft.-Mbeu-GLD HTTP/1.1" 200 3968 "-" "Mozilla/5.0 (compatible; AhrefsBot/7.0; +http://ahrefs.com/robot/)"
217.113.194.47 - - [03/Jan/2025:17:11:36 -0500] "GET /download.php?id=1192&name=Danto%20B%20Champion%20-Essi(Prodby%20Danto) HTTP/1.1" 200 7113672 "-" "Mozilla/5.0 (compatible; Barkrowler/0.9; +https://babbar.tech/crawler)"
51.222.253.18 - - [03/Jan/2025:17:11:58 -0500] "GET /sid-657-ntchemo-by-nthonwdwa-ft.-shammah-vocalz HTTP/1.1" 200 3267 "-" "Mozilla/5.0 (compatible; AhrefsBot/7.0; +http://ahrefs.com/robot/)"
217.113.194.244 - - [03/Jan/2025:17:12:03 -0500] "GET /download.php?id=456&name=Aylam%20ft.%20Paul%20Kachala-Nothing%20Else HTTP/1.1" 200 7362665 "-" "Mozilla/5.0 (compatible; Barkrowler/0.9; +https://babbar.tech/crawler)"
154.54.249.197 - - [03/Jan/2025:17:12:34 -0500] "GET /download.php?id=1016&name=Just%20Lusungu%20ft.%20Phronee99-Paperboy HTTP/1.1" 200 11322452 "-" "Mozilla/5.0 (compatible; Barkrowler/0.9; +https://babbar.tech/crawler)"
40.77.167.75 - - [03/Jan/2025:17:12:38 -0500] "GET /3ie1b6cnf.html HTTP/1.1" 404 1251 "-" "Mozilla/5.0 AppleWebKit/537.36 (KHTML, like Gecko; compatible; bingbot/2.0; +http://www.bing.com/bingbot.htm) Chrome/116.0.1938.76 Safari/537.36"
217.113.194.51 - - [03/Jan/2025:17:12:44 -0500] "GET /download.php?id=1320&name=Dupa%20zenneth-Lero(Highness%20all%20time) HTTP/1.1" 200 6908276 "-" "Mozilla/5.0 (compatible; Barkrowler/0.9; +https://babbar.tech/crawler)"
51.222.253.10 - - [03/Jan/2025:17:12:46 -0500] "GET /sid-1284-reigning-in-gods-purpose-by-ucc-malawi-(kidma-and-fema) HTTP/1.1" 200 3279 "-" "Mozilla/5.0 (compatible; AhrefsBot/7.0; +http://ahrefs.com/robot/)"
51.222.253.3 - - [03/Jan/2025:17:13:06 -0500] "GET /sid-1125-grace-by-drizzo HTTP/1.1" 200 3195 "-" "Mozilla/5.0 (compatible; AhrefsBot/7.0; +http://ahrefs.com/robot/)"
217.113.194.51 - - [03/Jan/2025:17:13:08 -0500] "GET /download.php?id=1110&name=Omex%20RB%20ft%20Chiko%20Rew-Zinandiwawa HTTP/1.1" 200 10002956 "-" "Mozilla/5.0 (compatible; Barkrowler/0.9; +https://babbar.tech/crawler)"
51.222.253.17 - - [03/Jan/2025:17:13:33 -0500] "GET /download.php?id=1669&name=K%20Damon%20%20ft.%20Mwanache-Chikumbu%20Mtima HTTP/1.1" 200 5177344 "-" "Mozilla/5.0 (compatible; AhrefsBot/7.0; +http://ahrefs.com/robot/)"
217.113.194.51 - - [03/Jan/2025:17:13:37 -0500] "GET /download.php?id=925&name=Michael%20Mbendera-Mwala%20wa%20pa%20ngodya HTTP/1.1" 200 6148223 "-" "Mozilla/5.0 (compatible; Barkrowler/0.9; +https://babbar.tech/crawler)"
51.222.253.19 - - [03/Jan/2025:17:13:55 -0500] "GET /aid-64-free-stream-first-of-all-x-l-jay-woyee HTTP/1.1" 200 3609 "-" "Mozilla/5.0 (compatible; AhrefsBot/7.0; +http://ahrefs.com/robot/)"
217.113.194.43 - - [03/Jan/2025:17:14:02 -0500] "GET /download.php?id=301&name=Bligle%20Ft.%20X-109%20Kardesh-Blessing HTTP/1.1" 200 4793374 "-" "Mozilla/5.0 (compatible; Barkrowler/0.9; +https://babbar.tech/crawler)"
51.222.253.1 - - [03/Jan/2025:17:14:23 -0500] "GET /1370-Mkupulika-by-Chilanga-brave HTTP/1.1" 200 3971 "-" "Mozilla/5.0 (compatible; AhrefsBot/7.0; +http://ahrefs.com/robot/)"
217.113.194.42 - - [03/Jan/2025:17:14:34 -0500] "GET /download.php?id=469&name=Niekay-Amakukonda(Pro%20by%20Nostradimas) HTTP/1.1" 200 4419773 "-" "Mozilla/5.0 (compatible; Barkrowler/0.9; +https://babbar.tech/crawler)"
51.222.253.10 - - [03/Jan/2025:17:14:48 -0500] "GET /buy-lets-worship-album-by-pastor-moffat-mtegha HTTP/1.1" 200 5371 "-" "Mozilla/5.0 (compatible; AhrefsBot/7.0; +http://ahrefs.com/robot/)"
217.113.194.244 - - [03/Jan/2025:17:14:58 -0500] "GET /download.php?id=1323&name=I-cole%20Emcee%20X%20Reeznah%20-Pair%20Up HTTP/1.1" 200 4055168 "-" "Mozilla/5.0 (compatible; Barkrowler/0.9; +https://babbar.tech/crawler)"
217.113.194.50 - - [03/Jan/2025:17:15:11 -0500] "GET /download.php?id=1196&name=Beng%20Marley%20ft%20piggyvybes%20-Feeling%20irie HTTP/1.1" 200 2693582 "-" "Mozilla/5.0 (compatible; Barkrowler/0.9; +https://babbar.tech/crawler)"
52.167.144.187 - - [03/Jan/2025:17:15:18 -0500] "GET /1122-Kumama(cover)-by-Ishmael-and-Takondwa HTTP/1.1" 200 3927 "-" "Mozilla/5.0 AppleWebKit/537.36 (KHTML, like Gecko; compatible; bingbot/2.0; +http://www.bing.com/bingbot.htm) Chrome/116.0.1938.76 Safari/537.36"
102.70.6.99 - - [03/Jan/2025:17:15:34 -0500] "GET /463-you'll-be-good-by-praise-umali HTTP/1.1" 200 3925 "https://www.google.com/" "Mozilla/5.0 (Linux; Android 10; K) AppleWebKit/537.36 (KHTML, like Gecko) Chrome/131.0.0.0 Mobile Safari/537.36"
102.70.6.99 - - [03/Jan/2025:17:15:35 -0500] "GET /css/animate.css HTTP/1.1" 200 4001 "https://www.malawisounds.com/463-you'll-be-good-by-praise-umali" "Mozilla/5.0 (Linux; Android 10; K) AppleWebKit/537.36 (KHTML, like Gecko) Chrome/131.0.0.0 Mobile Safari/537.36"
102.70.6.99 - - [03/Jan/2025:17:15:35 -0500] "GET /css/load.css HTTP/1.1" 200 8159 "https://www.malawisounds.com/463-you'll-be-good-by-praise-umali" "Mozilla/5.0 (Linux; Android 10; K) AppleWebKit/537.36 (KHTML, like Gecko) Chrome/131.0.0.0 Mobile Safari/537.36"
102.70.6.99 - - [03/Jan/2025:17:15:35 -0500] "GET /css/w3.css HTTP/1.1" 200 4832 "https://www.malawisounds.com/463-you'll-be-good-by-praise-umali" "Mozilla/5.0 (Linux; Android 10; K) AppleWebKit/537.36 (KHTML, like Gecko) Chrome/131.0.0.0 Mobile Safari/537.36"
102.70.6.99 - - [03/Jan/2025:17:15:35 -0500] "GET /bootstrap/css/bootstrap.min.css HTTP/1.1" 200 18270 "https://www.malawisounds.com/463-you'll-be-good-by-praise-umali" "Mozilla/5.0 (Linux; Android 10; K) AppleWebKit/537.36 (KHTML, like Gecko) Chrome/131.0.0.0 Mobile Safari/537.36"
102.70.6.99 - - [03/Jan/2025:17:15:35 -0500] "GET /Icons/facebook.png HTTP/1.1" 200 2279 "https://www.malawisounds.com/463-you'll-be-good-by-praise-umali" "Mozilla/5.0 (Linux; Android 10; K) AppleWebKit/537.36 (KHTML, like Gecko) Chrome/131.0.0.0 Mobile Safari/537.36"
102.70.6.99 - - [03/Jan/2025:17:15:35 -0500] "GET /impact/stylesheet.css HTTP/1.1" 200 153 "https://www.malawisounds.com/463-you'll-be-good-by-praise-umali" "Mozilla/5.0 (Linux; Android 10; K) AppleWebKit/537.36 (KHTML, like Gecko) Chrome/131.0.0.0 Mobile Safari/537.36"
102.70.6.99 - - [03/Jan/2025:17:15:35 -0500] "GET /js/facebook-api.js HTTP/1.1" 200 183 "https://www.malawisounds.com/463-you'll-be-good-by-praise-umali" "Mozilla/5.0 (Linux; Android 10; K) AppleWebKit/537.36 (KHTML, like Gecko) Chrome/131.0.0.0 Mobile Safari/537.36"
102.70.6.99 - - [03/Jan/2025:17:15:35 -0500] "GET /Icons/msounds1.png HTTP/1.1" 200 11619 "https://www.malawisounds.com/463-you'll-be-good-by-praise-umali" "Mozilla/5.0 (Linux; Android 10; K) AppleWebKit/537.36 (KHTML, like Gecko) Chrome/131.0.0.0 Mobile Safari/537.36"
102.70.6.99 - - [03/Jan/2025:17:15:35 -0500] "GET /js/ajax.js HTTP/1.1" 200 784 "https://www.malawisounds.com/463-you'll-be-good-by-praise-umali" "Mozilla/5.0 (Linux; Android 10; K) AppleWebKit/537.36 (KHTML, like Gecko) Chrome/131.0.0.0 Mobile Safari/537.36"
102.70.6.99 - - [03/Jan/2025:17:15:35 -0500] "GET /Icons/instagram.png HTTP/1.1" 200 2764 "https://www.malawisounds.com/463-you'll-be-good-by-praise-umali" "Mozilla/5.0 (Linux; Android 10; K) AppleWebKit/537.36 (KHTML, like Gecko) Chrome/131.0.0.0 Mobile Safari/537.36"
102.70.6.99 - - [03/Jan/2025:17:15:35 -0500] "GET /Icons/twitter.png HTTP/1.1" 200 2415 "https://www.malawisounds.com/463-you'll-be-good-by-praise-umali" "Mozilla/5.0 (Linux; Android 10; K) AppleWebKit/537.36 (KHTML, like Gecko) Chrome/131.0.0.0 Mobile Safari/537.36"
102.70.6.99 - - [03/Jan/2025:17:15:35 -0500] "GET /bio/mwsounds-20230703010954-IMG-20230703-030900.jpg HTTP/1.1" 200 25808 "https://www.malawisounds.com/463-you'll-be-good-by-praise-umali" "Mozilla/5.0 (Linux; Android 10; K) AppleWebKit/537.36 (KHTML, like Gecko) Chrome/131.0.0.0 Mobile Safari/537.36"
102.70.6.99 - - [03/Jan/2025:17:15:36 -0500] "GET /js/nav.js HTTP/1.1" 200 99 "https://www.malawisounds.com/463-you'll-be-good-by-praise-umali" "Mozilla/5.0 (Linux; Android 10; K) AppleWebKit/537.36 (KHTML, like Gecko) Chrome/131.0.0.0 Mobile Safari/537.36"
102.70.6.99 - - [03/Jan/2025:17:15:36 -0500] "GET /js/wow.js HTTP/1.1" 200 3414 "https://www.malawisounds.com/463-you'll-be-good-by-praise-umali" "Mozilla/5.0 (Linux; Android 10; K) AppleWebKit/537.36 (KHTML, like Gecko) Chrome/131.0.0.0 Mobile Safari/537.36"
102.70.6.99 - - [03/Jan/2025:17:15:36 -0500] "GET /bio/mwsounds-20200706205025-tay-grin---Copy.jpg HTTP/1.1" 200 43244 "https://www.malawisounds.com/463-you'll-be-good-by-praise-umali" "Mozilla/5.0 (Linux; Android 10; K) AppleWebKit/537.36 (KHTML, like Gecko) Chrome/131.0.0.0 Mobile Safari/537.36"
102.70.6.99 - - [03/Jan/2025:17:15:36 -0500] "GET /bio/mwsounds-20200801042643-Dr.Drew.jpg HTTP/1.1" 200 80629 "https://www.malawisounds.com/463-you'll-be-good-by-praise-umali" "Mozilla/5.0 (Linux; Android 10; K) AppleWebKit/537.36 (KHTML, like Gecko) Chrome/131.0.0.0 Mobile Safari/537.36"
102.70.6.99 - - [03/Jan/2025:17:15:36 -0500] "GET /bio/mwsounds-20200710082408-onesmus.jpg HTTP/1.1" 200 30093 "https://www.malawisounds.com/463-you'll-be-good-by-praise-umali" "Mozilla/5.0 (Linux; Android 10; K) AppleWebKit/537.36 (KHTML, like Gecko) Chrome/131.0.0.0 Mobile Safari/537.36"
102.70.6.99 - - [03/Jan/2025:17:15:36 -0500] "GET /bio/mwsounds-20200706120806-FB_IMG_1590948777511.jpg HTTP/1.1" 200 19662 "https://www.malawisounds.com/463-you'll-be-good-by-praise-umali" "Mozilla/5.0 (Linux; Android 10; K) AppleWebKit/537.36 (KHTML, like Gecko) Chrome/131.0.0.0 Mobile Safari/537.36"
102.70.6.99 - - [03/Jan/2025:17:15:36 -0500] "GET /bio/mwsounds-20200706204045-gwamba.jpg HTTP/1.1" 200 39055 "https://www.malawisounds.com/463-you'll-be-good-by-praise-umali" "Mozilla/5.0 (Linux; Android 10; K) AppleWebKit/537.36 (KHTML, like Gecko) Chrome/131.0.0.0 Mobile Safari/537.36"
102.70.6.99 - - [03/Jan/2025:17:15:36 -0500] "GET /bio/mwsounds-20200706203533-Namadigo.jpg HTTP/1.1" 200 33718 "https://www.malawisounds.com/463-you'll-be-good-by-praise-umali" "Mozilla/5.0 (Linux; Android 10; K) AppleWebKit/537.36 (KHTML, like Gecko) Chrome/131.0.0.0 Mobile Safari/537.36"
102.70.6.99 - - [03/Jan/2025:17:15:36 -0500] "GET /images/mwsounds-20210223045427-fb_img_1614054496832.jpg HTTP/1.1" 200 22332 "https://www.malawisounds.com/463-you'll-be-good-by-praise-umali" "Mozilla/5.0 (Linux; Android 10; K) AppleWebKit/537.36 (KHTML, like Gecko) Chrome/131.0.0.0 Mobile Safari/537.36"
102.70.6.99 - - [03/Jan/2025:17:15:36 -0500] "GET /fonts/Gothic.ttf HTTP/1.1" 200 112628 "https://www.malawisounds.com/css/load.css" "Mozilla/5.0 (Linux; Android 10; K) AppleWebKit/537.36 (KHTML, like Gecko) Chrome/131.0.0.0 Mobile Safari/537.36"
102.70.6.99 - - [03/Jan/2025:17:15:36 -0500] "GET /fonts/Gothic-B.ttf HTTP/1.1" 200 129676 "https://www.malawisounds.com/css/load.css" "Mozilla/5.0 (Linux; Android 10; K) AppleWebKit/537.36 (KHTML, like Gecko) Chrome/131.0.0.0 Mobile Safari/537.36"
102.70.6.99 - - [03/Jan/2025:17:15:36 -0500] "GET /js/jquery.js HTTP/1.1" 200 29664 "https://www.malawisounds.com/463-you'll-be-good-by-praise-umali" "Mozilla/5.0 (Linux; Android 10; K) AppleWebKit/537.36 (KHTML, like Gecko) Chrome/131.0.0.0 Mobile Safari/537.36"
102.70.6.99 - - [03/Jan/2025:17:15:36 -0500] "GET /ads/MS%20covid.jpg HTTP/1.1" 200 273002 "https://www.malawisounds.com/463-you'll-be-good-by-praise-umali" "Mozilla/5.0 (Linux; Android 10; K) AppleWebKit/537.36 (KHTML, like Gecko) Chrome/131.0.0.0 Mobile Safari/537.36"
102.70.6.99 - - [03/Jan/2025:17:15:36 -0500] "GET /bootstrap/fonts/glyphicons-halflings-regular.woff2 HTTP/1.1" 200 18028 "https://www.malawisounds.com/bootstrap/css/bootstrap.min.css" "Mozilla/5.0 (Linux; Android 10; K) AppleWebKit/537.36 (KHTML, like Gecko) Chrome/131.0.0.0 Mobile Safari/537.36"
102.70.6.99 - - [03/Jan/2025:17:15:36 -0500] "GET /null HTTP/1.1" 404 1251 "https://www.malawisounds.com/463-you'll-be-good-by-praise-umali" "Mozilla/5.0 (Linux; Android 10; K) AppleWebKit/537.36 (KHTML, like Gecko) Chrome/131.0.0.0 Mobile Safari/537.36"
102.70.6.99 - - [03/Jan/2025:17:15:40 -0500] "GET /Icons/malawisounds.ico HTTP/1.1" 200 4286 "https://www.malawisounds.com/463-you'll-be-good-by-praise-umali" "Mozilla/5.0 (Linux; Android 10; K) AppleWebKit/537.36 (KHTML, like Gecko) Chrome/131.0.0.0 Mobile Safari/537.36"
102.70.6.99 - - [03/Jan/2025:17:15:41 -0500] "GET /download.php?id=463&name=Praise%20Umali-You%27ll%20be%20good HTTP/1.1" 200 7902366 "https://www.malawisounds.com/463-you'll-be-good-by-praise-umali" "Mozilla/5.0 (Linux; Android 10; K) AppleWebKit/537.36 (KHTML, like Gecko) Chrome/131.0.0.0 Mobile Safari/537.36"
217.113.194.42 - - [03/Jan/2025:17:15:41 -0500] "GET /download.php?id=988&name=JoMAa%20Mw%20ft.%20Sue%20Kay-Chiphaso HTTP/1.1" 200 9171736 "-" "Mozilla/5.0 (compatible; Barkrowler/0.9; +https://babbar.tech/crawler)"
40.77.167.2 - - [03/Jan/2025:17:15:50 -0500] "GET /ahcllwhy3.html HTTP/1.1" 404 1251 "-" "Mozilla/5.0 AppleWebKit/537.36 (KHTML, like Gecko; compatible; bingbot/2.0; +http://www.bing.com/bingbot.htm) Chrome/116.0.1938.76 Safari/537.36"
40.77.167.2 - - [03/Jan/2025:17:15:58 -0500] "GET /192-6th-Sense-by-Phronee HTTP/1.1" 200 3906 "-" "Mozilla/5.0 AppleWebKit/537.36 (KHTML, like Gecko; compatible; bingbot/2.0; +http://www.bing.com/bingbot.htm) Chrome/116.0.1938.76 Safari/537.36"
66.249.73.4 - - [03/Jan/2025:17:15:58 -0500] "GET /835-thank-you-by-ray-bee HTTP/1.1" 200 3894 "-" "Mozilla/5.0 (Linux; Android 6.0.1; Nexus 5X Build/MMB29P) AppleWebKit/537.36 (KHTML, like Gecko) Chrome/131.0.6778.204 Mobile Safari/537.36 (compatible; Googlebot/2.1; +http://www.google.com/bot.html)"
102.70.6.99 - - [03/Jan/2025:17:16:02 -0500] "GET /searchmusic.php?q=Prai HTTP/1.1" 200 1683 "https://www.malawisounds.com/463-you'll-be-good-by-praise-umali" "Mozilla/5.0 (Linux; Android 10; K) AppleWebKit/537.36 (KHTML, like Gecko) Chrome/131.0.0.0 Mobile Safari/537.36"
102.70.6.99 - - [03/Jan/2025:17:16:02 -0500] "GET /searchmusic.php?q=Pra HTTP/1.1" 200 2114 "https://www.malawisounds.com/463-you'll-be-good-by-praise-umali" "Mozilla/5.0 (Linux; Android 10; K) AppleWebKit/537.36 (KHTML, like Gecko) Chrome/131.0.0.0 Mobile Safari/537.36"
102.70.6.99 - - [03/Jan/2025:17:16:02 -0500] "GET /searchmusic.php?q=Pr HTTP/1.1" 200 6534 "https://www.malawisounds.com/463-you'll-be-good-by-praise-umali" "Mozilla/5.0 (Linux; Android 10; K) AppleWebKit/537.36 (KHTML, like Gecko) Chrome/131.0.0.0 Mobile Safari/537.36"
102.70.6.99 - - [03/Jan/2025:17:16:02 -0500] "GET /searchmusic.php?q=P HTTP/1.1" 200 28705 "https://www.malawisounds.com/463-you'll-be-good-by-praise-umali" "Mozilla/5.0 (Linux; Android 10; K) AppleWebKit/537.36 (KHTML, like Gecko) Chrome/131.0.0.0 Mobile Safari/537.36"
102.70.6.99 - - [03/Jan/2025:17:16:03 -0500] "GET /searchmusic.php?q=Prais HTTP/1.1" 200 1628 "https://www.malawisounds.com/463-you'll-be-good-by-praise-umali" "Mozilla/5.0 (Linux; Android 10; K) AppleWebKit/537.36 (KHTML, like Gecko) Chrome/131.0.0.0 Mobile Safari/537.36"
102.70.6.99 - - [03/Jan/2025:17:16:03 -0500] "GET /searchmusic.php?q=Praise HTTP/1.1" 200 1628 "https://www.malawisounds.com/463-you'll-be-good-by-praise-umali" "Mozilla/5.0 (Linux; Android 10; K) AppleWebKit/537.36 (KHTML, like Gecko) Chrome/131.0.0.0 Mobile Safari/537.36"
102.70.6.99 - - [03/Jan/2025:17:16:03 -0500] "GET /searchmusic.php?q=Prais HTTP/1.1" 200 1628 "https://www.malawisounds.com/463-you'll-be-good-by-praise-umali" "Mozilla/5.0 (Linux; Android 10; K) AppleWebKit/537.36 (KHTML, like Gecko) Chrome/131.0.0.0 Mobile Safari/537.36"
102.70.6.99 - - [03/Jan/2025:17:16:03 -0500] "GET /searchmusic.php?q=Praise HTTP/1.1" 200 1628 "https://www.malawisounds.com/463-you'll-be-good-by-praise-umali" "Mozilla/5.0 (Linux; Android 10; K) AppleWebKit/537.36 (KHTML, like Gecko) Chrome/131.0.0.0 Mobile Safari/537.36"
102.70.6.99 - - [03/Jan/2025:17:16:04 -0500] "GET /searchmusic.php?q=Praise HTTP/1.1" 200 1628 "https://www.malawisounds.com/463-you'll-be-good-by-praise-umali" "Mozilla/5.0 (Linux; Android 10; K) AppleWebKit/537.36 (KHTML, like Gecko) Chrome/131.0.0.0 Mobile Safari/537.36"
102.70.6.99 - - [03/Jan/2025:17:16:04 -0500] "GET /images/img-20190607-wa0003.jpg HTTP/1.1" 200 41707 "https://www.malawisounds.com/463-you'll-be-good-by-praise-umali" "Mozilla/5.0 (Linux; Android 10; K) AppleWebKit/537.36 (KHTML, like Gecko) Chrome/131.0.0.0 Mobile Safari/537.36"
102.70.6.99 - - [03/Jan/2025:17:16:04 -0500] "GET /images/costly.jpg HTTP/1.1" 200 70543 "https://www.malawisounds.com/463-you'll-be-good-by-praise-umali" "Mozilla/5.0 (Linux; Android 10; K) AppleWebKit/537.36 (KHTML, like Gecko) Chrome/131.0.0.0 Mobile Safari/537.36"
102.70.6.99 - - [03/Jan/2025:17:16:04 -0500] "GET /images/gloria_praise.jpg HTTP/1.1" 200 37351 "https://www.malawisounds.com/463-you'll-be-good-by-praise-umali" "Mozilla/5.0 (Linux; Android 10; K) AppleWebKit/537.36 (KHTML, like Gecko) Chrome/131.0.0.0 Mobile Safari/537.36"
102.70.6.99 - - [03/Jan/2025:17:16:04 -0500] "GET /images/mwsounds-20201113160109-for-me-final.jpg HTTP/1.1" 200 260781 "https://www.malawisounds.com/463-you'll-be-good-by-praise-umali" "Mozilla/5.0 (Linux; Android 10; K) AppleWebKit/537.36 (KHTML, like Gecko) Chrome/131.0.0.0 Mobile Safari/537.36"
102.70.6.99 - - [03/Jan/2025:17:16:04 -0500] "GET /images/mwsounds-20200717223107-fb_img_1595042693002.jpg HTTP/1.1" 200 62720 "https://www.malawisounds.com/463-you'll-be-good-by-praise-umali" "Mozilla/5.0 (Linux; Android 10; K) AppleWebKit/537.36 (KHTML, like Gecko) Chrome/131.0.0.0 Mobile Safari/537.36"
102.70.6.99 - - [03/Jan/2025:17:16:04 -0500] "GET /images/mwsounds-20200710075322-gloria-praise.jpg HTTP/1.1" 200 18224 "https://www.malawisounds.com/463-you'll-be-good-by-praise-umali" "Mozilla/5.0 (Linux; Android 10; K) AppleWebKit/537.36 (KHTML, like Gecko) Chrome/131.0.0.0 Mobile Safari/537.36"
102.70.6.99 - - [03/Jan/2025:17:16:04 -0500] "GET /images/mwsounds-20201224205942-img-20201221-wa0005.jpg HTTP/1.1" 200 43850 "https://www.malawisounds.com/463-you'll-be-good-by-praise-umali" "Mozilla/5.0 (Linux; Android 10; K) AppleWebKit/537.36 (KHTML, like Gecko) Chrome/131.0.0.0 Mobile Safari/537.36"
102.70.6.99 - - [03/Jan/2025:17:16:04 -0500] "GET /images/mwsounds-20211231-121220-Recast-by-Abundant-Life-Praise-Team.jpg HTTP/1.1" 200 31211 "https://www.malawisounds.com/463-you'll-be-good-by-praise-umali" "Mozilla/5.0 (Linux; Android 10; K) AppleWebKit/537.36 (KHTML, like Gecko) Chrome/131.0.0.0 Mobile Safari/537.36"
102.70.6.99 - - [03/Jan/2025:17:16:04 -0500] "GET /images/mwsounds-20211015141709-g-quid-praise-1.jpg HTTP/1.1" 200 23580 "https://www.malawisounds.com/463-you'll-be-good-by-praise-umali" "Mozilla/5.0 (Linux; Android 10; K) AppleWebKit/537.36 (KHTML, like Gecko) Chrome/131.0.0.0 Mobile Safari/537.36"
102.70.6.99 - - [03/Jan/2025:17:16:04 -0500] "GET /images/mwsounds-20210831013017-img-20210830-wa0042.jpg HTTP/1.1" 200 38868 "https://www.malawisounds.com/463-you'll-be-good-by-praise-umali" "Mozilla/5.0 (Linux; Android 10; K) AppleWebKit/537.36 (KHTML, like Gecko) Chrome/131.0.0.0 Mobile Safari/537.36"
102.70.6.99 - - [03/Jan/2025:17:16:04 -0500] "GET /images/img-20200325-wa0002.jpg HTTP/1.1" 200 22524 "https://www.malawisounds.com/463-you'll-be-good-by-praise-umali" "Mozilla/5.0 (Linux; Android 10; K) AppleWebKit/537.36 (KHTML, like Gecko) Chrome/131.0.0.0 Mobile Safari/537.36"
102.70.6.99 - - [03/Jan/2025:17:16:04 -0500] "GET /images/mwsounds-20220703-005035-Thanks-and-Praise-by-Cornerstone-Music.jpg HTTP/1.1" 200 34894 "https://www.malawisounds.com/463-you'll-be-good-by-praise-umali" "Mozilla/5.0 (Linux; Android 10; K) AppleWebKit/537.36 (KHTML, like Gecko) Chrome/131.0.0.0 Mobile Safari/537.36"
102.70.6.99 - - [03/Jan/2025:17:16:04 -0500] "GET /images/mwsounds-20220919-063212-Praise-II-by-Cee-Jonez.jpg HTTP/1.1" 200 48858 "https://www.malawisounds.com/463-you'll-be-good-by-praise-umali" "Mozilla/5.0 (Linux; Android 10; K) AppleWebKit/537.36 (KHTML, like Gecko) Chrome/131.0.0.0 Mobile Safari/537.36"
102.70.6.99 - - [03/Jan/2025:17:16:04 -0500] "GET /images/mwsounds-20240507-065733-How-Can-I-Praise-by-Phil.jpg HTTP/1.1" 200 319610 "https://www.malawisounds.com/463-you'll-be-good-by-praise-umali" "Mozilla/5.0 (Linux; Android 10; K) AppleWebKit/537.36 (KHTML, like Gecko) Chrome/131.0.0.0 Mobile Safari/537.36"
102.70.6.99 - - [03/Jan/2025:17:16:05 -0500] "GET /searchmusic.php?q=Praise%20u HTTP/1.1" 200 964 "https://www.malawisounds.com/463-you'll-be-good-by-praise-umali" "Mozilla/5.0 (Linux; Android 10; K) AppleWebKit/537.36 (KHTML, like Gecko) Chrome/131.0.0.0 Mobile Safari/537.36"
102.70.6.99 - - [03/Jan/2025:17:16:06 -0500] "GET /searchmusic.php?q=Praise%20um HTTP/1.1" 200 964 "https://www.malawisounds.com/463-you'll-be-good-by-praise-umali" "Mozilla/5.0 (Linux; Android 10; K) AppleWebKit/537.36 (KHTML, like Gecko) Chrome/131.0.0.0 Mobile Safari/537.36"
102.70.6.99 - - [03/Jan/2025:17:16:07 -0500] "GET /searchmusic.php?q=Praise%20uma HTTP/1.1" 200 964 "https://www.malawisounds.com/463-you'll-be-good-by-praise-umali" "Mozilla/5.0 (Linux; Android 10; K) AppleWebKit/537.36 (KHTML, like Gecko) Chrome/131.0.0.0 Mobile Safari/537.36"
102.70.6.99 - - [03/Jan/2025:17:16:07 -0500] "GET /searchmusic.php?q=Praise%20umal HTTP/1.1" 200 964 "https://www.malawisounds.com/463-you'll-be-good-by-praise-umali" "Mozilla/5.0 (Linux; Android 10; K) AppleWebKit/537.36 (KHTML, like Gecko) Chrome/131.0.0.0 Mobile Safari/537.36"
102.70.6.99 - - [03/Jan/2025:17:16:07 -0500] "GET /searchmusic.php?q=Praise%20umali HTTP/1.1" 200 964 "https://www.malawisounds.com/463-you'll-be-good-by-praise-umali" "Mozilla/5.0 (Linux; Android 10; K) AppleWebKit/537.36 (KHTML, like Gecko) Chrome/131.0.0.0 Mobile Safari/537.36"
207.46.13.127 - - [03/Jan/2025:17:16:07 -0500] "GET /?woemt/a1909805.html HTTP/1.1" 200 3228 "-" "Mozilla/5.0 AppleWebKit/537.36 (KHTML, like Gecko; compatible; bingbot/2.0; +http://www.bing.com/bingbot.htm) Chrome/116.0.1938.76 Safari/537.36"
102.70.6.99 - - [03/Jan/2025:17:16:08 -0500] "GET /searchmusic.php?q=Praise%20umali HTTP/1.1" 200 964 "https://www.malawisounds.com/463-you'll-be-good-by-praise-umali" "Mozilla/5.0 (Linux; Android 10; K) AppleWebKit/537.36 (KHTML, like Gecko) Chrome/131.0.0.0 Mobile Safari/537.36"
217.113.194.244 - - [03/Jan/2025:17:16:08 -0500] "GET /download.php?id=657&name=Nthonwdwa%20ft.%20Shammah%20Vocalz-Ntchemo HTTP/1.1" 200 3133417 "-" "Mozilla/5.0 (compatible; Barkrowler/0.9; +https://babbar.tech/crawler)"
102.70.6.99 - - [03/Jan/2025:17:16:08 -0500] "GET /searchmusic.php?q=Praise%20umali HTTP/1.1" 200 964 "https://www.malawisounds.com/463-you'll-be-good-by-praise-umali" "Mozilla/5.0 (Linux; Android 10; K) AppleWebKit/537.36 (KHTML, like Gecko) Chrome/131.0.0.0 Mobile Safari/537.36"
102.70.6.99 - - [03/Jan/2025:17:16:10 -0500] "GET /searchmusic.php?q=Praise%20umali%20l HTTP/1.1" 200 616 "https://www.malawisounds.com/463-you'll-be-good-by-praise-umali" "Mozilla/5.0 (Linux; Android 10; K) AppleWebKit/537.36 (KHTML, like Gecko) Chrome/131.0.0.0 Mobile Safari/537.36"
102.70.6.99 - - [03/Jan/2025:17:16:11 -0500] "GET /searchmusic.php?q=Praise%20umali%20le HTTP/1.1" 200 616 "https://www.malawisounds.com/463-you'll-be-good-by-praise-umali" "Mozilla/5.0 (Linux; Android 10; K) AppleWebKit/537.36 (KHTML, like Gecko) Chrome/131.0.0.0 Mobile Safari/537.36"
102.70.6.99 - - [03/Jan/2025:17:16:12 -0500] "GET /searchmusic.php?q=Praise%20umali%20lef HTTP/1.1" 200 616 "https://www.malawisounds.com/463-you'll-be-good-by-praise-umali" "Mozilla/5.0 (Linux; Android 10; K) AppleWebKit/537.36 (KHTML, like Gecko) Chrome/131.0.0.0 Mobile Safari/537.36"
102.70.6.99 - - [03/Jan/2025:17:16:13 -0500] "GET /searchmusic.php?q=Praise%20umali%20lef HTTP/1.1" 200 616 "https://www.malawisounds.com/463-you'll-be-good-by-praise-umali" "Mozilla/5.0 (Linux; Android 10; K) AppleWebKit/537.36 (KHTML, like Gecko) Chrome/131.0.0.0 Mobile Safari/537.36"
102.70.6.99 - - [03/Jan/2025:17:16:13 -0500] "GET /searchmusic.php?q=Praise%20umali%20left HTTP/1.1" 200 616 "https://www.malawisounds.com/463-you'll-be-good-by-praise-umali" "Mozilla/5.0 (Linux; Android 10; K) AppleWebKit/537.36 (KHTML, like Gecko) Chrome/131.0.0.0 Mobile Safari/537.36"
102.70.6.99 - - [03/Jan/2025:17:16:14 -0500] "GET /searchmusic.php?q=Praise%20umali%20left HTTP/1.1" 200 616 "https://www.malawisounds.com/463-you'll-be-good-by-praise-umali" "Mozilla/5.0 (Linux; Android 10; K) AppleWebKit/537.36 (KHTML, like Gecko) Chrome/131.0.0.0 Mobile Safari/537.36"
102.70.6.99 - - [03/Jan/2025:17:16:14 -0500] "GET /searchmusic.php?q=Praise%20umali%20left HTTP/1.1" 200 616 "https://www.malawisounds.com/463-you'll-be-good-by-praise-umali" "Mozilla/5.0 (Linux; Android 10; K) AppleWebKit/537.36 (KHTML, like Gecko) Chrome/131.0.0.0 Mobile Safari/537.36"
102.70.6.99 - - [03/Jan/2025:17:16:15 -0500] "GET /searchmusic.php?q=Praise%20umali%20left%20y HTTP/1.1" 200 616 "https://www.malawisounds.com/463-you'll-be-good-by-praise-umali" "Mozilla/5.0 (Linux; Android 10; K) AppleWebKit/537.36 (KHTML, like Gecko) Chrome/131.0.0.0 Mobile Safari/537.36"
102.70.6.99 - - [03/Jan/2025:17:16:16 -0500] "GET /searchmusic.php?q=Praise%20umali%20left%20yo HTTP/1.1" 200 616 "https://www.malawisounds.com/463-you'll-be-good-by-praise-umali" "Mozilla/5.0 (Linux; Android 10; K) AppleWebKit/537.36 (KHTML, like Gecko) Chrome/131.0.0.0 Mobile Safari/537.36"
102.70.6.99 - - [03/Jan/2025:17:16:16 -0500] "GET /searchmusic.php?q=Praise%20umali%20left%20you HTTP/1.1" 200 616 "https://www.malawisounds.com/463-you'll-be-good-by-praise-umali" "Mozilla/5.0 (Linux; Android 10; K) AppleWebKit/537.36 (KHTML, like Gecko) Chrome/131.0.0.0 Mobile Safari/537.36"
102.70.6.99 - - [03/Jan/2025:17:16:16 -0500] "GET /searchmusic.php?q=Praise%20umali%20left%20you HTTP/1.1" 200 616 "https://www.malawisounds.com/463-you'll-be-good-by-praise-umali" "Mozilla/5.0 (Linux; Android 10; K) AppleWebKit/537.36 (KHTML, like Gecko) Chrome/131.0.0.0 Mobile Safari/537.36"
102.70.6.99 - - [03/Jan/2025:17:16:17 -0500] "GET /searchmusic.php?q=Praise%20umali%20left%20you HTTP/1.1" 200 616 "https://www.malawisounds.com/463-you'll-be-good-by-praise-umali" "Mozilla/5.0 (Linux; Android 10; K) AppleWebKit/537.36 (KHTML, like Gecko) Chrome/131.0.0.0 Mobile Safari/537.36"
102.70.6.99 - - [03/Jan/2025:17:16:17 -0500] "GET /searchmusic.php?q=Praise%20umali%20left%20you%20b HTTP/1.1" 200 616 "https://www.malawisounds.com/463-you'll-be-good-by-praise-umali" "Mozilla/5.0 (Linux; Android 10; K) AppleWebKit/537.36 (KHTML, like Gecko) Chrome/131.0.0.0 Mobile Safari/537.36"
102.70.6.99 - - [03/Jan/2025:17:16:17 -0500] "GET /searchmusic.php?q=Praise%20umali%20left%20you%20be HTTP/1.1" 200 616 "https://www.malawisounds.com/463-you'll-be-good-by-praise-umali" "Mozilla/5.0 (Linux; Android 10; K) AppleWebKit/537.36 (KHTML, like Gecko) Chrome/131.0.0.0 Mobile Safari/537.36"
102.70.6.99 - - [03/Jan/2025:17:16:18 -0500] "GET /searchmusic.php?q=Praise%20umali%20left%20you%20bet HTTP/1.1" 200 616 "https://www.malawisounds.com/463-you'll-be-good-by-praise-umali" "Mozilla/5.0 (Linux; Android 10; K) AppleWebKit/537.36 (KHTML, like Gecko) Chrome/131.0.0.0 Mobile Safari/537.36"
102.70.6.99 - - [03/Jan/2025:17:16:18 -0500] "GET /searchmusic.php?q=Praise%20umali%20left%20you%20bett HTTP/1.1" 200 616 "https://www.malawisounds.com/463-you'll-be-good-by-praise-umali" "Mozilla/5.0 (Linux; Android 10; K) AppleWebKit/537.36 (KHTML, like Gecko) Chrome/131.0.0.0 Mobile Safari/537.36"
102.70.6.99 - - [03/Jan/2025:17:16:18 -0500] "GET /searchmusic.php?q=Praise%20umali%20left%20you%20bette HTTP/1.1" 200 616 "https://www.malawisounds.com/463-you'll-be-good-by-praise-umali" "Mozilla/5.0 (Linux; Android 10; K) AppleWebKit/537.36 (KHTML, like Gecko) Chrome/131.0.0.0 Mobile Safari/537.36"
102.70.6.99 - - [03/Jan/2025:17:16:18 -0500] "GET /searchmusic.php?q=Praise%20umali%20left%20you%20bett HTTP/1.1" 200 616 "https://www.malawisounds.com/463-you'll-be-good-by-praise-umali" "Mozilla/5.0 (Linux; Android 10; K) AppleWebKit/537.36 (KHTML, like Gecko) Chrome/131.0.0.0 Mobile Safari/537.36"
102.70.6.99 - - [03/Jan/2025:17:16:18 -0500] "GET /searchmusic.php?q=Praise%20umali%20left%20you%20better HTTP/1.1" 200 616 "https://www.malawisounds.com/463-you'll-be-good-by-praise-umali" "Mozilla/5.0 (Linux; Android 10; K) AppleWebKit/537.36 (KHTML, like Gecko) Chrome/131.0.0.0 Mobile Safari/537.36"
102.70.6.99 - - [03/Jan/2025:17:16:18 -0500] "GET /searchmusic.php?q=Praise%20umali%20left%20you%20bette HTTP/1.1" 200 616 "https://www.malawisounds.com/463-you'll-be-good-by-praise-umali" "Mozilla/5.0 (Linux; Android 10; K) AppleWebKit/537.36 (KHTML, like Gecko) Chrome/131.0.0.0 Mobile Safari/537.36"
102.70.6.99 - - [03/Jan/2025:17:16:19 -0500] "GET /searchmusic.php?q=Praise%20umali%20left%20you%20better HTTP/1.1" 200 616 "https://www.malawisounds.com/463-you'll-be-good-by-praise-umali" "Mozilla/5.0 (Linux; Android 10; K) AppleWebKit/537.36 (KHTML, like Gecko) Chrome/131.0.0.0 Mobile Safari/537.36"
102.70.6.99 - - [03/Jan/2025:17:16:27 -0500] "GET /searchmusic.php?q=Praise%20umali%20left%20you%20better HTTP/1.1" 200 616 "https://www.malawisounds.com/463-you'll-be-good-by-praise-umali" "Mozilla/5.0 (Linux; Android 10; K) AppleWebKit/537.36 (KHTML, like Gecko) Chrome/131.0.0.0 Mobile Safari/537.36"
217.113.194.48 - - [03/Jan/2025:17:16:29 -0500] "GET /download.php?id=21&name=Spencer%20ft%20wanasachah%20Khidah-Amalimbika HTTP/1.1" 200 7119103 "-" "Mozilla/5.0 (compatible; Barkrowler/0.9; +https://babbar.tech/crawler)"
191.96.78.220 - - [03/Jan/2025:17:16:45 -0500] "GET /uploaded.php HTTP/1.1" 404 1251 "-" "Mozilla/5.0 (Windows NT 10.0; Win64; x64) AppleWebKit/537.36 (KHTML, like Gecko) Chrome/109.0.0.0 Safari/537.36"
51.222.253.6 - - [03/Jan/2025:17:16:58 -0500] "GET /download.php?id=351&name=Cytra%20+%20Man%20Chi-Usandiyangane HTTP/1.1" 200 18 "-" "Mozilla/5.0 (compatible; AhrefsBot/7.0; +http://ahrefs.com/robot/)"
217.113.194.50 - - [03/Jan/2025:17:16:47 -0500] "GET /download.php?id=453&name=Servant%20Aron%20ft.%20Ellam%20Zuze%20-Mafuta HTTP/1.1" 200 9990837 "-" "Mozilla/5.0 (compatible; Barkrowler/0.9; +https://babbar.tech/crawler)"
217.113.194.48 - - [03/Jan/2025:17:17:23 -0500] "GET /download.php?id=962&name=Gold3n%20Henry%20x%20Caleb%20Sambo-Jesu%20Mi HTTP/1.1" 200 6497490 "-" "Mozilla/5.0 (compatible; Barkrowler/0.9; +https://babbar.tech/crawler)"
51.222.253.16 - - [03/Jan/2025:17:17:34 -0500] "GET /sid-349-udzandifuna-by-f-crazy HTTP/1.1" 200 3270 "-" "Mozilla/5.0 (compatible; AhrefsBot/7.0; +http://ahrefs.com/robot/)"
217.113.194.51 - - [03/Jan/2025:17:17:37 -0500] "GET /download.php?id=1306&name=YAT%20KAY%20MUSIC%20-Ndalakwisa%20chan HTTP/1.1" 200 4773851 "-" "Mozilla/5.0 (compatible; Barkrowler/0.9; +https://babbar.tech/crawler)"
217.113.194.51 - - [03/Jan/2025:17:17:49 -0500] "GET /download.php?id=311&name=Phyzix%20Ft.%20Eli%20Njuchi%20and%20Macia-Follow HTTP/1.1" 200 8811004 "-" "Mozilla/5.0 (compatible; Barkrowler/0.9; +https://babbar.tech/crawler)"
66.249.73.3 - - [03/Jan/2025:17:17:57 -0500] "GET /images/1575f6090d274a989671422250cc5ac5.jpg HTTP/1.1" 200 19762 "-" "Googlebot-Image/1.0"
217.113.194.49 - - [03/Jan/2025:17:17:58 -0500] "GET /download.php?id=455&name=Suffix%20ft.%20Esther%20Chitheka%20Lewis-Misozi HTTP/1.1" 200 8127886 "-" "Mozilla/5.0 (compatible; Barkrowler/0.9; +https://babbar.tech/crawler)"
51.222.253.12 - - [03/Jan/2025:17:18:05 -0500] "GET /aid-45-free-stream-tsamira- HTTP/1.1" 200 3521 "-" "Mozilla/5.0 (compatible; AhrefsBot/7.0; +http://ahrefs.com/robot/)"
207.46.13.127 - - [03/Jan/2025:17:18:19 -0500] "GET /bepvweuew.html HTTP/1.1" 404 1251 "-" "Mozilla/5.0 AppleWebKit/537.36 (KHTML, like Gecko; compatible; bingbot/2.0; +http://www.bing.com/bingbot.htm) Chrome/116.0.1938.76 Safari/537.36"
217.113.194.49 - - [03/Jan/2025:17:18:27 -0500] "GET /download.php?id=783&name=Phil%20ft.%20Peace%20Manong'a-Why%20should%20I%20fear HTTP/1.1" 200 9762146 "-" "Mozilla/5.0 (compatible; Barkrowler/0.9; +https://babbar.tech/crawler)"
51.222.253.19 - - [03/Jan/2025:17:18:32 -0500] "GET /sid-356-shasha(diamond-platnums-jeje-cover)-by-crush-point HTTP/1.1" 200 3258 "-" "Mozilla/5.0 (compatible; AhrefsBot/7.0; +http://ahrefs.com/robot/)"
4.43.184.114 - - [03/Jan/2025:17:18:49 -0500] "GET / HTTP/1.0" 200 12109 "-" "Mozilla/4.0 (compatible; MSIE 6.0; Windows NT 5.1; ru)"
217.113.194.46 - - [03/Jan/2025:17:18:49 -0500] "GET /download.php?id=1109&name=Andy%20bwai%20ft%20Mr%20lover%20lover-Osanyoza HTTP/1.1" 200 3461666 "-" "Mozilla/5.0 (compatible; Barkrowler/0.9; +https://babbar.tech/crawler)"
114.119.138.130 - - [03/Jan/2025:17:18:54 -0500] "GET /1676-Kungoyamika-by-Chisomo-Chimoto HTTP/1.1" 200 4455 "https://www.malawisounds.com/singles?pageno=141" "Mozilla/5.0 (Linux; Android 7.0;) AppleWebKit/537.36 (KHTML, like Gecko) Mobile Safari/537.36 (compatible; PetalBot;+https://webmaster.petalsearch.com/site/petalbot)"
51.222.253.2 - - [03/Jan/2025:17:18:57 -0500] "GET /sid-129-cocola-by-darray-+-just-christian HTTP/1.1" 200 3228 "-" "Mozilla/5.0 (compatible; AhrefsBot/7.0; +http://ahrefs.com/robot/)"
52.167.144.222 - - [03/Jan/2025:17:19:01 -0500] "GET /n23t2oymj.html HTTP/1.1" 404 1251 "-" "Mozilla/5.0 AppleWebKit/537.36 (KHTML, like Gecko; compatible; bingbot/2.0; +http://www.bing.com/bingbot.htm) Chrome/116.0.1938.76 Safari/537.36"
66.249.65.162 - - [03/Jan/2025:17:19:13 -0500] "GET /mvwoecil7.html HTTP/1.1" 404 1251 "-" "Mozilla/5.0 (Linux; Android 6.0.1; Nexus 5X Build/MMB29P) AppleWebKit/537.36 (KHTML, like Gecko) Chrome/131.0.6778.139 Mobile Safari/537.36 (compatible; Googlebot/2.1; +http://www.google.com/bot.html)"
217.113.194.43 - - [03/Jan/2025:17:19:14 -0500] "GET /download.php?id=1396&name=Gifted%20Emma%20ft%20X-tra%20pro%20beatz-Blessings HTTP/1.1" 200 8461611 "-" "Mozilla/5.0 (compatible; Barkrowler/0.9; +https://babbar.tech/crawler)"
66.249.73.3 - - [03/Jan/2025:17:19:20 -0500] "GET /?MA HTTP/1.1" 200 3228 "-" "Mozilla/5.0 (Linux; Android 6.0.1; Nexus 5X Build/MMB29P) AppleWebKit/537.36 (KHTML, like Gecko) Chrome/131.0.6778.139 Mobile Safari/537.36 (compatible; Googlebot/2.1; +http://www.google.com/bot.html)"
217.113.194.50 - - [03/Jan/2025:17:19:40 -0500] "GET /download.php?id=28&name=Lokay%20ft%20%20Chippoh%20K%20-God%20in%20Guardians HTTP/1.1" 200 5530900 "-" "Mozilla/5.0 (compatible; Barkrowler/0.9; +https://babbar.tech/crawler)"
217.113.194.244 - - [03/Jan/2025:17:19:52 -0500] "GET /download.php?id=479&name=Nowzisur3%20ft%20Sir%20Odillo-My%20beloved HTTP/1.1" 200 7277053 "-" "Mozilla/5.0 (compatible; Barkrowler/0.9; +https://babbar.tech/crawler)"
51.222.253.13 - - [03/Jan/2025:17:19:54 -0500] "GET /sid-344-happy-song-by-nara HTTP/1.1" 200 3212 "-" "Mozilla/5.0 (compatible; AhrefsBot/7.0; +http://ahrefs.com/robot/)"
207.46.13.127 - - [03/Jan/2025:17:19:58 -0500] "GET /902-Jump-by-Achina-Gattah-Ase-ft.-Gemin-Major- HTTP/1.1" 200 3959 "-" "Mozilla/5.0 AppleWebKit/537.36 (KHTML, like Gecko; compatible; bingbot/2.0; +http://www.bing.com/bingbot.htm) Chrome/116.0.1938.76 Safari/537.36"
217.113.194.42 - - [03/Jan/2025:17:20:02 -0500] "GET /download.php?id=1184&name=Phil-To%20The%20One%20(Worthy%20of%20it%20all) HTTP/1.1" 200 8560848 "-" "Mozilla/5.0 (compatible; Barkrowler/0.9; +https://babbar.tech/crawler)"
51.222.253.19 - - [03/Jan/2025:17:20:19 -0500] "GET /sid-315-zili-bwino-by-jowie HTTP/1.1" 200 3216 "-" "Mozilla/5.0 (compatible; AhrefsBot/7.0; +http://ahrefs.com/robot/)"
207.46.13.127 - - [03/Jan/2025:17:20:40 -0500] "GET /tlkrq7ohl.html HTTP/1.1" 404 1251 "-" "Mozilla/5.0 AppleWebKit/537.36 (KHTML, like Gecko; compatible; bingbot/2.0; +http://www.bing.com/bingbot.htm) Chrome/116.0.1938.76 Safari/537.36"
51.222.253.15 - - [03/Jan/2025:17:20:42 -0500] "GET /aid-47-free-stream-call-on-jah-name HTTP/1.1" 200 3521 "-" "Mozilla/5.0 (compatible; AhrefsBot/7.0; +http://ahrefs.com/robot/)"
217.113.194.47 - - [03/Jan/2025:17:20:33 -0500] "GET /download.php?id=288&name=Vin%20Chizuzu%20and%20Eliza%20Mponya-The%20throne HTTP/1.1" 200 9715712 "-" "Mozilla/5.0 (compatible; Barkrowler/0.9; +https://babbar.tech/crawler)"
154.54.249.197 - - [03/Jan/2025:17:21:04 -0500] "GET /download.php?id=314&name=Theo%20Thompson%20Ft%20Tay%20Grin-Slw%20Dwn HTTP/1.1" 200 8494032 "-" "Mozilla/5.0 (compatible; Barkrowler/0.9; +https://babbar.tech/crawler)"
217.113.194.46 - - [03/Jan/2025:17:21:14 -0500] "GET /download.php?id=1022&name=Louid%20x%20Augusteen%20x%20K%20mbizo-Muchepese HTTP/1.1" 200 6973710 "-" "Mozilla/5.0 (compatible; Barkrowler/0.9; +https://babbar.tech/crawler)"
217.113.194.48 - - [03/Jan/2025:17:21:24 -0500] "GET /download.php?id=1406&name=Node%20king%20x%20meekboy-Dale..produced%20by%20chapter HTTP/1.1" 200 4530078 "-" "Mozilla/5.0 (compatible; Barkrowler/0.9; +https://babbar.tech/crawler)"
51.222.253.9 - - [03/Jan/2025:17:21:27 -0500] "GET /698-Neighbor--by-Suffix-ft-Seven-O-More HTTP/1.1" 200 3956 "-" "Mozilla/5.0 (compatible; AhrefsBot/7.0; +http://ahrefs.com/robot/)"
217.113.194.48 - - [03/Jan/2025:17:21:35 -0500] "GET /download.php?id=313&name=Beauce%20Africa%20Ft%20Mista%20Gray-Kweza%20Bar HTTP/1.1" 200 6933215 "-" "Mozilla/5.0 (compatible; Barkrowler/0.9; +https://babbar.tech/crawler)"
66.249.73.3 - - [03/Jan/2025:17:21:54 -0500] "GET /aid-460-album-stream-Great-plans-by-Alle HTTP/1.1" 200 3762 "-" "Mozilla/5.0 (compatible; Googlebot/2.1; +http://www.google.com/bot.html)"
66.249.73.4 - - [03/Jan/2025:17:21:54 -0500] "GET /aid-463-album-stream-She-she-by-Sir-Odilo HTTP/1.1" 200 3720 "-" "Mozilla/5.0 (compatible; Googlebot/2.1; +http://www.google.com/bot.html)"
66.249.73.4 - - [03/Jan/2025:17:21:54 -0500] "GET /1566-Victory--by-Betty-Kananda- HTTP/1.1" 200 3927 "-" "Mozilla/5.0 (compatible; Googlebot/2.1; +http://www.google.com/bot.html)"
51.222.253.5 - - [03/Jan/2025:17:21:55 -0500] "GET /sid-180-i-am-strong-by-crossheart--ft-frank-moleni+elka HTTP/1.1" 200 3291 "-" "Mozilla/5.0 (compatible; AhrefsBot/7.0; +http://ahrefs.com/robot/)"
217.113.194.42 - - [03/Jan/2025:17:21:55 -0500] "GET /download.php?id=1170&name=El%20thew%20ft%20Funnix%20&%20Braz%20lu-Mudyera HTTP/1.1" 200 6769296 "-" "Mozilla/5.0 (compatible; Barkrowler/0.9; +https://babbar.tech/crawler)"
66.249.65.160 - - [03/Jan/2025:17:21:56 -0500] "GET /Icons/malawisounds.ico HTTP/1.1" 200 4286 "-" "Googlebot-Image/1.0"
54.183.248.119 - - [03/Jan/2025:17:22:04 -0500] "GET / HTTP/1.1" 200 3709 "-" "Mozilla/5.0 (X11; Linux x86_64) AppleWebKit/537.36 (KHTML, like Gecko) Chrome/51.0.2704.103 Safari/537.36"
217.113.194.47 - - [03/Jan/2025:17:22:05 -0500] "GET /download.php?id=601&name=Smart%20k%20ft%20Liveness%20x%20weedream-Chikondi%20chako HTTP/1.1" 200 4411944 "-" "Mozilla/5.0 (compatible; Barkrowler/0.9; +https://babbar.tech/crawler)"
217.113.194.51 - - [03/Jan/2025:17:22:29 -0500] "GET /download.php?id=308&name=Kell%20Kay%20Ft.%20Kambwiri%20Sisters-For%20my%20mama HTTP/1.1" 200 7131475 "-" "Mozilla/5.0 (compatible; Barkrowler/0.9; +https://babbar.tech/crawler)"
217.113.194.42 - - [03/Jan/2025:17:22:59 -0500] "GET /download.php?id=1362&name=Stizo%20mw%20ft%20Funnix%20design-Ndizakutopera HTTP/1.1" 200 2929938 "-" "Mozilla/5.0 (compatible; Barkrowler/0.9; +https://babbar.tech/crawler)"
51.222.253.17 - - [03/Jan/2025:17:23:29 -0500] "GET /1452-Turn-up-[-official-audio-prod-by-DG-Blacka]-by-Typhan-Crea HTTP/1.1" 200 3964 "-" "Mozilla/5.0 (compatible; AhrefsBot/7.0; +http://ahrefs.com/robot/)"
217.113.194.46 - - [03/Jan/2025:17:23:26 -0500] "GET /download.php?id=300&name=Cozizwa%20Ft.%20Kelvin%20Sings-Ngiyabonga HTTP/1.1" 200 8830994 "-" "Mozilla/5.0 (compatible; Barkrowler/0.9; +https://babbar.tech/crawler)"
51.222.253.19 - - [03/Jan/2025:17:23:56 -0500] "GET /albums?pageno=145 HTTP/1.1" 200 2900 "-" "Mozilla/5.0 (compatible; AhrefsBot/7.0; +http://ahrefs.com/robot/)"
66.249.73.4 - - [03/Jan/2025:17:23:58 -0500] "GET /671-Ngati-Dolo-by-Suffix-ft-Onesimus HTTP/1.1" 200 3938 "-" "Mozilla/5.0 (Linux; Android 6.0.1; Nexus 5X Build/MMB29P) AppleWebKit/537.36 (KHTML, like Gecko) Chrome/131.0.6778.139 Mobile Safari/537.36 (compatible; Googlebot/2.1; +http://www.google.com/bot.html)"
217.113.194.51 - - [03/Jan/2025:17:24:00 -0500] "GET /download.php?id=88&name=Persian%20Kids%20ft%20Bligle%20di%20massa-Attention HTTP/1.1" 200 3128873 "-" "Mozilla/5.0 (compatible; Barkrowler/0.9; +https://babbar.tech/crawler)"
51.222.253.5 - - [03/Jan/2025:17:24:21 -0500] "GET /singles?pageno=275 HTTP/1.1" 200 3207 "-" "Mozilla/5.0 (compatible; AhrefsBot/7.0; +http://ahrefs.com/robot/)"
4.43.184.114 - - [03/Jan/2025:17:24:31 -0500] "GET / HTTP/1.0" 200 12109 "-" "Mozilla/5.0 (Windows NT 5.1) AppleWebKit/534.24 (KHTML, like Gecko) Chrome/11.0.696.68 Safari/534.24"
217.113.194.45 - - [03/Jan/2025:17:24:29 -0500] "GET /download.php?id=1034&name=Chikondi%20Banda-Muzonse%20(prod%20by%20OBK) HTTP/1.1" 200 7301318 "-" "Mozilla/5.0 (compatible; Barkrowler/0.9; +https://babbar.tech/crawler)"
207.46.13.154 - - [03/Jan/2025:17:24:39 -0500] "GET /awtbecdm.html HTTP/1.1" 404 1251 "-" "Mozilla/5.0 AppleWebKit/537.36 (KHTML, like Gecko; compatible; bingbot/2.0; +http://www.bing.com/bingbot.htm) Chrome/116.0.1938.76 Safari/537.36"
4.43.184.114 - - [03/Jan/2025:17:24:41 -0500] "GET /home.php HTTP/1.0" 200 43034 "-" "Mozilla/5.0 (Macintosh; Intel Mac OS X 10_6_7) AppleWebKit/534.24 (KHTML, like Gecko) Chrome/11.0.696.68 Safari/534.24"
51.222.253.16 - - [03/Jan/2025:17:24:42 -0500] "GET /albums?pageno=145 HTTP/1.1" 200 2900 "-" "Mozilla/5.0 (compatible; AhrefsBot/7.0; +http://ahrefs.com/robot/)"
51.222.253.13 - - [03/Jan/2025:17:25:11 -0500] "GET /sid-198-sovereign-god-by-nara HTTP/1.1" 200 3197 "-" "Mozilla/5.0 (compatible; AhrefsBot/7.0; +http://ahrefs.com/robot/)"
217.113.194.48 - - [03/Jan/2025:17:25:01 -0500] "GET /download.php?id=283&name=Tchaka%20Ft.%20Episodez%20and%20Getall-Doing%20Big! HTTP/1.1" 200 12348543 "-" "Mozilla/5.0 (compatible; Barkrowler/0.9; +https://babbar.tech/crawler)"
217.113.194.51 - - [03/Jan/2025:17:25:29 -0500] "GET /download.php?id=1349&name=Cmie%20TJAY%20feat%20Sizzle%20Krayne-Call HTTP/1.1" 200 8675260 "-" "Mozilla/5.0 (compatible; Barkrowler/0.9; +https://babbar.tech/crawler)"
51.222.253.10 - - [03/Jan/2025:17:25:39 -0500] "GET /sid-472-need-you-by-winji HTTP/1.1" 200 3242 "-" "Mozilla/5.0 (compatible; AhrefsBot/7.0; +http://ahrefs.com/robot/)"
217.113.194.46 - - [03/Jan/2025:17:25:56 -0500] "GET /download.php?id=377&name=Fay-Chris%20ft.%20Chims%20and%20hannah-Joy%20to%20the%20world HTTP/1.1" 200 9298001 "-" "Mozilla/5.0 (compatible; Barkrowler/0.9; +https://babbar.tech/crawler)"
66.249.73.3 - - [03/Jan/2025:17:25:58 -0500] "GET /home HTTP/1.1" 200 3228 "-" "Mozilla/5.0 (Linux; Android 6.0.1; Nexus 5X Build/MMB29P) AppleWebKit/537.36 (KHTML, like Gecko) Chrome/131.0.6778.139 Mobile Safari/537.36 (compatible; Googlebot/2.1; +http://www.google.com/bot.html)"
217.113.194.51 - - [03/Jan/2025:17:26:14 -0500] "GET /download.php?id=99&name=Level%20B%20x%20Zika-B%20x%20Vube-Mene%20Zilili HTTP/1.1" 200 4013737 "-" "Mozilla/5.0 (compatible; Barkrowler/0.9; +https://babbar.tech/crawler)"
111.225.148.119 - - [03/Jan/2025:17:26:17 -0500] "GET /artist=SINDI-MARIA HTTP/1.1" 200 3169 "-" "Mozilla/5.0 (Linux; Android 5.0) AppleWebKit/537.36 (KHTML, like Gecko) Mobile Safari/537.36 (compatible; Bytespider; https://zhanzhang.toutiao.com/)"
111.225.148.119 - - [03/Jan/2025:17:26:17 -0500] "GET /bio/IMG-20220319-WA0014.jpg HTTP/1.1" 206 500 "https://malawisounds.com/artist=SINDI-MARIA" "Mozilla/5.0 (Linux; Android 5.0) AppleWebKit/537.36 (KHTML, like Gecko) Mobile Safari/537.36 (compatible; Bytespider; https://zhanzhang.toutiao.com/)"
111.225.148.119 - - [03/Jan/2025:17:26:17 -0500] "GET /null HTTP/1.1" 404 1251 "https://malawisounds.com/artist=SINDI-MARIA" "Mozilla/5.0 (Linux; Android 5.0) AppleWebKit/537.36 (KHTML, like Gecko) Mobile Safari/537.36 (compatible; Bytespider; https://zhanzhang.toutiao.com/)"
51.222.253.10 - - [03/Jan/2025:17:26:25 -0500] "GET /sid-695-tingathe-by-professor-mw HTTP/1.1" 200 3225 "-" "Mozilla/5.0 (compatible; AhrefsBot/7.0; +http://ahrefs.com/robot/)"
217.113.194.49 - - [03/Jan/2025:17:26:33 -0500] "GET /download.php?id=690&name=Various%20Artists%20-Tribute%20for%20Sweeney%20Chimkango HTTP/1.1" 200 5886039 "-" "Mozilla/5.0 (compatible; Barkrowler/0.9; +https://babbar.tech/crawler)"
61.53.7.114 - - [03/Jan/2025:17:26:44 -0500] "GET /download_album.php?id=103 HTTP/1.1" 200 4357949 "-" "Mozilla/5.0 (iPod; U; CPU iPhone OS 3_1 like Mac OS X; gez-ET) AppleWebKit/532.33.3 (KHTML, like Gecko) Version/3.0.5 Mobile/8B114 Safari/6532.33.3"
51.222.253.13 - - [03/Jan/2025:17:26:47 -0500] "GET /sid-485-let-you-by-izza HTTP/1.1" 200 3242 "-" "Mozilla/5.0 (compatible; AhrefsBot/7.0; +http://ahrefs.com/robot/)"
66.249.73.4 - - [03/Jan/2025:17:26:48 -0500] "GET /907-Not-About-Me-by-B-Willz HTTP/1.1" 200 3904 "-" "Mozilla/5.0 (Linux; Android 6.0.1; Nexus 5X Build/MMB29P) AppleWebKit/537.36 (KHTML, like Gecko) Chrome/131.0.6778.139 Mobile Safari/537.36 (compatible; Googlebot/2.1; +http://www.google.com/bot.html)"
217.113.194.45 - - [03/Jan/2025:17:26:48 -0500] "GET /download.php?id=713&name=Frk%20ft.%20Big%20G%20Luko%20and%20Earnester-Shudder HTTP/1.1" 200 9883266 "-" "Mozilla/5.0 (compatible; Barkrowler/0.9; +https://babbar.tech/crawler)"
51.222.253.12 - - [03/Jan/2025:17:27:08 -0500] "GET /sid-409-hustle-by-hilco HTTP/1.1" 200 3273 "-" "Mozilla/5.0 (compatible; AhrefsBot/7.0; +http://ahrefs.com/robot/)"
217.113.194.48 - - [03/Jan/2025:17:27:13 -0500] "GET /download.php?id=587&name=Rabecca%20Mwafulirwa-Chiponosko%20Ntchaulele HTTP/1.1" 200 4742752 "-" "Mozilla/5.0 (compatible; Barkrowler/0.9; +https://babbar.tech/crawler)"
51.222.253.6 - - [03/Jan/2025:17:27:35 -0500] "GET /1368-Chosen-One-2.0-by-Jahves HTTP/1.1" 200 3922 "-" "Mozilla/5.0 (compatible; AhrefsBot/7.0; +http://ahrefs.com/robot/)"
217.113.194.50 - - [03/Jan/2025:17:27:46 -0500] "GET /download.php?id=185&name=Eagle%20King%20X%20Eljey%20X%20Ntchana%20Reck-Victory HTTP/1.1" 200 4313141 "-" "Mozilla/5.0 (compatible; Barkrowler/0.9; +https://babbar.tech/crawler)"
51.222.253.14 - - [03/Jan/2025:17:27:57 -0500] "GET /sid-477-anandimasula-by-dr.-drew HTTP/1.1" 200 3216 "-" "Mozilla/5.0 (compatible; AhrefsBot/7.0; +http://ahrefs.com/robot/)"
207.46.13.154 - - [03/Jan/2025:17:28:20 -0500] "GET /gn7cfpeb6.html HTTP/1.1" 404 1251 "-" "Mozilla/5.0 AppleWebKit/537.36 (KHTML, like Gecko; compatible; bingbot/2.0; +http://www.bing.com/bingbot.htm) Chrome/116.0.1938.76 Safari/537.36"
217.113.194.47 - - [03/Jan/2025:17:28:14 -0500] "GET /download.php?id=1135&name=COSTEL%20HOC%20&%20KELLY%20HOC-in%20the%20mix HTTP/1.1" 200 9621160 "-" "Mozilla/5.0 (compatible; Barkrowler/0.9; +https://babbar.tech/crawler)"
154.54.249.197 - - [03/Jan/2025:17:28:51 -0500] "GET /download.php?id=678&name=Sylvester%20Israel%20Saka-Nkhumuwongani%20Yesu HTTP/1.1" 200 5081872 "-" "Mozilla/5.0 (compatible; Barkrowler/0.9; +https://babbar.tech/crawler)"
217.113.194.44 - - [03/Jan/2025:17:29:05 -0500] "GET /download.php?id=389&name=Myf%202020%20Theme%20Song-Ndili%20Ndi%20Loto HTTP/1.1" 200 9159063 "-" "Mozilla/5.0 (compatible; Barkrowler/0.9; +https://babbar.tech/crawler)"
51.222.253.17 - - [03/Jan/2025:17:29:18 -0500] "GET /aid-356-album-stream-mchezo-wa-mitu HTTP/1.1" 200 3695 "-" "Mozilla/5.0 (compatible; AhrefsBot/7.0; +http://ahrefs.com/robot/)"
217.113.194.43 - - [03/Jan/2025:17:29:35 -0500] "GET /download.php?id=180&name=Crossheart%20%20ft%20Frank%20Moleni+Elka-I%20am%20Strong HTTP/1.1" 200 8686233 "-" "Mozilla/5.0 (compatible; Barkrowler/0.9; +https://babbar.tech/crawler)"
217.113.194.51 - - [03/Jan/2025:17:30:05 -0500] "GET /download.php?id=1351&name=Degocyte%20ft%20Uncle%20Mile%20&%20Manta-Mphale HTTP/1.1" 200 3906813 "-" "Mozilla/5.0 (compatible; Barkrowler/0.9; +https://babbar.tech/crawler)"
51.222.253.15 - - [03/Jan/2025:17:30:08 -0500] "GET /657-Ntchemo-by-Nthonwdwa-ft.-Shammah-Vocalz HTTP/1.1" 200 3965 "-" "Mozilla/5.0 (compatible; AhrefsBot/7.0; +http://ahrefs.com/robot/)"
