82.145.222.246 - - [03/Jan/2025:12:41:24 -0500] "GET /bio/mwsounds-20200706205025-tay-grin---Copy.jpg HTTP/1.1" 200 43244 "https://malawisounds.com/307-ma-ine-by-eli-njuchi" "Opera/9.80 (MAUI Runtime; Opera Mini/4.4.39030/191.361; U; pt) Presto/2.12.423 Version/12.16"
82.145.222.246 - - [03/Jan/2025:12:41:24 -0500] "GET /js/facebook-api.js HTTP/1.1" 200 281 "https://malawisounds.com/307-ma-ine-by-eli-njuchi" "Opera/9.80 (MAUI Runtime; Opera Mini/4.4.39030/191.361; U; pt) Presto/2.12.423 Version/12.16"
82.145.222.246 - - [03/Jan/2025:12:41:24 -0500] "GET /css/animate.css HTTP/1.1" 200 6503 "https://malawisounds.com/307-ma-ine-by-eli-njuchi" "Opera/9.80 (MAUI Runtime; Opera Mini/4.4.39030/191.361; U; pt) Presto/2.12.423 Version/12.16"
82.145.222.246 - - [03/Jan/2025:12:41:24 -0500] "GET /bio/mwsounds-20200801042643-Dr.Drew.jpg HTTP/1.1" 200 80629 "https://malawisounds.com/307-ma-ine-by-eli-njuchi" "Opera/9.80 (MAUI Runtime; Opera Mini/4.4.39030/191.361; U; pt) Presto/2.12.423 Version/12.16"
82.145.222.246 - - [03/Jan/2025:12:41:24 -0500] "GET /css/load.css HTTP/1.1" 200 10718 "https://malawisounds.com/307-ma-ine-by-eli-njuchi" "Opera/9.80 (MAUI Runtime; Opera Mini/4.4.39030/191.361; U; pt) Presto/2.12.423 Version/12.16"
82.145.222.246 - - [03/Jan/2025:12:41:24 -0500] "GET /Icons/msounds1.png HTTP/1.1" 200 11619 "https://malawisounds.com/307-ma-ine-by-eli-njuchi" "Opera/9.80 (MAUI Runtime; Opera Mini/4.4.39030/191.361; U; pt) Presto/2.12.423 Version/12.16"
82.145.222.246 - - [03/Jan/2025:12:41:24 -0500] "GET /bootstrap/css/bootstrap.min.css HTTP/1.1" 200 25196 "https://malawisounds.com/307-ma-ine-by-eli-njuchi" "Opera/9.80 (MAUI Runtime; Opera Mini/4.4.39030/191.361; U; pt) Presto/2.12.423 Version/12.16"
82.145.222.246 - - [03/Jan/2025:12:41:24 -0500] "GET /bio/mwsounds-20200710082408-onesmus.jpg HTTP/1.1" 200 30093 "https://malawisounds.com/307-ma-ine-by-eli-njuchi" "Opera/9.80 (MAUI Runtime; Opera Mini/4.4.39030/191.361; U; pt) Presto/2.12.423 Version/12.16"
82.145.222.246 - - [03/Jan/2025:12:41:24 -0500] "GET /impact/stylesheet.css HTTP/1.1" 200 180 "https://malawisounds.com/307-ma-ine-by-eli-njuchi" "Opera/9.80 (MAUI Runtime; Opera Mini/4.4.39030/191.361; U; pt) Presto/2.12.423 Version/12.16"
82.145.222.246 - - [03/Jan/2025:12:41:24 -0500] "GET /Icons/instagram.png HTTP/1.1" 200 2764 "https://malawisounds.com/307-ma-ine-by-eli-njuchi" "Opera/9.80 (MAUI Runtime; Opera Mini/4.4.39030/191.361; U; pt) Presto/2.12.423 Version/12.16"
82.145.222.246 - - [03/Jan/2025:12:41:24 -0500] "GET /Icons/twitter.png HTTP/1.1" 200 2415 "https://malawisounds.com/307-ma-ine-by-eli-njuchi" "Opera/9.80 (MAUI Runtime; Opera Mini/4.4.39030/191.361; U; pt) Presto/2.12.423 Version/12.16"
82.145.222.246 - - [03/Jan/2025:12:41:24 -0500] "GET /bio/mwsounds-20200706204045-gwamba.jpg HTTP/1.1" 200 39055 "https://malawisounds.com/307-ma-ine-by-eli-njuchi" "Opera/9.80 (MAUI Runtime; Opera Mini/4.4.39030/191.361; U; pt) Presto/2.12.423 Version/12.16"
82.145.222.246 - - [03/Jan/2025:12:41:24 -0500] "GET /bio/mwsounds-20200706203533-Namadigo.jpg HTTP/1.1" 200 33718 "https://malawisounds.com/307-ma-ine-by-eli-njuchi" "Opera/9.80 (MAUI Runtime; Opera Mini/4.4.39030/191.361; U; pt) Presto/2.12.423 Version/12.16"
82.145.222.246 - - [03/Jan/2025:12:41:24 -0500] "GET /js/jquery.js HTTP/1.1" 200 35358 "https://malawisounds.com/307-ma-ine-by-eli-njuchi" "Opera/9.80 (MAUI Runtime; Opera Mini/4.4.39030/191.361; U; pt) Presto/2.12.423 Version/12.16"
82.145.222.246 - - [03/Jan/2025:12:41:24 -0500] "GET /images/mwsounds-20201015011751-120899719_2659342197661123_3252634635895711369_o.jpg HTTP/1.1" 200 20890 "https://malawisounds.com/307-ma-ine-by-eli-njuchi" "Opera/9.80 (MAUI Runtime; Opera Mini/4.4.39030/191.361; U; pt) Presto/2.12.423 Version/12.16"
82.145.222.246 - - [03/Jan/2025:12:41:24 -0500] "GET /images/mwsounds-20201015011751-120899719_2659342197661123_3252634635895711369_o.jpg HTTP/1.1" 200 20890 "https://malawisounds.com/307-ma-ine-by-eli-njuchi" "Opera/9.80 (MAUI Runtime; Opera Mini/4.4.39030/191.361; U; pt) Presto/2.12.423 Version/12.16"
82.145.222.246 - - [03/Jan/2025:12:41:24 -0500] "GET /js/nav.js HTTP/1.1" 200 99 "https://malawisounds.com/307-ma-ine-by-eli-njuchi" "Opera/9.80 (MAUI Runtime; Opera Mini/4.4.39030/191.361; U; pt) Presto/2.12.423 Version/12.16"
82.145.222.246 - - [03/Jan/2025:12:41:24 -0500] "GET /ads/MS%20covid.jpg HTTP/1.1" 200 273002 "https://malawisounds.com/307-ma-ine-by-eli-njuchi" "Opera/9.80 (MAUI Runtime; Opera Mini/4.4.39030/191.361; U; pt) Presto/2.12.423 Version/12.16"
82.145.222.246 - - [03/Jan/2025:12:41:24 -0500] "GET /js/wow.js HTTP/1.1" 200 4305 "https://malawisounds.com/307-ma-ine-by-eli-njuchi" "Opera/9.80 (MAUI Runtime; Opera Mini/4.4.39030/191.361; U; pt) Presto/2.12.423 Version/12.16"
82.145.222.246 - - [03/Jan/2025:12:41:24 -0500] "GET /js/nav.js HTTP/1.1" 200 99 "https://malawisounds.com/307-ma-ine-by-eli-njuchi" "Opera/9.80 (MAUI Runtime; Opera Mini/4.4.39030/191.361; U; pt) Presto/2.12.423 Version/12.16"
82.145.222.246 - - [03/Jan/2025:12:41:24 -0500] "GET /ads/MS%20covid.jpg HTTP/1.1" 200 273002 "https://malawisounds.com/307-ma-ine-by-eli-njuchi" "Opera/9.80 (MAUI Runtime; Opera Mini/4.4.39030/191.361; U; pt) Presto/2.12.423 Version/12.16"
82.145.222.246 - - [03/Jan/2025:12:41:24 -0500] "GET /fonts/Gothic.ttf HTTP/1.1" 200 112628 "https://malawisounds.com/307-ma-ine-by-eli-njuchi" "Opera/9.80 (MAUI Runtime; Opera Mini/4.4.39030/191.361; U; pt) Presto/2.12.423 Version/12.16"
82.145.222.246 - - [03/Jan/2025:12:41:24 -0500] "GET /fonts/Gothic-B.ttf HTTP/1.1" 200 129676 "https://malawisounds.com/307-ma-ine-by-eli-njuchi" "Opera/9.80 (MAUI Runtime; Opera Mini/4.4.39030/191.361; U; pt) Presto/2.12.423 Version/12.16"
82.145.222.246 - - [03/Jan/2025:12:41:25 -0500] "GET /bootstrap/fonts/glyphicons-halflings-regular.woff HTTP/1.1" 200 23424 "https://malawisounds.com/307-ma-ine-by-eli-njuchi" "Opera/9.80 (MAUI Runtime; Opera Mini/4.4.39030/191.361; U; pt) Presto/2.12.423 Version/12.16"
51.222.253.11 - - [03/Jan/2025:12:41:43 -0500] "GET /sid-1413-mwalonjedza-by-davie-chitsulo HTTP/1.1" 200 3217 "-" "Mozilla/5.0 (compatible; AhrefsBot/7.0; +http://ahrefs.com/robot/)"
82.145.223.51 - - [03/Jan/2025:12:42:38 -0500] "GET /bio/mwsounds-20200706204045-gwamba.jpg HTTP/1.1" 200 39055 "https://www.google.com/imgres?imgurl=https://malawisounds.com/bio/mwsounds-20200706204045-gwamba.jpg&imgrefurl=https://www.malawisounds.com/artist%3DGwamba&h=1000&w=1000&tbnid=5-X46MlrN-fggM&q=Gwamba&tbnh=225&tbnw=225&iact=rc&usg=AI4_-kRjWXH6g9syWfapKsTcEIZq4BNhJA&vet=1&docid=8fjkDZ9E8Bd7pM&itg=1&tbm=isch&client=ms-opera-mini&sa=X&ved=2ahUKEwio1MaGjNqKAxVKgP0HHdRFGJoQrQN6BAgGEAE" "Opera/9.80 (MAUI Runtime; Opera Mini/4.4.33576/191.361; U; pt) Presto/2.12.423 Version/12.16"
82.145.223.51 - - [03/Jan/2025:12:42:48 -0500] "GET /bio/mwsounds-20200706204045-gwamba.jpg HTTP/1.1" 200 39055 "https://www.google.com/imgres?imgurl=https://malawisounds.com/bio/mwsounds-20200706204045-gwamba.jpg&imgrefurl=https://www.malawisounds.com/artist%3DGwamba&h=1000&w=1000&tbnid=5-X46MlrN-fggM&q=Gwamba&tbnh=225&tbnw=225&iact=rc&usg=AI4_-kRjWXH6g9syWfapKsTcEIZq4BNhJA&vet=1&docid=8fjkDZ9E8Bd7pM&itg=1&tbm=isch&client=ms-opera-mini&sa=X&ved=2ahUKEwio1MaGjNqKAxVKgP0HHdRFGJoQrQN6BAgGEAE" "Opera/9.80 (MAUI Runtime; Opera Mini/4.4.33576/191.361; U; pt) Presto/2.12.423 Version/12.16"
51.222.253.6 - - [03/Jan/2025:12:43:00 -0500] "GET /727-Uzamukoleka-by-MR-A-K-47-MALAWIAN-BOY- HTTP/1.1" 200 3915 "-" "Mozilla/5.0 (compatible; AhrefsBot/7.0; +http://ahrefs.com/robot/)"
51.222.253.17 - - [03/Jan/2025:12:43:34 -0500] "GET /726-Ayes-nkhupempha-chigowokelo-by-MR-A-K-47-MALAWIAN-BOY- HTTP/1.1" 200 3947 "-" "Mozilla/5.0 (compatible; AhrefsBot/7.0; +http://ahrefs.com/robot/)"
110.249.201.116 - - [03/Jan/2025:12:44:48 -0500] "GET /artist=Martse HTTP/1.1" 200 3142 "-" "Mozilla/5.0 (Linux; Android 5.0) AppleWebKit/537.36 (KHTML, like Gecko) Mobile Safari/537.36 (compatible; Bytespider; https://zhanzhang.toutiao.com/)"
110.249.201.116 - - [03/Jan/2025:12:44:49 -0500] "GET /css/animate.css HTTP/1.1" 200 4001 "https://malawisounds.com/artist=Martse" "Mozilla/5.0 (Linux; Android 5.0) AppleWebKit/537.36 (KHTML, like Gecko) Mobile Safari/537.36 (compatible; Bytespider; https://zhanzhang.toutiao.com/)"
110.249.201.116 - - [03/Jan/2025:12:44:49 -0500] "GET /css/w3.css HTTP/1.1" 200 4832 "https://malawisounds.com/artist=Martse" "Mozilla/5.0 (Linux; Android 5.0) AppleWebKit/537.36 (KHTML, like Gecko) Mobile Safari/537.36 (compatible; Bytespider; https://zhanzhang.toutiao.com/)"
110.249.201.116 - - [03/Jan/2025:12:44:49 -0500] "GET /Icons/instagram.png HTTP/1.1" 206 500 "https://malawisounds.com/artist=Martse" "Mozilla/5.0 (Linux; Android 5.0) AppleWebKit/537.36 (KHTML, like Gecko) Mobile Safari/537.36 (compatible; Bytespider; https://zhanzhang.toutiao.com/)"
110.249.201.116 - - [03/Jan/2025:12:44:49 -0500] "GET /null HTTP/1.1" 404 1251 "https://malawisounds.com/artist=Martse" "Mozilla/5.0 (Linux; Android 5.0) AppleWebKit/537.36 (KHTML, like Gecko) Mobile Safari/537.36 (compatible; Bytespider; https://zhanzhang.toutiao.com/)"
51.222.253.17 - - [03/Jan/2025:12:45:11 -0500] "GET /singles?pageno=273 HTTP/1.1" 200 3207 "-" "Mozilla/5.0 (compatible; AhrefsBot/7.0; +http://ahrefs.com/robot/)"
173.252.87.19 - - [03/Jan/2025:12:45:28 -0500] "GET /artist=Malinga-Mafia HTTP/1.1" 200 11875 "-" "meta-externalagent/1.1 (+https://developers.facebook.com/docs/sharing/webmasters/crawler)"
51.222.253.8 - - [03/Jan/2025:12:45:54 -0500] "GET /albums?pageno=143 HTTP/1.1" 200 2900 "-" "Mozilla/5.0 (compatible; AhrefsBot/7.0; +http://ahrefs.com/robot/)"
64.124.8.130 - - [03/Jan/2025:12:46:03 -0500] "GET /sid-1382-piano-by-sir-odilo- HTTP/1.1" 200 3214 "-" "Mozilla/5.0 (compatible; ImagesiftBot; +imagesift.com)"
51.222.253.2 - - [03/Jan/2025:12:46:32 -0500] "GET /sid-697-mandede-by-gemini-major,-toast-and-charisma HTTP/1.1" 200 3263 "-" "Mozilla/5.0 (compatible; AhrefsBot/7.0; +http://ahrefs.com/robot/)"
51.222.253.17 - - [03/Jan/2025:12:48:12 -0500] "GET /1092-I-will-do-it-by-Wangisa- HTTP/1.1" 200 3926 "-" "Mozilla/5.0 (compatible; AhrefsBot/7.0; +http://ahrefs.com/robot/)"
51.222.253.7 - - [03/Jan/2025:12:48:46 -0500] "GET /1374-Detail-Advert-by-Brother-Detail- HTTP/1.1" 200 3915 "-" "Mozilla/5.0 (compatible; AhrefsBot/7.0; +http://ahrefs.com/robot/)"
69.171.249.3 - - [03/Jan/2025:12:49:27 -0500] "GET /images/mwsounds-20210728102417-song-artwork.jpg HTTP/1.1" 200 82169 "-" "facebookexternalhit/1.1 (+http://www.facebook.com/externalhit_uatext.php)"
66.249.65.162 - - [03/Jan/2025:12:49:44 -0500] "GET /746-mbembembe-by-beracah HTTP/1.1" 200 3894 "-" "Mozilla/5.0 (Linux; Android 6.0.1; Nexus 5X Build/MMB29P) AppleWebKit/537.36 (KHTML, like Gecko) Chrome/131.0.6778.139 Mobile Safari/537.36 (compatible; Googlebot/2.1; +http://www.google.com/bot.html)"
66.249.93.75 - - [03/Jan/2025:12:49:51 -0500] "GET /.well-known/traffic-advice HTTP/1.1" 404 1251 "-" "Chrome Privacy Preserving Prefetch Proxy"
111.225.148.56 - - [03/Jan/2025:12:50:16 -0500] "GET /album-zip.php?name=b-willz&title=longtime-coming HTTP/1.1" 302 0 "-" "Mozilla/5.0 (Linux; Android 5.0) AppleWebKit/537.36 (KHTML, like Gecko) Mobile Safari/537.36 (compatible; Bytespider; https://zhanzhang.toutiao.com/)"
111.225.148.56 - - [03/Jan/2025:12:50:17 -0500] "GET /zipped-albums/longtime-coming.zip HTTP/1.1" 200 7077888 "-" "Mozilla/5.0 (Linux; Android 5.0) AppleWebKit/537.36 (KHTML, like Gecko) Mobile Safari/537.36 (compatible; Bytespider; https://zhanzhang.toutiao.com/)"
51.222.253.10 - - [03/Jan/2025:12:50:28 -0500] "GET /sid-1364-the-intro--by-tmc-artistry- HTTP/1.1" 200 3231 "-" "Mozilla/5.0 (compatible; AhrefsBot/7.0; +http://ahrefs.com/robot/)"
69.171.249.14 - - [03/Jan/2025:12:50:32 -0500] "GET /images/mwsounds-20241216-061125-Cha-Lero-by-Harris-Chiwalo.jpg HTTP/1.1" 200 217721 "-" "facebookexternalhit/1.1 (+http://www.facebook.com/externalhit_uatext.php)"
69.171.249.16 - - [03/Jan/2025:12:50:32 -0500] "GET /images/mwsounds-20240724-070616-Muyaya-by-Timothy-Mw-.jpg HTTP/1.1" 200 110687 "-" "facebookexternalhit/1.1 (+http://www.facebook.com/externalhit_uatext.php)"
51.222.253.1 - - [03/Jan/2025:12:51:01 -0500] "GET /singles?pageno=40 HTTP/1.1" 200 3763 "-" "Mozilla/5.0 (compatible; AhrefsBot/7.0; +http://ahrefs.com/robot/)"
54.152.163.42 - - [03/Jan/2025:12:51:22 -0500] "GET /robots.txt HTTP/1.1" 404 1251 "-" "Mozilla/5.0 AppleWebKit/537.36 (KHTML, like Gecko; compatible; Amazonbot/0.1; +https://developer.amazon.com/support/amazonbot) Chrome/119.0.6045.214 Safari/537.36"
54.210.155.69 - - [03/Jan/2025:12:51:28 -0500] "GET /1393-Wazz-Good-by-Costry- HTTP/1.1" 200 4440 "-" "Mozilla/5.0 AppleWebKit/537.36 (KHTML, like Gecko; compatible; Amazonbot/0.1; +https://developer.amazon.com/support/amazonbot) Chrome/119.0.6045.214 Safari/537.36"
51.222.253.17 - - [03/Jan/2025:12:51:28 -0500] "GET /sid-1310-tikweza-inu-by-gabriel-simenti- HTTP/1.1" 200 3234 "-" "Mozilla/5.0 (compatible; AhrefsBot/7.0; +http://ahrefs.com/robot/)"
184.73.239.35 - - [03/Jan/2025:12:51:31 -0500] "GET /images/mwsounds-20230901-143655-Wazz-Good-by-Costry-.jpg HTTP/1.1" 200 30494 "-" "Mozilla/5.0 AppleWebKit/537.36 (KHTML, like Gecko; compatible; Amazonbot/0.1; +https://developer.amazon.com/support/amazonbot) Chrome/119.0.6045.214 Safari/537.36"
52.4.238.8 - - [03/Jan/2025:12:51:35 -0500] "GET /images/mwsounds-20230901-143655-Wazz-Good-by-Costry-.jpg HTTP/1.1" 200 30494 "-" "Mozilla/5.0 AppleWebKit/537.36 (KHTML, like Gecko; compatible; Amazonbot/0.1; +https://developer.amazon.com/support/amazonbot) Chrome/119.0.6045.214 Safari/537.36"
23.21.175.228 - - [03/Jan/2025:12:51:39 -0500] "GET /sid-1393-wazz-good-by-costry- HTTP/1.1" 200 3587 "-" "Mozilla/5.0 AppleWebKit/537.36 (KHTML, like Gecko; compatible; Amazonbot/0.1; +https://developer.amazon.com/support/amazonbot) Chrome/119.0.6045.214 Safari/537.36"
54.144.185.255 - - [03/Jan/2025:12:51:43 -0500] "GET /download.php?id=1393&name=Costry%20-Wazz%20Good HTTP/1.1" 200 6004606 "-" "Mozilla/5.0 AppleWebKit/537.36 (KHTML, like Gecko; compatible; Amazonbot/0.1; +https://developer.amazon.com/support/amazonbot) Chrome/119.0.6045.214 Safari/537.36"
114.119.135.84 - - [03/Jan/2025:12:51:51 -0500] "GET /sid-210-boss-master-by-prophet-sanders-- HTTP/1.1" 200 3608 "https://malawisounds.com/songs.php?id=210&name=Prophet-Sanders---Boss-Master" "Mozilla/5.0 (Linux; Android 7.0;) AppleWebKit/537.36 (KHTML, like Gecko) Mobile Safari/537.36 (compatible; PetalBot;+https://webmaster.petalsearch.com/site/petalbot)"
105.234.164.34 - - [03/Jan/2025:12:51:54 -0500] "GET /1673-Wabadwa-by-Dr.-Drew-feat.-Rudo-Chakwera HTTP/1.1" 200 3945 "-" "Mozilla/5.0 (Windows NT 10.0; Win64; x64) AppleWebKit/537.36 (KHTML, like Gecko) Chrome/131.0.0.0 Safari/537.36"
105.234.164.34 - - [03/Jan/2025:12:51:55 -0500] "GET /null HTTP/1.1" 404 1251 "https://malawisounds.com/1673-Wabadwa-by-Dr.-Drew-feat.-Rudo-Chakwera" "Mozilla/5.0 (Windows NT 10.0; Win64; x64) AppleWebKit/537.36 (KHTML, like Gecko) Chrome/131.0.0.0 Safari/537.36"
51.222.253.17 - - [03/Jan/2025:12:51:59 -0500] "GET /sid-1566-victory--by-betty-kananda- HTTP/1.1" 200 3224 "-" "Mozilla/5.0 (compatible; AhrefsBot/7.0; +http://ahrefs.com/robot/)"
40.77.167.30 - - [03/Jan/2025:12:52:12 -0500] "GET /1vif7zodb3.html HTTP/1.1" 404 1251 "-" "Mozilla/5.0 AppleWebKit/537.36 (KHTML, like Gecko; compatible; bingbot/2.0; +http://www.bing.com/bingbot.htm) Chrome/116.0.1938.76 Safari/537.36"
51.222.253.7 - - [03/Jan/2025:12:52:31 -0500] "GET /sid-168-church-girl-by-gracious-+-keenalf HTTP/1.1" 200 3230 "-" "Mozilla/5.0 (compatible; AhrefsBot/7.0; +http://ahrefs.com/robot/)"
51.222.253.7 - - [03/Jan/2025:12:53:03 -0500] "GET /artists?pageno=5 HTTP/1.1" 200 4637 "-" "Mozilla/5.0 (compatible; AhrefsBot/7.0; +http://ahrefs.com/robot/)"
51.222.253.2 - - [03/Jan/2025:12:53:33 -0500] "GET /sid-1362-ndizakutopera-by-stizo-mw-ft-funnix-design HTTP/1.1" 200 3243 "-" "Mozilla/5.0 (compatible; AhrefsBot/7.0; +http://ahrefs.com/robot/)"
51.222.253.13 - - [03/Jan/2025:12:54:04 -0500] "GET /sid-186-big-time-by-ric-tee+rated-18+fareal HTTP/1.1" 200 3211 "-" "Mozilla/5.0 (compatible; AhrefsBot/7.0; +http://ahrefs.com/robot/)"
51.222.253.18 - - [03/Jan/2025:12:54:39 -0500] "GET /1287-Life-we-are-living--by-Alert-ft-medicine- HTTP/1.1" 200 4016 "-" "Mozilla/5.0 (compatible; AhrefsBot/7.0; +http://ahrefs.com/robot/)"
69.171.249.10 - - [03/Jan/2025:12:55:14 -0500] "GET /images/mwsounds-20231013-045752-Inuyo-by-Reuben-Matiti.jpg HTTP/1.1" 200 57360 "-" "facebookexternalhit/1.1 (+http://www.facebook.com/externalhit_uatext.php)"
51.222.253.10 - - [03/Jan/2025:12:55:16 -0500] "GET /sid-1538-we-lift-your-name-by-zizy- HTTP/1.1" 200 3227 "-" "Mozilla/5.0 (compatible; AhrefsBot/7.0; +http://ahrefs.com/robot/)"
114.119.138.130 - - [03/Jan/2025:12:55:43 -0500] "GET /songs.php?id=100&name=Hope-Makupete-Chiyembekezo-Changa HTTP/1.1" 200 4462 "https://malawisounds.com/categories/reggae.php" "Mozilla/5.0 (Linux; Android 7.0;) AppleWebKit/537.36 (KHTML, like Gecko) Mobile Safari/537.36 (compatible; PetalBot;+https://webmaster.petalsearch.com/site/petalbot)"
51.222.253.17 - - [03/Jan/2025:12:56:46 -0500] "GET /sid-170-ondisamala-(cover)-by-asante-ft-faith-mussa HTTP/1.1" 200 3218 "-" "Mozilla/5.0 (compatible; AhrefsBot/7.0; +http://ahrefs.com/robot/)"
51.222.253.19 - - [03/Jan/2025:12:57:20 -0500] "GET /sid-1209-yesu-by-le-ceo HTTP/1.1" 200 3199 "-" "Mozilla/5.0 (compatible; AhrefsBot/7.0; +http://ahrefs.com/robot/)"
51.222.253.15 - - [03/Jan/2025:12:57:51 -0500] "GET /sid-1330-kingdom-first-by-da-redeemed HTTP/1.1" 200 3217 "-" "Mozilla/5.0 (compatible; AhrefsBot/7.0; +http://ahrefs.com/robot/)"
51.222.253.13 - - [03/Jan/2025:12:58:28 -0500] "GET /artist=Alinane-Shamu HTTP/1.1" 200 3217 "-" "Mozilla/5.0 (compatible; AhrefsBot/7.0; +http://ahrefs.com/robot/)"
173.252.107.20 - - [03/Jan/2025:12:58:45 -0500] "GET /images/mwsounds-20220729-133932-No-other-name-by-Grace-Junior.jpg HTTP/1.1" 200 28030 "-" "facebookexternalhit/1.1 (+http://www.facebook.com/externalhit_uatext.php)"
51.222.253.5 - - [03/Jan/2025:12:59:32 -0500] "GET /6-Lets-Party-by-Davaspah-ft-Princess HTTP/1.1" 200 3941 "-" "Mozilla/5.0 (compatible; AhrefsBot/7.0; +http://ahrefs.com/robot/)"
216.244.66.237 - - [03/Jan/2025:13:00:24 -0500] "GET /robots.txt HTTP/1.1" 404 1251 "-" "Mozilla/5.0 (compatible; DotBot/1.2; +https://opensiteexplorer.org/dotbot; help@moz.com)"
51.222.253.1 - - [03/Jan/2025:13:00:32 -0500] "GET /sid-350-sinzakusiya-by-don-africa-ft.-kebe-tojeff HTTP/1.1" 200 3253 "-" "Mozilla/5.0 (compatible; AhrefsBot/7.0; +http://ahrefs.com/robot/)"
51.222.253.17 - - [03/Jan/2025:13:01:01 -0500] "GET /misfits-101-by-soe-artists HTTP/1.1" 200 4633 "-" "Mozilla/5.0 (compatible; AhrefsBot/7.0; +http://ahrefs.com/robot/)"
51.222.253.9 - - [03/Jan/2025:13:01:33 -0500] "GET /334-Mmodzi-by-Mtola HTTP/1.1" 200 3890 "-" "Mozilla/5.0 (compatible; AhrefsBot/7.0; +http://ahrefs.com/robot/)"
51.222.253.19 - - [03/Jan/2025:13:02:08 -0500] "GET /sid-1623-horra-lee-by-3-boyz-ugandan HTTP/1.1" 200 3278 "-" "Mozilla/5.0 (compatible; AhrefsBot/7.0; +http://ahrefs.com/robot/)"
51.222.253.5 - - [03/Jan/2025:13:02:45 -0500] "GET /773-Loser-by-Zakjay- HTTP/1.1" 200 3954 "-" "Mozilla/5.0 (compatible; AhrefsBot/7.0; +http://ahrefs.com/robot/)"
51.222.253.16 - - [03/Jan/2025:13:03:14 -0500] "GET /532-You're-wonderful-by-Eunice-Kholowa HTTP/1.1" 200 3928 "-" "Mozilla/5.0 (compatible; AhrefsBot/7.0; +http://ahrefs.com/robot/)"
51.222.253.4 - - [03/Jan/2025:13:03:46 -0500] "GET /sid-61-conquer-by-luddie-lue HTTP/1.1" 200 3203 "-" "Mozilla/5.0 (compatible; AhrefsBot/7.0; +http://ahrefs.com/robot/)"
51.222.253.5 - - [03/Jan/2025:13:04:13 -0500] "GET /sid-361-stranded-by-saitira-set+i-keyz+cracksin+born-ma+chimzie+shinah HTTP/1.1" 200 3292 "-" "Mozilla/5.0 (compatible; AhrefsBot/7.0; +http://ahrefs.com/robot/)"
41.114.131.233 - - [03/Jan/2025:13:04:36 -0500] "GET /album_songs.php?title=MR-DANCEHALL&name=Inno-Busy HTTP/1.1" 200 2716 "https://www.google.com/" "Mozilla/5.0 (Linux; Android 10; K) AppleWebKit/537.36 (KHTML, like Gecko) Chrome/131.0.0.0 Mobile Safari/537.36"
41.114.131.233 - - [03/Jan/2025:13:04:36 -0500] "GET /load.css HTTP/1.1" 404 1251 "https://www.malawisounds.com/album_songs.php?title=MR-DANCEHALL&name=Inno-Busy" "Mozilla/5.0 (Linux; Android 10; K) AppleWebKit/537.36 (KHTML, like Gecko) Chrome/131.0.0.0 Mobile Safari/537.36"
41.114.131.233 - - [03/Jan/2025:13:04:36 -0500] "GET /w3.css HTTP/1.1" 200 4832 "https://www.malawisounds.com/album_songs.php?title=MR-DANCEHALL&name=Inno-Busy" "Mozilla/5.0 (Linux; Android 10; K) AppleWebKit/537.36 (KHTML, like Gecko) Chrome/131.0.0.0 Mobile Safari/537.36"
41.114.131.233 - - [03/Jan/2025:13:04:36 -0500] "GET /bootstrap/css/bootstrap.min.css HTTP/1.1" 200 18270 "https://www.malawisounds.com/album_songs.php?title=MR-DANCEHALL&name=Inno-Busy" "Mozilla/5.0 (Linux; Android 10; K) AppleWebKit/537.36 (KHTML, like Gecko) Chrome/131.0.0.0 Mobile Safari/537.36"
41.114.131.233 - - [03/Jan/2025:13:04:36 -0500] "GET /js/ajax.js HTTP/1.1" 200 784 "https://www.malawisounds.com/album_songs.php?title=MR-DANCEHALL&name=Inno-Busy" "Mozilla/5.0 (Linux; Android 10; K) AppleWebKit/537.36 (KHTML, like Gecko) Chrome/131.0.0.0 Mobile Safari/537.36"
41.114.131.233 - - [03/Jan/2025:13:04:36 -0500] "GET /js/facebook-api.js HTTP/1.1" 200 183 "https://www.malawisounds.com/album_songs.php?title=MR-DANCEHALL&name=Inno-Busy" "Mozilla/5.0 (Linux; Android 10; K) AppleWebKit/537.36 (KHTML, like Gecko) Chrome/131.0.0.0 Mobile Safari/537.36"
41.114.131.233 - - [03/Jan/2025:13:04:36 -0500] "GET /css/fontawesome/all.min.css HTTP/1.1" 200 12264 "https://www.malawisounds.com/album_songs.php?title=MR-DANCEHALL&name=Inno-Busy" "Mozilla/5.0 (Linux; Android 10; K) AppleWebKit/537.36 (KHTML, like Gecko) Chrome/131.0.0.0 Mobile Safari/537.36"
41.114.131.233 - - [03/Jan/2025:13:04:36 -0500] "GET /js/jquery.js HTTP/1.1" 200 29664 "https://www.malawisounds.com/album_songs.php?title=MR-DANCEHALL&name=Inno-Busy" "Mozilla/5.0 (Linux; Android 10; K) AppleWebKit/537.36 (KHTML, like Gecko) Chrome/131.0.0.0 Mobile Safari/537.36"
41.114.131.233 - - [03/Jan/2025:13:04:36 -0500] "GET /Icons/msounds1.png HTTP/1.1" 200 11619 "https://www.malawisounds.com/album_songs.php?title=MR-DANCEHALL&name=Inno-Busy" "Mozilla/5.0 (Linux; Android 10; K) AppleWebKit/537.36 (KHTML, like Gecko) Chrome/131.0.0.0 Mobile Safari/537.36"
41.114.131.233 - - [03/Jan/2025:13:04:36 -0500] "GET /Icons/facebook.png HTTP/1.1" 200 2279 "https://www.malawisounds.com/album_songs.php?title=MR-DANCEHALL&name=Inno-Busy" "Mozilla/5.0 (Linux; Android 10; K) AppleWebKit/537.36 (KHTML, like Gecko) Chrome/131.0.0.0 Mobile Safari/537.36"
41.114.131.233 - - [03/Jan/2025:13:04:37 -0500] "GET /Icons/instagram.png HTTP/1.1" 200 2764 "https://www.malawisounds.com/album_songs.php?title=MR-DANCEHALL&name=Inno-Busy" "Mozilla/5.0 (Linux; Android 10; K) AppleWebKit/537.36 (KHTML, like Gecko) Chrome/131.0.0.0 Mobile Safari/537.36"
41.114.131.233 - - [03/Jan/2025:13:04:37 -0500] "GET /Icons/twitter.png HTTP/1.1" 200 2415 "https://www.malawisounds.com/album_songs.php?title=MR-DANCEHALL&name=Inno-Busy" "Mozilla/5.0 (Linux; Android 10; K) AppleWebKit/537.36 (KHTML, like Gecko) Chrome/131.0.0.0 Mobile Safari/537.36"
41.114.131.233 - - [03/Jan/2025:13:04:37 -0500] "GET /bio/mwsounds-20230703010954-IMG-20230703-030900.jpg HTTP/1.1" 200 25808 "https://www.malawisounds.com/album_songs.php?title=MR-DANCEHALL&name=Inno-Busy" "Mozilla/5.0 (Linux; Android 10; K) AppleWebKit/537.36 (KHTML, like Gecko) Chrome/131.0.0.0 Mobile Safari/537.36"
41.114.131.233 - - [03/Jan/2025:13:04:37 -0500] "GET /js/nav.js HTTP/1.1" 200 99 "https://www.malawisounds.com/album_songs.php?title=MR-DANCEHALL&name=Inno-Busy" "Mozilla/5.0 (Linux; Android 10; K) AppleWebKit/537.36 (KHTML, like Gecko) Chrome/131.0.0.0 Mobile Safari/537.36"
41.114.131.233 - - [03/Jan/2025:13:04:37 -0500] "GET /bio/mwsounds-20200801042643-Dr.Drew.jpg HTTP/1.1" 200 80629 "https://www.malawisounds.com/album_songs.php?title=MR-DANCEHALL&name=Inno-Busy" "Mozilla/5.0 (Linux; Android 10; K) AppleWebKit/537.36 (KHTML, like Gecko) Chrome/131.0.0.0 Mobile Safari/537.36"
41.114.131.233 - - [03/Jan/2025:13:04:37 -0500] "GET /bio/mwsounds-20200710082408-onesmus.jpg HTTP/1.1" 200 30093 "https://www.malawisounds.com/album_songs.php?title=MR-DANCEHALL&name=Inno-Busy" "Mozilla/5.0 (Linux; Android 10; K) AppleWebKit/537.36 (KHTML, like Gecko) Chrome/131.0.0.0 Mobile Safari/537.36"
41.114.131.233 - - [03/Jan/2025:13:04:38 -0500] "GET /bio/mwsounds-20200706205025-tay-grin---Copy.jpg HTTP/1.1" 200 43244 "https://www.malawisounds.com/album_songs.php?title=MR-DANCEHALL&name=Inno-Busy" "Mozilla/5.0 (Linux; Android 10; K) AppleWebKit/537.36 (KHTML, like Gecko) Chrome/131.0.0.0 Mobile Safari/537.36"
41.114.131.233 - - [03/Jan/2025:13:04:38 -0500] "GET /bio/mwsounds-20200706120806-FB_IMG_1590948777511.jpg HTTP/1.1" 200 19662 "https://www.malawisounds.com/album_songs.php?title=MR-DANCEHALL&name=Inno-Busy" "Mozilla/5.0 (Linux; Android 10; K) AppleWebKit/537.36 (KHTML, like Gecko) Chrome/131.0.0.0 Mobile Safari/537.36"
41.114.131.233 - - [03/Jan/2025:13:04:38 -0500] "GET /bio/mwsounds-20200706203533-Namadigo.jpg HTTP/1.1" 200 33718 "https://www.malawisounds.com/album_songs.php?title=MR-DANCEHALL&name=Inno-Busy" "Mozilla/5.0 (Linux; Android 10; K) AppleWebKit/537.36 (KHTML, like Gecko) Chrome/131.0.0.0 Mobile Safari/537.36"
41.114.131.233 - - [03/Jan/2025:13:04:38 -0500] "GET /bio/mwsounds-20200706204045-gwamba.jpg HTTP/1.1" 200 39055 "https://www.malawisounds.com/album_songs.php?title=MR-DANCEHALL&name=Inno-Busy" "Mozilla/5.0 (Linux; Android 10; K) AppleWebKit/537.36 (KHTML, like Gecko) Chrome/131.0.0.0 Mobile Safari/537.36"
41.114.131.233 - - [03/Jan/2025:13:04:38 -0500] "GET /album_images/mr_dancehall_ep.jpg HTTP/1.1" 200 47159 "https://www.malawisounds.com/album_songs.php?title=MR-DANCEHALL&name=Inno-Busy" "Mozilla/5.0 (Linux; Android 10; K) AppleWebKit/537.36 (KHTML, like Gecko) Chrome/131.0.0.0 Mobile Safari/537.36"
41.114.131.233 - - [03/Jan/2025:13:04:38 -0500] "GET /css/webfonts/fa-regular-400.woff2 HTTP/1.1" 200 13600 "https://www.malawisounds.com/css/fontawesome/all.min.css" "Mozilla/5.0 (Linux; Android 10; K) AppleWebKit/537.36 (KHTML, like Gecko) Chrome/131.0.0.0 Mobile Safari/537.36"
41.114.131.233 - - [03/Jan/2025:13:04:38 -0500] "GET /ads/MS%20covid.jpg HTTP/1.1" 200 273002 "https://www.malawisounds.com/album_songs.php?title=MR-DANCEHALL&name=Inno-Busy" "Mozilla/5.0 (Linux; Android 10; K) AppleWebKit/537.36 (KHTML, like Gecko) Chrome/131.0.0.0 Mobile Safari/537.36"
51.222.253.8 - - [03/Jan/2025:13:04:47 -0500] "GET /472-Need-you-by-Winji HTTP/1.1" 200 3894 "-" "Mozilla/5.0 (compatible; AhrefsBot/7.0; +http://ahrefs.com/robot/)"
51.222.253.12 - - [03/Jan/2025:13:05:53 -0500] "GET /download.php?id=170&name=Asante%20Ft%20Faith%20Mussa-Ondisamala%20(Cover) HTTP/1.1" 200 18 "-" "Mozilla/5.0 (compatible; AhrefsBot/7.0; +http://ahrefs.com/robot/)"
51.222.253.16 - - [03/Jan/2025:13:06:26 -0500] "GET /947-Chotsa-nkhawa-by-Lovemore-mwanyama-jnr-ft-brown-gray- HTTP/1.1" 200 4004 "-" "Mozilla/5.0 (compatible; AhrefsBot/7.0; +http://ahrefs.com/robot/)"
216.244.66.237 - - [03/Jan/2025:13:06:45 -0500] "GET /sid-1664-yerere-yerere-by-alasc HTTP/1.1" 200 10314 "-" "Mozilla/5.0 (compatible; DotBot/1.2; +https://opensiteexplorer.org/dotbot; help@moz.com)"
47.128.53.225 - - [03/Jan/2025:13:06:50 -0500] "GET /download.php?id=1676&name=Keyz+Kingston-Ndinu+Oyera HTTP/1.1" 200 7109585 "-" "Mozilla/5.0 (Linux; Android 5.0) AppleWebKit/537.36 (KHTML, like Gecko) Mobile Safari/537.36 (compatible; Bytespider; spider-feedback@bytedance.com)"
51.222.253.10 - - [03/Jan/2025:13:06:57 -0500] "GET /170-Ondisamala-(Cover)-by-Asante-Ft-Faith-Mussa HTTP/1.1" 200 3945 "-" "Mozilla/5.0 (compatible; AhrefsBot/7.0; +http://ahrefs.com/robot/)"
51.222.253.12 - - [03/Jan/2025:13:07:29 -0500] "GET /singles?pageno=27 HTTP/1.1" 200 3712 "-" "Mozilla/5.0 (compatible; AhrefsBot/7.0; +http://ahrefs.com/robot/)"
51.222.253.12 - - [03/Jan/2025:13:08:00 -0500] "GET /sid-1212-zilibwino--by-rated-18 HTTP/1.1" 200 3228 "-" "Mozilla/5.0 (compatible; AhrefsBot/7.0; +http://ahrefs.com/robot/)"
51.222.253.6 - - [03/Jan/2025:13:08:30 -0500] "GET /303-Be-Alright(Prod-by-Its-23)-by-Erich-Wallace HTTP/1.1" 200 3927 "-" "Mozilla/5.0 (compatible; AhrefsBot/7.0; +http://ahrefs.com/robot/)"
51.222.253.18 - - [03/Jan/2025:13:09:34 -0500] "GET /videos.php?pageno=6 HTTP/1.1" 200 3397 "-" "Mozilla/5.0 (compatible; AhrefsBot/7.0; +http://ahrefs.com/robot/)"
141.0.12.45 - - [03/Jan/2025:13:10:00 -0500] "GET /230-malume-by-martse-ft-nepman HTTP/1.1" 200 4458 "https://www.google.com/search?client=ms-opera-mini&sca_esv=82f58710a97753db&channel=new&q=Martse+ft+Nepman+malume&sa=X&ved=2ahUKEwiU2LzgkdqKAxXvm_0HHVlpLWYQ1QJ6BAgHEAQ" "Opera/9.80 (MAUI Runtime; Opera Mini/4.4.33576/191.361; U; pt) Presto/2.12.423 Version/12.16"
141.0.12.45 - - [03/Jan/2025:13:10:00 -0500] "GET /Icons/malawisounds.ico HTTP/1.1" 200 4286 "https://malawisounds.com/230-malume-by-martse-ft-nepman" "Opera/9.80 (MAUI Runtime; Opera Mini/4.4.33576/191.361; U; pt) Presto/2.12.423 Version/12.16"
141.0.12.45 - - [03/Jan/2025:13:10:01 -0500] "GET /js/ajax.js HTTP/1.1" 200 965 "https://malawisounds.com/230-malume-by-martse-ft-nepman" "Opera/9.80 (MAUI Runtime; Opera Mini/4.4.33576/191.361; U; pt) Presto/2.12.423 Version/12.16"
141.0.12.45 - - [03/Jan/2025:13:10:01 -0500] "GET /bio/mwsounds-20230703010954-IMG-20230703-030900.jpg HTTP/1.1" 200 25808 "https://malawisounds.com/230-malume-by-martse-ft-nepman" "Opera/9.80 (MAUI Runtime; Opera Mini/4.4.33576/191.361; U; pt) Presto/2.12.423 Version/12.16"
141.0.12.45 - - [03/Jan/2025:13:10:01 -0500] "GET /bio/mwsounds-20200706120806-FB_IMG_1590948777511.jpg HTTP/1.1" 200 19662 "https://malawisounds.com/230-malume-by-martse-ft-nepman" "Opera/9.80 (MAUI Runtime; Opera Mini/4.4.33576/191.361; U; pt) Presto/2.12.423 Version/12.16"
141.0.12.45 - - [03/Jan/2025:13:10:01 -0500] "GET /js/facebook-api.js HTTP/1.1" 200 281 "https://malawisounds.com/230-malume-by-martse-ft-nepman" "Opera/9.80 (MAUI Runtime; Opera Mini/4.4.33576/191.361; U; pt) Presto/2.12.423 Version/12.16"
141.0.12.45 - - [03/Jan/2025:13:10:01 -0500] "GET /impact/stylesheet.css HTTP/1.1" 200 180 "https://malawisounds.com/230-malume-by-martse-ft-nepman" "Opera/9.80 (MAUI Runtime; Opera Mini/4.4.33576/191.361; U; pt) Presto/2.12.423 Version/12.16"
141.0.12.45 - - [03/Jan/2025:13:10:01 -0500] "GET /css/w3.css HTTP/1.1" 200 6038 "https://malawisounds.com/230-malume-by-martse-ft-nepman" "Opera/9.80 (MAUI Runtime; Opera Mini/4.4.33576/191.361; U; pt) Presto/2.12.423 Version/12.16"
141.0.12.45 - - [03/Jan/2025:13:10:01 -0500] "GET /css/load.css HTTP/1.1" 200 10718 "https://malawisounds.com/230-malume-by-martse-ft-nepman" "Opera/9.80 (MAUI Runtime; Opera Mini/4.4.33576/191.361; U; pt) Presto/2.12.423 Version/12.16"
141.0.12.45 - - [03/Jan/2025:13:10:01 -0500] "GET /bootstrap/css/bootstrap.min.css HTTP/1.1" 200 25196 "https://malawisounds.com/230-malume-by-martse-ft-nepman" "Opera/9.80 (MAUI Runtime; Opera Mini/4.4.33576/191.361; U; pt) Presto/2.12.423 Version/12.16"
141.0.12.45 - - [03/Jan/2025:13:10:01 -0500] "GET /Icons/twitter.png HTTP/1.1" 200 2415 "https://malawisounds.com/230-malume-by-martse-ft-nepman" "Opera/9.80 (MAUI Runtime; Opera Mini/4.4.33576/191.361; U; pt) Presto/2.12.423 Version/12.16"
141.0.12.45 - - [03/Jan/2025:13:10:01 -0500] "GET /Icons/msounds1.png HTTP/1.1" 200 11619 "https://malawisounds.com/230-malume-by-martse-ft-nepman" "Opera/9.80 (MAUI Runtime; Opera Mini/4.4.33576/191.361; U; pt) Presto/2.12.423 Version/12.16"
141.0.12.45 - - [03/Jan/2025:13:10:01 -0500] "GET /Icons/facebook.png HTTP/1.1" 200 2279 "https://malawisounds.com/230-malume-by-martse-ft-nepman" "Opera/9.80 (MAUI Runtime; Opera Mini/4.4.33576/191.361; U; pt) Presto/2.12.423 Version/12.16"
141.0.12.45 - - [03/Jan/2025:13:10:01 -0500] "GET /Icons/instagram.png HTTP/1.1" 200 2764 "https://malawisounds.com/230-malume-by-martse-ft-nepman" "Opera/9.80 (MAUI Runtime; Opera Mini/4.4.33576/191.361; U; pt) Presto/2.12.423 Version/12.16"
141.0.12.45 - - [03/Jan/2025:13:10:01 -0500] "GET /css/animate.css HTTP/1.1" 200 6503 "https://malawisounds.com/230-malume-by-martse-ft-nepman" "Opera/9.80 (MAUI Runtime; Opera Mini/4.4.33576/191.361; U; pt) Presto/2.12.423 Version/12.16"
141.0.12.45 - - [03/Jan/2025:13:10:01 -0500] "GET /bio/mwsounds-20200710082408-onesmus.jpg HTTP/1.1" 200 30093 "https://malawisounds.com/230-malume-by-martse-ft-nepman" "Opera/9.80 (MAUI Runtime; Opera Mini/4.4.33576/191.361; U; pt) Presto/2.12.423 Version/12.16"
141.0.12.45 - - [03/Jan/2025:13:10:01 -0500] "GET /bio/mwsounds-20200706203533-Namadigo.jpg HTTP/1.1" 200 33718 "https://malawisounds.com/230-malume-by-martse-ft-nepman" "Opera/9.80 (MAUI Runtime; Opera Mini/4.4.33576/191.361; U; pt) Presto/2.12.423 Version/12.16"
141.0.12.45 - - [03/Jan/2025:13:10:01 -0500] "GET /bio/mwsounds-20200801042643-Dr.Drew.jpg HTTP/1.1" 200 80629 "https://malawisounds.com/230-malume-by-martse-ft-nepman" "Opera/9.80 (MAUI Runtime; Opera Mini/4.4.33576/191.361; U; pt) Presto/2.12.423 Version/12.16"
141.0.12.45 - - [03/Jan/2025:13:10:01 -0500] "GET /bio/mwsounds-20200706205025-tay-grin---Copy.jpg HTTP/1.1" 200 43244 "https://malawisounds.com/230-malume-by-martse-ft-nepman" "Opera/9.80 (MAUI Runtime; Opera Mini/4.4.33576/191.361; U; pt) Presto/2.12.423 Version/12.16"
141.0.12.45 - - [03/Jan/2025:13:10:01 -0500] "GET /bio/mwsounds-20200706204045-gwamba.jpg HTTP/1.1" 200 39055 "https://malawisounds.com/230-malume-by-martse-ft-nepman" "Opera/9.80 (MAUI Runtime; Opera Mini/4.4.33576/191.361; U; pt) Presto/2.12.423 Version/12.16"
141.0.12.45 - - [03/Jan/2025:13:10:01 -0500] "GET /images/mwsounds-20200721020755-fb_img_1595315054895.jpg HTTP/1.1" 200 33107 "https://malawisounds.com/230-malume-by-martse-ft-nepman" "Opera/9.80 (MAUI Runtime; Opera Mini/4.4.33576/191.361; U; pt) Presto/2.12.423 Version/12.16"
141.0.12.45 - - [03/Jan/2025:13:10:01 -0500] "GET /js/nav.js HTTP/1.1" 200 99 "https://malawisounds.com/230-malume-by-martse-ft-nepman" "Opera/9.80 (MAUI Runtime; Opera Mini/4.4.33576/191.361; U; pt) Presto/2.12.423 Version/12.16"
141.0.12.45 - - [03/Jan/2025:13:10:01 -0500] "GET /images/mwsounds-20200721020755-fb_img_1595315054895.jpg HTTP/1.1" 200 33107 "https://malawisounds.com/230-malume-by-martse-ft-nepman" "Opera/9.80 (MAUI Runtime; Opera Mini/4.4.33576/191.361; U; pt) Presto/2.12.423 Version/12.16"
141.0.12.45 - - [03/Jan/2025:13:10:01 -0500] "GET /js/jquery.js HTTP/1.1" 200 35358 "https://malawisounds.com/230-malume-by-martse-ft-nepman" "Opera/9.80 (MAUI Runtime; Opera Mini/4.4.33576/191.361; U; pt) Presto/2.12.423 Version/12.16"
141.0.12.45 - - [03/Jan/2025:13:10:01 -0500] "GET /js/wow.js HTTP/1.1" 200 4305 "https://malawisounds.com/230-malume-by-martse-ft-nepman" "Opera/9.80 (MAUI Runtime; Opera Mini/4.4.33576/191.361; U; pt) Presto/2.12.423 Version/12.16"
141.0.12.45 - - [03/Jan/2025:13:10:01 -0500] "GET /ads/MS%20covid.jpg HTTP/1.1" 200 273002 "https://malawisounds.com/230-malume-by-martse-ft-nepman" "Opera/9.80 (MAUI Runtime; Opera Mini/4.4.33576/191.361; U; pt) Presto/2.12.423 Version/12.16"
141.0.12.45 - - [03/Jan/2025:13:10:01 -0500] "GET /ads/MS%20covid.jpg HTTP/1.1" 200 273002 "https://malawisounds.com/230-malume-by-martse-ft-nepman" "Opera/9.80 (MAUI Runtime; Opera Mini/4.4.33576/191.361; U; pt) Presto/2.12.423 Version/12.16"
141.0.12.45 - - [03/Jan/2025:13:10:01 -0500] "GET /js/nav.js HTTP/1.1" 200 99 "https://malawisounds.com/230-malume-by-martse-ft-nepman" "Opera/9.80 (MAUI Runtime; Opera Mini/4.4.33576/191.361; U; pt) Presto/2.12.423 Version/12.16"
141.0.12.45 - - [03/Jan/2025:13:10:02 -0500] "GET /fonts/Gothic.ttf HTTP/1.1" 200 112628 "https://malawisounds.com/230-malume-by-martse-ft-nepman" "Opera/9.80 (MAUI Runtime; Opera Mini/4.4.33576/191.361; U; pt) Presto/2.12.423 Version/12.16"
51.222.253.12 - - [03/Jan/2025:13:10:34 -0500] "GET /sid-581-verdad--by-keenalf-and-gracious-hill HTTP/1.1" 200 3291 "-" "Mozilla/5.0 (compatible; AhrefsBot/7.0; +http://ahrefs.com/robot/)"
45.215.253.123 - - [03/Jan/2025:13:10:40 -0500] "GET /683-mr.-nobody-by-onesimus- HTTP/1.1" 200 4440 "-" "Mozilla/5.0 (Linux; Android 8.1.0; TECNO BB2 Build/O11019) AppleWebKit/537.36 (KHTML, like Gecko) Chrome/70.0.3538.110 Mobile Safari/537.36"
69.171.249.1 - - [03/Jan/2025:13:10:43 -0500] "GET /images/mwsounds-20241231-215121-H-n-P-by-R3ALXTRA-MLW-FT-TROY6iX.jpg HTTP/1.1" 200 75790 "-" "facebookexternalhit/1.1 (+http://www.facebook.com/externalhit_uatext.php)"
45.215.253.123 - - [03/Jan/2025:13:10:47 -0500] "GET /css/animate.css HTTP/1.1" 200 6503 "https://malawisounds.com/683-mr.-nobody-by-onesimus-" "Mozilla/5.0 (Linux; Android 8.1.0; TECNO BB2 Build/O11019) AppleWebKit/537.36 (KHTML, like Gecko) Chrome/70.0.3538.110 Mobile Safari/537.36"
45.215.253.123 - - [03/Jan/2025:13:10:47 -0500] "GET /css/load.css HTTP/1.1" 200 10718 "https://malawisounds.com/683-mr.-nobody-by-onesimus-" "Mozilla/5.0 (Linux; Android 8.1.0; TECNO BB2 Build/O11019) AppleWebKit/537.36 (KHTML, like Gecko) Chrome/70.0.3538.110 Mobile Safari/537.36"
45.215.253.123 - - [03/Jan/2025:13:10:47 -0500] "GET /bootstrap/css/bootstrap.min.css HTTP/1.1" 200 25196 "https://malawisounds.com/683-mr.-nobody-by-onesimus-" "Mozilla/5.0 (Linux; Android 8.1.0; TECNO BB2 Build/O11019) AppleWebKit/537.36 (KHTML, like Gecko) Chrome/70.0.3538.110 Mobile Safari/537.36"
45.215.253.123 - - [03/Jan/2025:13:10:47 -0500] "GET /css/w3.css HTTP/1.1" 200 6038 "https://malawisounds.com/683-mr.-nobody-by-onesimus-" "Mozilla/5.0 (Linux; Android 8.1.0; TECNO BB2 Build/O11019) AppleWebKit/537.36 (KHTML, like Gecko) Chrome/70.0.3538.110 Mobile Safari/537.36"
45.215.253.123 - - [03/Jan/2025:13:10:47 -0500] "GET /js/ajax.js HTTP/1.1" 200 965 "https://malawisounds.com/683-mr.-nobody-by-onesimus-" "Mozilla/5.0 (Linux; Android 8.1.0; TECNO BB2 Build/O11019) AppleWebKit/537.36 (KHTML, like Gecko) Chrome/70.0.3538.110 Mobile Safari/537.36"
45.215.253.123 - - [03/Jan/2025:13:10:47 -0500] "GET /impact/stylesheet.css HTTP/1.1" 200 180 "https://malawisounds.com/683-mr.-nobody-by-onesimus-" "Mozilla/5.0 (Linux; Android 8.1.0; TECNO BB2 Build/O11019) AppleWebKit/537.36 (KHTML, like Gecko) Chrome/70.0.3538.110 Mobile Safari/537.36"
45.215.253.123 - - [03/Jan/2025:13:10:47 -0500] "GET /js/facebook-api.js HTTP/1.1" 200 281 "https://malawisounds.com/683-mr.-nobody-by-onesimus-" "Mozilla/5.0 (Linux; Android 8.1.0; TECNO BB2 Build/O11019) AppleWebKit/537.36 (KHTML, like Gecko) Chrome/70.0.3538.110 Mobile Safari/537.36"
45.215.253.123 - - [03/Jan/2025:13:10:47 -0500] "GET /Icons/msounds1.png HTTP/1.1" 200 11619 "https://malawisounds.com/683-mr.-nobody-by-onesimus-" "Mozilla/5.0 (Linux; Android 8.1.0; TECNO BB2 Build/O11019) AppleWebKit/537.36 (KHTML, like Gecko) Chrome/70.0.3538.110 Mobile Safari/537.36"
45.215.253.123 - - [03/Jan/2025:13:10:50 -0500] "GET /js/jquery.js HTTP/1.1" 200 35358 "https://malawisounds.com/683-mr.-nobody-by-onesimus-" "Mozilla/5.0 (Linux; Android 8.1.0; TECNO BB2 Build/O11019) AppleWebKit/537.36 (KHTML, like Gecko) Chrome/70.0.3538.110 Mobile Safari/537.36"
45.215.253.123 - - [03/Jan/2025:13:10:53 -0500] "GET /js/nav.js HTTP/1.1" 200 99 "https://malawisounds.com/683-mr.-nobody-by-onesimus-" "Mozilla/5.0 (Linux; Android 8.1.0; TECNO BB2 Build/O11019) AppleWebKit/537.36 (KHTML, like Gecko) Chrome/70.0.3538.110 Mobile Safari/537.36"
45.215.253.123 - - [03/Jan/2025:13:10:53 -0500] "GET /js/wow.js HTTP/1.1" 200 4305 "https://malawisounds.com/683-mr.-nobody-by-onesimus-" "Mozilla/5.0 (Linux; Android 8.1.0; TECNO BB2 Build/O11019) AppleWebKit/537.36 (KHTML, like Gecko) Chrome/70.0.3538.110 Mobile Safari/537.36"
45.215.253.123 - - [03/Jan/2025:13:10:53 -0500] "GET /Icons/facebook.png HTTP/1.1" 200 2279 "https://malawisounds.com/683-mr.-nobody-by-onesimus-" "Mozilla/5.0 (Linux; Android 8.1.0; TECNO BB2 Build/O11019) AppleWebKit/537.36 (KHTML, like Gecko) Chrome/70.0.3538.110 Mobile Safari/537.36"
45.215.253.123 - - [03/Jan/2025:13:10:56 -0500] "GET /Icons/twitter.png HTTP/1.1" 200 2415 "https://malawisounds.com/683-mr.-nobody-by-onesimus-" "Mozilla/5.0 (Linux; Android 8.1.0; TECNO BB2 Build/O11019) AppleWebKit/537.36 (KHTML, like Gecko) Chrome/70.0.3538.110 Mobile Safari/537.36"
45.215.253.123 - - [03/Jan/2025:13:10:56 -0500] "GET /bio/mwsounds-20200801042643-Dr.Drew.jpg HTTP/1.1" 200 80629 "https://malawisounds.com/683-mr.-nobody-by-onesimus-" "Mozilla/5.0 (Linux; Android 8.1.0; TECNO BB2 Build/O11019) AppleWebKit/537.36 (KHTML, like Gecko) Chrome/70.0.3538.110 Mobile Safari/537.36"
45.215.253.123 - - [03/Jan/2025:13:10:56 -0500] "GET /bio/mwsounds-20230703010954-IMG-20230703-030900.jpg HTTP/1.1" 200 25808 "https://malawisounds.com/683-mr.-nobody-by-onesimus-" "Mozilla/5.0 (Linux; Android 8.1.0; TECNO BB2 Build/O11019) AppleWebKit/537.36 (KHTML, like Gecko) Chrome/70.0.3538.110 Mobile Safari/537.36"
45.215.253.123 - - [03/Jan/2025:13:10:56 -0500] "GET /Icons/instagram.png HTTP/1.1" 200 2764 "https://malawisounds.com/683-mr.-nobody-by-onesimus-" "Mozilla/5.0 (Linux; Android 8.1.0; TECNO BB2 Build/O11019) AppleWebKit/537.36 (KHTML, like Gecko) Chrome/70.0.3538.110 Mobile Safari/537.36"
45.215.253.123 - - [03/Jan/2025:13:10:56 -0500] "GET /bio/mwsounds-20200706203533-Namadigo.jpg HTTP/1.1" 200 33718 "https://malawisounds.com/683-mr.-nobody-by-onesimus-" "Mozilla/5.0 (Linux; Android 8.1.0; TECNO BB2 Build/O11019) AppleWebKit/537.36 (KHTML, like Gecko) Chrome/70.0.3538.110 Mobile Safari/537.36"
45.215.253.123 - - [03/Jan/2025:13:10:56 -0500] "GET /bio/mwsounds-20200710082408-onesmus.jpg HTTP/1.1" 200 30093 "https://malawisounds.com/683-mr.-nobody-by-onesimus-" "Mozilla/5.0 (Linux; Android 8.1.0; TECNO BB2 Build/O11019) AppleWebKit/537.36 (KHTML, like Gecko) Chrome/70.0.3538.110 Mobile Safari/537.36"
45.215.253.123 - - [03/Jan/2025:13:10:56 -0500] "GET /bio/mwsounds-20200706204045-gwamba.jpg HTTP/1.1" 200 39055 "https://malawisounds.com/683-mr.-nobody-by-onesimus-" "Mozilla/5.0 (Linux; Android 8.1.0; TECNO BB2 Build/O11019) AppleWebKit/537.36 (KHTML, like Gecko) Chrome/70.0.3538.110 Mobile Safari/537.36"
45.215.253.123 - - [03/Jan/2025:13:10:56 -0500] "GET /bio/mwsounds-20200706120806-FB_IMG_1590948777511.jpg HTTP/1.1" 200 19662 "https://malawisounds.com/683-mr.-nobody-by-onesimus-" "Mozilla/5.0 (Linux; Android 8.1.0; TECNO BB2 Build/O11019) AppleWebKit/537.36 (KHTML, like Gecko) Chrome/70.0.3538.110 Mobile Safari/537.36"
45.215.253.123 - - [03/Jan/2025:13:10:56 -0500] "GET /images/mwsounds-20210824104840-fb-img-1629753946030.jpg HTTP/1.1" 200 26407 "https://malawisounds.com/683-mr.-nobody-by-onesimus-" "Mozilla/5.0 (Linux; Android 8.1.0; TECNO BB2 Build/O11019) AppleWebKit/537.36 (KHTML, like Gecko) Chrome/70.0.3538.110 Mobile Safari/537.36"
45.215.253.123 - - [03/Jan/2025:13:10:56 -0500] "GET /bio/mwsounds-20200706205025-tay-grin---Copy.jpg HTTP/1.1" 200 43244 "https://malawisounds.com/683-mr.-nobody-by-onesimus-" "Mozilla/5.0 (Linux; Android 8.1.0; TECNO BB2 Build/O11019) AppleWebKit/537.36 (KHTML, like Gecko) Chrome/70.0.3538.110 Mobile Safari/537.36"
45.215.253.123 - - [03/Jan/2025:13:10:56 -0500] "GET /bootstrap/fonts/glyphicons-halflings-regular.woff2 HTTP/1.1" 200 18028 "https://malawisounds.com/bootstrap/css/bootstrap.min.css" "Mozilla/5.0 (Linux; Android 8.1.0; TECNO BB2 Build/O11019) AppleWebKit/537.36 (KHTML, like Gecko) Chrome/70.0.3538.110 Mobile Safari/537.36"
45.215.253.123 - - [03/Jan/2025:13:10:56 -0500] "GET /fonts/Gothic-B.ttf HTTP/1.1" 200 129676 "https://malawisounds.com/css/load.css" "Mozilla/5.0 (Linux; Android 8.1.0; TECNO BB2 Build/O11019) AppleWebKit/537.36 (KHTML, like Gecko) Chrome/70.0.3538.110 Mobile Safari/537.36"
45.215.253.123 - - [03/Jan/2025:13:10:56 -0500] "GET /fonts/Gothic.ttf HTTP/1.1" 200 112628 "https://malawisounds.com/css/load.css" "Mozilla/5.0 (Linux; Android 8.1.0; TECNO BB2 Build/O11019) AppleWebKit/537.36 (KHTML, like Gecko) Chrome/70.0.3538.110 Mobile Safari/537.36"
141.0.12.45 - - [03/Jan/2025:13:10:02 -0500] "GET /fonts/Gothic-B.ttf HTTP/1.1" 200 129676 "https://malawisounds.com/230-malume-by-martse-ft-nepman" "Opera/9.80 (MAUI Runtime; Opera Mini/4.4.33576/191.361; U; pt) Presto/2.12.423 Version/12.16"
141.0.12.45 - - [03/Jan/2025:13:10:02 -0500] "GET /bootstrap/fonts/glyphicons-halflings-regular.woff HTTP/1.1" 200 23424 "https://malawisounds.com/230-malume-by-martse-ft-nepman" "Opera/9.80 (MAUI Runtime; Opera Mini/4.4.33576/191.361; U; pt) Presto/2.12.423 Version/12.16"
51.222.253.3 - - [03/Jan/2025:13:10:02 -0500] "GET /sid-344-happy-song-by-nara HTTP/1.1" 200 3212 "-" "Mozilla/5.0 (compatible; AhrefsBot/7.0; +http://ahrefs.com/robot/)"
45.215.253.123 - - [03/Jan/2025:13:10:56 -0500] "GET /ads/MS%20covid.jpg HTTP/1.1" 200 273002 "https://malawisounds.com/683-mr.-nobody-by-onesimus-" "Mozilla/5.0 (Linux; Android 8.1.0; TECNO BB2 Build/O11019) AppleWebKit/537.36 (KHTML, like Gecko) Chrome/70.0.3538.110 Mobile Safari/537.36"
45.215.253.123 - - [03/Jan/2025:13:10:56 -0500] "GET /null HTTP/1.1" 404 1251 "https://malawisounds.com/683-mr.-nobody-by-onesimus-" "Mozilla/5.0 (Linux; Android 8.1.0; TECNO BB2 Build/O11019) AppleWebKit/537.36 (KHTML, like Gecko) Chrome/70.0.3538.110 Mobile Safari/537.36"
51.222.253.13 - - [03/Jan/2025:13:11:00 -0500] "GET /influence-by-south-west HTTP/1.1" 200 4684 "-" "Mozilla/5.0 (compatible; AhrefsBot/7.0; +http://ahrefs.com/robot/)"
45.215.253.123 - - [03/Jan/2025:13:11:09 -0500] "GET /download.php?id=683&name=Onesimus%20-Mr.%20Nobody HTTP/1.1" 200 7866634 "https://malawisounds.com/683-mr.-nobody-by-onesimus-" "Mozilla/5.0 (Linux; Android 8.1.0; TECNO BB2 Build/O11019) AppleWebKit/537.36 (KHTML, like Gecko) Chrome/70.0.3538.110 Mobile Safari/537.36"
51.222.253.20 - - [03/Jan/2025:13:11:27 -0500] "GET /1297-Ndayasa-moto-by-Astra HTTP/1.1" 200 3901 "-" "Mozilla/5.0 (compatible; AhrefsBot/7.0; +http://ahrefs.com/robot/)"
173.252.107.114 - - [03/Jan/2025:13:11:29 -0500] "GET /robots.txt HTTP/1.1" 404 1251 "-" "facebookexternalhit/1.1 (+http://www.facebook.com/externalhit_uatext.php)"
31.13.127.12 - - [03/Jan/2025:13:11:36 -0500] "GET /images/mwsounds-20210308154641-img-20210203-wa0041.jpg HTTP/1.1" 200 26445 "-" "facebookexternalhit/1.1 (+http://www.facebook.com/externalhit_uatext.php)"
45.215.253.123 - - [03/Jan/2025:13:11:38 -0500] "GET /download.php?id=683&name=Onesimus%20-Mr.%20Nobody HTTP/1.1" 200 7866634 "https://malawisounds.com/683-mr.-nobody-by-onesimus-" "Mozilla/5.0 (Linux; Android 8.1.0; TECNO BB2 Build/O11019) AppleWebKit/537.36 (KHTML, like Gecko) Chrome/70.0.3538.110 Mobile Safari/537.36"
51.222.253.7 - - [03/Jan/2025:13:11:54 -0500] "GET /aid-381-ep-stream-intro HTTP/1.1" 200 3490 "-" "Mozilla/5.0 (compatible; AhrefsBot/7.0; +http://ahrefs.com/robot/)"
52.167.144.59 - - [03/Jan/2025:13:12:15 -0500] "GET /robots.txt HTTP/1.1" 404 1251 "-" "Mozilla/5.0 AppleWebKit/537.36 (KHTML, like Gecko; compatible; bingbot/2.0; +http://www.bing.com/bingbot.htm) Chrome/116.0.1938.76 Safari/537.36"
52.167.144.142 - - [03/Jan/2025:13:12:15 -0500] "GET /12eb1aczwh.html HTTP/1.1" 404 1251 "-" "Mozilla/5.0 AppleWebKit/537.36 (KHTML, like Gecko; compatible; bingbot/2.0; +http://www.bing.com/bingbot.htm) Chrome/116.0.1938.76 Safari/537.36"
45.215.253.123 - - [03/Jan/2025:13:12:52 -0500] "GET /download.php?id=683&name=Onesimus%20-Mr.%20Nobody HTTP/1.1" 200 7866634 "-" "com.google.android.apps.searchlite/63665 (Linux; U; Android 8.1.0; en_US; TECNO BB2; Build/O11019; Cronet/132.0.6808.3)"
45.215.253.123 - - [03/Jan/2025:13:13:05 -0500] "GET /Icons/malawisounds.ico HTTP/1.1" 200 4286 "https://malawisounds.com/683-mr.-nobody-by-onesimus-" "Mozilla/5.0 (Linux; Android 8.1.0; TECNO BB2 Build/O11019) AppleWebKit/537.36 (KHTML, like Gecko) Chrome/70.0.3538.110 Mobile Safari/537.36"
51.222.253.11 - - [03/Jan/2025:13:13:38 -0500] "GET /sid-641-your-mind-by-excepcion--ft.-df HTTP/1.1" 200 3283 "-" "Mozilla/5.0 (compatible; AhrefsBot/7.0; +http://ahrefs.com/robot/)"
45.215.253.123 - - [03/Jan/2025:13:13:17 -0500] "GET /download.php?id=683&name=Onesimus%20-Mr.%20Nobody HTTP/1.1" 200 7109585 "https://malawisounds.com/683-mr.-nobody-by-onesimus-" "Mozilla/5.0 (Linux; Android 8.1.0; TECNO BB2 Build/O11019) AppleWebKit/537.36 (KHTML, like Gecko) Chrome/70.0.3538.110 Mobile Safari/537.36"
51.222.253.13 - - [03/Jan/2025:13:14:12 -0500] "GET /758-Special-loving--by-Mdnayo-Enecho- HTTP/1.1" 200 3931 "-" "Mozilla/5.0 (compatible; AhrefsBot/7.0; +http://ahrefs.com/robot/)"
82.145.209.157 - - [03/Jan/2025:13:14:25 -0500] "GET /274-kadyelere-by-eliza-mponya HTTP/1.1" 200 4442 "https://www.google.com/" "Mozilla/5.0 (Linux; U; Android 12; TECNO BF7 Build/SP1A.210812.016; wv) AppleWebKit/537.36 (KHTML, like Gecko) Version/4.0 Chrome/131.0.6778.135 Mobile Safari/537.36 OPR/87.0.2254.75299"
82.145.209.157 - - [03/Jan/2025:13:14:26 -0500] "GET /css/w3.css HTTP/1.1" 200 6038 "https://malawisounds.com/274-kadyelere-by-eliza-mponya" "Mozilla/5.0 (Linux; U; Android 12; TECNO BF7 Build/SP1A.210812.016; wv) AppleWebKit/537.36 (KHTML, like Gecko) Version/4.0 Chrome/131.0.6778.135 Mobile Safari/537.36 OPR/87.0.2254.75299"
82.145.209.157 - - [03/Jan/2025:13:14:26 -0500] "GET /css/animate.css HTTP/1.1" 200 6503 "https://malawisounds.com/274-kadyelere-by-eliza-mponya" "Mozilla/5.0 (Linux; U; Android 12; TECNO BF7 Build/SP1A.210812.016; wv) AppleWebKit/537.36 (KHTML, like Gecko) Version/4.0 Chrome/131.0.6778.135 Mobile Safari/537.36 OPR/87.0.2254.75299"
82.145.209.157 - - [03/Jan/2025:13:14:26 -0500] "GET /css/load.css HTTP/1.1" 200 10718 "https://malawisounds.com/274-kadyelere-by-eliza-mponya" "Mozilla/5.0 (Linux; U; Android 12; TECNO BF7 Build/SP1A.210812.016; wv) AppleWebKit/537.36 (KHTML, like Gecko) Version/4.0 Chrome/131.0.6778.135 Mobile Safari/537.36 OPR/87.0.2254.75299"
