82.145.210.149 - - [03/Jan/2025:13:41:47 -0500] "GET /bootstrap/fonts/glyphicons-halflings-regular.woff2 HTTP/1.1" 200 18028 "https://malawisounds.com/bootstrap/css/bootstrap.min.css" "Mozilla/5.0 (Linux; U; Android 11; TECNO KG5j Build/RP1A.200720.011; wv) AppleWebKit/537.36 (KHTML, like Gecko) Version/4.0 Chrome/131.0.6778.135 Mobile Safari/537.36 OPR/86.0.2254.74831"
82.145.210.149 - - [03/Jan/2025:13:41:47 -0500] "GET /fonts/Gothic-B.ttf HTTP/1.1" 200 129676 "https://malawisounds.com/css/load.css" "Mozilla/5.0 (Linux; U; Android 11; TECNO KG5j Build/RP1A.200720.011; wv) AppleWebKit/537.36 (KHTML, like Gecko) Version/4.0 Chrome/131.0.6778.135 Mobile Safari/537.36 OPR/86.0.2254.74831"
82.145.210.149 - - [03/Jan/2025:13:41:48 -0500] "GET /fonts/Gothic.ttf HTTP/1.1" 200 112628 "https://malawisounds.com/css/load.css" "Mozilla/5.0 (Linux; U; Android 11; TECNO KG5j Build/RP1A.200720.011; wv) AppleWebKit/537.36 (KHTML, like Gecko) Version/4.0 Chrome/131.0.6778.135 Mobile Safari/537.36 OPR/86.0.2254.74831"
82.145.210.149 - - [03/Jan/2025:13:41:50 -0500] "GET /null HTTP/1.1" 404 1251 "https://malawisounds.com/683-mr.-nobody-by-onesimus-" "Mozilla/5.0 (Linux; U; Android 11; TECNO KG5j Build/RP1A.200720.011; wv) AppleWebKit/537.36 (KHTML, like Gecko) Version/4.0 Chrome/131.0.6778.135 Mobile Safari/537.36 OPR/86.0.2254.74831"
82.145.210.149 - - [03/Jan/2025:13:41:55 -0500] "GET /download.php?id=683&name=Onesimus%20-Mr.%20Nobody HTTP/1.1" 200 7261864 "https://malawisounds.com/683-mr.-nobody-by-onesimus-" "Mozilla/5.0 (Linux; U; Android 11; TECNO KG5j Build/RP1A.200720.011; wv) AppleWebKit/537.36 (KHTML, like Gecko) Version/4.0 Chrome/131.0.6778.135 Mobile Safari/537.36 OPR/86.0.2254.74831"
52.167.144.184 - - [03/Jan/2025:13:41:59 -0500] "GET /download.php?id=1186&name=PAWALO-My%20final%20choice HTTP/1.1" 200 3711526 "-" "Mozilla/5.0 AppleWebKit/537.36 (KHTML, like Gecko; compatible; bingbot/2.0; +http://www.bing.com/bingbot.htm) Chrome/116.0.1938.76 Safari/537.36"
105.234.164.6 - - [03/Jan/2025:13:41:58 -0500] "GET /download.php?id=683&name=Onesimus%20-Mr.%20Nobody HTTP/1.1" 200 7044049 "https://malawisounds.com/683-mr.-nobody-by-onesimus-" "Mozilla/5.0 (Linux; U; Android 11; TECNO KG5j Build/RP1A.200720.011; wv) AppleWebKit/537.36 (KHTML, like Gecko) Version/4.0 Chrome/131.0.6778.135 Mobile Safari/537.36 OPR/86.0.2254.74831"
105.234.164.6 - - [03/Jan/2025:13:42:00 -0500] "GET /Icons/malawisounds.ico HTTP/1.1" 200 4286 "https://malawisounds.com/683-mr.-nobody-by-onesimus-" "Mozilla/5.0 (Linux; U; Android 11; TECNO KG5j Build/RP1A.200720.011; wv) AppleWebKit/537.36 (KHTML, like Gecko) Version/4.0 Chrome/131.0.6778.135 Mobile Safari/537.36 OPR/86.0.2254.74831"
105.234.164.6 - - [03/Jan/2025:13:42:06 -0500] "GET /download.php?id=683&name=Onesimus%20-Mr.%20Nobody HTTP/1.1" 200 7866634 "https://malawisounds.com/683-mr.-nobody-by-onesimus-" "stagefright/1.2 (Linux;Android 11)"
105.234.164.6 - - [03/Jan/2025:13:42:18 -0500] "GET /download.php?id=683&name=Onesimus%20-Mr.%20Nobody HTTP/1.1" 200 7866634 "https://malawisounds.com/683-mr.-nobody-by-onesimus-" "Mozilla/5.0 (Linux; U; Android 11; TECNO KG5j Build/RP1A.200720.011; wv) AppleWebKit/537.36 (KHTML, like Gecko) Version/4.0 Chrome/131.0.6778.135 Mobile Safari/537.36 OPR/86.0.2254.74831"
105.234.164.6 - - [03/Jan/2025:13:42:20 -0500] "GET /download.php?id=683&name=Onesimus%20-Mr.%20Nobody HTTP/1.1" 200 7866634 "https://malawisounds.com/683-mr.-nobody-by-onesimus-" "Mozilla/5.0 (Linux; U; Android 11; TECNO KG5j Build/RP1A.200720.011; wv) AppleWebKit/537.36 (KHTML, like Gecko) Version/4.0 Chrome/131.0.6778.135 Mobile Safari/537.36 OPR/86.0.2254.74831"
66.249.65.161 - - [03/Jan/2025:13:42:22 -0500] "GET /1109-osanyoza-by-andy-bwai-ft-mr-lover-lover HTTP/1.1" 200 3910 "-" "Mozilla/5.0 (Linux; Android 6.0.1; Nexus 5X Build/MMB29P) AppleWebKit/537.36 (KHTML, like Gecko) Chrome/131.0.6778.139 Mobile Safari/537.36 (compatible; Googlebot/2.1; +http://www.google.com/bot.html)"
173.252.87.1 - - [03/Jan/2025:13:42:35 -0500] "GET /images/mwsounds-20210308154641-img-20210203-wa0041.jpg HTTP/1.1" 200 26445 "-" "facebookexternalhit/1.1 (+http://www.facebook.com/externalhit_uatext.php)"
51.222.253.17 - - [03/Jan/2025:13:42:40 -0500] "GET /sid-1389-kukacha-by-dreamer HTTP/1.1" 200 3199 "-" "Mozilla/5.0 (compatible; AhrefsBot/7.0; +http://ahrefs.com/robot/)"
105.234.164.6 - - [03/Jan/2025:13:42:45 -0500] "GET /download.php?id=683&name=Onesimus%20-Mr.%20Nobody HTTP/1.1" 200 7866634 "https://malawisounds.com/683-mr.-nobody-by-onesimus-" "Mozilla/5.0 (Linux; U; Android 11; TECNO KG5j Build/RP1A.200720.011; wv) AppleWebKit/537.36 (KHTML, like Gecko) Version/4.0 Chrome/131.0.6778.135 Mobile Safari/537.36 OPR/86.0.2254.74831"
105.234.164.6 - - [03/Jan/2025:13:42:54 -0500] "GET /download.php?id=683&name=Onesimus%20-Mr.%20Nobody HTTP/1.1" 200 7109638 "https://malawisounds.com/683-mr.-nobody-by-onesimus-" "Mozilla/5.0 (Linux; U; Android 11; TECNO KG5j Build/RP1A.200720.011; wv) AppleWebKit/537.36 (KHTML, like Gecko) Version/4.0 Chrome/131.0.6778.135 Mobile Safari/537.36 OPR/86.0.2254.74831"
105.234.164.6 - - [03/Jan/2025:13:42:55 -0500] "GET /download.php?id=683&name=Onesimus%20-Mr.%20Nobody HTTP/1.1" 200 7109585 "https://malawisounds.com/683-mr.-nobody-by-onesimus-" "Mozilla/5.0 (Linux; U; Android 11; TECNO KG5j Build/RP1A.200720.011; wv) AppleWebKit/537.36 (KHTML, like Gecko) Version/4.0 Chrome/131.0.6778.135 Mobile Safari/537.36 OPR/86.0.2254.74831"
4.43.184.114 - - [03/Jan/2025:13:43:12 -0500] "GET / HTTP/1.0" 200 12109 "-" "Mozilla/5.0 (Windows; U; Windows NT 6.1; en-US; rv:1.9.2.23) Gecko/20110920 Firefox/3.6.23"
51.222.253.19 - - [03/Jan/2025:13:43:23 -0500] "GET /sid-314-slw-dwn-by-theo-thompson-ft-tay-grin HTTP/1.1" 200 3238 "-" "Mozilla/5.0 (compatible; AhrefsBot/7.0; +http://ahrefs.com/robot/)"
114.119.138.207 - - [03/Jan/2025:13:44:06 -0500] "GET /sid-339-marry-you-by-crush-point HTTP/1.1" 200 3593 "https://www.malawisounds.com/songs.php?id=339&name=Crush-Point-Marry-you" "Mozilla/5.0 (Linux; Android 7.0;) AppleWebKit/537.36 (KHTML, like Gecko) Mobile Safari/537.36 (compatible; PetalBot;+https://webmaster.petalsearch.com/site/petalbot)"
66.249.65.160 - - [03/Jan/2025:13:45:18 -0500] "GET /840-confidence-by-jowie HTTP/1.1" 200 3936 "-" "Mozilla/5.0 (Linux; Android 6.0.1; Nexus 5X Build/MMB29P) AppleWebKit/537.36 (KHTML, like Gecko) Chrome/131.0.6778.139 Mobile Safari/537.36 (compatible; Googlebot/2.1; +http://www.google.com/bot.html)"
51.222.253.16 - - [03/Jan/2025:13:45:35 -0500] "GET /aid-434-album-stream-phathi-phathi-ndi-yesu HTTP/1.1" 200 3697 "-" "Mozilla/5.0 (compatible; AhrefsBot/7.0; +http://ahrefs.com/robot/)"
158.115.254.149 - - [03/Jan/2025:13:45:38 -0500] "HEAD /bio/mwsounds-20210102000548-IMG-20201231-WA0020.jpg HTTP/1.1" 200 0 "-" "Mozilla/5.0 (Windows NT 10.0; Win64; x64) AppleWebKit/537.36 (KHTML, like Gecko) Chrome/120.0.0.0 Safari/537.36"
158.115.254.149 - - [03/Jan/2025:13:45:39 -0500] "GET /bio/mwsounds-20210102000548-IMG-20201231-WA0020.jpg HTTP/1.1" 200 17365 "-" "Mozilla/5.0 (Windows NT 10.0; Win64; x64) AppleWebKit/537.36 (KHTML, like Gecko) Chrome/120.0.0.0 Safari/537.36"
167.99.119.158 - - [03/Jan/2025:13:46:01 -0500] "GET /wp-admin/css/ HTTP/1.1" 404 1251 "binance.com" "Mozilla/5.0 (Windows NT 10.0; Win64; x64) AppleWebKit/537.36 (KHTML, like Gecko) Chrome/90.0.4430.85 Safari/537.36"
167.99.119.158 - - [03/Jan/2025:13:46:08 -0500] "GET /.well-known/ HTTP/1.1" 403 1242 "binance.com" "Mozilla/5.0 (Windows NT 10.0; Win64; x64) AppleWebKit/537.36 (KHTML, like Gecko) Chrome/90.0.4430.85 Safari/537.36"
51.222.253.2 - - [03/Jan/2025:13:46:23 -0500] "GET /sid-185-victory-by-eagle-king-x-eljey-x-ntchana-reck HTTP/1.1" 200 3252 "-" "Mozilla/5.0 (compatible; AhrefsBot/7.0; +http://ahrefs.com/robot/)"
114.119.134.192 - - [03/Jan/2025:13:46:50 -0500] "GET /1005-Secret-by-Tebac265 HTTP/1.1" 200 4429 "https://www.malawisounds.com/singles?pageno=41" "Mozilla/5.0 (Linux; Android 7.0;) AppleWebKit/537.36 (KHTML, like Gecko) Mobile Safari/537.36 (compatible; PetalBot;+https://webmaster.petalsearch.com/site/petalbot)"
23.81.152.132 - - [03/Jan/2025:13:47:00 -0500] "GET /contact-us HTTP/1.1" 200 2637 "-" "Mozilla/5.0 (Windows NT 10.0; Win64; x64; Xbox; Xbox One) AppleWebKit/537.36 (KHTML, like Gecko) Chrome/114.0.0.0 Safari/537.36 Edge/44.18363.8131"
23.81.152.132 - - [03/Jan/2025:13:47:00 -0500] "POST /contact.php HTTP/1.1" 200 3068 "https://malawisounds.com/contact-us" "Mozilla/5.0 (Windows NT 10.0; Win64; x64; Xbox; Xbox One) AppleWebKit/537.36 (KHTML, like Gecko) Chrome/114.0.0.0 Safari/537.36 Edge/44.18363.8131"
66.249.73.4 - - [03/Jan/2025:13:47:12 -0500] "GET /1591-Welenga-by-Beracah HTTP/1.1" 200 3933 "-" "Mozilla/5.0 (Linux; Android 6.0.1; Nexus 5X Build/MMB29P) AppleWebKit/537.36 (KHTML, like Gecko) Chrome/131.0.6778.139 Mobile Safari/537.36 (compatible; Googlebot/2.1; +http://www.google.com/bot.html)"
66.249.65.162 - - [03/Jan/2025:13:47:34 -0500] "GET /467-i-gat-jesus-by-alviex HTTP/1.1" 200 3918 "-" "Mozilla/5.0 (Linux; Android 6.0.1; Nexus 5X Build/MMB29P) AppleWebKit/537.36 (KHTML, like Gecko) Chrome/131.0.6778.139 Mobile Safari/537.36 (compatible; Googlebot/2.1; +http://www.google.com/bot.html)"
66.249.65.161 - - [03/Jan/2025:13:47:44 -0500] "GET /1533-Taona-(Official-Audio)--by-James-Chirwa-feat.-Levison-Masamba- HTTP/1.1" 200 3969 "-" "Mozilla/5.0 (Linux; Android 6.0.1; Nexus 5X Build/MMB29P) AppleWebKit/537.36 (KHTML, like Gecko) Chrome/131.0.6778.139 Mobile Safari/537.36 (compatible; Googlebot/2.1; +http://www.google.com/bot.html)"
51.222.253.16 - - [03/Jan/2025:13:47:57 -0500] "GET /1213-Ubwino-by-Phyzo-C-ft-Xe-call-B-x-Sticco-Kay(prod-by-kells) HTTP/1.1" 200 4034 "-" "Mozilla/5.0 (compatible; AhrefsBot/7.0; +http://ahrefs.com/robot/)"
66.249.65.161 - - [03/Jan/2025:13:48:31 -0500] "GET /693-Khalidwe-by-Keturah-ft.-Giddess-Chalamanda HTTP/1.1" 200 3959 "-" "Mozilla/5.0 (Linux; Android 6.0.1; Nexus 5X Build/MMB29P) AppleWebKit/537.36 (KHTML, like Gecko) Chrome/131.0.6778.139 Mobile Safari/537.36 (compatible; Googlebot/2.1; +http://www.google.com/bot.html)"
51.222.253.10 - - [03/Jan/2025:13:48:36 -0500] "GET /sid-272-nzeru-zanu-by-jehiel-snobb HTTP/1.1" 200 3227 "-" "Mozilla/5.0 (compatible; AhrefsBot/7.0; +http://ahrefs.com/robot/)"
110.249.202.43 - - [03/Jan/2025:13:48:37 -0500] "GET /artist=Israel HTTP/1.1" 200 3166 "-" "Mozilla/5.0 (Linux; Android 5.0) AppleWebKit/537.36 (KHTML, like Gecko) Mobile Safari/537.36 (compatible; Bytespider; https://zhanzhang.toutiao.com/)"
110.249.202.43 - - [03/Jan/2025:13:48:38 -0500] "GET /css/animate.css HTTP/1.1" 200 4001 "https://malawisounds.com/artist=Israel" "Mozilla/5.0 (Linux; Android 5.0) AppleWebKit/537.36 (KHTML, like Gecko) Mobile Safari/537.36 (compatible; Bytespider; https://zhanzhang.toutiao.com/)"
110.249.202.43 - - [03/Jan/2025:13:48:38 -0500] "GET /css/w3.css HTTP/1.1" 200 4832 "https://malawisounds.com/artist=Israel" "Mozilla/5.0 (Linux; Android 5.0) AppleWebKit/537.36 (KHTML, like Gecko) Mobile Safari/537.36 (compatible; Bytespider; https://zhanzhang.toutiao.com/)"
110.249.202.43 - - [03/Jan/2025:13:48:38 -0500] "GET /Icons/instagram.png HTTP/1.1" 206 500 "https://malawisounds.com/artist=Israel" "Mozilla/5.0 (Linux; Android 5.0) AppleWebKit/537.36 (KHTML, like Gecko) Mobile Safari/537.36 (compatible; Bytespider; https://zhanzhang.toutiao.com/)"
110.249.202.43 - - [03/Jan/2025:13:48:38 -0500] "GET /null HTTP/1.1" 404 1251 "https://malawisounds.com/artist=Israel" "Mozilla/5.0 (Linux; Android 5.0) AppleWebKit/537.36 (KHTML, like Gecko) Mobile Safari/537.36 (compatible; Bytespider; https://zhanzhang.toutiao.com/)"
110.249.202.43 - - [03/Jan/2025:13:48:38 -0500] "GET /bio/mwsounds-20220506070012-Chiso-Makhumula-picsay.jpg HTTP/1.1" 206 500 "https://malawisounds.com/artist=Israel" "Mozilla/5.0 (Linux; Android 5.0) AppleWebKit/537.36 (KHTML, like Gecko) Mobile Safari/537.36 (compatible; Bytespider; https://zhanzhang.toutiao.com/)"
31.13.127.20 - - [03/Jan/2025:13:48:45 -0500] "GET /songs.php?id=764 HTTP/1.1" 200 14406 "-" "facebookexternalhit/1.1 (+http://www.facebook.com/externalhit_uatext.php)"
31.13.127.21 - - [03/Jan/2025:13:48:45 -0500] "GET /songs.php?id=764 HTTP/1.1" 200 14406 "-" "facebookexternalhit/1.1 (+http://www.facebook.com/externalhit_uatext.php)"
51.222.253.13 - - [03/Jan/2025:13:49:26 -0500] "GET /sid-1385-flow-by-typhan-crea HTTP/1.1" 200 3215 "-" "Mozilla/5.0 (compatible; AhrefsBot/7.0; +http://ahrefs.com/robot/)"
51.222.253.20 - - [03/Jan/2025:13:50:07 -0500] "GET /sid-135-more-than--a-miracle-by-susan-kumwenda HTTP/1.1" 200 3233 "-" "Mozilla/5.0 (compatible; AhrefsBot/7.0; +http://ahrefs.com/robot/)"
51.222.253.12 - - [03/Jan/2025:13:50:52 -0500] "GET /742-Behold-Him-by-Debra-N HTTP/1.1" 200 3895 "-" "Mozilla/5.0 (compatible; AhrefsBot/7.0; +http://ahrefs.com/robot/)"
66.249.65.160 - - [03/Jan/2025:13:51:31 -0500] "GET /307-Ma-Ine-by-Eli-Njuchi HTTP/1.1" 200 3922 "-" "Mozilla/5.0 (Linux; Android 6.0.1; Nexus 5X Build/MMB29P) AppleWebKit/537.36 (KHTML, like Gecko) Chrome/131.0.6778.139 Mobile Safari/537.36 (compatible; Googlebot/2.1; +http://www.google.com/bot.html)"
66.249.73.4 - - [03/Jan/2025:13:51:44 -0500] "GET /746-Mbembembe-by-Beracah HTTP/1.1" 200 3894 "-" "Mozilla/5.0 (Linux; Android 6.0.1; Nexus 5X Build/MMB29P) AppleWebKit/537.36 (KHTML, like Gecko) Chrome/131.0.6778.139 Mobile Safari/537.36 (compatible; Googlebot/2.1; +http://www.google.com/bot.html)"
51.222.253.11 - - [03/Jan/2025:13:51:44 -0500] "GET /sid-1179-ufulu-by-thanthwe-the-vocalist HTTP/1.1" 200 3232 "-" "Mozilla/5.0 (compatible; AhrefsBot/7.0; +http://ahrefs.com/robot/)"
66.249.93.73 - - [03/Jan/2025:13:52:17 -0500] "GET /.well-known/traffic-advice HTTP/1.1" 404 1251 "-" "Chrome Privacy Preserving Prefetch Proxy"
51.222.253.19 - - [03/Jan/2025:13:52:32 -0500] "GET /sid-1353-zima-by-phronee99 HTTP/1.1" 200 3215 "-" "Mozilla/5.0 (compatible; AhrefsBot/7.0; +http://ahrefs.com/robot/)"
52.167.144.209 - - [03/Jan/2025:13:53:51 -0500] "GET /1ac2cdkxoh.html HTTP/1.1" 404 1251 "-" "Mozilla/5.0 AppleWebKit/537.36 (KHTML, like Gecko; compatible; bingbot/2.0; +http://www.bing.com/bingbot.htm) Chrome/116.0.1938.76 Safari/537.36"
69.63.184.9 - - [03/Jan/2025:13:54:07 -0500] "GET /images/mwsounds-20200927000626-the-throne-one-2.jpg HTTP/1.1" 200 42144 "-" "facebookexternalhit/1.1 (+http://www.facebook.com/externalhit_uatext.php)"
51.222.253.9 - - [03/Jan/2025:13:54:45 -0500] "GET /1675-Ndinu-Oyera-by-Keyz-Kingston HTTP/1.1" 200 3979 "-" "Mozilla/5.0 (compatible; AhrefsBot/7.0; +http://ahrefs.com/robot/)"
51.222.253.6 - - [03/Jan/2025:13:55:34 -0500] "GET /sid-1109-osanyoza-by-andy-bwai-ft-mr-lover-lover HTTP/1.1" 200 3232 "-" "Mozilla/5.0 (compatible; AhrefsBot/7.0; +http://ahrefs.com/robot/)"
51.222.253.19 - - [03/Jan/2025:13:56:15 -0500] "GET /594-Undigwire-by-Tuno-ft-Bucci HTTP/1.1" 200 3909 "-" "Mozilla/5.0 (compatible; AhrefsBot/7.0; +http://ahrefs.com/robot/)"
40.77.167.68 - - [03/Jan/2025:13:56:38 -0500] "GET /206-Mapulani-by-Namadingo HTTP/1.1" 200 3962 "-" "Mozilla/5.0 AppleWebKit/537.36 (KHTML, like Gecko; compatible; bingbot/2.0; +http://www.bing.com/bingbot.htm) Chrome/116.0.1938.76 Safari/537.36"
102.70.8.126 - - [03/Jan/2025:13:56:42 -0500] "GET /css/animate.css HTTP/1.1" 304 0 "https://malawisounds.com/1124-Analowa-Yesu-Mtimanga-by-The-Tribute-Messages-Quartet" "Mozilla/5.0 (Linux; Android 10; K) AppleWebKit/537.36 (KHTML, like Gecko) Chrome/129.0.0.0 Safari/537.36"
102.70.8.126 - - [03/Jan/2025:13:56:42 -0500] "GET /impact/stylesheet.css HTTP/1.1" 304 0 "https://malawisounds.com/1124-Analowa-Yesu-Mtimanga-by-The-Tribute-Messages-Quartet" "Mozilla/5.0 (Linux; Android 10; K) AppleWebKit/537.36 (KHTML, like Gecko) Chrome/129.0.0.0 Safari/537.36"
102.70.8.126 - - [03/Jan/2025:13:56:42 -0500] "GET /css/load.css HTTP/1.1" 304 0 "https://malawisounds.com/1124-Analowa-Yesu-Mtimanga-by-The-Tribute-Messages-Quartet" "Mozilla/5.0 (Linux; Android 10; K) AppleWebKit/537.36 (KHTML, like Gecko) Chrome/129.0.0.0 Safari/537.36"
102.70.8.126 - - [03/Jan/2025:13:56:42 -0500] "GET /css/w3.css HTTP/1.1" 304 0 "https://malawisounds.com/1124-Analowa-Yesu-Mtimanga-by-The-Tribute-Messages-Quartet" "Mozilla/5.0 (Linux; Android 10; K) AppleWebKit/537.36 (KHTML, like Gecko) Chrome/129.0.0.0 Safari/537.36"
102.70.8.126 - - [03/Jan/2025:13:56:42 -0500] "GET /bootstrap/css/bootstrap.min.css HTTP/1.1" 304 0 "https://malawisounds.com/1124-Analowa-Yesu-Mtimanga-by-The-Tribute-Messages-Quartet" "Mozilla/5.0 (Linux; Android 10; K) AppleWebKit/537.36 (KHTML, like Gecko) Chrome/129.0.0.0 Safari/537.36"
102.70.8.126 - - [03/Jan/2025:13:56:42 -0500] "GET /Icons/msounds1.png HTTP/1.1" 304 0 "https://malawisounds.com/1124-Analowa-Yesu-Mtimanga-by-The-Tribute-Messages-Quartet" "Mozilla/5.0 (Linux; Android 10; K) AppleWebKit/537.36 (KHTML, like Gecko) Chrome/129.0.0.0 Safari/537.36"
102.70.8.126 - - [03/Jan/2025:13:56:42 -0500] "GET /Icons/facebook.png HTTP/1.1" 304 0 "https://malawisounds.com/1124-Analowa-Yesu-Mtimanga-by-The-Tribute-Messages-Quartet" "Mozilla/5.0 (Linux; Android 10; K) AppleWebKit/537.36 (KHTML, like Gecko) Chrome/129.0.0.0 Safari/537.36"
102.70.8.126 - - [03/Jan/2025:13:56:42 -0500] "GET /Icons/instagram.png HTTP/1.1" 304 0 "https://malawisounds.com/1124-Analowa-Yesu-Mtimanga-by-The-Tribute-Messages-Quartet" "Mozilla/5.0 (Linux; Android 10; K) AppleWebKit/537.36 (KHTML, like Gecko) Chrome/129.0.0.0 Safari/537.36"
102.70.8.126 - - [03/Jan/2025:13:56:42 -0500] "GET /Icons/twitter.png HTTP/1.1" 304 0 "https://malawisounds.com/1124-Analowa-Yesu-Mtimanga-by-The-Tribute-Messages-Quartet" "Mozilla/5.0 (Linux; Android 10; K) AppleWebKit/537.36 (KHTML, like Gecko) Chrome/129.0.0.0 Safari/537.36"
102.70.8.126 - - [03/Jan/2025:13:56:43 -0500] "GET /bio/mwsounds-20200801042643-Dr.Drew.jpg HTTP/1.1" 200 80629 "https://malawisounds.com/1124-Analowa-Yesu-Mtimanga-by-The-Tribute-Messages-Quartet" "Mozilla/5.0 (Linux; Android 10; K) AppleWebKit/537.36 (KHTML, like Gecko) Chrome/129.0.0.0 Safari/537.36"
102.70.8.126 - - [03/Jan/2025:13:56:43 -0500] "GET /bio/mwsounds-20230703010954-IMG-20230703-030900.jpg HTTP/1.1" 304 0 "https://malawisounds.com/1124-Analowa-Yesu-Mtimanga-by-The-Tribute-Messages-Quartet" "Mozilla/5.0 (Linux; Android 10; K) AppleWebKit/537.36 (KHTML, like Gecko) Chrome/129.0.0.0 Safari/537.36"
102.70.8.126 - - [03/Jan/2025:13:56:43 -0500] "GET /bio/mwsounds-20200710082408-onesmus.jpg HTTP/1.1" 304 0 "https://malawisounds.com/1124-Analowa-Yesu-Mtimanga-by-The-Tribute-Messages-Quartet" "Mozilla/5.0 (Linux; Android 10; K) AppleWebKit/537.36 (KHTML, like Gecko) Chrome/129.0.0.0 Safari/537.36"
102.70.8.126 - - [03/Jan/2025:13:56:43 -0500] "GET /bio/mwsounds-20200706204045-gwamba.jpg HTTP/1.1" 304 0 "https://malawisounds.com/1124-Analowa-Yesu-Mtimanga-by-The-Tribute-Messages-Quartet" "Mozilla/5.0 (Linux; Android 10; K) AppleWebKit/537.36 (KHTML, like Gecko) Chrome/129.0.0.0 Safari/537.36"
102.70.8.126 - - [03/Jan/2025:13:56:43 -0500] "GET /ads/MS%20covid.jpg HTTP/1.1" 304 0 "https://malawisounds.com/1124-Analowa-Yesu-Mtimanga-by-The-Tribute-Messages-Quartet" "Mozilla/5.0 (Linux; Android 10; K) AppleWebKit/537.36 (KHTML, like Gecko) Chrome/129.0.0.0 Safari/537.36"
102.70.8.126 - - [03/Jan/2025:13:56:43 -0500] "GET /bio/mwsounds-20200706203533-Namadigo.jpg HTTP/1.1" 304 0 "https://malawisounds.com/1124-Analowa-Yesu-Mtimanga-by-The-Tribute-Messages-Quartet" "Mozilla/5.0 (Linux; Android 10; K) AppleWebKit/537.36 (KHTML, like Gecko) Chrome/129.0.0.0 Safari/537.36"
102.70.8.126 - - [03/Jan/2025:13:56:43 -0500] "GET /bio/mwsounds-20200706120806-FB_IMG_1590948777511.jpg HTTP/1.1" 304 0 "https://malawisounds.com/1124-Analowa-Yesu-Mtimanga-by-The-Tribute-Messages-Quartet" "Mozilla/5.0 (Linux; Android 10; K) AppleWebKit/537.36 (KHTML, like Gecko) Chrome/129.0.0.0 Safari/537.36"
102.70.8.126 - - [03/Jan/2025:13:56:43 -0500] "GET /images/mwsounds-20221013-172651-Analowa-Yesu-Mtimanga-by-The-Tribute-Messages-Quartet.jpg HTTP/1.1" 304 0 "https://malawisounds.com/1124-Analowa-Yesu-Mtimanga-by-The-Tribute-Messages-Quartet" "Mozilla/5.0 (Linux; Android 10; K) AppleWebKit/537.36 (KHTML, like Gecko) Chrome/129.0.0.0 Safari/537.36"
102.70.8.126 - - [03/Jan/2025:13:56:43 -0500] "GET /bio/mwsounds-20200706205025-tay-grin---Copy.jpg HTTP/1.1" 304 0 "https://malawisounds.com/1124-Analowa-Yesu-Mtimanga-by-The-Tribute-Messages-Quartet" "Mozilla/5.0 (Linux; Android 10; K) AppleWebKit/537.36 (KHTML, like Gecko) Chrome/129.0.0.0 Safari/537.36"
102.70.8.126 - - [03/Jan/2025:13:56:43 -0500] "GET /fonts/Gothic-B.ttf HTTP/1.1" 304 0 "https://malawisounds.com/css/load.css" "Mozilla/5.0 (Linux; Android 10; K) AppleWebKit/537.36 (KHTML, like Gecko) Chrome/129.0.0.0 Safari/537.36"
102.70.8.126 - - [03/Jan/2025:13:56:43 -0500] "GET /fonts/Gothic.ttf HTTP/1.1" 304 0 "https://malawisounds.com/css/load.css" "Mozilla/5.0 (Linux; Android 10; K) AppleWebKit/537.36 (KHTML, like Gecko) Chrome/129.0.0.0 Safari/537.36"
102.70.8.126 - - [03/Jan/2025:13:56:43 -0500] "GET /bootstrap/fonts/glyphicons-halflings-regular.woff2 HTTP/1.1" 304 0 "https://malawisounds.com/bootstrap/css/bootstrap.min.css" "Mozilla/5.0 (Linux; Android 10; K) AppleWebKit/537.36 (KHTML, like Gecko) Chrome/129.0.0.0 Safari/537.36"
102.70.8.126 - - [03/Jan/2025:13:56:43 -0500] "GET /uploads/Analowa-Yesu-Mtimanga-by-The-Tribute-Messages-Quartet.mp3 HTTP/1.1" 206 4736365 "https://malawisounds.com/1124-Analowa-Yesu-Mtimanga-by-The-Tribute-Messages-Quartet" "Mozilla/5.0 (Linux; Android 10; K) AppleWebKit/537.36 (KHTML, like Gecko) Chrome/129.0.0.0 Safari/537.36"
102.70.8.126 - - [03/Jan/2025:13:56:47 -0500] "GET /uploads/Analowa-Yesu-Mtimanga-by-The-Tribute-Messages-Quartet.mp3 HTTP/1.1" 206 148845 "https://malawisounds.com/1124-Analowa-Yesu-Mtimanga-by-The-Tribute-Messages-Quartet" "Mozilla/5.0 (Linux; Android 10; K) AppleWebKit/537.36 (KHTML, like Gecko) Chrome/129.0.0.0 Safari/537.36"
102.70.8.126 - - [03/Jan/2025:13:56:48 -0500] "GET /uploads/Analowa-Yesu-Mtimanga-by-The-Tribute-Messages-Quartet.mp3 HTTP/1.1" 206 9581 "https://malawisounds.com/1124-Analowa-Yesu-Mtimanga-by-The-Tribute-Messages-Quartet" "Mozilla/5.0 (Linux; Android 10; K) AppleWebKit/537.36 (KHTML, like Gecko) Chrome/129.0.0.0 Safari/537.36"
102.70.8.126 - - [03/Jan/2025:13:56:49 -0500] "GET /Icons/malawisounds.ico HTTP/1.1" 200 4286 "https://malawisounds.com/1124-Analowa-Yesu-Mtimanga-by-The-Tribute-Messages-Quartet" "Mozilla/5.0 (Linux; Android 10; K) AppleWebKit/537.36 (KHTML, like Gecko) Chrome/129.0.0.0 Safari/537.36"
14.154.104.245 - - [03/Jan/2025:13:56:54 -0500] "GET /download_album.php?id=105 HTTP/1.1" 200 3882467 "-" "Mozilla/5.0 (compatible; MSIE 9.0; Windows NT 4.0; Trident/4.1)"
51.222.253.12 - - [03/Jan/2025:13:57:51 -0500] "GET /sid-487-kwathu-by-foreigner HTTP/1.1" 200 3294 "-" "Mozilla/5.0 (compatible; AhrefsBot/7.0; +http://ahrefs.com/robot/)"
51.222.253.5 - - [03/Jan/2025:13:58:35 -0500] "GET /sid-737-depressed--by-sir-odilo- HTTP/1.1" 200 3280 "-" "Mozilla/5.0 (compatible; AhrefsBot/7.0; +http://ahrefs.com/robot/)"
31.13.115.114 - - [03/Jan/2025:13:58:45 -0500] "GET /images/mwsounds-20230302-213522-Cast-it-down-by-Wakhu.jpg HTTP/1.1" 404 1251 "-" "facebookexternalhit/1.1 (+http://www.facebook.com/externalhit_uatext.php)"
51.222.253.16 - - [03/Jan/2025:13:59:24 -0500] "GET /sid-566-ndili-nawe-by-welce HTTP/1.1" 200 3220 "-" "Mozilla/5.0 (compatible; AhrefsBot/7.0; +http://ahrefs.com/robot/)"
202.8.42.150 - - [03/Jan/2025:13:59:25 -0500] "GET /impact/stylesheet.css HTTP/1.1" 200 153 "https://www.malawisounds.com/sid-566-ndili-nawe-by-welce" "Mozilla/5.0 (compatible; AhrefsBot/7.0; +http://ahrefs.com/robot/)"
202.8.42.150 - - [03/Jan/2025:13:59:25 -0500] "GET /css/load.css HTTP/1.1" 200 8159 "https://www.malawisounds.com/sid-566-ndili-nawe-by-welce" "Mozilla/5.0 (compatible; AhrefsBot/7.0; +http://ahrefs.com/robot/)"
202.8.42.150 - - [03/Jan/2025:13:59:25 -0500] "GET /css/w3.css HTTP/1.1" 200 4832 "https://www.malawisounds.com/sid-566-ndili-nawe-by-welce" "Mozilla/5.0 (compatible; AhrefsBot/7.0; +http://ahrefs.com/robot/)"
202.8.42.150 - - [03/Jan/2025:13:59:25 -0500] "GET /bootstrap/css/bootstrap.css HTTP/1.1" 200 19973 "https://www.malawisounds.com/sid-566-ndili-nawe-by-welce" "Mozilla/5.0 (compatible; AhrefsBot/7.0; +http://ahrefs.com/robot/)"
202.8.42.150 - - [03/Jan/2025:13:59:25 -0500] "GET /css/audio.css HTTP/1.1" 200 143 "https://www.malawisounds.com/sid-566-ndili-nawe-by-welce" "Mozilla/5.0 (compatible; AhrefsBot/7.0; +http://ahrefs.com/robot/)"
202.8.42.150 - - [03/Jan/2025:13:59:25 -0500] "GET /js/codespace_api.js HTTP/1.1" 200 3842 "https://www.malawisounds.com/sid-566-ndili-nawe-by-welce" "Mozilla/5.0 (compatible; AhrefsBot/7.0; +http://ahrefs.com/robot/)"
202.8.42.150 - - [03/Jan/2025:13:59:25 -0500] "GET /fonts/Gothic-B.ttf HTTP/1.1" 200 129676 "https://www.malawisounds.com/css/load.css" "Mozilla/5.0 (compatible; AhrefsBot/7.0; +http://ahrefs.com/robot/)"
202.8.42.150 - - [03/Jan/2025:13:59:25 -0500] "GET /fonts/Gothic.ttf HTTP/1.1" 200 112628 "https://www.malawisounds.com/css/load.css" "Mozilla/5.0 (compatible; AhrefsBot/7.0; +http://ahrefs.com/robot/)"
202.8.42.150 - - [03/Jan/2025:13:59:25 -0500] "GET /bootstrap/fonts/glyphicons-halflings-regular.woff2 HTTP/1.1" 200 18028 "https://www.malawisounds.com/bootstrap/css/bootstrap.css" "Mozilla/5.0 (compatible; AhrefsBot/7.0; +http://ahrefs.com/robot/)"
51.222.253.2 - - [03/Jan/2025:14:00:17 -0500] "GET /sid-763-the-glory-is-coming--by-caleb-sambo HTTP/1.1" 200 3280 "-" "Mozilla/5.0 (compatible; AhrefsBot/7.0; +http://ahrefs.com/robot/)"
51.222.253.15 - - [03/Jan/2025:14:00:57 -0500] "GET /sid-987-mtuwa-by-tione-chirwa HTTP/1.1" 200 3221 "-" "Mozilla/5.0 (compatible; AhrefsBot/7.0; +http://ahrefs.com/robot/)"
51.222.253.6 - - [03/Jan/2025:14:01:39 -0500] "GET /sid-519-big-small-scales-by-stominem-ft.-x-109 HTTP/1.1" 200 3232 "-" "Mozilla/5.0 (compatible; AhrefsBot/7.0; +http://ahrefs.com/robot/)"
51.222.253.12 - - [03/Jan/2025:14:02:26 -0500] "GET /577-I-miss-you-by-Jay-Jay-Cee-ft-Piksy HTTP/1.1" 200 3977 "-" "Mozilla/5.0 (compatible; AhrefsBot/7.0; +http://ahrefs.com/robot/)"
105.234.179.243 - - [03/Jan/2025:14:02:53 -0500] "GET /683-mr.-nobody-by-onesimus- HTTP/1.1" 200 3906 "https://www.google.com/" "Mozilla/5.0 (Linux; Android 10; K) AppleWebKit/537.36 (KHTML, like Gecko) Chrome/114.0.0.0 Mobile Safari/537.36"
105.234.179.243 - - [03/Jan/2025:14:03:07 -0500] "GET /css/load.css HTTP/1.1" 200 8159 "https://malawisounds.com/683-mr.-nobody-by-onesimus-" "Mozilla/5.0 (Linux; Android 10; K) AppleWebKit/537.36 (KHTML, like Gecko) Chrome/114.0.0.0 Mobile Safari/537.36"
105.234.179.243 - - [03/Jan/2025:14:03:07 -0500] "GET /css/w3.css HTTP/1.1" 200 4832 "https://malawisounds.com/683-mr.-nobody-by-onesimus-" "Mozilla/5.0 (Linux; Android 10; K) AppleWebKit/537.36 (KHTML, like Gecko) Chrome/114.0.0.0 Mobile Safari/537.36"
105.234.179.243 - - [03/Jan/2025:14:03:07 -0500] "GET /css/animate.css HTTP/1.1" 200 4001 "https://malawisounds.com/683-mr.-nobody-by-onesimus-" "Mozilla/5.0 (Linux; Android 10; K) AppleWebKit/537.36 (KHTML, like Gecko) Chrome/114.0.0.0 Mobile Safari/537.36"
105.234.179.243 - - [03/Jan/2025:14:03:07 -0500] "GET /bootstrap/css/bootstrap.min.css HTTP/1.1" 200 18270 "https://malawisounds.com/683-mr.-nobody-by-onesimus-" "Mozilla/5.0 (Linux; Android 10; K) AppleWebKit/537.36 (KHTML, like Gecko) Chrome/114.0.0.0 Mobile Safari/537.36"
105.234.179.243 - - [03/Jan/2025:14:03:07 -0500] "GET /impact/stylesheet.css HTTP/1.1" 200 153 "https://malawisounds.com/683-mr.-nobody-by-onesimus-" "Mozilla/5.0 (Linux; Android 10; K) AppleWebKit/537.36 (KHTML, like Gecko) Chrome/114.0.0.0 Mobile Safari/537.36"
105.234.179.243 - - [03/Jan/2025:14:03:07 -0500] "GET /js/ajax.js HTTP/1.1" 200 784 "https://malawisounds.com/683-mr.-nobody-by-onesimus-" "Mozilla/5.0 (Linux; Android 10; K) AppleWebKit/537.36 (KHTML, like Gecko) Chrome/114.0.0.0 Mobile Safari/537.36"
105.234.179.243 - - [03/Jan/2025:14:03:08 -0500] "GET /js/facebook-api.js HTTP/1.1" 200 183 "https://malawisounds.com/683-mr.-nobody-by-onesimus-" "Mozilla/5.0 (Linux; Android 10; K) AppleWebKit/537.36 (KHTML, like Gecko) Chrome/114.0.0.0 Mobile Safari/537.36"
105.234.179.243 - - [03/Jan/2025:14:03:18 -0500] "GET /js/jquery.js HTTP/1.1" 200 29664 "https://malawisounds.com/683-mr.-nobody-by-onesimus-" "Mozilla/5.0 (Linux; Android 10; K) AppleWebKit/537.36 (KHTML, like Gecko) Chrome/114.0.0.0 Mobile Safari/537.36"
105.234.179.243 - - [03/Jan/2025:14:03:18 -0500] "GET /js/nav.js HTTP/1.1" 200 99 "https://malawisounds.com/683-mr.-nobody-by-onesimus-" "Mozilla/5.0 (Linux; Android 10; K) AppleWebKit/537.36 (KHTML, like Gecko) Chrome/114.0.0.0 Mobile Safari/537.36"
105.234.179.243 - - [03/Jan/2025:14:03:18 -0500] "GET /Icons/msounds1.png HTTP/1.1" 200 11619 "https://malawisounds.com/683-mr.-nobody-by-onesimus-" "Mozilla/5.0 (Linux; Android 10; K) AppleWebKit/537.36 (KHTML, like Gecko) Chrome/114.0.0.0 Mobile Safari/537.36"
105.234.179.243 - - [03/Jan/2025:14:03:18 -0500] "GET /Icons/instagram.png HTTP/1.1" 200 2764 "https://malawisounds.com/683-mr.-nobody-by-onesimus-" "Mozilla/5.0 (Linux; Android 10; K) AppleWebKit/537.36 (KHTML, like Gecko) Chrome/114.0.0.0 Mobile Safari/537.36"
105.234.179.243 - - [03/Jan/2025:14:03:18 -0500] "GET /js/wow.js HTTP/1.1" 200 3414 "https://malawisounds.com/683-mr.-nobody-by-onesimus-" "Mozilla/5.0 (Linux; Android 10; K) AppleWebKit/537.36 (KHTML, like Gecko) Chrome/114.0.0.0 Mobile Safari/537.36"
105.234.179.243 - - [03/Jan/2025:14:03:18 -0500] "GET /Icons/facebook.png HTTP/1.1" 200 2279 "https://malawisounds.com/683-mr.-nobody-by-onesimus-" "Mozilla/5.0 (Linux; Android 10; K) AppleWebKit/537.36 (KHTML, like Gecko) Chrome/114.0.0.0 Mobile Safari/537.36"
105.234.179.243 - - [03/Jan/2025:14:03:18 -0500] "GET /Icons/twitter.png HTTP/1.1" 200 2415 "https://malawisounds.com/683-mr.-nobody-by-onesimus-" "Mozilla/5.0 (Linux; Android 10; K) AppleWebKit/537.36 (KHTML, like Gecko) Chrome/114.0.0.0 Mobile Safari/537.36"
105.234.179.243 - - [03/Jan/2025:14:03:18 -0500] "GET /bio/mwsounds-20200710082408-onesmus.jpg HTTP/1.1" 200 30093 "https://malawisounds.com/683-mr.-nobody-by-onesimus-" "Mozilla/5.0 (Linux; Android 10; K) AppleWebKit/537.36 (KHTML, like Gecko) Chrome/114.0.0.0 Mobile Safari/537.36"
105.234.179.243 - - [03/Jan/2025:14:03:18 -0500] "GET /bio/mwsounds-20230703010954-IMG-20230703-030900.jpg HTTP/1.1" 200 25808 "https://malawisounds.com/683-mr.-nobody-by-onesimus-" "Mozilla/5.0 (Linux; Android 10; K) AppleWebKit/537.36 (KHTML, like Gecko) Chrome/114.0.0.0 Mobile Safari/537.36"
105.234.179.243 - - [03/Jan/2025:14:03:18 -0500] "GET /bio/mwsounds-20200801042643-Dr.Drew.jpg HTTP/1.1" 200 80629 "https://malawisounds.com/683-mr.-nobody-by-onesimus-" "Mozilla/5.0 (Linux; Android 10; K) AppleWebKit/537.36 (KHTML, like Gecko) Chrome/114.0.0.0 Mobile Safari/537.36"
105.234.179.243 - - [03/Jan/2025:14:03:18 -0500] "GET /images/mwsounds-20210824104840-fb-img-1629753946030.jpg HTTP/1.1" 200 26407 "https://malawisounds.com/683-mr.-nobody-by-onesimus-" "Mozilla/5.0 (Linux; Android 10; K) AppleWebKit/537.36 (KHTML, like Gecko) Chrome/114.0.0.0 Mobile Safari/537.36"
105.234.179.243 - - [03/Jan/2025:14:03:18 -0500] "GET /bio/mwsounds-20200706205025-tay-grin---Copy.jpg HTTP/1.1" 200 43244 "https://malawisounds.com/683-mr.-nobody-by-onesimus-" "Mozilla/5.0 (Linux; Android 10; K) AppleWebKit/537.36 (KHTML, like Gecko) Chrome/114.0.0.0 Mobile Safari/537.36"
105.234.179.243 - - [03/Jan/2025:14:03:19 -0500] "GET /ads/MS%20covid.jpg HTTP/1.1" 200 273002 "https://malawisounds.com/683-mr.-nobody-by-onesimus-" "Mozilla/5.0 (Linux; Android 10; K) AppleWebKit/537.36 (KHTML, like Gecko) Chrome/114.0.0.0 Mobile Safari/537.36"
105.234.179.243 - - [03/Jan/2025:14:03:21 -0500] "GET /download.php?id=683&name=Onesimus%20-Mr.%20Nobody HTTP/1.1" 200 7866634 "https://malawisounds.com/683-mr.-nobody-by-onesimus-" "Mozilla/5.0 (Linux; Android 10; K) AppleWebKit/537.36 (KHTML, like Gecko) Chrome/114.0.0.0 Mobile Safari/537.36"
105.234.179.243 - - [03/Jan/2025:14:03:33 -0500] "GET /bio/mwsounds-20200706120806-FB_IMG_1590948777511.jpg HTTP/1.1" 200 19662 "https://malawisounds.com/683-mr.-nobody-by-onesimus-" "Mozilla/5.0 (Linux; Android 10; K) AppleWebKit/537.36 (KHTML, like Gecko) Chrome/114.0.0.0 Mobile Safari/537.36"
105.234.179.243 - - [03/Jan/2025:14:03:33 -0500] "GET /bio/mwsounds-20200706203533-Namadigo.jpg HTTP/1.1" 200 33718 "https://malawisounds.com/683-mr.-nobody-by-onesimus-" "Mozilla/5.0 (Linux; Android 10; K) AppleWebKit/537.36 (KHTML, like Gecko) Chrome/114.0.0.0 Mobile Safari/537.36"
105.234.179.243 - - [03/Jan/2025:14:03:33 -0500] "GET /bio/mwsounds-20200706204045-gwamba.jpg HTTP/1.1" 200 39055 "https://malawisounds.com/683-mr.-nobody-by-onesimus-" "Mozilla/5.0 (Linux; Android 10; K) AppleWebKit/537.36 (KHTML, like Gecko) Chrome/114.0.0.0 Mobile Safari/537.36"
105.234.179.243 - - [03/Jan/2025:14:03:34 -0500] "GET /null HTTP/1.1" 404 1251 "https://malawisounds.com/683-mr.-nobody-by-onesimus-" "Mozilla/5.0 (Linux; Android 10; K) AppleWebKit/537.36 (KHTML, like Gecko) Chrome/114.0.0.0 Mobile Safari/537.36"
105.234.179.243 - - [03/Jan/2025:14:03:40 -0500] "GET /download.php?id=683&name=Onesimus%20-Mr.%20Nobody HTTP/1.1" 200 7866634 "https://malawisounds.com/683-mr.-nobody-by-onesimus-" "Mozilla/5.0 (Linux; Android 10; K) AppleWebKit/537.36 (KHTML, like Gecko) Chrome/114.0.0.0 Mobile Safari/537.36"
51.222.253.7 - - [03/Jan/2025:14:03:48 -0500] "GET /sid-274-kadyelere-by-eliza-mponya HTTP/1.1" 200 3205 "-" "Mozilla/5.0 (compatible; AhrefsBot/7.0; +http://ahrefs.com/robot/)"
51.222.253.12 - - [03/Jan/2025:14:04:16 -0500] "GET /1408-YENDA--by-McDonald-Future- HTTP/1.1" 200 3959 "-" "Mozilla/5.0 (compatible; AhrefsBot/7.0; +http://ahrefs.com/robot/)"
142.250.32.41 - - [03/Jan/2025:14:04:24 -0500] "GET /.well-known/traffic-advice HTTP/1.1" 404 1251 "-" "Chrome Privacy Preserving Prefetch Proxy"
105.234.179.243 - - [03/Jan/2025:14:04:26 -0500] "GET /296-Panado-by-Onesimus HTTP/1.1" 200 3872 "https://www.google.com/" "Mozilla/5.0 (Linux; Android 10; K) AppleWebKit/537.36 (KHTML, like Gecko) Chrome/114.0.0.0 Mobile Safari/537.36"
51.222.253.5 - - [03/Jan/2025:14:04:40 -0500] "GET /203-Oh-yeah-by-Bucci HTTP/1.1" 200 3903 "-" "Mozilla/5.0 (compatible; AhrefsBot/7.0; +http://ahrefs.com/robot/)"
51.222.253.12 - - [03/Jan/2025:14:05:10 -0500] "GET /sid-718-palowa-njoka-by-seven-o-more HTTP/1.1" 200 3274 "-" "Mozilla/5.0 (compatible; AhrefsBot/7.0; +http://ahrefs.com/robot/)"
52.167.144.239 - - [03/Jan/2025:14:05:12 -0500] "GET /1ek7rmbyc4.html HTTP/1.1" 404 1251 "-" "Mozilla/5.0 AppleWebKit/537.36 (KHTML, like Gecko; compatible; bingbot/2.0; +http://www.bing.com/bingbot.htm) Chrome/116.0.1938.76 Safari/537.36"
51.222.253.5 - - [03/Jan/2025:14:05:45 -0500] "GET /sid-1077-melody-by-liz-ft-kidma HTTP/1.1" 200 3261 "-" "Mozilla/5.0 (compatible; AhrefsBot/7.0; +http://ahrefs.com/robot/)"
31.13.103.6 - - [03/Jan/2025:14:06:12 -0500] "GET /images/mwsounds-20240724-070616-Muyaya-by-Timothy-Mw-.jpg HTTP/1.1" 200 110687 "-" "facebookexternalhit/1.1 (+http://www.facebook.com/externalhit_uatext.php)"
51.222.253.17 - - [03/Jan/2025:14:06:16 -0500] "GET /sid-521-ask-by-liam HTTP/1.1" 200 3215 "-" "Mozilla/5.0 (compatible; AhrefsBot/7.0; +http://ahrefs.com/robot/)"
51.222.253.16 - - [03/Jan/2025:14:06:29 -0500] "GET /sid-756-better--by-marylin- HTTP/1.1" 200 3220 "-" "Mozilla/5.0 (compatible; AhrefsBot/7.0; +http://ahrefs.com/robot/)"
51.222.253.10 - - [03/Jan/2025:14:07:17 -0500] "GET /sid-1027-vala-zilimbe-by-louid-x-reduce-(prod-by-dj-brown) HTTP/1.1" 200 3274 "-" "Mozilla/5.0 (compatible; AhrefsBot/7.0; +http://ahrefs.com/robot/)"
105.234.179.243 - - [03/Jan/2025:14:06:52 -0500] "GET /download.php?id=683&name=Onesimus%20-Mr.%20Nobody HTTP/1.1" 200 6668288 "https://malawisounds.com/683-mr.-nobody-by-onesimus-" "Mozilla/5.0 (Linux; Android 10; K) AppleWebKit/537.36 (KHTML, like Gecko) Chrome/114.0.0.0 Mobile Safari/537.36"
51.222.253.5 - - [03/Jan/2025:14:08:16 -0500] "GET /aid-432-album-stream-moyo-wanga HTTP/1.1" 200 3704 "-" "Mozilla/5.0 (compatible; AhrefsBot/7.0; +http://ahrefs.com/robot/)"
47.128.127.179 - - [03/Jan/2025:14:08:36 -0500] "GET /robots.txt HTTP/1.1" 404 1251 "-" "Mozilla/5.0 (Linux; Android 5.0) AppleWebKit/537.36 (KHTML, like Gecko) Mobile Safari/537.36 (compatible; Bytespider; spider-feedback@bytedance.com)"
105.234.179.243 - - [03/Jan/2025:14:07:37 -0500] "GET /download.php?id=683&name=Onesimus%20-Mr.%20Nobody HTTP/1.1" 200 7524008 "https://malawisounds.com/683-mr.-nobody-by-onesimus-" "Mozilla/5.0 (Linux; Android 10; K) AppleWebKit/537.36 (KHTML, like Gecko) Chrome/114.0.0.0 Mobile Safari/537.36"
47.128.36.115 - - [03/Jan/2025:14:08:54 -0500] "GET /sid-1676-kungoyamika-by-chisomo-chimoto HTTP/1.1" 200 3269 "-" "Mozilla/5.0 (Linux; Android 5.0) AppleWebKit/537.36 (KHTML, like Gecko) Mobile Safari/537.36 (compatible; Bytespider; spider-feedback@bytedance.com)"
47.128.36.115 - - [03/Jan/2025:14:08:54 -0500] "GET /css/w3.css HTTP/1.1" 200 4832 "https://malawisounds.com/sid-1676-kungoyamika-by-chisomo-chimoto" "Mozilla/5.0 (Linux; Android 5.0) AppleWebKit/537.36 (KHTML, like Gecko) Mobile Safari/537.36 (compatible; Bytespider; spider-feedback@bytedance.com)"
47.128.36.115 - - [03/Jan/2025:14:08:54 -0500] "GET /images/mwsounds-20241231-091035-Kungoyamika-by-Chisomo-Chimoto.jpg HTTP/1.1" 206 500 "https://malawisounds.com/sid-1676-kungoyamika-by-chisomo-chimoto" "Mozilla/5.0 (Linux; Android 5.0) AppleWebKit/537.36 (KHTML, like Gecko) Mobile Safari/537.36 (compatible; Bytespider; spider-feedback@bytedance.com)"
105.234.179.243 - - [03/Jan/2025:14:09:09 -0500] "GET /download.php?id=683&name=Onesimus%20-Mr.%20Nobody HTTP/1.1" 200 7866634 "https://malawisounds.com/683-mr.-nobody-by-onesimus-" "Mozilla/5.0 (Linux; Android 10; K) AppleWebKit/537.36 (KHTML, like Gecko) Chrome/114.0.0.0 Mobile Safari/537.36"
51.222.253.6 - - [03/Jan/2025:14:09:12 -0500] "GET /aid-437-album-stream-mulamulire HTTP/1.1" 200 3704 "-" "Mozilla/5.0 (compatible; AhrefsBot/7.0; +http://ahrefs.com/robot/)"
47.128.55.202 - - [03/Jan/2025:14:09:17 -0500] "GET /robots.txt HTTP/1.1" 404 1251 "-" "Mozilla/5.0 (Linux; Android 5.0) AppleWebKit/537.36 (KHTML, like Gecko) Mobile Safari/537.36 (compatible; Bytespider; spider-feedback@bytedance.com)"
51.222.253.10 - - [03/Jan/2025:14:09:33 -0500] "GET /sid-855-a-gilibatj-by-same-chris HTTP/1.1" 200 3220 "-" "Mozilla/5.0 (compatible; AhrefsBot/7.0; +http://ahrefs.com/robot/)"
52.167.144.239 - - [03/Jan/2025:14:09:52 -0500] "GET /104ddh8dpq.html HTTP/1.1" 404 1251 "-" "Mozilla/5.0 AppleWebKit/537.36 (KHTML, like Gecko; compatible; bingbot/2.0; +http://www.bing.com/bingbot.htm) Chrome/116.0.1938.76 Safari/537.36"
47.128.122.106 - - [03/Jan/2025:14:09:55 -0500] "GET /robots.txt HTTP/1.1" 404 1251 "-" "Mozilla/5.0 (Linux; Android 5.0) AppleWebKit/537.36 (KHTML, like Gecko) Mobile Safari/537.36 (compatible; Bytespider; spider-feedback@bytedance.com)"
47.128.21.213 - - [03/Jan/2025:14:10:14 -0500] "GET /robots.txt HTTP/1.1" 404 1251 "-" "Mozilla/5.0 (Linux; Android 5.0) AppleWebKit/537.36 (KHTML, like Gecko) Mobile Safari/537.36 (compatible; Bytespider; spider-feedback@bytedance.com)"
51.222.253.20 - - [03/Jan/2025:14:10:45 -0500] "GET /sid-1091-khalidwe-by-gift-scot HTTP/1.1" 200 3267 "-" "Mozilla/5.0 (compatible; AhrefsBot/7.0; +http://ahrefs.com/robot/)"
51.222.253.12 - - [03/Jan/2025:14:11:00 -0500] "GET /815-African-queen-by-Ruffex HTTP/1.1" 200 3892 "-" "Mozilla/5.0 (compatible; AhrefsBot/7.0; +http://ahrefs.com/robot/)"
165.56.185.241 - - [03/Jan/2025:14:11:12 -0500] "GET /170-ondisamala-(cover)-by-asante-ft-faith-mussa HTTP/1.1" 200 3980 "https://www.google.com/" "Mozilla/5.0 (iPhone; CPU iPhone OS 17_6_1 like Mac OS X) AppleWebKit/605.1.15 (KHTML, like Gecko) Version/17.6.1 Mobile/15E148 Safari/604.1 RDDocuments/8.14.13.1217"
165.56.185.241 - - [03/Jan/2025:14:11:12 -0500] "GET /css/animate.css HTTP/1.1" 200 4001 "https://www.malawisounds.com/170-ondisamala-(cover)-by-asante-ft-faith-mussa" "Mozilla/5.0 (iPhone; CPU iPhone OS 17_6_1 like Mac OS X) AppleWebKit/605.1.15 (KHTML, like Gecko) Version/17.6.1 Mobile/15E148 Safari/604.1 RDDocuments/8.14.13.1217"
165.56.185.241 - - [03/Jan/2025:14:11:12 -0500] "GET /css/w3.css HTTP/1.1" 200 4832 "https://www.malawisounds.com/170-ondisamala-(cover)-by-asante-ft-faith-mussa" "Mozilla/5.0 (iPhone; CPU iPhone OS 17_6_1 like Mac OS X) AppleWebKit/605.1.15 (KHTML, like Gecko) Version/17.6.1 Mobile/15E148 Safari/604.1 RDDocuments/8.14.13.1217"
165.56.185.241 - - [03/Jan/2025:14:11:12 -0500] "GET /impact/stylesheet.css HTTP/1.1" 200 153 "https://www.malawisounds.com/170-ondisamala-(cover)-by-asante-ft-faith-mussa" "Mozilla/5.0 (iPhone; CPU iPhone OS 17_6_1 like Mac OS X) AppleWebKit/605.1.15 (KHTML, like Gecko) Version/17.6.1 Mobile/15E148 Safari/604.1 RDDocuments/8.14.13.1217"
165.56.185.241 - - [03/Jan/2025:14:11:12 -0500] "GET /css/load.css HTTP/1.1" 200 8159 "https://www.malawisounds.com/170-ondisamala-(cover)-by-asante-ft-faith-mussa" "Mozilla/5.0 (iPhone; CPU iPhone OS 17_6_1 like Mac OS X) AppleWebKit/605.1.15 (KHTML, like Gecko) Version/17.6.1 Mobile/15E148 Safari/604.1 RDDocuments/8.14.13.1217"
165.56.185.241 - - [03/Jan/2025:14:11:12 -0500] "GET /bootstrap/css/bootstrap.min.css HTTP/1.1" 200 18270 "https://www.malawisounds.com/170-ondisamala-(cover)-by-asante-ft-faith-mussa" "Mozilla/5.0 (iPhone; CPU iPhone OS 17_6_1 like Mac OS X) AppleWebKit/605.1.15 (KHTML, like Gecko) Version/17.6.1 Mobile/15E148 Safari/604.1 RDDocuments/8.14.13.1217"
165.56.185.241 - - [03/Jan/2025:14:11:12 -0500] "GET /js/facebook-api.js HTTP/1.1" 200 183 "https://www.malawisounds.com/170-ondisamala-(cover)-by-asante-ft-faith-mussa" "Mozilla/5.0 (iPhone; CPU iPhone OS 17_6_1 like Mac OS X) AppleWebKit/605.1.15 (KHTML, like Gecko) Version/17.6.1 Mobile/15E148 Safari/604.1 RDDocuments/8.14.13.1217"
165.56.185.241 - - [03/Jan/2025:14:11:12 -0500] "GET /js/ajax.js HTTP/1.1" 200 784 "https://www.malawisounds.com/170-ondisamala-(cover)-by-asante-ft-faith-mussa" "Mozilla/5.0 (iPhone; CPU iPhone OS 17_6_1 like Mac OS X) AppleWebKit/605.1.15 (KHTML, like Gecko) Version/17.6.1 Mobile/15E148 Safari/604.1 RDDocuments/8.14.13.1217"
165.56.185.241 - - [03/Jan/2025:14:11:12 -0500] "GET /js/jquery.js HTTP/1.1" 200 29664 "https://www.malawisounds.com/170-ondisamala-(cover)-by-asante-ft-faith-mussa" "Mozilla/5.0 (iPhone; CPU iPhone OS 17_6_1 like Mac OS X) AppleWebKit/605.1.15 (KHTML, like Gecko) Version/17.6.1 Mobile/15E148 Safari/604.1 RDDocuments/8.14.13.1217"
165.56.185.241 - - [03/Jan/2025:14:11:12 -0500] "GET /js/wow.js HTTP/1.1" 200 3414 "https://www.malawisounds.com/170-ondisamala-(cover)-by-asante-ft-faith-mussa" "Mozilla/5.0 (iPhone; CPU iPhone OS 17_6_1 like Mac OS X) AppleWebKit/605.1.15 (KHTML, like Gecko) Version/17.6.1 Mobile/15E148 Safari/604.1 RDDocuments/8.14.13.1217"
165.56.185.241 - - [03/Jan/2025:14:11:12 -0500] "GET /js/nav.js HTTP/1.1" 200 99 "https://www.malawisounds.com/170-ondisamala-(cover)-by-asante-ft-faith-mussa" "Mozilla/5.0 (iPhone; CPU iPhone OS 17_6_1 like Mac OS X) AppleWebKit/605.1.15 (KHTML, like Gecko) Version/17.6.1 Mobile/15E148 Safari/604.1 RDDocuments/8.14.13.1217"
165.56.185.241 - - [03/Jan/2025:14:11:14 -0500] "GET /fonts/Gothic.ttf HTTP/1.1" 200 112628 "https://www.malawisounds.com/170-ondisamala-(cover)-by-asante-ft-faith-mussa" "Mozilla/5.0 (iPhone; CPU iPhone OS 17_6_1 like Mac OS X) AppleWebKit/605.1.15 (KHTML, like Gecko) Version/17.6.1 Mobile/15E148 Safari/604.1 RDDocuments/8.14.13.1217"
165.56.185.241 - - [03/Jan/2025:14:11:14 -0500] "GET /bootstrap/fonts/glyphicons-halflings-regular.woff2 HTTP/1.1" 200 18028 "https://www.malawisounds.com/170-ondisamala-(cover)-by-asante-ft-faith-mussa" "Mozilla/5.0 (iPhone; CPU iPhone OS 17_6_1 like Mac OS X) AppleWebKit/605.1.15 (KHTML, like Gecko) Version/17.6.1 Mobile/15E148 Safari/604.1 RDDocuments/8.14.13.1217"
165.56.185.241 - - [03/Jan/2025:14:11:14 -0500] "GET /fonts/Gothic-B.ttf HTTP/1.1" 200 129676 "https://www.malawisounds.com/170-ondisamala-(cover)-by-asante-ft-faith-mussa" "Mozilla/5.0 (iPhone; CPU iPhone OS 17_6_1 like Mac OS X) AppleWebKit/605.1.15 (KHTML, like Gecko) Version/17.6.1 Mobile/15E148 Safari/604.1 RDDocuments/8.14.13.1217"
165.56.185.241 - - [03/Jan/2025:14:11:16 -0500] "GET /Icons/msounds1.png HTTP/1.1" 200 11619 "https://www.malawisounds.com/170-ondisamala-(cover)-by-asante-ft-faith-mussa" "Mozilla/5.0 (iPhone; CPU iPhone OS 17_6_1 like Mac OS X) AppleWebKit/605.1.15 (KHTML, like Gecko) Version/17.6.1 Mobile/15E148 Safari/604.1 RDDocuments/8.14.13.1217"
173.252.107.16 - - [03/Jan/2025:14:11:17 -0500] "GET /robots.txt HTTP/1.1" 404 1251 "-" "facebookexternalhit/1.1 (+http://www.facebook.com/externalhit_uatext.php)"
165.56.185.241 - - [03/Jan/2025:14:11:18 -0500] "GET /Icons/facebook.png HTTP/1.1" 200 2279 "https://www.malawisounds.com/170-ondisamala-(cover)-by-asante-ft-faith-mussa" "Mozilla/5.0 (iPhone; CPU iPhone OS 17_6_1 like Mac OS X) AppleWebKit/605.1.15 (KHTML, like Gecko) Version/17.6.1 Mobile/15E148 Safari/604.1 RDDocuments/8.14.13.1217"
165.56.185.241 - - [03/Jan/2025:14:11:18 -0500] "GET /Icons/instagram.png HTTP/1.1" 200 2764 "https://www.malawisounds.com/170-ondisamala-(cover)-by-asante-ft-faith-mussa" "Mozilla/5.0 (iPhone; CPU iPhone OS 17_6_1 like Mac OS X) AppleWebKit/605.1.15 (KHTML, like Gecko) Version/17.6.1 Mobile/15E148 Safari/604.1 RDDocuments/8.14.13.1217"
165.56.185.241 - - [03/Jan/2025:14:11:18 -0500] "GET /Icons/twitter.png HTTP/1.1" 200 2415 "https://www.malawisounds.com/170-ondisamala-(cover)-by-asante-ft-faith-mussa" "Mozilla/5.0 (iPhone; CPU iPhone OS 17_6_1 like Mac OS X) AppleWebKit/605.1.15 (KHTML, like Gecko) Version/17.6.1 Mobile/15E148 Safari/604.1 RDDocuments/8.14.13.1217"
165.56.185.241 - - [03/Jan/2025:14:11:18 -0500] "GET /bio/mwsounds-20230703010954-IMG-20230703-030900.jpg HTTP/1.1" 200 25808 "https://www.malawisounds.com/170-ondisamala-(cover)-by-asante-ft-faith-mussa" "Mozilla/5.0 (iPhone; CPU iPhone OS 17_6_1 like Mac OS X) AppleWebKit/605.1.15 (KHTML, like Gecko) Version/17.6.1 Mobile/15E148 Safari/604.1 RDDocuments/8.14.13.1217"
165.56.185.241 - - [03/Jan/2025:14:11:19 -0500] "GET /bio/mwsounds-20200801042643-Dr.Drew.jpg HTTP/1.1" 200 80629 "https://www.malawisounds.com/170-ondisamala-(cover)-by-asante-ft-faith-mussa" "Mozilla/5.0 (iPhone; CPU iPhone OS 17_6_1 like Mac OS X) AppleWebKit/605.1.15 (KHTML, like Gecko) Version/17.6.1 Mobile/15E148 Safari/604.1 RDDocuments/8.14.13.1217"
165.56.185.241 - - [03/Jan/2025:14:11:19 -0500] "GET /bio/mwsounds-20200710082408-onesmus.jpg HTTP/1.1" 200 30093 "https://www.malawisounds.com/170-ondisamala-(cover)-by-asante-ft-faith-mussa" "Mozilla/5.0 (iPhone; CPU iPhone OS 17_6_1 like Mac OS X) AppleWebKit/605.1.15 (KHTML, like Gecko) Version/17.6.1 Mobile/15E148 Safari/604.1 RDDocuments/8.14.13.1217"
165.56.185.241 - - [03/Jan/2025:14:11:20 -0500] "GET /bio/mwsounds-20200706205025-tay-grin---Copy.jpg HTTP/1.1" 200 43244 "https://www.malawisounds.com/170-ondisamala-(cover)-by-asante-ft-faith-mussa" "Mozilla/5.0 (iPhone; CPU iPhone OS 17_6_1 like Mac OS X) AppleWebKit/605.1.15 (KHTML, like Gecko) Version/17.6.1 Mobile/15E148 Safari/604.1 RDDocuments/8.14.13.1217"
165.56.185.241 - - [03/Jan/2025:14:11:20 -0500] "GET /bio/mwsounds-20200706204045-gwamba.jpg HTTP/1.1" 200 39055 "https://www.malawisounds.com/170-ondisamala-(cover)-by-asante-ft-faith-mussa" "Mozilla/5.0 (iPhone; CPU iPhone OS 17_6_1 like Mac OS X) AppleWebKit/605.1.15 (KHTML, like Gecko) Version/17.6.1 Mobile/15E148 Safari/604.1 RDDocuments/8.14.13.1217"
165.56.185.241 - - [03/Jan/2025:14:11:21 -0500] "GET /bio/mwsounds-20200706203533-Namadigo.jpg HTTP/1.1" 200 33718 "https://www.malawisounds.com/170-ondisamala-(cover)-by-asante-ft-faith-mussa" "Mozilla/5.0 (iPhone; CPU iPhone OS 17_6_1 like Mac OS X) AppleWebKit/605.1.15 (KHTML, like Gecko) Version/17.6.1 Mobile/15E148 Safari/604.1 RDDocuments/8.14.13.1217"
165.56.185.241 - - [03/Jan/2025:14:11:22 -0500] "GET /bio/mwsounds-20200706120806-FB_IMG_1590948777511.jpg HTTP/1.1" 200 19662 "https://www.malawisounds.com/170-ondisamala-(cover)-by-asante-ft-faith-mussa" "Mozilla/5.0 (iPhone; CPU iPhone OS 17_6_1 like Mac OS X) AppleWebKit/605.1.15 (KHTML, like Gecko) Version/17.6.1 Mobile/15E148 Safari/604.1 RDDocuments/8.14.13.1217"
165.56.185.241 - - [03/Jan/2025:14:11:22 -0500] "GET /images/img_20200604_034904.jpg HTTP/1.1" 200 25764 "https://www.malawisounds.com/170-ondisamala-(cover)-by-asante-ft-faith-mussa" "Mozilla/5.0 (iPhone; CPU iPhone OS 17_6_1 like Mac OS X) AppleWebKit/605.1.15 (KHTML, like Gecko) Version/17.6.1 Mobile/15E148 Safari/604.1 RDDocuments/8.14.13.1217"
165.56.185.241 - - [03/Jan/2025:14:11:22 -0500] "GET /ads/MS%20covid.jpg HTTP/1.1" 200 273002 "https://www.malawisounds.com/170-ondisamala-(cover)-by-asante-ft-faith-mussa" "Mozilla/5.0 (iPhone; CPU iPhone OS 17_6_1 like Mac OS X) AppleWebKit/605.1.15 (KHTML, like Gecko) Version/17.6.1 Mobile/15E148 Safari/604.1 RDDocuments/8.14.13.1217"
165.56.185.241 - - [03/Jan/2025:14:11:23 -0500] "GET /null HTTP/1.1" 404 1251 "https://www.malawisounds.com/170-ondisamala-(cover)-by-asante-ft-faith-mussa" "Mozilla/5.0 (iPhone; CPU iPhone OS 17_6_1 like Mac OS X) AppleWebKit/605.1.15 (KHTML, like Gecko) Version/17.6.1 Mobile/15E148 Safari/604.1 RDDocuments/8.14.13.1217"
51.222.253.2 - - [03/Jan/2025:14:11:26 -0500] "GET /sid-1143-let-go-by-jane- HTTP/1.1" 200 3198 "-" "Mozilla/5.0 (compatible; AhrefsBot/7.0; +http://ahrefs.com/robot/)"
31.2.209.7 - - [03/Jan/2025:14:11:39 -0500] "GET /images/mwsounds-20201214225731-img-20201213-wa0006.jpg HTTP/1.1" 200 27382 "-" "Mozilla/5.0 (iPod; U; CPU iPhone OS 4_1 like Mac OS X; br-FR) AppleWebKit/533.43.5 (KHTML, like Gecko) Version/3.0.5 Mobile/8B115 Safari/6533.43.5"
51.222.253.7 - - [03/Jan/2025:14:11:51 -0500] "GET /1138-The-Dance--by-Marco-Aurelio-Funk-Soul- HTTP/1.1" 200 3967 "-" "Mozilla/5.0 (compatible; AhrefsBot/7.0; +http://ahrefs.com/robot/)"
