111.225.149.66 - - [03/Jan/2025:17:53:28 -0500] "GET /images/mwsounds-20231013-050206-Wawezgeleska-by-Rabecca-Mwafulirwa.jpg HTTP/1.1" 206 500 "https://www.malawisounds.com/home.php" "Mozilla/5.0 (Linux; Android 5.0) AppleWebKit/537.36 (KHTML, like Gecko) Mobile Safari/537.36 (compatible; Bytespider; https://zhanzhang.toutiao.com/)"
111.225.149.66 - - [03/Jan/2025:17:53:28 -0500] "GET /images/mwsounds-20240224-180917-Victory-by-Betty-Kananda-.jpg HTTP/1.1" 206 500 "https://www.malawisounds.com/home.php" "Mozilla/5.0 (Linux; Android 5.0) AppleWebKit/537.36 (KHTML, like Gecko) Mobile Safari/537.36 (compatible; Bytespider; https://zhanzhang.toutiao.com/)"
111.225.149.66 - - [03/Jan/2025:17:53:28 -0500] "GET /images/mwsounds-20231127-064625-Mulungu-ndi-wabwino-by-Saxess-ft.-Neo-Metals.jpg HTTP/1.1" 206 500 "https://www.malawisounds.com/home.php" "Mozilla/5.0 (Linux; Android 5.0) AppleWebKit/537.36 (KHTML, like Gecko) Mobile Safari/537.36 (compatible; Bytespider; https://zhanzhang.toutiao.com/)"
111.225.149.66 - - [03/Jan/2025:17:53:28 -0500] "GET /images/mwsounds-20230901-143655-Wazz-Good-by-Costry-.jpg HTTP/1.1" 206 500 "https://www.malawisounds.com/home.php" "Mozilla/5.0 (Linux; Android 5.0) AppleWebKit/537.36 (KHTML, like Gecko) Mobile Safari/537.36 (compatible; Bytespider; https://zhanzhang.toutiao.com/)"
111.225.149.66 - - [03/Jan/2025:17:53:28 -0500] "GET /images/mwsounds-20231013-045752-Inuyo-by-Reuben-Matiti.jpg HTTP/1.1" 206 500 "https://www.malawisounds.com/home.php" "Mozilla/5.0 (Linux; Android 5.0) AppleWebKit/537.36 (KHTML, like Gecko) Mobile Safari/537.36 (compatible; Bytespider; https://zhanzhang.toutiao.com/)"
111.225.149.66 - - [03/Jan/2025:17:53:28 -0500] "GET /images/mwsounds-20230903-232002-Masamu-by-Just-Lusungu.jpg HTTP/1.1" 206 500 "https://www.malawisounds.com/home.php" "Mozilla/5.0 (Linux; Android 5.0) AppleWebKit/537.36 (KHTML, like Gecko) Mobile Safari/537.36 (compatible; Bytespider; https://zhanzhang.toutiao.com/)"
111.225.149.66 - - [03/Jan/2025:17:53:28 -0500] "GET /images/mwsounds-20231224-093715-Hallelujah-by-Just-Lusungu-ft.-Kharis.jpg HTTP/1.1" 206 500 "https://www.malawisounds.com/home.php" "Mozilla/5.0 (Linux; Android 5.0) AppleWebKit/537.36 (KHTML, like Gecko) Mobile Safari/537.36 (compatible; Bytespider; https://zhanzhang.toutiao.com/)"
111.225.149.66 - - [03/Jan/2025:17:53:28 -0500] "GET /images/mwsounds-20231023-070636-Umunthu-by-Ishmael.jpg HTTP/1.1" 206 500 "https://www.malawisounds.com/home.php" "Mozilla/5.0 (Linux; Android 5.0) AppleWebKit/537.36 (KHTML, like Gecko) Mobile Safari/537.36 (compatible; Bytespider; https://zhanzhang.toutiao.com/)"
111.225.149.66 - - [03/Jan/2025:17:53:28 -0500] "GET /images/mwsounds-20240909-161601-Yerere-Yerere-by-Alasc.jpg HTTP/1.1" 206 500 "https://www.malawisounds.com/home.php" "Mozilla/5.0 (Linux; Android 5.0) AppleWebKit/537.36 (KHTML, like Gecko) Mobile Safari/537.36 (compatible; Bytespider; https://zhanzhang.toutiao.com/)"
111.225.149.66 - - [03/Jan/2025:17:53:28 -0500] "GET /images/mwsounds-20231011-104255-Stand-firm-by-Debbie-N.jpg HTTP/1.1" 206 500 "https://www.malawisounds.com/home.php" "Mozilla/5.0 (Linux; Android 5.0) AppleWebKit/537.36 (KHTML, like Gecko) Mobile Safari/537.36 (compatible; Bytespider; https://zhanzhang.toutiao.com/)"
111.225.149.66 - - [03/Jan/2025:17:53:28 -0500] "GET /images/mwsounds-20230912-111759-Palibe-by-SARAI.jpg HTTP/1.1" 206 500 "https://www.malawisounds.com/home.php" "Mozilla/5.0 (Linux; Android 5.0) AppleWebKit/537.36 (KHTML, like Gecko) Mobile Safari/537.36 (compatible; Bytespider; https://zhanzhang.toutiao.com/)"
111.225.149.66 - - [03/Jan/2025:17:53:28 -0500] "GET /images/mwsounds-20230810-124133-Chikhalidwe-(live-living-room-session)-by-Elka.jpg HTTP/1.1" 206 500 "https://www.malawisounds.com/home.php" "Mozilla/5.0 (Linux; Android 5.0) AppleWebKit/537.36 (KHTML, like Gecko) Mobile Safari/537.36 (compatible; Bytespider; https://zhanzhang.toutiao.com/)"
111.225.149.66 - - [03/Jan/2025:17:53:28 -0500] "GET /images/mwsounds-20230725-131106-Okay-by-Ishmael.jpg HTTP/1.1" 206 500 "https://www.malawisounds.com/home.php" "Mozilla/5.0 (Linux; Android 5.0) AppleWebKit/537.36 (KHTML, like Gecko) Mobile Safari/537.36 (compatible; Bytespider; https://zhanzhang.toutiao.com/)"
111.225.149.66 - - [03/Jan/2025:17:53:28 -0500] "GET /images/mwsounds-20230826-160756-Kukacha-by-Dreamer.jpg HTTP/1.1" 206 500 "https://www.malawisounds.com/home.php" "Mozilla/5.0 (Linux; Android 5.0) AppleWebKit/537.36 (KHTML, like Gecko) Mobile Safari/537.36 (compatible; Bytespider; https://zhanzhang.toutiao.com/)"
111.225.149.66 - - [03/Jan/2025:17:53:28 -0500] "GET /images/mwsounds-20230825-045810-Piano-by-Sir-Odilo-.jpg HTTP/1.1" 206 500 "https://www.malawisounds.com/home.php" "Mozilla/5.0 (Linux; Android 5.0) AppleWebKit/537.36 (KHTML, like Gecko) Mobile Safari/537.36 (compatible; Bytespider; https://zhanzhang.toutiao.com/)"
111.225.149.66 - - [03/Jan/2025:17:53:28 -0500] "GET /images/mwsounds-20230617-165933-Kingdom-First-by-Da-redeemed.jpg HTTP/1.1" 206 500 "https://www.malawisounds.com/home.php" "Mozilla/5.0 (Linux; Android 5.0) AppleWebKit/537.36 (KHTML, like Gecko) Mobile Safari/537.36 (compatible; Bytespider; https://zhanzhang.toutiao.com/)"
111.225.149.66 - - [03/Jan/2025:17:53:28 -0500] "GET /images/mwsounds-20230724-172854-Joy-by-Ishmael-.jpg HTTP/1.1" 206 500 "https://www.malawisounds.com/home.php" "Mozilla/5.0 (Linux; Android 5.0) AppleWebKit/537.36 (KHTML, like Gecko) Mobile Safari/537.36 (compatible; Bytespider; https://zhanzhang.toutiao.com/)"
111.225.149.66 - - [03/Jan/2025:17:53:28 -0500] "GET /images/mwsounds-20230630-115108-Zikomo-by-Dr.-Drew-ft.-Zoe-and-Umie.jpg HTTP/1.1" 206 500 "https://www.malawisounds.com/home.php" "Mozilla/5.0 (Linux; Android 5.0) AppleWebKit/537.36 (KHTML, like Gecko) Mobile Safari/537.36 (compatible; Bytespider; https://zhanzhang.toutiao.com/)"
111.225.149.66 - - [03/Jan/2025:17:53:28 -0500] "GET /images/mwsounds-20230626-065340-Real-Badman-by-Kneenja.jpg HTTP/1.1" 206 500 "https://www.malawisounds.com/home.php" "Mozilla/5.0 (Linux; Android 5.0) AppleWebKit/537.36 (KHTML, like Gecko) Mobile Safari/537.36 (compatible; Bytespider; https://zhanzhang.toutiao.com/)"
111.225.149.66 - - [03/Jan/2025:17:53:28 -0500] "GET /images/mwsounds-20230407062316-mwsounds-20230406-103418-One-With-Jesus-by-Chigo-Grace-picsay.jpg HTTP/1.1" 206 500 "https://www.malawisounds.com/home.php" "Mozilla/5.0 (Linux; Android 5.0) AppleWebKit/537.36 (KHTML, like Gecko) Mobile Safari/537.36 (compatible; Bytespider; https://zhanzhang.toutiao.com/)"
111.225.149.66 - - [03/Jan/2025:17:53:28 -0500] "GET /images/mwsounds-20230531-150141-Ofana-nanu-by-SARAI.jpg HTTP/1.1" 206 500 "https://www.malawisounds.com/home.php" "Mozilla/5.0 (Linux; Android 5.0) AppleWebKit/537.36 (KHTML, like Gecko) Mobile Safari/537.36 (compatible; Bytespider; https://zhanzhang.toutiao.com/)"
111.225.149.66 - - [03/Jan/2025:17:53:28 -0500] "GET /images/mwsounds-20230710-183455-Birthday-by-VJ-Ice-ft.-Mcluther-.jpg HTTP/1.1" 206 500 "https://www.malawisounds.com/home.php" "Mozilla/5.0 (Linux; Android 5.0) AppleWebKit/537.36 (KHTML, like Gecko) Mobile Safari/537.36 (compatible; Bytespider; https://zhanzhang.toutiao.com/)"
111.225.149.66 - - [03/Jan/2025:17:53:28 -0500] "GET /images/mwsounds-20230310-074208-Mutani-by-Suffix.jpg HTTP/1.1" 206 500 "https://www.malawisounds.com/home.php" "Mozilla/5.0 (Linux; Android 5.0) AppleWebKit/537.36 (KHTML, like Gecko) Mobile Safari/537.36 (compatible; Bytespider; https://zhanzhang.toutiao.com/)"
111.225.149.66 - - [03/Jan/2025:17:53:28 -0500] "GET /images/mwsounds-20230623-101916-Time-by-Just-Lusungu.jpg HTTP/1.1" 206 500 "https://www.malawisounds.com/home.php" "Mozilla/5.0 (Linux; Android 5.0) AppleWebKit/537.36 (KHTML, like Gecko) Mobile Safari/537.36 (compatible; Bytespider; https://zhanzhang.toutiao.com/)"
111.225.149.66 - - [03/Jan/2025:17:53:28 -0500] "GET /images/mwsounds-20230302232808-Screenshot-20230303-012226-Gallery.jpg HTTP/1.1" 206 500 "https://www.malawisounds.com/home.php" "Mozilla/5.0 (Linux; Android 5.0) AppleWebKit/537.36 (KHTML, like Gecko) Mobile Safari/537.36 (compatible; Bytespider; https://zhanzhang.toutiao.com/)"
111.225.149.66 - - [03/Jan/2025:17:53:28 -0500] "GET /images/mwsounds-20230311-170741-Yalembedwe-by-L-Khalie-ft.-Lucius-Banda.jpg HTTP/1.1" 206 500 "https://www.malawisounds.com/home.php" "Mozilla/5.0 (Linux; Android 5.0) AppleWebKit/537.36 (KHTML, like Gecko) Mobile Safari/537.36 (compatible; Bytespider; https://zhanzhang.toutiao.com/)"
111.225.149.66 - - [03/Jan/2025:17:53:28 -0500] "GET /images/mwsounds-20230505-121852-Duwa-by-Chrim-ft.-Hemon.jpg HTTP/1.1" 206 500 "https://www.malawisounds.com/home.php" "Mozilla/5.0 (Linux; Android 5.0) AppleWebKit/537.36 (KHTML, like Gecko) Mobile Safari/537.36 (compatible; Bytespider; https://zhanzhang.toutiao.com/)"
111.225.149.66 - - [03/Jan/2025:17:53:28 -0500] "GET /images/mwsounds-20230331-133740-Moving-by-Sizzle-Krayne-ft.-Stominem.jpg HTTP/1.1" 206 500 "https://www.malawisounds.com/home.php" "Mozilla/5.0 (Linux; Android 5.0) AppleWebKit/537.36 (KHTML, like Gecko) Mobile Safari/537.36 (compatible; Bytespider; https://zhanzhang.toutiao.com/)"
111.225.149.66 - - [03/Jan/2025:17:53:28 -0500] "GET /images/mwsounds-20230722-163344-Zima-by-Phronee99.jpg HTTP/1.1" 206 500 "https://www.malawisounds.com/home.php" "Mozilla/5.0 (Linux; Android 5.0) AppleWebKit/537.36 (KHTML, like Gecko) Mobile Safari/537.36 (compatible; Bytespider; https://zhanzhang.toutiao.com/)"
111.225.149.66 - - [03/Jan/2025:17:53:29 -0500] "GET /images/mwsounds-20230428-154740-Tell-the-world-by-Jowie.jpg HTTP/1.1" 206 500 "https://www.malawisounds.com/home.php" "Mozilla/5.0 (Linux; Android 5.0) AppleWebKit/537.36 (KHTML, like Gecko) Mobile Safari/537.36 (compatible; Bytespider; https://zhanzhang.toutiao.com/)"
111.225.149.66 - - [03/Jan/2025:17:53:29 -0500] "GET /images/mwsounds-20230526-122749-Tikweza-inu-by-Gabriel-Simenti-.jpg HTTP/1.1" 206 500 "https://www.malawisounds.com/home.php" "Mozilla/5.0 (Linux; Android 5.0) AppleWebKit/537.36 (KHTML, like Gecko) Mobile Safari/537.36 (compatible; Bytespider; https://zhanzhang.toutiao.com/)"
111.225.149.66 - - [03/Jan/2025:17:53:29 -0500] "GET /images/mwsounds-20221221-183812-Made-it-here-by-dF.jpg HTTP/1.1" 206 500 "https://www.malawisounds.com/home.php" "Mozilla/5.0 (Linux; Android 5.0) AppleWebKit/537.36 (KHTML, like Gecko) Mobile Safari/537.36 (compatible; Bytespider; https://zhanzhang.toutiao.com/)"
111.225.149.66 - - [03/Jan/2025:17:53:29 -0500] "GET /images/mwsounds-20230418-160829-Reigning-in-Gods-purpose-by-UCC-Malawi-presents-KidMa-and-Fema.jpg HTTP/1.1" 206 500 "https://www.malawisounds.com/home.php" "Mozilla/5.0 (Linux; Android 5.0) AppleWebKit/537.36 (KHTML, like Gecko) Mobile Safari/537.36 (compatible; Bytespider; https://zhanzhang.toutiao.com/)"
111.225.149.66 - - [03/Jan/2025:17:53:29 -0500] "GET /images/mwsounds-20221224-210456-Your-Presence-Is-Home-by-Chigo-Grace.jpg HTTP/1.1" 206 500 "https://www.malawisounds.com/home.php" "Mozilla/5.0 (Linux; Android 5.0) AppleWebKit/537.36 (KHTML, like Gecko) Mobile Safari/537.36 (compatible; Bytespider; https://zhanzhang.toutiao.com/)"
111.225.149.66 - - [03/Jan/2025:17:53:29 -0500] "GET /images/mwsounds-20230407-174856-Mtima-Wina-by-Bligle.jpg HTTP/1.1" 206 500 "https://www.malawisounds.com/home.php" "Mozilla/5.0 (Linux; Android 5.0) AppleWebKit/537.36 (KHTML, like Gecko) Mobile Safari/537.36 (compatible; Bytespider; https://zhanzhang.toutiao.com/)"
111.225.149.66 - - [03/Jan/2025:17:53:29 -0500] "GET /images/mwsounds-20230116-155322-Yesu-by-Le-ceo.jpg HTTP/1.1" 206 500 "https://www.malawisounds.com/home.php" "Mozilla/5.0 (Linux; Android 5.0) AppleWebKit/537.36 (KHTML, like Gecko) Mobile Safari/537.36 (compatible; Bytespider; https://zhanzhang.toutiao.com/)"
111.225.149.66 - - [03/Jan/2025:17:53:29 -0500] "GET /images/mwsounds-20230228-060240-Kumaufila-by-Samuel-ft-A.K-and-Episodz.jpg HTTP/1.1" 206 500 "https://www.malawisounds.com/home.php" "Mozilla/5.0 (Linux; Android 5.0) AppleWebKit/537.36 (KHTML, like Gecko) Mobile Safari/537.36 (compatible; Bytespider; https://zhanzhang.toutiao.com/)"
111.225.149.66 - - [03/Jan/2025:17:53:29 -0500] "GET /images/mwsounds-20230407-185649-Mene-uliri-by-L-one-Spacail.jpg HTTP/1.1" 206 500 "https://www.malawisounds.com/home.php" "Mozilla/5.0 (Linux; Android 5.0) AppleWebKit/537.36 (KHTML, like Gecko) Mobile Safari/537.36 (compatible; Bytespider; https://zhanzhang.toutiao.com/)"
111.225.149.66 - - [03/Jan/2025:17:53:29 -0500] "GET /images/mwsounds-20241231-215121-H-n-P-by-R3ALXTRA-MLW-FT-TROY6iX.jpg HTTP/1.1" 206 500 "https://www.malawisounds.com/home.php" "Mozilla/5.0 (Linux; Android 5.0) AppleWebKit/537.36 (KHTML, like Gecko) Mobile Safari/537.36 (compatible; Bytespider; https://zhanzhang.toutiao.com/)"
111.225.149.66 - - [03/Jan/2025:17:53:29 -0500] "GET /images/mwsounds-20241231-091035-Kungoyamika-by-Chisomo-Chimoto.jpg HTTP/1.1" 206 500 "https://www.malawisounds.com/home.php" "Mozilla/5.0 (Linux; Android 5.0) AppleWebKit/537.36 (KHTML, like Gecko) Mobile Safari/537.36 (compatible; Bytespider; https://zhanzhang.toutiao.com/)"
111.225.149.66 - - [03/Jan/2025:17:53:29 -0500] "GET /images/mwsounds-20221011-155656-Kumama(cover)-by-Ishmael-ft.-Takondwa.jpg HTTP/1.1" 206 500 "https://www.malawisounds.com/home.php" "Mozilla/5.0 (Linux; Android 5.0) AppleWebKit/537.36 (KHTML, like Gecko) Mobile Safari/537.36 (compatible; Bytespider; https://zhanzhang.toutiao.com/)"
173.252.79.10 - - [03/Jan/2025:17:53:47 -0500] "GET /images/mwsounds-20230623-133957-Vuto-by-Mike-sackson-ft-kita.jpg HTTP/1.1" 200 111647 "-" "facebookexternalhit/1.1 (+http://www.facebook.com/externalhit_uatext.php)"
51.222.253.15 - - [03/Jan/2025:17:53:55 -0500] "GET /284-PressurE-by-Wadix-MC HTTP/1.1" 200 3937 "-" "Mozilla/5.0 (compatible; AhrefsBot/7.0; +http://ahrefs.com/robot/)"
51.222.253.13 - - [03/Jan/2025:17:54:21 -0500] "GET /aid-60-free-stream-special HTTP/1.1" 200 3627 "-" "Mozilla/5.0 (compatible; AhrefsBot/7.0; +http://ahrefs.com/robot/)"
157.55.39.193 - - [03/Jan/2025:17:54:32 -0500] "GET /2qsub5pue.html HTTP/1.1" 404 1251 "-" "Mozilla/5.0 AppleWebKit/537.36 (KHTML, like Gecko; compatible; bingbot/2.0; +http://www.bing.com/bingbot.htm) Chrome/116.0.1938.76 Safari/537.36"
51.222.253.5 - - [03/Jan/2025:17:54:47 -0500] "GET /10-Kabaza-by-Sir-Odilo HTTP/1.1" 200 3931 "-" "Mozilla/5.0 (compatible; AhrefsBot/7.0; +http://ahrefs.com/robot/)"
51.222.253.14 - - [03/Jan/2025:17:55:17 -0500] "GET /sid-972-mumandikondabe-single-by-df-ft.-mzati HTTP/1.1" 200 3238 "-" "Mozilla/5.0 (compatible; AhrefsBot/7.0; +http://ahrefs.com/robot/)"
66.249.73.3 - - [03/Jan/2025:17:55:20 -0500] "GET /about-us HTTP/1.1" 200 2061 "-" "Mozilla/5.0 (Linux; Android 6.0.1; Nexus 5X Build/MMB29P) AppleWebKit/537.36 (KHTML, like Gecko) Chrome/131.0.6778.139 Mobile Safari/537.36 (compatible; Googlebot/2.1; +http://www.google.com/bot.html)"
66.249.65.162 - - [03/Jan/2025:17:55:28 -0500] "GET /1661-Loved-by-You-by-Samuel-Peter- HTTP/1.1" 200 3926 "-" "Mozilla/5.0 (Linux; Android 6.0.1; Nexus 5X Build/MMB29P) AppleWebKit/537.36 (KHTML, like Gecko) Chrome/131.0.6778.139 Mobile Safari/537.36 (compatible; Googlebot/2.1; +http://www.google.com/bot.html)"
66.249.65.160 - - [03/Jan/2025:17:55:30 -0500] "GET /songs.php?id=76&name=Humphrey-Banda-My-Everything HTTP/1.1" 200 3923 "-" "Mozilla/5.0 (Linux; Android 6.0.1; Nexus 5X Build/MMB29P) AppleWebKit/537.36 (KHTML, like Gecko) Chrome/131.0.6778.139 Mobile Safari/537.36 (compatible; Googlebot/2.1; +http://www.google.com/bot.html)"
51.222.253.4 - - [03/Jan/2025:17:55:42 -0500] "GET /sid-1456-friends-with-benefit--by-troamray- HTTP/1.1" 200 3272 "-" "Mozilla/5.0 (compatible; AhrefsBot/7.0; +http://ahrefs.com/robot/)"
66.249.65.162 - - [03/Jan/2025:17:56:08 -0500] "GET /sid-1666-muzonse-by-bombe HTTP/1.1" 200 3264 "-" "Mozilla/5.0 (Linux; Android 6.0.1; Nexus 5X Build/MMB29P) AppleWebKit/537.36 (KHTML, like Gecko) Chrome/131.0.6778.139 Mobile Safari/537.36 (compatible; Googlebot/2.1; +http://www.google.com/bot.html)"
51.222.253.8 - - [03/Jan/2025:17:56:09 -0500] "GET /573-Sandra-by-Piksy HTTP/1.1" 200 3924 "-" "Mozilla/5.0 (compatible; AhrefsBot/7.0; +http://ahrefs.com/robot/)"
66.249.65.161 - - [03/Jan/2025:17:56:10 -0500] "GET /sid-1156-kwaiito-05-by-sam-sarrfontain HTTP/1.1" 200 3221 "-" "Mozilla/5.0 (Linux; Android 6.0.1; Nexus 5X Build/MMB29P) AppleWebKit/537.36 (KHTML, like Gecko) Chrome/131.0.6778.139 Mobile Safari/537.36 (compatible; Googlebot/2.1; +http://www.google.com/bot.html)"
110.249.202.71 - - [03/Jan/2025:17:56:12 -0500] "GET /1675-Ndinu-Oyera-by-Keyz-Kingston HTTP/1.1" 200 3942 "-" "Mozilla/5.0 (Linux; Android 5.0) AppleWebKit/537.36 (KHTML, like Gecko) Mobile Safari/537.36 (compatible; Bytespider; https://zhanzhang.toutiao.com/)"
110.249.202.71 - - [03/Jan/2025:17:56:13 -0500] "GET /bootstrap/css/bootstrap.min.css HTTP/1.1" 200 18270 "https://malawisounds.com/1675-Ndinu-Oyera-by-Keyz-Kingston" "Mozilla/5.0 (Linux; Android 5.0) AppleWebKit/537.36 (KHTML, like Gecko) Mobile Safari/537.36 (compatible; Bytespider; https://zhanzhang.toutiao.com/)"
110.249.202.71 - - [03/Jan/2025:17:56:13 -0500] "GET /images/mwsounds-20241226-132716-Ndinu-Oyera-by-Keyz-Kingston.jpg HTTP/1.1" 206 500 "https://malawisounds.com/1675-Ndinu-Oyera-by-Keyz-Kingston" "Mozilla/5.0 (Linux; Android 5.0) AppleWebKit/537.36 (KHTML, like Gecko) Mobile Safari/537.36 (compatible; Bytespider; https://zhanzhang.toutiao.com/)"
110.249.202.71 - - [03/Jan/2025:17:56:13 -0500] "GET /null HTTP/1.1" 404 1251 "https://malawisounds.com/1675-Ndinu-Oyera-by-Keyz-Kingston" "Mozilla/5.0 (Linux; Android 5.0) AppleWebKit/537.36 (KHTML, like Gecko) Mobile Safari/537.36 (compatible; Bytespider; https://zhanzhang.toutiao.com/)"
66.249.65.161 - - [03/Jan/2025:17:56:25 -0500] "GET /sid-962-jesu-mi-by-gold3n-henry-x-caleb-sambo HTTP/1.1" 200 3234 "-" "Mozilla/5.0 (Linux; Android 6.0.1; Nexus 5X Build/MMB29P) AppleWebKit/537.36 (KHTML, like Gecko) Chrome/131.0.6778.139 Mobile Safari/537.36 (compatible; Googlebot/2.1; +http://www.google.com/bot.html)"
66.249.65.160 - - [03/Jan/2025:17:56:30 -0500] "GET /sid-1663-god-is-good-by-omega- HTTP/1.1" 200 3232 "-" "Mozilla/5.0 (Linux; Android 6.0.1; Nexus 5X Build/MMB29P) AppleWebKit/537.36 (KHTML, like Gecko) Chrome/131.0.6778.139 Mobile Safari/537.36 (compatible; Googlebot/2.1; +http://www.google.com/bot.html)"
51.222.253.6 - - [03/Jan/2025:17:56:33 -0500] "GET /818-Fire-by-Jere-Songs HTTP/1.1" 200 3894 "-" "Mozilla/5.0 (compatible; AhrefsBot/7.0; +http://ahrefs.com/robot/)"
66.249.65.160 - - [03/Jan/2025:17:56:33 -0500] "GET /bootstrap/css/bootstrap.css HTTP/1.1" 200 19973 "https://malawisounds.com/sid-1663-god-is-good-by-omega-" "Mozilla/5.0 (Linux; Android 6.0.1; Nexus 5X Build/MMB29P) AppleWebKit/537.36 (KHTML, like Gecko) Chrome/131.0.6778.139 Mobile Safari/537.36 (compatible; Googlebot/2.1; +http://www.google.com/bot.html)"
47.128.50.207 - - [03/Jan/2025:17:56:59 -0500] "GET /download.php?id=1676&name=Chisomo%20Chimoto-Kungoyamika HTTP/1.1" 200 6573736 "-" "Mozilla/5.0 (Linux; Android 5.0) AppleWebKit/537.36 (KHTML, like Gecko) Mobile Safari/537.36 (compatible; Bytespider; spider-feedback@bytedance.com)"
66.249.65.160 - - [03/Jan/2025:17:57:00 -0500] "GET /sid-1400-vyamuchalu-by-nancy-dereck HTTP/1.1" 200 3219 "-" "Mozilla/5.0 (Linux; Android 6.0.1; Nexus 5X Build/MMB29P) AppleWebKit/537.36 (KHTML, like Gecko) Chrome/131.0.6778.139 Mobile Safari/537.36 (compatible; Googlebot/2.1; +http://www.google.com/bot.html)"
66.249.65.160 - - [03/Jan/2025:17:57:30 -0500] "GET /sid-1484-nobody-but-you--by-fil-minor-ft-langprince- HTTP/1.1" 200 3252 "-" "Mozilla/5.0 (Linux; Android 6.0.1; Nexus 5X Build/MMB29P) AppleWebKit/537.36 (KHTML, like Gecko) Chrome/131.0.6778.139 Mobile Safari/537.36 (compatible; Googlebot/2.1; +http://www.google.com/bot.html)"
51.222.253.3 - - [03/Jan/2025:17:57:31 -0500] "GET /sid-1271-moving--by-sizzle-krayne-ft.-stominem HTTP/1.1" 200 3241 "-" "Mozilla/5.0 (compatible; AhrefsBot/7.0; +http://ahrefs.com/robot/)"
66.249.65.160 - - [03/Jan/2025:17:57:59 -0500] "GET /sid-1235-ndavala-masamba-by-ras-pupa HTTP/1.1" 200 3274 "-" "Mozilla/5.0 (Linux; Android 6.0.1; Nexus 5X Build/MMB29P) AppleWebKit/537.36 (KHTML, like Gecko) Chrome/131.0.6778.139 Mobile Safari/537.36 (compatible; Googlebot/2.1; +http://www.google.com/bot.html)"
66.249.65.160 - - [03/Jan/2025:17:58:00 -0500] "GET /js/codespace_api.js HTTP/1.1" 200 3842 "https://malawisounds.com/sid-1235-ndavala-masamba-by-ras-pupa" "Mozilla/5.0 (Linux; Android 6.0.1; Nexus 5X Build/MMB29P) AppleWebKit/537.36 (KHTML, like Gecko) Chrome/131.0.6778.139 Mobile Safari/537.36 (compatible; Googlebot/2.1; +http://www.google.com/bot.html)"
66.249.65.160 - - [03/Jan/2025:17:58:24 -0500] "GET /sid-38-you-uplifted-me-by-jowie HTTP/1.1" 200 3191 "-" "Mozilla/5.0 (Linux; Android 6.0.1; Nexus 5X Build/MMB29P) AppleWebKit/537.36 (KHTML, like Gecko) Chrome/131.0.6778.139 Mobile Safari/537.36 (compatible; Googlebot/2.1; +http://www.google.com/bot.html)"
51.222.253.4 - - [03/Jan/2025:17:58:27 -0500] "GET /sid-660-senzelina-by-fizo-ft-goddy-zambia HTTP/1.1" 200 3251 "-" "Mozilla/5.0 (compatible; AhrefsBot/7.0; +http://ahrefs.com/robot/)"
66.249.65.160 - - [03/Jan/2025:17:58:27 -0500] "GET /artist=KMG HTTP/1.1" 200 3428 "-" "Mozilla/5.0 (Linux; Android 6.0.1; Nexus 5X Build/MMB29P) AppleWebKit/537.36 (KHTML, like Gecko) Chrome/131.0.6778.139 Mobile Safari/537.36 (compatible; Googlebot/2.1; +http://www.google.com/bot.html)"
66.249.73.3 - - [03/Jan/2025:17:58:31 -0500] "GET /sid-1055-ndinu-oyera-by-martha-manyongo HTTP/1.1" 200 3255 "-" "Mozilla/5.0 (Linux; Android 6.0.1; Nexus 5X Build/MMB29P) AppleWebKit/537.36 (KHTML, like Gecko) Chrome/131.0.6778.139 Mobile Safari/537.36 (compatible; Googlebot/2.1; +http://www.google.com/bot.html)"
51.222.253.6 - - [03/Jan/2025:17:58:56 -0500] "GET /653-Zeze-Lolambira-by-Vin-Chizuzu HTTP/1.1" 200 3976 "-" "Mozilla/5.0 (compatible; AhrefsBot/7.0; +http://ahrefs.com/robot/)"
51.222.253.8 - - [03/Jan/2025:17:59:20 -0500] "GET /sid-18-mayi-ako-by-izza HTTP/1.1" 200 3188 "-" "Mozilla/5.0 (compatible; AhrefsBot/7.0; +http://ahrefs.com/robot/)"
66.249.65.161 - - [03/Jan/2025:17:59:24 -0500] "GET /1396-blessings-by-gifted-emma-ft-x-tra-pro-beatz HTTP/1.1" 200 4005 "-" "Mozilla/5.0 (Linux; Android 6.0.1; Nexus 5X Build/MMB29P) AppleWebKit/537.36 (KHTML, like Gecko) Chrome/131.0.6778.139 Mobile Safari/537.36 (compatible; Googlebot/2.1; +http://www.google.com/bot.html)"
51.222.253.19 - - [03/Jan/2025:17:59:49 -0500] "GET /sid-1237-olungama-by-reuben-matiti HTTP/1.1" 200 3210 "-" "Mozilla/5.0 (compatible; AhrefsBot/7.0; +http://ahrefs.com/robot/)"
173.252.107.10 - - [03/Jan/2025:17:59:53 -0500] "GET /songs.php?id=427 HTTP/1.1" 200 14522 "-" "facebookexternalhit/1.1 (+http://www.facebook.com/externalhit_uatext.php)"
173.252.107.16 - - [03/Jan/2025:17:59:54 -0500] "GET /images/mwsounds-20210201210329-fb_img_1612211641438.jpg HTTP/1.1" 200 41945 "-" "facebookexternalhit/1.1 (+http://www.facebook.com/externalhit_uatext.php)"
207.46.13.102 - - [03/Jan/2025:18:00:22 -0500] "GET /16rd7g1sho.html HTTP/1.1" 404 1251 "-" "Mozilla/5.0 AppleWebKit/537.36 (KHTML, like Gecko; compatible; bingbot/2.0; +http://www.bing.com/bingbot.htm) Chrome/116.0.1938.76 Safari/537.36"
51.222.253.7 - - [03/Jan/2025:18:00:27 -0500] "GET /215-Adidas-by-Martse HTTP/1.1" 200 3933 "-" "Mozilla/5.0 (compatible; AhrefsBot/7.0; +http://ahrefs.com/robot/)"
51.222.253.6 - - [03/Jan/2025:18:01:02 -0500] "GET /sid-1307-yoh-body-by-el-burglar HTTP/1.1" 200 3217 "-" "Mozilla/5.0 (compatible; AhrefsBot/7.0; +http://ahrefs.com/robot/)"
51.222.253.18 - - [03/Jan/2025:18:01:36 -0500] "GET /820-Zachikunja-by-Postor-Jack HTTP/1.1" 200 3931 "-" "Mozilla/5.0 (compatible; AhrefsBot/7.0; +http://ahrefs.com/robot/)"
51.222.253.6 - - [03/Jan/2025:18:02:12 -0500] "GET /sid-1075-glorious--by-lester HTTP/1.1" 200 3224 "-" "Mozilla/5.0 (compatible; AhrefsBot/7.0; +http://ahrefs.com/robot/)"
66.249.65.162 - - [03/Jan/2025:18:02:34 -0500] "GET /1119-MISS-ME-BABE--by-FiD-ft-FIDe HTTP/1.1" 200 3943 "-" "Mozilla/5.0 (Linux; Android 6.0.1; Nexus 5X Build/MMB29P) AppleWebKit/537.36 (KHTML, like Gecko) Chrome/131.0.6778.139 Mobile Safari/537.36 (compatible; Googlebot/2.1; +http://www.google.com/bot.html)"
51.222.253.14 - - [03/Jan/2025:18:02:56 -0500] "GET /sid-812-moyo-wanga(my-life)-remix-by-faith-mussa-ft.-cic-inc HTTP/1.1" 200 3276 "-" "Mozilla/5.0 (compatible; AhrefsBot/7.0; +http://ahrefs.com/robot/)"
66.249.73.4 - - [03/Jan/2025:18:03:29 -0500] "GET /robots.txt HTTP/1.1" 404 1251 "-" "Mozilla/5.0 (compatible; Googlebot/2.1; +http://www.google.com/bot.html)"
51.222.253.2 - - [03/Jan/2025:18:03:29 -0500] "GET /sid-1382-piano-by-sir-odilo- HTTP/1.1" 200 3214 "-" "Mozilla/5.0 (compatible; AhrefsBot/7.0; +http://ahrefs.com/robot/)"
51.222.253.2 - - [03/Jan/2025:18:04:05 -0500] "GET /sid-1499-rejoice--by-phil HTTP/1.1" 200 3208 "-" "Mozilla/5.0 (compatible; AhrefsBot/7.0; +http://ahrefs.com/robot/)"
66.249.73.4 - - [03/Jan/2025:18:04:34 -0500] "GET /1309-Around-you-by-elSwift HTTP/1.1" 200 3950 "-" "Mozilla/5.0 (Linux; Android 6.0.1; Nexus 5X Build/MMB29P) AppleWebKit/537.36 (KHTML, like Gecko) Chrome/131.0.6778.139 Mobile Safari/537.36 (compatible; Googlebot/2.1; +http://www.google.com/bot.html)"
51.222.253.11 - - [03/Jan/2025:18:04:49 -0500] "GET /sid-847-wako-wako-by-leslie- HTTP/1.1" 200 3214 "-" "Mozilla/5.0 (compatible; AhrefsBot/7.0; +http://ahrefs.com/robot/)"
52.167.144.24 - - [03/Jan/2025:18:04:54 -0500] "GET /jv7n75frp.html HTTP/1.1" 404 1251 "-" "Mozilla/5.0 AppleWebKit/537.36 (KHTML, like Gecko; compatible; bingbot/2.0; +http://www.bing.com/bingbot.htm) Chrome/116.0.1938.76 Safari/537.36"
51.222.253.12 - - [03/Jan/2025:18:05:29 -0500] "GET /sid-235-limodzi-by-tiya-eneya-ft.-saxess HTTP/1.1" 200 3214 "-" "Mozilla/5.0 (compatible; AhrefsBot/7.0; +http://ahrefs.com/robot/)"
4.43.184.114 - - [03/Jan/2025:18:05:32 -0500] "GET / HTTP/1.0" 200 12109 "-" "Mozilla/4.0 (compatible;MSIE 7.0;Windows NT 6.1;SV1;.NET CLR 1.0.3705;.NET CLR 3.0.30618)"
66.249.73.3 - - [03/Jan/2025:18:05:45 -0500] "GET /artist=Sangie HTTP/1.1" 200 3159 "-" "Mozilla/5.0 (Linux; Android 6.0.1; Nexus 5X Build/MMB29P) AppleWebKit/537.36 (KHTML, like Gecko) Chrome/131.0.6778.139 Mobile Safari/537.36 (compatible; Googlebot/2.1; +http://www.google.com/bot.html)"
216.244.66.237 - - [03/Jan/2025:18:05:48 -0500] "GET /robots.txt HTTP/1.1" 404 1251 "-" "Mozilla/5.0 (compatible; DotBot/1.2; +https://opensiteexplorer.org/dotbot; help@moz.com)"
66.249.73.3 - - [03/Jan/2025:18:05:54 -0500] "GET /songs.php?id=52 HTTP/1.1" 200 3963 "-" "Mozilla/5.0 (Linux; Android 6.0.1; Nexus 5X Build/MMB29P) AppleWebKit/537.36 (KHTML, like Gecko) Chrome/131.0.6778.139 Mobile Safari/537.36 (compatible; Googlebot/2.1; +http://www.google.com/bot.html)"
51.222.253.5 - - [03/Jan/2025:18:06:06 -0500] "GET /sid-1323-pair-up--by-i-cole-emcee-x-reeznah- HTTP/1.1" 200 3284 "-" "Mozilla/5.0 (compatible; AhrefsBot/7.0; +http://ahrefs.com/robot/)"
51.222.253.17 - - [03/Jan/2025:18:07:16 -0500] "GET /576-Magobo-by-Mwanache-and-BeeJay HTTP/1.1" 200 3934 "-" "Mozilla/5.0 (compatible; AhrefsBot/7.0; +http://ahrefs.com/robot/)"
51.222.253.6 - - [03/Jan/2025:18:07:52 -0500] "GET /sid-761-adzakumenyera-nkhondo-by-santhe-assemblies-of-god-omc-choir HTTP/1.1" 200 3253 "-" "Mozilla/5.0 (compatible; AhrefsBot/7.0; +http://ahrefs.com/robot/)"
51.222.253.10 - - [03/Jan/2025:18:08:33 -0500] "GET /346-Manjenje-by-Kelvin-Sings HTTP/1.1" 200 3922 "-" "Mozilla/5.0 (compatible; AhrefsBot/7.0; +http://ahrefs.com/robot/)"
157.55.39.48 - - [03/Jan/2025:18:08:43 -0500] "GET /download.php?id=1607&name=Bugger%20Lily%20%20Kay-Ankaona%20Ngati HTTP/1.1" 200 10104808 "-" "Mozilla/5.0 AppleWebKit/537.36 (KHTML, like Gecko; compatible; bingbot/2.0; +http://www.bing.com/bingbot.htm) Chrome/116.0.1938.76 Safari/537.36"
66.249.73.3 - - [03/Jan/2025:18:08:52 -0500] "GET /sid-1588-bless-you-by-david-wilson HTTP/1.1" 200 3216 "-" "Mozilla/5.0 (Linux; Android 6.0.1; Nexus 5X Build/MMB29P) AppleWebKit/537.36 (KHTML, like Gecko) Chrome/131.0.6778.139 Mobile Safari/537.36 (compatible; Googlebot/2.1; +http://www.google.com/bot.html)"
51.222.253.7 - - [03/Jan/2025:18:09:11 -0500] "GET /aid-44-free-stream-ambuye-alinane-ft-crecile HTTP/1.1" 200 3518 "-" "Mozilla/5.0 (compatible; AhrefsBot/7.0; +http://ahrefs.com/robot/)"
31.13.127.5 - - [03/Jan/2025:18:09:52 -0500] "GET /article=24 HTTP/1.1" 200 12877 "-" "meta-externalagent/1.1 (+https://developers.facebook.com/docs/sharing/webmasters/crawler)"
40.77.167.15 - - [03/Jan/2025:18:10:25 -0500] "GET /19027bvims.html HTTP/1.1" 404 1251 "-" "Mozilla/5.0 AppleWebKit/537.36 (KHTML, like Gecko; compatible; bingbot/2.0; +http://www.bing.com/bingbot.htm) Chrome/116.0.1938.76 Safari/537.36"
40.77.167.64 - - [03/Jan/2025:18:10:26 -0500] "GET /sid-945-pen-game-by-e-truth-ft.-k-reaper HTTP/1.1" 200 3241 "-" "Mozilla/5.0 AppleWebKit/537.36 (KHTML, like Gecko; compatible; bingbot/2.0; +http://www.bing.com/bingbot.htm) Chrome/116.0.1938.76 Safari/537.36"
51.222.253.17 - - [03/Jan/2025:18:10:34 -0500] "GET /sid-614-kwathu-by-mr.-blaq HTTP/1.1" 200 3247 "-" "Mozilla/5.0 (compatible; AhrefsBot/7.0; +http://ahrefs.com/robot/)"
114.119.135.84 - - [03/Jan/2025:18:10:35 -0500] "GET /songs.php?id=604&name=Jah-Zeal-All-For-You HTTP/1.1" 200 4451 "https://malawisounds.com/view.php" "Mozilla/5.0 (Linux; Android 7.0;) AppleWebKit/537.36 (KHTML, like Gecko) Mobile Safari/537.36 (compatible; PetalBot;+https://webmaster.petalsearch.com/site/petalbot)"
66.249.65.161 - - [03/Jan/2025:18:10:56 -0500] "GET / HTTP/1.1" 200 3228 "-" "Mozilla/5.0 (compatible; Googlebot/2.1; +http://www.google.com/bot.html)"
66.249.73.2 - - [03/Jan/2025:18:11:23 -0500] "GET /1287-Life-we-are-living--by-Alert-ft-medicine- HTTP/1.1" 200 3970 "-" "Mozilla/5.0 (Linux; Android 6.0.1; Nexus 5X Build/MMB29P) AppleWebKit/537.36 (KHTML, like Gecko) Chrome/131.0.6778.139 Mobile Safari/537.36 (compatible; Googlebot/2.1; +http://www.google.com/bot.html)"
216.244.66.237 - - [03/Jan/2025:18:11:56 -0500] "GET /1410-Kill-dem-by-DTERK-x-Leon-off HTTP/1.1" 200 14484 "-" "Mozilla/5.0 (compatible; DotBot/1.2; +https://opensiteexplorer.org/dotbot; help@moz.com)"
51.222.253.3 - - [03/Jan/2025:18:12:29 -0500] "GET /690-Tribute-for-Sweeney-Chimkango-by-Various-Artists- HTTP/1.1" 200 3982 "-" "Mozilla/5.0 (compatible; AhrefsBot/7.0; +http://ahrefs.com/robot/)"
40.77.167.15 - - [03/Jan/2025:18:13:04 -0500] "GET /4k3ikpspo.html HTTP/1.1" 404 1251 "-" "Mozilla/5.0 AppleWebKit/537.36 (KHTML, like Gecko; compatible; bingbot/2.0; +http://www.bing.com/bingbot.htm) Chrome/116.0.1938.76 Safari/537.36"
51.222.253.5 - - [03/Jan/2025:18:13:08 -0500] "GET /sid-955-osaopa-by-ty-godwa HTTP/1.1" 200 3215 "-" "Mozilla/5.0 (compatible; AhrefsBot/7.0; +http://ahrefs.com/robot/)"
40.77.167.17 - - [03/Jan/2025:18:13:15 -0500] "GET /uwd9l9tpc.html HTTP/1.1" 404 1251 "-" "Mozilla/5.0 AppleWebKit/537.36 (KHTML, like Gecko; compatible; bingbot/2.0; +http://www.bing.com/bingbot.htm) Chrome/116.0.1938.76 Safari/537.36"
114.119.136.72 - - [03/Jan/2025:18:13:21 -0500] "GET /sid-759-waliko-by-chigo-nyasulu HTTP/1.1" 200 3596 "https://malawisounds.com/songs.php?id=759&name=Chigo-Nyasulu-Waliko" "Mozilla/5.0 (Linux; Android 7.0;) AppleWebKit/537.36 (KHTML, like Gecko) Mobile Safari/537.36 (compatible; PetalBot;+https://webmaster.petalsearch.com/site/petalbot)"
52.167.144.186 - - [03/Jan/2025:18:13:26 -0500] "GET /upfgjs9qi.html HTTP/1.1" 404 1251 "-" "Mozilla/5.0 AppleWebKit/537.36 (KHTML, like Gecko; compatible; bingbot/2.0; +http://www.bing.com/bingbot.htm) Chrome/116.0.1938.76 Safari/537.36"
51.222.253.7 - - [03/Jan/2025:18:13:53 -0500] "GET /sid-1393-wazz-good-by-costry- HTTP/1.1" 200 3271 "-" "Mozilla/5.0 (compatible; AhrefsBot/7.0; +http://ahrefs.com/robot/)"
51.222.253.8 - - [03/Jan/2025:18:14:28 -0500] "GET /sid-1273-caw-mih-kno-by-alert-ft-taskforce- HTTP/1.1" 200 3238 "-" "Mozilla/5.0 (compatible; AhrefsBot/7.0; +http://ahrefs.com/robot/)"
51.222.253.12 - - [03/Jan/2025:18:15:12 -0500] "GET /sid-152-ndilape-by-hb-ft-leslie HTTP/1.1" 200 3207 "-" "Mozilla/5.0 (compatible; AhrefsBot/7.0; +http://ahrefs.com/robot/)"
51.222.253.5 - - [03/Jan/2025:18:15:48 -0500] "GET /aid-306-ep-stream-burn HTTP/1.1" 200 3545 "-" "Mozilla/5.0 (compatible; AhrefsBot/7.0; +http://ahrefs.com/robot/)"
51.222.253.8 - - [03/Jan/2025:18:16:26 -0500] "GET /sid-659-yo-by-fuex HTTP/1.1" 200 3233 "-" "Mozilla/5.0 (compatible; AhrefsBot/7.0; +http://ahrefs.com/robot/)"
31.13.127.20 - - [03/Jan/2025:18:16:54 -0500] "GET /images/mwsounds-20210213203313-img-20210212-wa0022.jpg HTTP/1.1" 200 37089 "-" "facebookexternalhit/1.1 (+http://www.facebook.com/externalhit_uatext.php)"
31.13.127.34 - - [03/Jan/2025:18:16:55 -0500] "GET /images/mwsounds-20210213203313-img-20210212-wa0022.jpg HTTP/1.1" 200 37089 "-" "facebookexternalhit/1.1 (+http://www.facebook.com/externalhit_uatext.php)"
51.222.253.5 - - [03/Jan/2025:18:17:02 -0500] "GET /singles.php?pageno=183 HTTP/1.1" 200 3204 "-" "Mozilla/5.0 (compatible; AhrefsBot/7.0; +http://ahrefs.com/robot/)"
51.222.253.5 - - [03/Jan/2025:18:17:13 -0500] "GET /album_images/mwsounds-20211230205558-the-light-ep-picsay.jpg HTTP/1.1" 200 22194 "-" "Mozilla/5.0 (compatible; AhrefsBot/7.0; +http://ahrefs.com/robot/)"
66.249.73.3 - - [03/Jan/2025:18:17:18 -0500] "GET /821-Redeemer-of-my-life-by-Nancy-Fortune-Dent HTTP/1.1" 200 3957 "-" "Mozilla/5.0 (Linux; Android 6.0.1; Nexus 5X Build/MMB29P) AppleWebKit/537.36 (KHTML, like Gecko) Chrome/131.0.6778.139 Mobile Safari/537.36 (compatible; Googlebot/2.1; +http://www.google.com/bot.html)"
51.222.253.16 - - [03/Jan/2025:18:17:39 -0500] "GET /singles?pageno=88 HTTP/1.1" 200 3803 "-" "Mozilla/5.0 (compatible; AhrefsBot/7.0; +http://ahrefs.com/robot/)"
51.222.253.9 - - [03/Jan/2025:18:18:18 -0500] "GET /sid-1484-nobody-but-you--by-fil-minor-ft-langprince- HTTP/1.1" 200 3252 "-" "Mozilla/5.0 (compatible; AhrefsBot/7.0; +http://ahrefs.com/robot/)"
51.222.253.18 - - [03/Jan/2025:18:18:50 -0500] "GET /sid-1515-nyenyezi-titha-by-man-p HTTP/1.1" 200 3206 "-" "Mozilla/5.0 (compatible; AhrefsBot/7.0; +http://ahrefs.com/robot/)"
51.222.253.6 - - [03/Jan/2025:18:19:23 -0500] "GET /sid-1465-balala-by-ryan-carter- HTTP/1.1" 200 3257 "-" "Mozilla/5.0 (compatible; AhrefsBot/7.0; +http://ahrefs.com/robot/)"
40.77.167.44 - - [03/Jan/2025:18:19:44 -0500] "GET /esdbyyzke.html HTTP/1.1" 404 1251 "-" "Mozilla/5.0 AppleWebKit/537.36 (KHTML, like Gecko; compatible; bingbot/2.0; +http://www.bing.com/bingbot.htm) Chrome/116.0.1938.76 Safari/537.36"
141.0.12.200 - - [03/Jan/2025:18:20:21 -0500] "GET /413-dairy-by-vanna HTTP/1.1" 200 4432 "https://www.google.com/search?client=ms-opera-mini&sca_esv=813a7bab8ccbc8d8&oq=Dairy+gwamba&aqs=mobile-gws-lite..&source=hp&q=Dairy+gwamba" "Opera/9.80 (MAUI Runtime; Opera Mini/4.4.39030/191.361; U; en) Presto/2.12.423 Version/12.16"
141.0.12.200 - - [03/Jan/2025:18:20:21 -0500] "GET /Icons/malawisounds.ico HTTP/1.1" 200 4286 "https://malawisounds.com/413-dairy-by-vanna" "Opera/9.80 (MAUI Runtime; Opera Mini/4.4.39030/191.361; U; en) Presto/2.12.423 Version/12.16"
141.0.12.200 - - [03/Jan/2025:18:20:21 -0500] "GET /js/ajax.js HTTP/1.1" 200 965 "https://malawisounds.com/413-dairy-by-vanna" "Opera/9.80 (MAUI Runtime; Opera Mini/4.4.39030/191.361; U; en) Presto/2.12.423 Version/12.16"
141.0.12.200 - - [03/Jan/2025:18:20:21 -0500] "GET /bio/mwsounds-20230703010954-IMG-20230703-030900.jpg HTTP/1.1" 200 25808 "https://malawisounds.com/413-dairy-by-vanna" "Opera/9.80 (MAUI Runtime; Opera Mini/4.4.39030/191.361; U; en) Presto/2.12.423 Version/12.16"
141.0.12.200 - - [03/Jan/2025:18:20:21 -0500] "GET /bio/mwsounds-20200706120806-FB_IMG_1590948777511.jpg HTTP/1.1" 200 19662 "https://malawisounds.com/413-dairy-by-vanna" "Opera/9.80 (MAUI Runtime; Opera Mini/4.4.39030/191.361; U; en) Presto/2.12.423 Version/12.16"
141.0.12.200 - - [03/Jan/2025:18:20:21 -0500] "GET /js/facebook-api.js HTTP/1.1" 200 281 "https://malawisounds.com/413-dairy-by-vanna" "Opera/9.80 (MAUI Runtime; Opera Mini/4.4.39030/191.361; U; en) Presto/2.12.423 Version/12.16"
141.0.12.200 - - [03/Jan/2025:18:20:21 -0500] "GET /css/load.css HTTP/1.1" 200 10718 "https://malawisounds.com/413-dairy-by-vanna" "Opera/9.80 (MAUI Runtime; Opera Mini/4.4.39030/191.361; U; en) Presto/2.12.423 Version/12.16"
141.0.12.200 - - [03/Jan/2025:18:20:21 -0500] "GET /bootstrap/css/bootstrap.min.css HTTP/1.1" 200 25196 "https://malawisounds.com/413-dairy-by-vanna" "Opera/9.80 (MAUI Runtime; Opera Mini/4.4.39030/191.361; U; en) Presto/2.12.423 Version/12.16"
141.0.12.200 - - [03/Jan/2025:18:20:21 -0500] "GET /impact/stylesheet.css HTTP/1.1" 200 180 "https://malawisounds.com/413-dairy-by-vanna" "Opera/9.80 (MAUI Runtime; Opera Mini/4.4.39030/191.361; U; en) Presto/2.12.423 Version/12.16"
141.0.12.200 - - [03/Jan/2025:18:20:21 -0500] "GET /css/w3.css HTTP/1.1" 200 6038 "https://malawisounds.com/413-dairy-by-vanna" "Opera/9.80 (MAUI Runtime; Opera Mini/4.4.39030/191.361; U; en) Presto/2.12.423 Version/12.16"
141.0.12.200 - - [03/Jan/2025:18:20:21 -0500] "GET /Icons/msounds1.png HTTP/1.1" 200 11619 "https://malawisounds.com/413-dairy-by-vanna" "Opera/9.80 (MAUI Runtime; Opera Mini/4.4.39030/191.361; U; en) Presto/2.12.423 Version/12.16"
141.0.12.200 - - [03/Jan/2025:18:20:21 -0500] "GET /css/animate.css HTTP/1.1" 200 6503 "https://malawisounds.com/413-dairy-by-vanna" "Opera/9.80 (MAUI Runtime; Opera Mini/4.4.39030/191.361; U; en) Presto/2.12.423 Version/12.16"
141.0.12.200 - - [03/Jan/2025:18:20:21 -0500] "GET /Icons/twitter.png HTTP/1.1" 200 2415 "https://malawisounds.com/413-dairy-by-vanna" "Opera/9.80 (MAUI Runtime; Opera Mini/4.4.39030/191.361; U; en) Presto/2.12.423 Version/12.16"
141.0.12.200 - - [03/Jan/2025:18:20:21 -0500] "GET /bio/mwsounds-20200710082408-onesmus.jpg HTTP/1.1" 200 30093 "https://malawisounds.com/413-dairy-by-vanna" "Opera/9.80 (MAUI Runtime; Opera Mini/4.4.39030/191.361; U; en) Presto/2.12.423 Version/12.16"
141.0.12.200 - - [03/Jan/2025:18:20:21 -0500] "GET /Icons/facebook.png HTTP/1.1" 200 2279 "https://malawisounds.com/413-dairy-by-vanna" "Opera/9.80 (MAUI Runtime; Opera Mini/4.4.39030/191.361; U; en) Presto/2.12.423 Version/12.16"
141.0.12.200 - - [03/Jan/2025:18:20:21 -0500] "GET /bio/mwsounds-20200706203533-Namadigo.jpg HTTP/1.1" 200 33718 "https://malawisounds.com/413-dairy-by-vanna" "Opera/9.80 (MAUI Runtime; Opera Mini/4.4.39030/191.361; U; en) Presto/2.12.423 Version/12.16"
141.0.12.200 - - [03/Jan/2025:18:20:21 -0500] "GET /bio/mwsounds-20200706205025-tay-grin---Copy.jpg HTTP/1.1" 200 43244 "https://malawisounds.com/413-dairy-by-vanna" "Opera/9.80 (MAUI Runtime; Opera Mini/4.4.39030/191.361; U; en) Presto/2.12.423 Version/12.16"
141.0.12.200 - - [03/Jan/2025:18:20:21 -0500] "GET /bio/mwsounds-20200801042643-Dr.Drew.jpg HTTP/1.1" 200 80629 "https://malawisounds.com/413-dairy-by-vanna" "Opera/9.80 (MAUI Runtime; Opera Mini/4.4.39030/191.361; U; en) Presto/2.12.423 Version/12.16"
141.0.12.200 - - [03/Jan/2025:18:20:21 -0500] "GET /Icons/instagram.png HTTP/1.1" 200 2764 "https://malawisounds.com/413-dairy-by-vanna" "Opera/9.80 (MAUI Runtime; Opera Mini/4.4.39030/191.361; U; en) Presto/2.12.423 Version/12.16"
141.0.12.200 - - [03/Jan/2025:18:20:21 -0500] "GET /bio/mwsounds-20200706204045-gwamba.jpg HTTP/1.1" 200 39055 "https://malawisounds.com/413-dairy-by-vanna" "Opera/9.80 (MAUI Runtime; Opera Mini/4.4.39030/191.361; U; en) Presto/2.12.423 Version/12.16"
141.0.12.200 - - [03/Jan/2025:18:20:21 -0500] "GET /images/mwsounds-20210125203527-img-20210120-wa0020.jpg HTTP/1.1" 200 38323 "https://malawisounds.com/413-dairy-by-vanna" "Opera/9.80 (MAUI Runtime; Opera Mini/4.4.39030/191.361; U; en) Presto/2.12.423 Version/12.16"
141.0.12.200 - - [03/Jan/2025:18:20:21 -0500] "GET /js/wow.js HTTP/1.1" 200 4305 "https://malawisounds.com/413-dairy-by-vanna" "Opera/9.80 (MAUI Runtime; Opera Mini/4.4.39030/191.361; U; en) Presto/2.12.423 Version/12.16"
141.0.12.200 - - [03/Jan/2025:18:20:21 -0500] "GET /ads/MS%20covid.jpg HTTP/1.1" 200 273002 "https://malawisounds.com/413-dairy-by-vanna" "Opera/9.80 (MAUI Runtime; Opera Mini/4.4.39030/191.361; U; en) Presto/2.12.423 Version/12.16"
141.0.12.200 - - [03/Jan/2025:18:20:21 -0500] "GET /js/jquery.js HTTP/1.1" 200 35358 "https://malawisounds.com/413-dairy-by-vanna" "Opera/9.80 (MAUI Runtime; Opera Mini/4.4.39030/191.361; U; en) Presto/2.12.423 Version/12.16"
141.0.12.200 - - [03/Jan/2025:18:20:21 -0500] "GET /js/nav.js HTTP/1.1" 200 99 "https://malawisounds.com/413-dairy-by-vanna" "Opera/9.80 (MAUI Runtime; Opera Mini/4.4.39030/191.361; U; en) Presto/2.12.423 Version/12.16"
141.0.12.200 - - [03/Jan/2025:18:20:21 -0500] "GET /js/jquery.js HTTP/1.1" 200 35358 "https://malawisounds.com/413-dairy-by-vanna" "Opera/9.80 (MAUI Runtime; Opera Mini/4.4.39030/191.361; U; en) Presto/2.12.423 Version/12.16"
141.0.12.200 - - [03/Jan/2025:18:20:22 -0500] "GET /images/mwsounds-20210125203527-img-20210120-wa0020.jpg HTTP/1.1" 200 38323 "https://malawisounds.com/413-dairy-by-vanna" "Opera/9.80 (MAUI Runtime; Opera Mini/4.4.39030/191.361; U; en) Presto/2.12.423 Version/12.16"
141.0.12.200 - - [03/Jan/2025:18:20:22 -0500] "GET /js/nav.js HTTP/1.1" 200 99 "https://malawisounds.com/413-dairy-by-vanna" "Opera/9.80 (MAUI Runtime; Opera Mini/4.4.39030/191.361; U; en) Presto/2.12.423 Version/12.16"
141.0.12.200 - - [03/Jan/2025:18:20:22 -0500] "GET /fonts/Gothic.ttf HTTP/1.1" 200 112628 "https://malawisounds.com/413-dairy-by-vanna" "Opera/9.80 (MAUI Runtime; Opera Mini/4.4.39030/191.361; U; en) Presto/2.12.423 Version/12.16"
141.0.12.200 - - [03/Jan/2025:18:20:22 -0500] "GET /fonts/Gothic-B.ttf HTTP/1.1" 200 129676 "https://malawisounds.com/413-dairy-by-vanna" "Opera/9.80 (MAUI Runtime; Opera Mini/4.4.39030/191.361; U; en) Presto/2.12.423 Version/12.16"
141.0.12.200 - - [03/Jan/2025:18:20:22 -0500] "GET /bootstrap/fonts/glyphicons-halflings-regular.woff HTTP/1.1" 200 23424 "https://malawisounds.com/413-dairy-by-vanna" "Opera/9.80 (MAUI Runtime; Opera Mini/4.4.39030/191.361; U; en) Presto/2.12.423 Version/12.16"
51.222.253.13 - - [03/Jan/2025:18:20:29 -0500] "GET /aid-435-album-stream-discipline- HTTP/1.1" 200 3703 "-" "Mozilla/5.0 (compatible; AhrefsBot/7.0; +http://ahrefs.com/robot/)"
141.0.12.200 - - [03/Jan/2025:18:20:43 -0500] "GET /home HTTP/1.1" 200 3709 "https://malawisounds.com/413-dairy-by-vanna" "Opera/9.80 (MAUI Runtime; Opera Mini/4.4.39030/191.361; U; en) Presto/2.12.423 Version/12.16"
141.0.12.200 - - [03/Jan/2025:18:20:43 -0500] "GET /news/article-20240828-121825.png HTTP/1.1" 200 163853 "https://malawisounds.com/home" "Opera/9.80 (MAUI Runtime; Opera Mini/4.4.39030/191.361; U; en) Presto/2.12.423 Version/12.16"
141.0.12.200 - - [03/Jan/2025:18:20:43 -0500] "GET /images/mwsounds-20241226-132716-Ndinu-Oyera-by-Keyz-Kingston.jpg HTTP/1.1" 200 74272 "https://malawisounds.com/home" "Opera/9.80 (MAUI Runtime; Opera Mini/4.4.39030/191.361; U; en) Presto/2.12.423 Version/12.16"
141.0.12.200 - - [03/Jan/2025:18:20:43 -0500] "GET /images/mwsounds-20241130-141713-SACRIFICE-by-TASHA-DAFFRECE.jpg HTTP/1.1" 200 144840 "https://malawisounds.com/home" "Opera/9.80 (MAUI Runtime; Opera Mini/4.4.39030/191.361; U; en) Presto/2.12.423 Version/12.16"
141.0.12.200 - - [03/Jan/2025:18:20:43 -0500] "GET /css/Icons/nyc.jpg HTTP/1.1" 404 1251 "https://malawisounds.com/home" "Opera/9.80 (MAUI Runtime; Opera Mini/4.4.39030/191.361; U; en) Presto/2.12.423 Version/12.16"
141.0.12.200 - - [03/Jan/2025:18:20:43 -0500] "GET /home.php HTTP/1.1" 200 6248 "https://malawisounds.com/home" "Opera/9.80 (MAUI Runtime; Opera Mini/4.4.39030/191.361; U; en) Presto/2.12.423 Version/12.16"
141.0.12.200 - - [03/Jan/2025:18:20:44 -0500] "GET /Icons/new.png HTTP/1.1" 200 17810 "https://malawisounds.com/home.php" "Opera/9.80 (MAUI Runtime; Opera Mini/4.4.39030/191.361; U; en) Presto/2.12.423 Version/12.16"
141.0.12.200 - - [03/Jan/2025:18:20:44 -0500] "GET /images/mwsounds-20241106-081214-Sinampeze-by-Sarai-ft.-Harris.jpg HTTP/1.1" 200 66025 "https://malawisounds.com/home.php" "Opera/9.80 (MAUI Runtime; Opera Mini/4.4.39030/191.361; U; en) Presto/2.12.423 Version/12.16"
141.0.12.200 - - [03/Jan/2025:18:20:44 -0500] "GET /images/mwsounds-20240628-112930-Final-Fall-Back-by-Phronee99.jpg HTTP/1.1" 200 92049 "https://malawisounds.com/home.php" "Opera/9.80 (MAUI Runtime; Opera Mini/4.4.39030/191.361; U; en) Presto/2.12.423 Version/12.16"
141.0.12.200 - - [03/Jan/2025:18:20:44 -0500] "GET /images/mwsounds-20241225-043510-Wabadwa-by-Dr.-Drew-feat.-Rudo-Chakwera.jpg HTTP/1.1" 200 448056 "https://malawisounds.com/home.php" "Opera/9.80 (MAUI Runtime; Opera Mini/4.4.39030/191.361; U; en) Presto/2.12.423 Version/12.16"
141.0.12.200 - - [03/Jan/2025:18:20:44 -0500] "GET /images/mwsounds-20240909-161601-Yerere-Yerere-by-Alasc.jpg HTTP/1.1" 200 327856 "https://malawisounds.com/home.php" "Opera/9.80 (MAUI Runtime; Opera Mini/4.4.39030/191.361; U; en) Presto/2.12.423 Version/12.16"
141.0.12.200 - - [03/Jan/2025:18:20:44 -0500] "GET /images/mwsounds-20240329-093239-Welenga-by-Beracah.jpg HTTP/1.1" 200 41821 "https://malawisounds.com/home.php" "Opera/9.80 (MAUI Runtime; Opera Mini/4.4.39030/191.361; U; en) Presto/2.12.423 Version/12.16"
141.0.12.200 - - [03/Jan/2025:18:20:44 -0500] "GET /images/mwsounds-20240513-185209-Just-Smile-by-Gifted-Atikonda.jpg HTTP/1.1" 200 64925 "https://malawisounds.com/home.php" "Opera/9.80 (MAUI Runtime; Opera Mini/4.4.39030/191.361; U; en) Presto/2.12.423 Version/12.16"
141.0.12.200 - - [03/Jan/2025:18:20:44 -0500] "GET /images/mwsounds-20240322-095614-Amanda-by-David-Wilson-.jpg HTTP/1.1" 200 33533 "https://malawisounds.com/home.php" "Opera/9.80 (MAUI Runtime; Opera Mini/4.4.39030/191.361; U; en) Presto/2.12.423 Version/12.16"
141.0.12.200 - - [03/Jan/2025:18:20:44 -0500] "GET /images/mwsounds-20231127-064625-Mulungu-ndi-wabwino-by-Saxess-ft.-Neo-Metals.jpg HTTP/1.1" 200 31486 "https://malawisounds.com/home.php" "Opera/9.80 (MAUI Runtime; Opera Mini/4.4.39030/191.361; U; en) Presto/2.12.423 Version/12.16"
141.0.12.200 - - [03/Jan/2025:18:20:44 -0500] "GET /images/mwsounds-20240127-171148-TRUST-by-Zikomo.jpg HTTP/1.1" 200 57778 "https://malawisounds.com/home.php" "Opera/9.80 (MAUI Runtime; Opera Mini/4.4.39030/191.361; U; en) Presto/2.12.423 Version/12.16"
141.0.12.200 - - [03/Jan/2025:18:20:44 -0500] "GET /images/mwsounds-20231023-070636-Umunthu-by-Ishmael.jpg HTTP/1.1" 200 91766 "https://malawisounds.com/home.php" "Opera/9.80 (MAUI Runtime; Opera Mini/4.4.39030/191.361; U; en) Presto/2.12.423 Version/12.16"
141.0.12.200 - - [03/Jan/2025:18:20:44 -0500] "GET /images/mwsounds-20230903-232002-Masamu-by-Just-Lusungu.jpg HTTP/1.1" 200 66102 "https://malawisounds.com/home.php" "Opera/9.80 (MAUI Runtime; Opera Mini/4.4.39030/191.361; U; en) Presto/2.12.423 Version/12.16"
141.0.12.200 - - [03/Jan/2025:18:20:44 -0500] "GET /images/mwsounds-20230724-172854-Joy-by-Ishmael-.jpg HTTP/1.1" 200 26563 "https://malawisounds.com/home.php" "Opera/9.80 (MAUI Runtime; Opera Mini/4.4.39030/191.361; U; en) Presto/2.12.423 Version/12.16"
141.0.12.200 - - [03/Jan/2025:18:20:44 -0500] "GET /images/mwsounds-20230617-165933-Kingdom-First-by-Da-redeemed.jpg HTTP/1.1" 200 97555 "https://malawisounds.com/home.php" "Opera/9.80 (MAUI Runtime; Opera Mini/4.4.39030/191.361; U; en) Presto/2.12.423 Version/12.16"
141.0.12.200 - - [03/Jan/2025:18:20:44 -0500] "GET /images/mwsounds-20230407-185649-Mene-uliri-by-L-one-Spacail.jpg HTTP/1.1" 200 69774 "https://malawisounds.com/home.php" "Opera/9.80 (MAUI Runtime; Opera Mini/4.4.39030/191.361; U; en) Presto/2.12.423 Version/12.16"
141.0.12.200 - - [03/Jan/2025:18:20:44 -0500] "GET /images/mwsounds-20240224-180917-Victory-by-Betty-Kananda-.jpg HTTP/1.1" 200 65430 "https://malawisounds.com/home.php" "Opera/9.80 (MAUI Runtime; Opera Mini/4.4.39030/191.361; U; en) Presto/2.12.423 Version/12.16"
141.0.12.200 - - [03/Jan/2025:18:20:44 -0500] "GET /images/mwsounds-20231013-050206-Wawezgeleska-by-Rabecca-Mwafulirwa.jpg HTTP/1.1" 200 111147 "https://malawisounds.com/home.php" "Opera/9.80 (MAUI Runtime; Opera Mini/4.4.39030/191.361; U; en) Presto/2.12.423 Version/12.16"
141.0.12.200 - - [03/Jan/2025:18:20:44 -0500] "GET /images/mwsounds-20230826-160756-Kukacha-by-Dreamer.jpg HTTP/1.1" 200 142421 "https://malawisounds.com/home.php" "Opera/9.80 (MAUI Runtime; Opera Mini/4.4.39030/191.361; U; en) Presto/2.12.423 Version/12.16"
141.0.12.200 - - [03/Jan/2025:18:20:44 -0500] "GET /images/mwsounds-20230302232808-Screenshot-20230303-012226-Gallery.jpg HTTP/1.1" 200 28218 "https://malawisounds.com/home.php" "Opera/9.80 (MAUI Runtime; Opera Mini/4.4.39030/191.361; U; en) Presto/2.12.423 Version/12.16"
141.0.12.200 - - [03/Jan/2025:18:20:44 -0500] "GET /images/mwsounds-20241231-215121-H-n-P-by-R3ALXTRA-MLW-FT-TROY6iX.jpg HTTP/1.1" 200 75790 "https://malawisounds.com/home.php" "Opera/9.80 (MAUI Runtime; Opera Mini/4.4.39030/191.361; U; en) Presto/2.12.423 Version/12.16"
141.0.12.200 - - [03/Jan/2025:18:20:44 -0500] "GET /images/mwsounds-20231011-104255-Stand-firm-by-Debbie-N.jpg HTTP/1.1" 200 37013 "https://malawisounds.com/home.php" "Opera/9.80 (MAUI Runtime; Opera Mini/4.4.39030/191.361; U; en) Presto/2.12.423 Version/12.16"
141.0.12.200 - - [03/Jan/2025:18:20:44 -0500] "GET /images/mwsounds-20230810-124133-Chikhalidwe-(live-living-room-session)-by-Elka.jpg HTTP/1.1" 200 24552 "https://malawisounds.com/home.php" "Opera/9.80 (MAUI Runtime; Opera Mini/4.4.39030/191.361; U; en) Presto/2.12.423 Version/12.16"
141.0.12.200 - - [03/Jan/2025:18:20:44 -0500] "GET /images/mwsounds-20230626-065340-Real-Badman-by-Kneenja.jpg HTTP/1.1" 200 69086 "https://malawisounds.com/home.php" "Opera/9.80 (MAUI Runtime; Opera Mini/4.4.39030/191.361; U; en) Presto/2.12.423 Version/12.16"
