105.234.160.33 - - [03/Jan/2025:12:41:58 -0500] "GET /js/main.js HTTP/1.1" 200 159 "https://kwachamusic.com/music/audios-126-Weekend--by-Trappybeats-X-Fada-Moti" "Mozilla/5.0 (Linux; Android 10; K) AppleWebKit/537.36 (KHTML, like Gecko) Chrome/131.0.0.0 Mobile Safari/537.36"
105.234.160.33 - - [03/Jan/2025:12:41:58 -0500] "GET /singles/artworks/IMG_20240113_131214_764.jpg HTTP/1.1" 200 148103 "https://kwachamusic.com/music/audios-126-Weekend--by-Trappybeats-X-Fada-Moti" "Mozilla/5.0 (Linux; Android 10; K) AppleWebKit/537.36 (KHTML, like Gecko) Chrome/131.0.0.0 Mobile Safari/537.36"
105.234.160.33 - - [03/Jan/2025:12:41:58 -0500] "GET /css/fontawesome/webfonts/fa-solid-900.woff2 HTTP/1.1" 200 78268 "https://kwachamusic.com/css/fontawesome/css/all.css" "Mozilla/5.0 (Linux; Android 10; K) AppleWebKit/537.36 (KHTML, like Gecko) Chrome/131.0.0.0 Mobile Safari/537.36"
105.234.160.33 - - [03/Jan/2025:12:41:58 -0500] "GET /js/bootstrap.min.js HTTP/1.1" 200 14764 "https://kwachamusic.com/music/audios-126-Weekend--by-Trappybeats-X-Fada-Moti" "Mozilla/5.0 (Linux; Android 10; K) AppleWebKit/537.36 (KHTML, like Gecko) Chrome/131.0.0.0 Mobile Safari/537.36"
105.234.160.33 - - [03/Jan/2025:12:42:00 -0500] "GET /sun.ico HTTP/1.1" 200 7012 "https://kwachamusic.com/music/audios-126-Weekend--by-Trappybeats-X-Fada-Moti" "Mozilla/5.0 (Linux; Android 10; K) AppleWebKit/537.36 (KHTML, like Gecko) Chrome/131.0.0.0 Mobile Safari/537.36"
105.234.160.33 - - [03/Jan/2025:12:42:04 -0500] "GET /music/download2.php?id=126 HTTP/1.1" 200 9624282 "https://kwachamusic.com/music/audios-126-Weekend--by-Trappybeats-X-Fada-Moti" "Mozilla/5.0 (Linux; Android 10; K) AppleWebKit/537.36 (KHTML, like Gecko) Chrome/131.0.0.0 Mobile Safari/537.36"
185.191.171.5 - - [03/Jan/2025:12:42:19 -0500] "GET /robots.txt HTTP/1.1" 404 1251 "-" "Mozilla/5.0 (compatible; SemrushBot/7~bl; +http://www.semrush.com/bot.html)"
185.191.171.4 - - [03/Jan/2025:12:42:19 -0500] "GET /home HTTP/1.1" 403 0 "-" "Mozilla/5.0 (compatible; SemrushBot/7~bl; +http://www.semrush.com/bot.html)"
114.119.158.138 - - [03/Jan/2025:12:43:25 -0500] "GET /music/singles/poetry/audios-75-Letter-to-my-son-(Riffle-Dynamic-diss)---by-Episodz HTTP/1.1" 200 8782 "https://www.kwachamusic.com/music/singles/poetry/audios-94-Tayimani-by-Alem-Lumbe-FT-Queng" "Mozilla/5.0 (Linux; Android 7.0;) AppleWebKit/537.36 (KHTML, like Gecko) Mobile Safari/537.36 (compatible; PetalBot;+https://webmaster.petalsearch.com/site/petalbot)"
114.119.128.132 - - [03/Jan/2025:12:48:24 -0500] "GET /music/singles/oldies/audios-74-Arasi-by-Malinga HTTP/1.1" 200 8782 "https://www.kwachamusic.com/music/singles/oldies/audios-60-Ona-by-Cocky" "Mozilla/5.0 (Linux; Android 7.0;) AppleWebKit/537.36 (KHTML, like Gecko) Mobile Safari/537.36 (compatible; PetalBot;+https://webmaster.petalsearch.com/site/petalbot)"
114.119.150.9 - - [03/Jan/2025:12:53:22 -0500] "GET /music/singles/oldies/audios-128-Tiko-Prod-by-Dj-Zino-by-Alem-Lumbe HTTP/1.1" 200 8827 "https://www.kwachamusic.com/music/singles/oldies/audios-60-Ona-by-Cocky" "Mozilla/5.0 (Linux; Android 7.0;) AppleWebKit/537.36 (KHTML, like Gecko) Mobile Safari/537.36 (compatible; PetalBot;+https://webmaster.petalsearch.com/site/petalbot)"
114.119.149.131 - - [03/Jan/2025:12:58:22 -0500] "GET /music/singles/music/audios-78-Chidole-by-Cocky HTTP/1.1" 200 8827 "https://www.kwachamusic.com/music/singles/music/audios-90-Male-by-Wikise-ft-Don-kalonga" "Mozilla/5.0 (Linux; Android 7.0;) AppleWebKit/537.36 (KHTML, like Gecko) Mobile Safari/537.36 (compatible; PetalBot;+https://webmaster.petalsearch.com/site/petalbot)"
114.119.154.11 - - [03/Jan/2025:13:03:22 -0500] "GET /music/singles/music/audios-45-Kings-And-Queens-by-Servant-Aaron-x-Thandie HTTP/1.1" 200 8782 "https://www.kwachamusic.com/music/singles/music/audios-90-Male-by-Wikise-ft-Don-kalonga" "Mozilla/5.0 (Linux; Android 7.0;) AppleWebKit/537.36 (KHTML, like Gecko) Mobile Safari/537.36 (compatible; PetalBot;+https://webmaster.petalsearch.com/site/petalbot)"
114.119.154.11 - - [03/Jan/2025:13:08:23 -0500] "GET /music/singles/music/audios-140-Mulengi-by-Sentala-ft-Alexia- HTTP/1.1" 200 8863 "https://www.kwachamusic.com/music/singles/music/audios-90-Male-by-Wikise-ft-Don-kalonga" "Mozilla/5.0 (Linux; Android 7.0;) AppleWebKit/537.36 (KHTML, like Gecko) Mobile Safari/537.36 (compatible; PetalBot;+https://webmaster.petalsearch.com/site/petalbot)"
138.246.237.69 - - [03/Jan/2025:13:08:46 -0500] "GET /robots.txt HTTP/1.1" 404 1251 "-" "Owler (ows.eu/owler)"
138.246.237.69 - - [03/Jan/2025:13:08:46 -0500] "GET /music/audios-22-Why-by-Eli-Njuchi HTTP/1.1" 200 1934 "-" "Owler (ows.eu/owler)"
114.119.142.72 - - [03/Jan/2025:13:13:22 -0500] "GET /music/singles/music/audios-136-Siya-Prod-By-Sushizzo-by-Fukez-HL- HTTP/1.1" 200 8782 "https://www.kwachamusic.com/music/singles/music/audios-90-Male-by-Wikise-ft-Don-kalonga" "Mozilla/5.0 (Linux; Android 7.0;) AppleWebKit/537.36 (KHTML, like Gecko) Mobile Safari/537.36 (compatible; PetalBot;+https://webmaster.petalsearch.com/site/petalbot)"
173.252.83.31 - - [03/Jan/2025:13:16:27 -0500] "GET /music/audios.php?id=138 HTTP/1.1" 200 286 "-" "facebookexternalhit/1.1 (+http://www.facebook.com/externalhit_uatext.php)"
173.252.83.23 - - [03/Jan/2025:13:16:27 -0500] "GET /music/audios.php?id=138 HTTP/1.1" 200 286 "-" "facebookexternalhit/1.1 (+http://www.facebook.com/externalhit_uatext.php)"
173.252.83.4 - - [03/Jan/2025:13:16:27 -0500] "GET /music/audios.php?id=138 HTTP/1.1" 200 286 "-" "facebookexternalhit/1.1 (+http://www.facebook.com/externalhit_uatext.php)"
173.252.83.5 - - [03/Jan/2025:13:16:27 -0500] "GET /music/audios-138-Iweyo-Prod-By-Dj-Zino-by-Alem-Lumbe HTTP/1.1" 200 5529 "-" "facebookexternalhit/1.1 (+http://www.facebook.com/externalhit_uatext.php)"
69.171.249.27 - - [03/Jan/2025:13:17:58 -0500] "GET /music/audios.php?id=140 HTTP/1.1" 200 286 "-" "facebookexternalhit/1.1 (+http://www.facebook.com/externalhit_uatext.php)"
69.171.249.27 - - [03/Jan/2025:13:17:58 -0500] "GET /music/audios.php?id=140 HTTP/1.1" 200 286 "-" "facebookexternalhit/1.1 (+http://www.facebook.com/externalhit_uatext.php)"
114.119.128.132 - - [03/Jan/2025:13:18:23 -0500] "GET /music/singles/music/audios-125-Nkono-by-Kelvin-Sings HTTP/1.1" 200 8877 "https://www.kwachamusic.com/music/singles/music/audios-90-Male-by-Wikise-ft-Don-kalonga" "Mozilla/5.0 (Linux; Android 7.0;) AppleWebKit/537.36 (KHTML, like Gecko) Mobile Safari/537.36 (compatible; PetalBot;+https://webmaster.petalsearch.com/site/petalbot)"
114.119.159.236 - - [03/Jan/2025:13:23:24 -0500] "GET /music/singles/epfiles/audios-8-Aye-by-Kelvin-sings HTTP/1.1" 200 8827 "https://www.kwachamusic.com/music/singles/epfiles/audios-45-Kings-And-Queens-by-Servant-Aaron-x-Thandie" "Mozilla/5.0 (Linux; Android 7.0;) AppleWebKit/537.36 (KHTML, like Gecko) Mobile Safari/537.36 (compatible; PetalBot;+https://webmaster.petalsearch.com/site/petalbot)"
66.249.65.41 - - [03/Jan/2025:13:28:18 -0500] "GET /robots.txt HTTP/1.1" 404 1251 "-" "Mozilla/5.0 (compatible; Googlebot/2.1; +http://www.google.com/bot.html)"
114.119.150.9 - - [03/Jan/2025:13:28:23 -0500] "GET /music/singles/epfiles/audios-77-Ndidzagenda-by-Sean-Morgan HTTP/1.1" 200 8782 "https://www.kwachamusic.com/music/singles/epfiles/audios-45-Kings-And-Queens-by-Servant-Aaron-x-Thandie" "Mozilla/5.0 (Linux; Android 7.0;) AppleWebKit/537.36 (KHTML, like Gecko) Mobile Safari/537.36 (compatible; PetalBot;+https://webmaster.petalsearch.com/site/petalbot)"
66.249.65.41 - - [03/Jan/2025:13:29:55 -0500] "GET /?AgcOUFUFVAdSCVQ8 HTTP/1.1" 200 2496 "-" "Mozilla/5.0 (Linux; Android 6.0.1; Nexus 5X Build/MMB29P) AppleWebKit/537.36 (KHTML, like Gecko) Chrome/131.0.6778.139 Mobile Safari/537.36 (compatible; Googlebot/2.1; +http://www.google.com/bot.html)"
66.249.65.40 - - [03/Jan/2025:13:30:01 -0500] "GET /css/fontawesome/css/all.css HTTP/1.1" 200 12753 "https://kwachamusic.com/?AgcOUFUFVAdSCVQ8" "Mozilla/5.0 (Linux; Android 6.0.1; Nexus 5X Build/MMB29P) AppleWebKit/537.36 (KHTML, like Gecko) Chrome/131.0.6778.139 Mobile Safari/537.36 (compatible; Googlebot/2.1; +http://www.google.com/bot.html)"
66.249.65.40 - - [03/Jan/2025:13:30:02 -0500] "GET /stackpath.bootstrapcdn.com/font-awesome/4.7.0/css/font-awesome.min.css HTTP/1.1" 404 1251 "https://kwachamusic.com/?AgcOUFUFVAdSCVQ8" "Mozilla/5.0 (Linux; Android 6.0.1; Nexus 5X Build/MMB29P) AppleWebKit/537.36 (KHTML, like Gecko) Chrome/131.0.6778.139 Mobile Safari/537.36 (compatible; Googlebot/2.1; +http://www.google.com/bot.html)"
66.249.65.40 - - [03/Jan/2025:13:30:02 -0500] "GET /stackpath.bootstrapcdn.com/font-awesome/4.7.0/css/font-awesome.min.css HTTP/1.1" 404 1251 "https://kwachamusic.com/?AgcOUFUFVAdSCVQ8" "Mozilla/5.0 (Linux; Android 6.0.1; Nexus 5X Build/MMB29P) AppleWebKit/537.36 (KHTML, like Gecko) Chrome/131.0.6778.139 Mobile Safari/537.36 (compatible; Googlebot/2.1; +http://www.google.com/bot.html)"
182.42.111.156 - - [03/Jan/2025:13:30:05 -0500] "GET / HTTP/1.1" 200 2775 "http://kwachamusic.com" "Mozilla/5.0 (iPhone; CPU iPhone OS 13_2_3 like Mac OS X) AppleWebKit/605.1.15 (KHTML, like Gecko) Version/13.0.3 Mobile/15E148 Safari/604.1"
49.51.52.250 - - [03/Jan/2025:13:32:05 -0500] "GET / HTTP/1.1" 200 2794 "http://www.kwachamusic.com" "Mozilla/5.0 (iPhone; CPU iPhone OS 13_2_3 like Mac OS X) AppleWebKit/605.1.15 (KHTML, like Gecko) Version/13.0.3 Mobile/15E148 Safari/604.1"
114.119.150.9 - - [03/Jan/2025:13:33:27 -0500] "GET /music/singles/epfiles/audios-61-Simudzasintha--by-Kelvin-Sings-&-Beracah HTTP/1.1" 200 8782 "https://www.kwachamusic.com/music/singles/epfiles/audios-45-Kings-And-Queens-by-Servant-Aaron-x-Thandie" "Mozilla/5.0 (Linux; Android 7.0;) AppleWebKit/537.36 (KHTML, like Gecko) Mobile Safari/537.36 (compatible; PetalBot;+https://webmaster.petalsearch.com/site/petalbot)"
114.119.150.9 - - [03/Jan/2025:13:38:25 -0500] "GET /music/singles/epfiles/audios-22-Why-by-Eli-Njuchi HTTP/1.1" 200 8877 "https://www.kwachamusic.com/music/singles/epfiles/audios-45-Kings-And-Queens-by-Servant-Aaron-x-Thandie" "Mozilla/5.0 (Linux; Android 7.0;) AppleWebKit/537.36 (KHTML, like Gecko) Mobile Safari/537.36 (compatible; PetalBot;+https://webmaster.petalsearch.com/site/petalbot)"
95.108.213.145 - - [03/Jan/2025:13:38:46 -0500] "GET /robots.txt HTTP/1.1" 404 1251 "-" "Mozilla/5.0 (compatible; YandexBot/3.0; +http://yandex.com/bots)"
95.108.213.235 - - [03/Jan/2025:13:38:47 -0500] "GET /music/stream?id=15 HTTP/1.1" 404 1251 "-" "Mozilla/5.0 (compatible; YandexBot/3.0; +http://yandex.com/bots)"
114.119.157.143 - - [03/Jan/2025:13:43:24 -0500] "GET /singles/artworks/IMG-20220623-WA0026.jpg HTTP/1.1" 200 310920 "https://www.kwachamusic.com/music/stream-45" "Mozilla/5.0 (Linux; Android 7.0;) AppleWebKit/537.36 (KHTML, like Gecko) Mobile Safari/537.36 (compatible; PetalBot;+https://webmaster.petalsearch.com/site/petalbot)"
114.119.149.131 - - [03/Jan/2025:13:48:24 -0500] "GET /music/stream-75 HTTP/1.1" 200 1586 "https://www.kwachamusic.com/music/audios-75-Letter-to-my-son-(Riffle-Dynamic-diss)---by-Episodz" "Mozilla/5.0 (Linux; Android 7.0;) AppleWebKit/537.36 (KHTML, like Gecko) Mobile Safari/537.36 (compatible; PetalBot;+https://webmaster.petalsearch.com/site/petalbot)"
31.13.103.115 - - [03/Jan/2025:13:49:18 -0500] "GET /music/audios.php?id=152 HTTP/1.1" 200 286 "-" "facebookexternalhit/1.1 (+http://www.facebook.com/externalhit_uatext.php)"
114.119.157.143 - - [03/Jan/2025:13:53:24 -0500] "GET /music/singles/videos/audios-6-Ndinu-Nokha-by-Alex-Marvel HTTP/1.1" 200 8827 "https://www.kwachamusic.com/music/singles/videos/audios-135-Siya-Prod-By-Sushizzo-by-Fukez-HL-" "Mozilla/5.0 (Linux; Android 7.0;) AppleWebKit/537.36 (KHTML, like Gecko) Mobile Safari/537.36 (compatible; PetalBot;+https://webmaster.petalsearch.com/site/petalbot)"
95.108.213.151 - - [03/Jan/2025:13:54:41 -0500] "GET /music/audios-38-Mkazi-wa-boh-by-KelMoc HTTP/1.1" 200 1951 "-" "Mozilla/5.0 (compatible; YandexBot/3.0; +http://yandex.com/bots)"
114.119.149.131 - - [03/Jan/2025:13:58:32 -0500] "GET /music/singles/profiles/audios-9-Nkhondo-ndi-Anansi-by-Suffix HTTP/1.1" 200 8782 "https://www.kwachamusic.com/music/singles/profiles/profiles" "Mozilla/5.0 (Linux; Android 7.0;) AppleWebKit/537.36 (KHTML, like Gecko) Mobile Safari/537.36 (compatible; PetalBot;+https://webmaster.petalsearch.com/site/petalbot)"
178.128.58.109 - - [03/Jan/2025:14:01:17 -0500] "GET /singles/artworks/IMG_20240425_185101_097.jpg HTTP/1.1" 200 140730 "-" "Mozilla/5.0 (Windows NT 10.0; Win64; x64) AppleWebKit/537.36 (KHTML, like Gecko) Chrome/121.0.0.0 Safari/537.36 Edg/121.0.0.0"
114.119.128.132 - - [03/Jan/2025:14:03:28 -0500] "GET /music/singles/profiles/audios-6-Ndinu-Nokha-by-Alex-Marvel HTTP/1.1" 200 8827 "https://www.kwachamusic.com/music/singles/profiles/profiles" "Mozilla/5.0 (Linux; Android 7.0;) AppleWebKit/537.36 (KHTML, like Gecko) Mobile Safari/537.36 (compatible; PetalBot;+https://webmaster.petalsearch.com/site/petalbot)"
35.204.148.234 - - [03/Jan/2025:14:04:33 -0500] "GET / HTTP/1.1" 200 2775 "-" "Scrapy/2.11.2 (+https://scrapy.org)"
114.119.158.138 - - [03/Jan/2025:14:08:25 -0500] "GET /music/singles/profiles/audios-21-Samasowa-by-Thino-Masper-x-Mark-Phuka HTTP/1.1" 200 8782 "https://www.kwachamusic.com/music/singles/profiles/profiles" "Mozilla/5.0 (Linux; Android 7.0;) AppleWebKit/537.36 (KHTML, like Gecko) Mobile Safari/537.36 (compatible; PetalBot;+https://webmaster.petalsearch.com/site/petalbot)"
114.119.128.132 - - [03/Jan/2025:14:13:25 -0500] "GET /music/singles/poetry/audios-125-Nkono-by-Kelvin-Sings HTTP/1.1" 200 8782 "https://www.kwachamusic.com/music/singles/poetry/audios-94-Tayimani-by-Alem-Lumbe-FT-Queng" "Mozilla/5.0 (Linux; Android 7.0;) AppleWebKit/537.36 (KHTML, like Gecko) Mobile Safari/537.36 (compatible; PetalBot;+https://webmaster.petalsearch.com/site/petalbot)"
4.43.184.114 - - [03/Jan/2025:14:17:11 -0500] "GET / HTTP/1.0" 200 12067 "-" "Mozilla/5.0 (Macintosh; Intel Mac OS X 10_7_2) AppleWebKit/534.52.7 (KHTML, like Gecko) Version/5.1 Safari/534.50"
69.171.251.8 - - [03/Jan/2025:14:17:42 -0500] "GET /music/audios.php?id=138 HTTP/1.1" 200 286 "-" "facebookexternalhit/1.1 (+http://www.facebook.com/externalhit_uatext.php)"
69.171.251.4 - - [03/Jan/2025:14:17:43 -0500] "GET /music/audios.php?id=138 HTTP/1.1" 200 286 "-" "facebookexternalhit/1.1 (+http://www.facebook.com/externalhit_uatext.php)"
69.171.251.10 - - [03/Jan/2025:14:17:43 -0500] "GET /music/audios-138-Iweyo-Prod-By-Dj-Zino-by-Alem-Lumbe HTTP/1.1" 200 5529 "-" "facebookexternalhit/1.1 (+http://www.facebook.com/externalhit_uatext.php)"
85.208.96.195 - - [03/Jan/2025:14:17:57 -0500] "GET /robots.txt HTTP/1.1" 404 1251 "-" "Mozilla/5.0 (compatible; SemrushBot/7~bl; +http://www.semrush.com/bot.html)"
185.191.171.12 - - [03/Jan/2025:14:17:58 -0500] "GET /videos/download.php?id=5 HTTP/1.1" 200 693 "-" "Mozilla/5.0 (compatible; SemrushBot/7~bl; +http://www.semrush.com/bot.html)"
114.119.159.236 - - [03/Jan/2025:14:18:25 -0500] "GET /music/singles/oldies/audios-147-Ndizilangiza-by-Guntolah-x-K-Banton HTTP/1.1" 200 8827 "https://www.kwachamusic.com/music/singles/oldies/audios-60-Ona-by-Cocky" "Mozilla/5.0 (Linux; Android 7.0;) AppleWebKit/537.36 (KHTML, like Gecko) Mobile Safari/537.36 (compatible; PetalBot;+https://webmaster.petalsearch.com/site/petalbot)"
114.119.154.11 - - [03/Jan/2025:14:23:27 -0500] "GET /music/singles/epfiles/audios-63-Down-by-Nefter HTTP/1.1" 200 8782 "https://www.kwachamusic.com/music/singles/epfiles/audios-45-Kings-And-Queens-by-Servant-Aaron-x-Thandie" "Mozilla/5.0 (Linux; Android 7.0;) AppleWebKit/537.36 (KHTML, like Gecko) Mobile Safari/537.36 (compatible; PetalBot;+https://webmaster.petalsearch.com/site/petalbot)"
114.119.154.11 - - [03/Jan/2025:14:28:25 -0500] "GET /music/singles/epfiles/audios-42-Kwidu-by-2Bluezz-x-Uche HTTP/1.1" 200 8782 "https://www.kwachamusic.com/music/singles/epfiles/audios-45-Kings-And-Queens-by-Servant-Aaron-x-Thandie" "Mozilla/5.0 (Linux; Android 7.0;) AppleWebKit/537.36 (KHTML, like Gecko) Mobile Safari/537.36 (compatible; PetalBot;+https://webmaster.petalsearch.com/site/petalbot)"
140.245.51.225 - - [03/Jan/2025:14:31:07 -0500] "GET / HTTP/1.1" 200 12067 "-" "Mozilla/5.0 (Windows NT 10.0; Win64; x64) AppleWebKit/537.36 (KHTML, like Gecko) Chrome/78.0.3904.108 Safari/537.36"
140.245.51.225 - - [03/Jan/2025:14:31:07 -0500] "GET //wp-includes/wlwmanifest.xml HTTP/1.1" 404 1251 "-" "Mozilla/5.0 (Windows NT 10.0; Win64; x64) AppleWebKit/537.36 (KHTML, like Gecko) Chrome/78.0.3904.108 Safari/537.36"
140.245.51.225 - - [03/Jan/2025:14:31:08 -0500] "GET / HTTP/1.1" 200 12067 "-" "Mozilla/5.0 (Windows NT 10.0; Win64; x64) AppleWebKit/537.36 (KHTML, like Gecko) Chrome/78.0.3904.108 Safari/537.36"
140.245.51.225 - - [03/Jan/2025:14:31:08 -0500] "GET //blog/wp-includes/wlwmanifest.xml HTTP/1.1" 404 1251 "-" "Mozilla/5.0 (Windows NT 10.0; Win64; x64) AppleWebKit/537.36 (KHTML, like Gecko) Chrome/78.0.3904.108 Safari/537.36"
140.245.51.225 - - [03/Jan/2025:14:31:08 -0500] "GET //web/wp-includes/wlwmanifest.xml HTTP/1.1" 404 1251 "-" "Mozilla/5.0 (Windows NT 10.0; Win64; x64) AppleWebKit/537.36 (KHTML, like Gecko) Chrome/78.0.3904.108 Safari/537.36"
140.245.51.225 - - [03/Jan/2025:14:31:08 -0500] "GET //wordpress/wp-includes/wlwmanifest.xml HTTP/1.1" 404 1251 "-" "Mozilla/5.0 (Windows NT 10.0; Win64; x64) AppleWebKit/537.36 (KHTML, like Gecko) Chrome/78.0.3904.108 Safari/537.36"
140.245.51.225 - - [03/Jan/2025:14:31:08 -0500] "GET //website/wp-includes/wlwmanifest.xml HTTP/1.1" 404 1251 "-" "Mozilla/5.0 (Windows NT 10.0; Win64; x64) AppleWebKit/537.36 (KHTML, like Gecko) Chrome/78.0.3904.108 Safari/537.36"
140.245.51.225 - - [03/Jan/2025:14:31:09 -0500] "GET //wp/wp-includes/wlwmanifest.xml HTTP/1.1" 404 1251 "-" "Mozilla/5.0 (Windows NT 10.0; Win64; x64) AppleWebKit/537.36 (KHTML, like Gecko) Chrome/78.0.3904.108 Safari/537.36"
140.245.51.225 - - [03/Jan/2025:14:31:09 -0500] "GET //news/wp-includes/wlwmanifest.xml HTTP/1.1" 404 1251 "-" "Mozilla/5.0 (Windows NT 10.0; Win64; x64) AppleWebKit/537.36 (KHTML, like Gecko) Chrome/78.0.3904.108 Safari/537.36"
140.245.51.225 - - [03/Jan/2025:14:31:09 -0500] "GET //2018/wp-includes/wlwmanifest.xml HTTP/1.1" 404 1251 "-" "Mozilla/5.0 (Windows NT 10.0; Win64; x64) AppleWebKit/537.36 (KHTML, like Gecko) Chrome/78.0.3904.108 Safari/537.36"
140.245.51.225 - - [03/Jan/2025:14:31:09 -0500] "GET //2019/wp-includes/wlwmanifest.xml HTTP/1.1" 404 1251 "-" "Mozilla/5.0 (Windows NT 10.0; Win64; x64) AppleWebKit/537.36 (KHTML, like Gecko) Chrome/78.0.3904.108 Safari/537.36"
140.245.51.225 - - [03/Jan/2025:14:31:09 -0500] "GET //shop/wp-includes/wlwmanifest.xml HTTP/1.1" 404 1251 "-" "Mozilla/5.0 (Windows NT 10.0; Win64; x64) AppleWebKit/537.36 (KHTML, like Gecko) Chrome/78.0.3904.108 Safari/537.36"
140.245.51.225 - - [03/Jan/2025:14:31:10 -0500] "GET //wp1/wp-includes/wlwmanifest.xml HTTP/1.1" 404 1251 "-" "Mozilla/5.0 (Windows NT 10.0; Win64; x64) AppleWebKit/537.36 (KHTML, like Gecko) Chrome/78.0.3904.108 Safari/537.36"
140.245.51.225 - - [03/Jan/2025:14:31:10 -0500] "GET //test/wp-includes/wlwmanifest.xml HTTP/1.1" 404 1251 "-" "Mozilla/5.0 (Windows NT 10.0; Win64; x64) AppleWebKit/537.36 (KHTML, like Gecko) Chrome/78.0.3904.108 Safari/537.36"
140.245.51.225 - - [03/Jan/2025:14:31:10 -0500] "GET //media/wp-includes/wlwmanifest.xml HTTP/1.1" 404 1251 "-" "Mozilla/5.0 (Windows NT 10.0; Win64; x64) AppleWebKit/537.36 (KHTML, like Gecko) Chrome/78.0.3904.108 Safari/537.36"
140.245.51.225 - - [03/Jan/2025:14:31:10 -0500] "GET //wp2/wp-includes/wlwmanifest.xml HTTP/1.1" 404 1251 "-" "Mozilla/5.0 (Windows NT 10.0; Win64; x64) AppleWebKit/537.36 (KHTML, like Gecko) Chrome/78.0.3904.108 Safari/537.36"
140.245.51.225 - - [03/Jan/2025:14:31:10 -0500] "GET //site/wp-includes/wlwmanifest.xml HTTP/1.1" 404 1251 "-" "Mozilla/5.0 (Windows NT 10.0; Win64; x64) AppleWebKit/537.36 (KHTML, like Gecko) Chrome/78.0.3904.108 Safari/537.36"
140.245.51.225 - - [03/Jan/2025:14:31:11 -0500] "GET //cms/wp-includes/wlwmanifest.xml HTTP/1.1" 404 1251 "-" "Mozilla/5.0 (Windows NT 10.0; Win64; x64) AppleWebKit/537.36 (KHTML, like Gecko) Chrome/78.0.3904.108 Safari/537.36"
140.245.51.225 - - [03/Jan/2025:14:31:11 -0500] "GET //sito/wp-includes/wlwmanifest.xml HTTP/1.1" 404 1251 "-" "Mozilla/5.0 (Windows NT 10.0; Win64; x64) AppleWebKit/537.36 (KHTML, like Gecko) Chrome/78.0.3904.108 Safari/537.36"
114.119.158.138 - - [03/Jan/2025:14:33:26 -0500] "GET /music/singles/audios-96-Wanga-Ndiwe-by-Alem-Lumbe HTTP/1.1" 200 8782 "https://www.kwachamusic.com/music/singles/audios-111-Nditakuona-by-Guazar" "Mozilla/5.0 (Linux; Android 7.0;) AppleWebKit/537.36 (KHTML, like Gecko) Mobile Safari/537.36 (compatible; PetalBot;+https://webmaster.petalsearch.com/site/petalbot)"
114.119.154.11 - - [03/Jan/2025:14:38:27 -0500] "GET /music/singles/audios-82-Duwa-by-Eli-Njuchi HTTP/1.1" 200 8851 "https://www.kwachamusic.com/music/singles/audios-111-Nditakuona-by-Guazar" "Mozilla/5.0 (Linux; Android 7.0;) AppleWebKit/537.36 (KHTML, like Gecko) Mobile Safari/537.36 (compatible; PetalBot;+https://webmaster.petalsearch.com/site/petalbot)"
114.119.150.9 - - [03/Jan/2025:14:43:26 -0500] "GET /music/singles/audios-73-Pano--by-Driemo HTTP/1.1" 200 8782 "https://www.kwachamusic.com/music/singles/audios-111-Nditakuona-by-Guazar" "Mozilla/5.0 (Linux; Android 7.0;) AppleWebKit/537.36 (KHTML, like Gecko) Mobile Safari/537.36 (compatible; PetalBot;+https://webmaster.petalsearch.com/site/petalbot)"
114.119.128.132 - - [03/Jan/2025:14:48:26 -0500] "GET /music/singles/audios-154-Ndichokwanira-Prod-by-Taycee-by-Isaiah-Livuza-x-Sentala- HTTP/1.1" 200 8782 "https://www.kwachamusic.com/music/singles/audios-111-Nditakuona-by-Guazar" "Mozilla/5.0 (Linux; Android 7.0;) AppleWebKit/537.36 (KHTML, like Gecko) Mobile Safari/537.36 (compatible; PetalBot;+https://webmaster.petalsearch.com/site/petalbot)"
114.119.150.9 - - [03/Jan/2025:14:53:29 -0500] "GET /music/singles/audios-102-Move-on-by-Wana-Mpotah HTTP/1.1" 200 8782 "https://www.kwachamusic.com/music/singles/audios-111-Nditakuona-by-Guazar" "Mozilla/5.0 (Linux; Android 7.0;) AppleWebKit/537.36 (KHTML, like Gecko) Mobile Safari/537.36 (compatible; PetalBot;+https://webmaster.petalsearch.com/site/petalbot)"
114.119.142.72 - - [03/Jan/2025:14:58:26 -0500] "GET /music/singles/artworks/audios-84-Annointed--by-Sean-Morgan HTTP/1.1" 200 8782 "https://www.kwachamusic.com/music/singles/artworks/audios-96-Wanga-Ndiwe-by-Alem-Lumbe" "Mozilla/5.0 (Linux; Android 7.0;) AppleWebKit/537.36 (KHTML, like Gecko) Mobile Safari/537.36 (compatible; PetalBot;+https://webmaster.petalsearch.com/site/petalbot)"
114.119.149.131 - - [03/Jan/2025:15:03:32 -0500] "GET /music/singles/artworks/audios-74-Arasi-by-Malinga HTTP/1.1" 200 8782 "https://www.kwachamusic.com/music/singles/artworks/audios-96-Wanga-Ndiwe-by-Alem-Lumbe" "Mozilla/5.0 (Linux; Android 7.0;) AppleWebKit/537.36 (KHTML, like Gecko) Mobile Safari/537.36 (compatible; PetalBot;+https://webmaster.petalsearch.com/site/petalbot)"
114.119.149.131 - - [03/Jan/2025:15:08:26 -0500] "GET /music/singles/artworks/audios-61-Simudzasintha--by-Kelvin-Sings-&-Beracah HTTP/1.1" 200 8782 "https://www.kwachamusic.com/music/singles/artworks/audios-96-Wanga-Ndiwe-by-Alem-Lumbe" "Mozilla/5.0 (Linux; Android 7.0;) AppleWebKit/537.36 (KHTML, like Gecko) Mobile Safari/537.36 (compatible; PetalBot;+https://webmaster.petalsearch.com/site/petalbot)"
66.249.65.41 - - [03/Jan/2025:15:10:58 -0500] "GET /?BAYJUlJaAlNXVAA6 HTTP/1.1" 200 2496 "-" "Mozilla/5.0 (Linux; Android 6.0.1; Nexus 5X Build/MMB29P) AppleWebKit/537.36 (KHTML, like Gecko) Chrome/131.0.6778.139 Mobile Safari/537.36 (compatible; GoogleOther)"
66.249.65.42 - - [03/Jan/2025:15:11:00 -0500] "GET /stackpath.bootstrapcdn.com/font-awesome/4.7.0/css/font-awesome.min.css HTTP/1.1" 404 1251 "https://kwachamusic.com/?BAYJUlJaAlNXVAA6" "Mozilla/5.0 (Linux; Android 6.0.1; Nexus 5X Build/MMB29P) AppleWebKit/537.36 (KHTML, like Gecko) Chrome/131.0.6778.139 Mobile Safari/537.36 (compatible; Googlebot/2.1; +http://www.google.com/bot.html)"
114.119.154.11 - - [03/Jan/2025:15:13:30 -0500] "GET /music/singles/artworks/audios-22-Why-by-Eli-Njuchi HTTP/1.1" 200 8782 "https://www.kwachamusic.com/music/singles/artworks/audios-96-Wanga-Ndiwe-by-Alem-Lumbe" "Mozilla/5.0 (Linux; Android 7.0;) AppleWebKit/537.36 (KHTML, like Gecko) Mobile Safari/537.36 (compatible; PetalBot;+https://webmaster.petalsearch.com/site/petalbot)"
114.119.150.9 - - [03/Jan/2025:15:18:28 -0500] "GET /music/singles/artworks/audios-126-Weekend--by-Trappybeats-X-Fada-Moti HTTP/1.1" 200 8863 "https://www.kwachamusic.com/music/singles/artworks/audios-96-Wanga-Ndiwe-by-Alem-Lumbe" "Mozilla/5.0 (Linux; Android 7.0;) AppleWebKit/537.36 (KHTML, like Gecko) Mobile Safari/537.36 (compatible; PetalBot;+https://webmaster.petalsearch.com/site/petalbot)"
114.119.154.11 - - [03/Jan/2025:15:23:29 -0500] "GET /music/singles/artworks/audios-122-Express--by-Spencer HTTP/1.1" 200 8863 "https://www.kwachamusic.com/music/singles/artworks/audios-96-Wanga-Ndiwe-by-Alem-Lumbe" "Mozilla/5.0 (Linux; Android 7.0;) AppleWebKit/537.36 (KHTML, like Gecko) Mobile Safari/537.36 (compatible; PetalBot;+https://webmaster.petalsearch.com/site/petalbot)"
69.171.249.113 - - [03/Jan/2025:15:28:21 -0500] "GET /singles/artworks/IMG-20221114-WA0001.jpg HTTP/1.1" 200 57383 "-" "facebookexternalhit/1.1 (+http://www.facebook.com/externalhit_uatext.php)"
114.119.158.138 - - [03/Jan/2025:15:28:26 -0500] "GET /music/singles/artworks/SAVE_20240930_185304.jpg HTTP/1.1" 200 8827 "https://www.kwachamusic.com/music/singles/audios-111-Nditakuona-by-Guazar" "Mozilla/5.0 (Linux; Android 7.0;) AppleWebKit/537.36 (KHTML, like Gecko) Mobile Safari/537.36 (compatible; PetalBot;+https://webmaster.petalsearch.com/site/petalbot)"
114.119.158.138 - - [03/Jan/2025:15:33:27 -0500] "GET /music/singles/albumfiles/audios-82-Duwa-by-Eli-Njuchi HTTP/1.1" 200 8827 "https://www.kwachamusic.com/music/singles/albumfiles/audios-98-WyDoMeSo-by-Onesimus" "Mozilla/5.0 (Linux; Android 7.0;) AppleWebKit/537.36 (KHTML, like Gecko) Mobile Safari/537.36 (compatible; PetalBot;+https://webmaster.petalsearch.com/site/petalbot)"
114.119.158.138 - - [03/Jan/2025:15:38:29 -0500] "GET /music/singles/albumfiles/audios-80-Loss-by-Kell-Kay-ft-Eli-Njuchi-&-Hyphen- HTTP/1.1" 200 8782 "https://www.kwachamusic.com/music/singles/albumfiles/audios-98-WyDoMeSo-by-Onesimus" "Mozilla/5.0 (Linux; Android 7.0;) AppleWebKit/537.36 (KHTML, like Gecko) Mobile Safari/537.36 (compatible; PetalBot;+https://webmaster.petalsearch.com/site/petalbot)"
156.59.198.136 - - [03/Jan/2025:15:39:03 -0500] "GET /singles/artworks/InnoBusyOriginal20221203_192858.jpg HTTP/1.1" 404 1251 "-" "Mozilla/5.0 (Linux; Android 5.0) AppleWebKit/537.36 (KHTML, like Gecko) Mobile Safari/537.36 (compatible; Bytespider; spider-feedback@bytedance.com)"
114.119.158.138 - - [03/Jan/2025:15:43:27 -0500] "GET /music/singles/albumfiles/audios-138-Iweyo-Prod-By-Dj-Zino-by-Alem-Lumbe HTTP/1.1" 200 8782 "https://www.kwachamusic.com/music/singles/albumfiles/audios-98-WyDoMeSo-by-Onesimus" "Mozilla/5.0 (Linux; Android 7.0;) AppleWebKit/537.36 (KHTML, like Gecko) Mobile Safari/537.36 (compatible; PetalBot;+https://webmaster.petalsearch.com/site/petalbot)"
114.119.150.9 - - [03/Jan/2025:15:48:27 -0500] "GET /music/singles/albumfiles/audios-127-Get-Back-by-YSTR-Miko- HTTP/1.1" 200 8877 "https://www.kwachamusic.com/music/singles/albumfiles/audios-98-WyDoMeSo-by-Onesimus" "Mozilla/5.0 (Linux; Android 7.0;) AppleWebKit/537.36 (KHTML, like Gecko) Mobile Safari/537.36 (compatible; PetalBot;+https://webmaster.petalsearch.com/site/petalbot)"
114.119.149.131 - - [03/Jan/2025:15:53:28 -0500] "GET /music/singles/albumfiles/audios-123-Shepherd--by-Guazar HTTP/1.1" 200 8892 "https://www.kwachamusic.com/music/singles/albumfiles/audios-98-WyDoMeSo-by-Onesimus" "Mozilla/5.0 (Linux; Android 7.0;) AppleWebKit/537.36 (KHTML, like Gecko) Mobile Safari/537.36 (compatible; PetalBot;+https://webmaster.petalsearch.com/site/petalbot)"
114.119.150.9 - - [03/Jan/2025:15:58:27 -0500] "GET /music/singles/albumfiles/audios-122-Express--by-Spencer HTTP/1.1" 200 8782 "https://www.kwachamusic.com/music/singles/albumfiles/audios-98-WyDoMeSo-by-Onesimus" "Mozilla/5.0 (Linux; Android 7.0;) AppleWebKit/537.36 (KHTML, like Gecko) Mobile Safari/537.36 (compatible; PetalBot;+https://webmaster.petalsearch.com/site/petalbot)"
173.252.87.10 - - [03/Jan/2025:16:00:01 -0500] "GET /meta.json HTTP/1.1" 404 1251 "-" "facebookexternalhit/1.1 (+http://www.facebook.com/externalhit_uatext.php)"
173.252.87.10 - - [03/Jan/2025:16:00:02 -0500] "GET / HTTP/1.1" 200 12067 "-" "facebookexternalhit/1.1 (+http://www.facebook.com/externalhit_uatext.php)"
173.252.87.2 - - [03/Jan/2025:16:00:02 -0500] "GET / HTTP/1.1" 200 12067 "-" "facebookexternalhit/1.1 (+http://www.facebook.com/externalhit_uatext.php)"
4.43.184.114 - - [03/Jan/2025:16:00:53 -0500] "GET / HTTP/1.0" 200 12067 "-" "Mozilla/5.0 (Windows NT 5.1) AppleWebKit/534.30 (KHTML, like Gecko) Chrome/12.0.742.91 Safari/534.30"
114.119.142.72 - - [03/Jan/2025:16:03:27 -0500] "GET /music/singles/albumfiles/audios-119-Sakuyankha-Phone-by-KelMo-C HTTP/1.1" 200 8782 "https://www.kwachamusic.com/music/singles/albumfiles/audios-98-WyDoMeSo-by-Onesimus" "Mozilla/5.0 (Linux; Android 7.0;) AppleWebKit/537.36 (KHTML, like Gecko) Mobile Safari/537.36 (compatible; PetalBot;+https://webmaster.petalsearch.com/site/petalbot)"
4.43.184.114 - - [03/Jan/2025:16:06:59 -0500] "GET / HTTP/1.0" 200 12067 "-" "Mozilla/5.0 (Windows; U; Windows NT 6.1; en-US) AppleWebKit/534.13 (KHTML, like Gecko) Chrome/9.0.597.94 Safari/534.13"
185.191.171.6 - - [03/Jan/2025:16:07:28 -0500] "GET /robots.txt HTTP/1.1" 404 1251 "-" "Mozilla/5.0 (compatible; SemrushBot/7~bl; +http://www.semrush.com/bot.html)"
185.191.171.2 - - [03/Jan/2025:16:07:30 -0500] "GET /albumfiles/stream-17-Christmas-Box-Mixtape HTTP/1.1" 200 1539 "-" "Mozilla/5.0 (compatible; SemrushBot/7~bl; +http://www.semrush.com/bot.html)"
114.119.142.72 - - [03/Jan/2025:16:08:28 -0500] "GET /music/singles/about/audios-37-Party-Tonight--by-Track-Cee-ft-Thini-Dicon-x-Stesha-x-Mabond-SirDif-x-Blonix HTTP/1.1" 200 8782 "https://www.kwachamusic.com/music/singles/about/audios-18-Maybe-by-Lilboi-Chris" "Mozilla/5.0 (Linux; Android 7.0;) AppleWebKit/537.36 (KHTML, like Gecko) Mobile Safari/537.36 (compatible; PetalBot;+https://webmaster.petalsearch.com/site/petalbot)"
4.43.184.114 - - [03/Jan/2025:16:11:11 -0500] "GET / HTTP/1.0" 200 12067 "-" "Mozilla/4.0 (compatible; MSIE 6.0; Windows NT 5.1; ru)"
105.234.182.95 - - [03/Jan/2025:16:11:57 -0500] "GET /music/audios-126-Weekend--by-Trappybeats-X-Fada-Moti HTTP/1.1" 200 1709 "https://www.google.com/" "Mozilla/5.0 (Linux; Android 10; K) AppleWebKit/537.36 (KHTML, like Gecko) Chrome/131.0.0.0 Mobile Safari/537.36"
105.234.182.95 - - [03/Jan/2025:16:11:57 -0500] "GET /style.css HTTP/1.1" 200 3094 "https://kwachamusic.com/music/audios-126-Weekend--by-Trappybeats-X-Fada-Moti" "Mozilla/5.0 (Linux; Android 10; K) AppleWebKit/537.36 (KHTML, like Gecko) Chrome/131.0.0.0 Mobile Safari/537.36"
105.234.182.95 - - [03/Jan/2025:16:11:57 -0500] "GET /stackpath.bootstrapcdn.com/font-awesome/4.7.0/css/font-awesome.min.css HTTP/1.1" 404 1251 "https://kwachamusic.com/music/audios-126-Weekend--by-Trappybeats-X-Fada-Moti" "Mozilla/5.0 (Linux; Android 10; K) AppleWebKit/537.36 (KHTML, like Gecko) Chrome/131.0.0.0 Mobile Safari/537.36"
105.234.182.95 - - [03/Jan/2025:16:11:57 -0500] "GET /css/fontawesome/css/all.css HTTP/1.1" 200 12753 "https://kwachamusic.com/music/audios-126-Weekend--by-Trappybeats-X-Fada-Moti" "Mozilla/5.0 (Linux; Android 10; K) AppleWebKit/537.36 (KHTML, like Gecko) Chrome/131.0.0.0 Mobile Safari/537.36"
105.234.182.95 - - [03/Jan/2025:16:11:57 -0500] "GET /css/style3.css HTTP/1.1" 200 25880 "https://kwachamusic.com/music/audios-126-Weekend--by-Trappybeats-X-Fada-Moti" "Mozilla/5.0 (Linux; Android 10; K) AppleWebKit/537.36 (KHTML, like Gecko) Chrome/131.0.0.0 Mobile Safari/537.36"
105.234.182.95 - - [03/Jan/2025:16:11:57 -0500] "GET /js/jquery.min.js HTTP/1.1" 200 30045 "https://kwachamusic.com/music/audios-126-Weekend--by-Trappybeats-X-Fada-Moti" "Mozilla/5.0 (Linux; Android 10; K) AppleWebKit/537.36 (KHTML, like Gecko) Chrome/131.0.0.0 Mobile Safari/537.36"
105.234.182.95 - - [03/Jan/2025:16:11:57 -0500] "GET /kwacha.png HTTP/1.1" 200 109438 "https://kwachamusic.com/music/audios-126-Weekend--by-Trappybeats-X-Fada-Moti" "Mozilla/5.0 (Linux; Android 10; K) AppleWebKit/537.36 (KHTML, like Gecko) Chrome/131.0.0.0 Mobile Safari/537.36"
105.234.182.95 - - [03/Jan/2025:16:11:57 -0500] "GET /js/main.js HTTP/1.1" 200 159 "https://kwachamusic.com/music/audios-126-Weekend--by-Trappybeats-X-Fada-Moti" "Mozilla/5.0 (Linux; Android 10; K) AppleWebKit/537.36 (KHTML, like Gecko) Chrome/131.0.0.0 Mobile Safari/537.36"
105.234.182.95 - - [03/Jan/2025:16:11:57 -0500] "GET /js/bootstrap.min.js HTTP/1.1" 200 14764 "https://kwachamusic.com/music/audios-126-Weekend--by-Trappybeats-X-Fada-Moti" "Mozilla/5.0 (Linux; Android 10; K) AppleWebKit/537.36 (KHTML, like Gecko) Chrome/131.0.0.0 Mobile Safari/537.36"
105.234.182.95 - - [03/Jan/2025:16:11:57 -0500] "GET /js/popper.js HTTP/1.1" 200 7174 "https://kwachamusic.com/music/audios-126-Weekend--by-Trappybeats-X-Fada-Moti" "Mozilla/5.0 (Linux; Android 10; K) AppleWebKit/537.36 (KHTML, like Gecko) Chrome/131.0.0.0 Mobile Safari/537.36"
105.234.182.95 - - [03/Jan/2025:16:11:58 -0500] "GET /singles/artworks/IMG_20240113_131214_764.jpg HTTP/1.1" 200 148103 "https://kwachamusic.com/music/audios-126-Weekend--by-Trappybeats-X-Fada-Moti" "Mozilla/5.0 (Linux; Android 10; K) AppleWebKit/537.36 (KHTML, like Gecko) Chrome/131.0.0.0 Mobile Safari/537.36"
105.234.182.95 - - [03/Jan/2025:16:11:59 -0500] "GET /css/fontawesome/webfonts/fa-solid-900.woff2 HTTP/1.1" 200 78268 "https://kwachamusic.com/css/fontawesome/css/all.css" "Mozilla/5.0 (Linux; Android 10; K) AppleWebKit/537.36 (KHTML, like Gecko) Chrome/131.0.0.0 Mobile Safari/537.36"
105.234.182.95 - - [03/Jan/2025:16:12:00 -0500] "POST /cdn-cgi/rum? HTTP/1.1" 404 1251 "https://kwachamusic.com/music/audios-126-Weekend--by-Trappybeats-X-Fada-Moti" "Mozilla/5.0 (Linux; Android 10; K) AppleWebKit/537.36 (KHTML, like Gecko) Chrome/131.0.0.0 Mobile Safari/537.36"
105.234.182.95 - - [03/Jan/2025:16:12:00 -0500] "GET /sun.ico HTTP/1.1" 200 7012 "https://kwachamusic.com/music/audios-126-Weekend--by-Trappybeats-X-Fada-Moti" "Mozilla/5.0 (Linux; Android 10; K) AppleWebKit/537.36 (KHTML, like Gecko) Chrome/131.0.0.0 Mobile Safari/537.36"
105.234.182.95 - - [03/Jan/2025:16:12:02 -0500] "GET /music/download2.php?id=126 HTTP/1.1" 200 9624282 "https://kwachamusic.com/music/audios-126-Weekend--by-Trappybeats-X-Fada-Moti" "Mozilla/5.0 (Linux; Android 10; K) AppleWebKit/537.36 (KHTML, like Gecko) Chrome/131.0.0.0 Mobile Safari/537.36"
105.234.182.95 - - [03/Jan/2025:16:12:16 -0500] "POST /cdn-cgi/rum? HTTP/1.1" 404 1251 "https://kwachamusic.com/music/audios-126-Weekend--by-Trappybeats-X-Fada-Moti" "Mozilla/5.0 (Linux; Android 10; K) AppleWebKit/537.36 (KHTML, like Gecko) Chrome/131.0.0.0 Mobile Safari/537.36"
114.119.149.131 - - [03/Jan/2025:16:13:28 -0500] "GET /music/singles/about/audios-27-Chimakhala-Chilichani-by-JAY-P HTTP/1.1" 200 8827 "https://www.kwachamusic.com/music/singles/about/audios-18-Maybe-by-Lilboi-Chris" "Mozilla/5.0 (Linux; Android 7.0;) AppleWebKit/537.36 (KHTML, like Gecko) Mobile Safari/537.36 (compatible; PetalBot;+https://webmaster.petalsearch.com/site/petalbot)"
85.208.96.195 - - [03/Jan/2025:16:18:25 -0500] "GET /albumfiles/stream-54-30s HTTP/1.1" 200 1533 "-" "Mozilla/5.0 (compatible; SemrushBot/7~bl; +http://www.semrush.com/bot.html)"
114.119.149.131 - - [03/Jan/2025:16:18:31 -0500] "GET /music/singles/about/audios-16-Mtima-by-Zali-x-Khili HTTP/1.1" 200 8832 "https://www.kwachamusic.com/music/singles/about/audios-18-Maybe-by-Lilboi-Chris" "Mozilla/5.0 (Linux; Android 7.0;) AppleWebKit/537.36 (KHTML, like Gecko) Mobile Safari/537.36 (compatible; PetalBot;+https://webmaster.petalsearch.com/site/petalbot)"
3.101.26.250 - - [03/Jan/2025:16:22:40 -0500] "GET / HTTP/1.1" 200 2794 "-" "Mozilla/5.0 (X11; Linux x86_64) AppleWebKit/537.36 (KHTML, like Gecko) Chrome/51.0.2704.103 Safari/537.36"
114.119.157.143 - - [03/Jan/2025:16:23:29 -0500] "GET /music/stream-92 HTTP/1.1" 200 1563 "https://www.kwachamusic.com/music/stream-92" "Mozilla/5.0 (Linux; Android 7.0;) AppleWebKit/537.36 (KHTML, like Gecko) Mobile Safari/537.36 (compatible; PetalBot;+https://webmaster.petalsearch.com/site/petalbot)"
114.119.142.72 - - [03/Jan/2025:16:28:31 -0500] "GET /music/stream-16 HTTP/1.1" 200 1576 "https://www.kwachamusic.com/music/audios-16-Mtima-by-Zali-x-Khili" "Mozilla/5.0 (Linux; Android 7.0;) AppleWebKit/537.36 (KHTML, like Gecko) Mobile Safari/537.36 (compatible; PetalBot;+https://webmaster.petalsearch.com/site/petalbot)"
85.208.96.202 - - [03/Jan/2025:16:32:43 -0500] "GET /music/audios-30-Never-by-Emperor-K HTTP/1.1" 200 1949 "-" "Mozilla/5.0 (compatible; SemrushBot/7~bl; +http://www.semrush.com/bot.html)"
85.208.96.209 - - [03/Jan/2025:16:33:07 -0500] "GET /albumfiles/download.php?abamu_id=3 HTTP/1.1" 200 4116136 "-" "Mozilla/5.0 (compatible; SemrushBot/7~bl; +http://www.semrush.com/bot.html)"
114.119.159.236 - - [03/Jan/2025:16:33:28 -0500] "GET /music/stream-138 HTTP/1.1" 200 1589 "https://www.kwachamusic.com/music/audios-138-Iweyo-Prod-By-Dj-Zino-by-Alem-Lumbe" "Mozilla/5.0 (Linux; Android 7.0;) AppleWebKit/537.36 (KHTML, like Gecko) Mobile Safari/537.36 (compatible; PetalBot;+https://webmaster.petalsearch.com/site/petalbot)"
185.191.171.14 - - [03/Jan/2025:16:35:47 -0500] "GET /epfiles/streams-8-Power-of-The-sun HTTP/1.1" 200 1529 "-" "Mozilla/5.0 (compatible; SemrushBot/7~bl; +http://www.semrush.com/bot.html)"
114.119.159.236 - - [03/Jan/2025:16:38:28 -0500] "GET /music/stream-13 HTTP/1.1" 200 1564 "https://www.kwachamusic.com/music/audios-13-Sakaka-by-Namadingo" "Mozilla/5.0 (Linux; Android 7.0;) AppleWebKit/537.36 (KHTML, like Gecko) Mobile Safari/537.36 (compatible; PetalBot;+https://webmaster.petalsearch.com/site/petalbot)"
185.191.171.10 - - [03/Jan/2025:16:39:06 -0500] "GET /epfiles/streams-52-Bachelor-of-arts HTTP/1.1" 200 1559 "-" "Mozilla/5.0 (compatible; SemrushBot/7~bl; +http://www.semrush.com/bot.html)"
114.119.159.236 - - [03/Jan/2025:16:43:30 -0500] "GET /music/singles/videos/audios-70-FadeAway-by-Skipperanking HTTP/1.1" 200 8782 "https://www.kwachamusic.com/music/singles/videos/audios-135-Siya-Prod-By-Sushizzo-by-Fukez-HL-" "Mozilla/5.0 (Linux; Android 7.0;) AppleWebKit/537.36 (KHTML, like Gecko) Mobile Safari/537.36 (compatible; PetalBot;+https://webmaster.petalsearch.com/site/petalbot)"
114.119.157.143 - - [03/Jan/2025:16:48:28 -0500] "GET /music/singles/videos/audios-45-Kings-And-Queens-by-Servant-Aaron-x-Thandie HTTP/1.1" 200 8832 "https://www.kwachamusic.com/music/singles/videos/audios-104-Single-Again-(Reggae-Cover)--by-L-wizzy" "Mozilla/5.0 (Linux; Android 7.0;) AppleWebKit/537.36 (KHTML, like Gecko) Mobile Safari/537.36 (compatible; PetalBot;+https://webmaster.petalsearch.com/site/petalbot)"
114.119.128.132 - - [03/Jan/2025:16:53:31 -0500] "GET /music/singles/videos/audios-18-Maybe-by-Lilboi-Chris HTTP/1.1" 200 8827 "https://www.kwachamusic.com/music/singles/videos/audios-104-Single-Again-(Reggae-Cover)--by-L-wizzy" "Mozilla/5.0 (Linux; Android 7.0;) AppleWebKit/537.36 (KHTML, like Gecko) Mobile Safari/537.36 (compatible; PetalBot;+https://webmaster.petalsearch.com/site/petalbot)"
85.208.96.197 - - [03/Jan/2025:16:55:56 -0500] "GET /epfiles/songs-5-Wanene HTTP/1.1" 200 2303 "-" "Mozilla/5.0 (compatible; SemrushBot/7~bl; +http://www.semrush.com/bot.html)"
114.119.159.236 - - [03/Jan/2025:16:58:29 -0500] "GET /music/singles/videos/audios-12-Nyimbo-Ikatha-by-Kelvin-sings HTTP/1.1" 200 8782 "https://www.kwachamusic.com/music/singles/videos/audios-104-Single-Again-(Reggae-Cover)--by-L-wizzy" "Mozilla/5.0 (Linux; Android 7.0;) AppleWebKit/537.36 (KHTML, like Gecko) Mobile Safari/537.36 (compatible; PetalBot;+https://webmaster.petalsearch.com/site/petalbot)"
114.119.159.236 - - [03/Jan/2025:17:03:35 -0500] "GET /music/singles/videos/audios-112-Ndekha-by-Inno-Busy HTTP/1.1" 200 8782 "https://www.kwachamusic.com/music/singles/videos/audios-135-Siya-Prod-By-Sushizzo-by-Fukez-HL-" "Mozilla/5.0 (Linux; Android 7.0;) AppleWebKit/537.36 (KHTML, like Gecko) Mobile Safari/537.36 (compatible; PetalBot;+https://webmaster.petalsearch.com/site/petalbot)"
85.208.96.209 - - [03/Jan/2025:17:07:47 -0500] "GET /robots.txt HTTP/1.1" 404 1251 "-" "Mozilla/5.0 (compatible; SemrushBot/7~bl; +http://www.semrush.com/bot.html)"
85.208.96.202 - - [03/Jan/2025:17:07:48 -0500] "GET /music/stream-47 HTTP/1.1" 200 1574 "-" "Mozilla/5.0 (compatible; SemrushBot/7~bl; +http://www.semrush.com/bot.html)"
114.119.142.72 - - [03/Jan/2025:17:08:29 -0500] "GET /music/singles/profiles/audios-84-Annointed--by-Sean-Morgan HTTP/1.1" 200 8782 "https://www.kwachamusic.com/music/singles/profiles/audios-5-Joseph-Kalilani-by-Tay-Grin" "Mozilla/5.0 (Linux; Android 7.0;) AppleWebKit/537.36 (KHTML, like Gecko) Mobile Safari/537.36 (compatible; PetalBot;+https://webmaster.petalsearch.com/site/petalbot)"
114.119.150.9 - - [03/Jan/2025:17:13:29 -0500] "GET /music/singles/profiles/audios-67-Hustle-by-Raphdem-x-Royal-Jax-ft-Jek-gang HTTP/1.1" 200 8782 "https://www.kwachamusic.com/music/singles/profiles/audios-5-Joseph-Kalilani-by-Tay-Grin" "Mozilla/5.0 (Linux; Android 7.0;) AppleWebKit/537.36 (KHTML, like Gecko) Mobile Safari/537.36 (compatible; PetalBot;+https://webmaster.petalsearch.com/site/petalbot)"
185.191.171.18 - - [03/Jan/2025:17:13:36 -0500] "GET /music/download2.php?id=16 HTTP/1.1" 200 6356992 "-" "Mozilla/5.0 (compatible; SemrushBot/7~bl; +http://www.semrush.com/bot.html)"
85.208.96.194 - - [03/Jan/2025:17:17:58 -0500] "GET /albumfiles/download.php?abamu_id=12 HTTP/1.1" 200 5079612 "-" "Mozilla/5.0 (compatible; SemrushBot/7~bl; +http://www.semrush.com/bot.html)"
114.119.157.143 - - [03/Jan/2025:17:18:29 -0500] "GET /music/singles/profiles/audios-39-Obhowa-by-KelMo-C-ft-Ray-Skillz-x-Akayce HTTP/1.1" 200 8824 "https://www.kwachamusic.com/music/singles/profiles/audios-5-Joseph-Kalilani-by-Tay-Grin" "Mozilla/5.0 (Linux; Android 7.0;) AppleWebKit/537.36 (KHTML, like Gecko) Mobile Safari/537.36 (compatible; PetalBot;+https://webmaster.petalsearch.com/site/petalbot)"
185.191.171.4 - - [03/Jan/2025:17:20:15 -0500] "GET /epfiles/streams-53-Bachelor-of-arts HTTP/1.1" 200 1583 "-" "Mozilla/5.0 (compatible; SemrushBot/7~bl; +http://www.semrush.com/bot.html)"
185.191.171.1 - - [03/Jan/2025:17:22:53 -0500] "GET /epfiles/ep-zip.php?ep_title HTTP/1.1" 500 80 "-" "Mozilla/5.0 (compatible; SemrushBot/7~bl; +http://www.semrush.com/bot.html)"
114.119.157.143 - - [03/Jan/2025:17:23:33 -0500] "GET /music/singles/profiles/audios-19-Kutali-by-Qwenga-x-Fwataki-x-Wandizoh HTTP/1.1" 200 8782 "https://www.kwachamusic.com/music/singles/profiles/profiles" "Mozilla/5.0 (Linux; Android 7.0;) AppleWebKit/537.36 (KHTML, like Gecko) Mobile Safari/537.36 (compatible; PetalBot;+https://webmaster.petalsearch.com/site/petalbot)"
114.119.149.131 - - [03/Jan/2025:17:28:32 -0500] "GET /music/singles/oldies/audios-26-Quinera-by-Sairaj HTTP/1.1" 200 8782 "https://www.kwachamusic.com/music/singles/oldies/audios-57-Amachoncho-by-KelMo-C" "Mozilla/5.0 (Linux; Android 7.0;) AppleWebKit/537.36 (KHTML, like Gecko) Mobile Safari/537.36 (compatible; PetalBot;+https://webmaster.petalsearch.com/site/petalbot)"
85.208.96.208 - - [03/Jan/2025:17:30:32 -0500] "GET /epfiles/songs-4-A-Quest-for-Charisma- HTTP/1.1" 200 2230 "-" "Mozilla/5.0 (compatible; SemrushBot/7~bl; +http://www.semrush.com/bot.html)"
85.208.96.211 - - [03/Jan/2025:17:31:20 -0500] "GET /albumfiles/stream-56-30s HTTP/1.1" 200 1539 "-" "Mozilla/5.0 (compatible; SemrushBot/7~bl; +http://www.semrush.com/bot.html)"
114.119.150.9 - - [03/Jan/2025:17:33:30 -0500] "GET /music/singles/oldies/audios-153-Nthawi-zina-by-KelMo_C HTTP/1.1" 200 8782 "https://www.kwachamusic.com/music/singles/oldies/audios-57-Amachoncho-by-KelMo-C" "Mozilla/5.0 (Linux; Android 7.0;) AppleWebKit/537.36 (KHTML, like Gecko) Mobile Safari/537.36 (compatible; PetalBot;+https://webmaster.petalsearch.com/site/petalbot)"
185.191.171.12 - - [03/Jan/2025:17:34:23 -0500] "GET /albumfiles/stream-50-30s HTTP/1.1" 200 1533 "-" "Mozilla/5.0 (compatible; SemrushBot/7~bl; +http://www.semrush.com/bot.html)"
114.119.128.132 - - [03/Jan/2025:17:38:29 -0500] "GET /music/singles/oldies/audios-15-Epic-by-Alex-Marvel HTTP/1.1" 200 8782 "https://www.kwachamusic.com/music/singles/oldies/audios-57-Amachoncho-by-KelMo-C" "Mozilla/5.0 (Linux; Android 7.0;) AppleWebKit/537.36 (KHTML, like Gecko) Mobile Safari/537.36 (compatible; PetalBot;+https://webmaster.petalsearch.com/site/petalbot)"
4.43.184.114 - - [03/Jan/2025:17:41:40 -0500] "GET / HTTP/1.0" 200 12067 "-" "Mozilla/5.0 (Windows NT 5.1) AppleWebKit/535.1 (KHTML, like Gecko) Chrome/14.0.835.187 Safari/535.1"
114.119.157.143 - - [03/Jan/2025:17:43:32 -0500] "GET /music/singles/oldies/audios-100-Samagona-by-Bucci-feat-Temwah HTTP/1.1" 200 8827 "https://www.kwachamusic.com/music/singles/oldies/audios-57-Amachoncho-by-KelMo-C" "Mozilla/5.0 (Linux; Android 7.0;) AppleWebKit/537.36 (KHTML, like Gecko) Mobile Safari/537.36 (compatible; PetalBot;+https://webmaster.petalsearch.com/site/petalbot)"
114.119.154.11 - - [03/Jan/2025:17:48:36 -0500] "GET /music/singles/music/audios-95-Adzawapatsa-Chimwemwe-by-Sentala HTTP/1.1" 200 8782 "https://www.kwachamusic.com/music/singles/music/audios-48-Pachibale-Pawo-by-Zonke" "Mozilla/5.0 (Linux; Android 7.0;) AppleWebKit/537.36 (KHTML, like Gecko) Mobile Safari/537.36 (compatible; PetalBot;+https://webmaster.petalsearch.com/site/petalbot)"
34.219.155.250 - - [03/Jan/2025:17:52:42 -0500] "HEAD /wordpress HTTP/1.1" 404 0 "http://kwachamusic.com/wordpress" "Mozilla/5.0 (Windows NT 10.0; Win64; x64) AppleWebKit/537.36 (KHTML, like Gecko) Chrome/74.0.3729.169 Safari/537.36"
34.219.155.250 - - [03/Jan/2025:17:52:43 -0500] "HEAD / HTTP/1.1" 200 0 "http://kwachamusic.com/" "Mozilla/5.0 (Windows NT 10.0; Win64; x64) AppleWebKit/537.36 (KHTML, like Gecko) Chrome/74.0.3729.169 Safari/537.36"
34.219.155.250 - - [03/Jan/2025:17:52:43 -0500] "HEAD /wp HTTP/1.1" 404 0 "http://kwachamusic.com/wp" "Mozilla/5.0 (Windows NT 10.0; Win64; x64) AppleWebKit/537.36 (KHTML, like Gecko) Chrome/74.0.3729.169 Safari/537.36"
34.219.155.250 - - [03/Jan/2025:17:52:43 -0500] "HEAD /bc HTTP/1.1" 404 0 "http://kwachamusic.com/bc" "Mozilla/5.0 (Windows NT 10.0; Win64; x64) AppleWebKit/537.36 (KHTML, like Gecko) Chrome/74.0.3729.169 Safari/537.36"
34.219.155.250 - - [03/Jan/2025:17:52:44 -0500] "HEAD /bk HTTP/1.1" 404 0 "http://kwachamusic.com/bk" "Mozilla/5.0 (Windows NT 10.0; Win64; x64) AppleWebKit/537.36 (KHTML, like Gecko) Chrome/74.0.3729.169 Safari/537.36"
34.219.155.250 - - [03/Jan/2025:17:52:44 -0500] "HEAD /backup HTTP/1.1" 404 0 "http://kwachamusic.com/backup" "Mozilla/5.0 (Windows NT 10.0; Win64; x64) AppleWebKit/537.36 (KHTML, like Gecko) Chrome/74.0.3729.169 Safari/537.36"
34.219.155.250 - - [03/Jan/2025:17:52:44 -0500] "HEAD /old HTTP/1.1" 404 0 "http://kwachamusic.com/old" "Mozilla/5.0 (Windows NT 10.0; Win64; x64) AppleWebKit/537.36 (KHTML, like Gecko) Chrome/74.0.3729.169 Safari/537.36"
34.219.155.250 - - [03/Jan/2025:17:52:44 -0500] "HEAD /new HTTP/1.1" 404 0 "http://kwachamusic.com/new" "Mozilla/5.0 (Windows NT 10.0; Win64; x64) AppleWebKit/537.36 (KHTML, like Gecko) Chrome/74.0.3729.169 Safari/537.36"
34.219.155.250 - - [03/Jan/2025:17:52:44 -0500] "HEAD /main HTTP/1.1" 404 0 "http://kwachamusic.com/main" "Mozilla/5.0 (Windows NT 10.0; Win64; x64) AppleWebKit/537.36 (KHTML, like Gecko) Chrome/74.0.3729.169 Safari/537.36"
34.219.155.250 - - [03/Jan/2025:17:52:45 -0500] "HEAD /home HTTP/1.1" 200 0 "http://kwachamusic.com/home" "Mozilla/5.0 (Windows NT 10.0; Win64; x64) AppleWebKit/537.36 (KHTML, like Gecko) Chrome/74.0.3729.169 Safari/537.36"
114.119.128.132 - - [03/Jan/2025:17:53:30 -0500] "GET /music/singles/music/audios-90-Male-by-Wikise-ft-Don-kalonga HTTP/1.1" 200 8782 "https://www.kwachamusic.com/music/singles/music/audios-48-Pachibale-Pawo-by-Zonke" "Mozilla/5.0 (Linux; Android 7.0;) AppleWebKit/537.36 (KHTML, like Gecko) Mobile Safari/537.36 (compatible; PetalBot;+https://webmaster.petalsearch.com/site/petalbot)"
185.191.171.18 - - [03/Jan/2025:17:56:18 -0500] "GET /music/stream-33 HTTP/1.1" 200 1563 "-" "Mozilla/5.0 (compatible; SemrushBot/7~bl; +http://www.semrush.com/bot.html)"
114.119.128.132 - - [03/Jan/2025:17:58:30 -0500] "GET /music/singles/music/audios-52-Muchikondi--by-T-Guy-Mw HTTP/1.1" 200 8782 "https://www.kwachamusic.com/music/singles/music/audios-48-Pachibale-Pawo-by-Zonke" "Mozilla/5.0 (Linux; Android 7.0;) AppleWebKit/537.36 (KHTML, like Gecko) Mobile Safari/537.36 (compatible; PetalBot;+https://webmaster.petalsearch.com/site/petalbot)"
195.20.19.198 - - [03/Jan/2025:17:58:54 -0500] "GET / HTTP/1.1" 200 12067 "-" "Mozilla/5.0 (Windows NT 10.0; Win64; x64) AppleWebKit/537.36 (KHTML, like Gecko) Chrome/122.0.0.0 Safari/537.36"
195.20.19.198 - - [03/Jan/2025:17:58:55 -0500] "GET /about/info HTTP/1.1" 200 6049 "-" "Mozilla/5.0 (Windows NT 10.0; Win64; x64) AppleWebKit/537.36 (KHTML, like Gecko) Chrome/122.0.0.0 Safari/537.36"
195.20.19.198 - - [03/Jan/2025:17:58:56 -0500] "GET /about/search HTTP/1.1" 200 4086 "-" "Mozilla/5.0 (Windows NT 10.0; Win64; x64) AppleWebKit/537.36 (KHTML, like Gecko) Chrome/122.0.0.0 Safari/537.36"
195.20.19.198 - - [03/Jan/2025:17:58:57 -0500] "POST /about/about/info HTTP/1.1" 404 1251 "-" "Mozilla/5.0 (Windows NT 10.0; Win64; x64) AppleWebKit/537.36 (KHTML, like Gecko) Chrome/122.0.0.0 Safari/537.36"
195.20.19.198 - - [03/Jan/2025:17:58:57 -0500] "POST /about/about/search HTTP/1.1" 404 1251 "-" "Mozilla/5.0 (Windows NT 10.0; Win64; x64) AppleWebKit/537.36 (KHTML, like Gecko) Chrome/122.0.0.0 Safari/537.36"
