195.20.19.198 - - [03/Jan/2025:17:58:58 -0500] "POST /about/login.php HTTP/1.1" 200 2601 "-" "Mozilla/5.0 (Windows NT 10.0; Win64; x64) AppleWebKit/537.36 (KHTML, like Gecko) Chrome/122.0.0.0 Safari/537.36"
195.20.19.198 - - [03/Jan/2025:17:58:58 -0500] "POST /about/info HTTP/1.1" 200 6049 "-" "Mozilla/5.0 (Windows NT 10.0; Win64; x64) AppleWebKit/537.36 (KHTML, like Gecko) Chrome/122.0.0.0 Safari/537.36"
195.20.19.198 - - [03/Jan/2025:17:58:59 -0500] "POST /about/search HTTP/1.1" 200 4086 "-" "Mozilla/5.0 (Windows NT 10.0; Win64; x64) AppleWebKit/537.36 (KHTML, like Gecko) Chrome/122.0.0.0 Safari/537.36"
195.20.19.198 - - [03/Jan/2025:17:59:00 -0500] "POST /about/about/about/info HTTP/1.1" 404 1251 "-" "Mozilla/5.0 (Windows NT 10.0; Win64; x64) AppleWebKit/537.36 (KHTML, like Gecko) Chrome/122.0.0.0 Safari/537.36"
195.20.19.198 - - [03/Jan/2025:17:59:01 -0500] "POST /about/about/about/search HTTP/1.1" 404 1251 "-" "Mozilla/5.0 (Windows NT 10.0; Win64; x64) AppleWebKit/537.36 (KHTML, like Gecko) Chrome/122.0.0.0 Safari/537.36"
114.119.128.132 - - [03/Jan/2025:18:03:30 -0500] "GET /music/singles/music/audios-46-Sindifuna-Kuphweka-by-B-Star HTTP/1.1" 200 8827 "https://www.kwachamusic.com/music/singles/music/audios-48-Pachibale-Pawo-by-Zonke" "Mozilla/5.0 (Linux; Android 7.0;) AppleWebKit/537.36 (KHTML, like Gecko) Mobile Safari/537.36 (compatible; PetalBot;+https://webmaster.petalsearch.com/site/petalbot)"
185.191.171.17 - - [03/Jan/2025:18:07:32 -0500] "GET /albumfiles/stream-38-30s HTTP/1.1" 200 1536 "-" "Mozilla/5.0 (compatible; SemrushBot/7~bl; +http://www.semrush.com/bot.html)"
114.119.149.131 - - [03/Jan/2025:18:08:31 -0500] "GET /music/singles/epfiles/audios-11-Momo-by-Funga HTTP/1.1" 200 8782 "https://www.kwachamusic.com/music/singles/epfiles/audios-68-Zilibwino--by-Ychriss-" "Mozilla/5.0 (Linux; Android 7.0;) AppleWebKit/537.36 (KHTML, like Gecko) Mobile Safari/537.36 (compatible; PetalBot;+https://webmaster.petalsearch.com/site/petalbot)"
185.191.171.18 - - [03/Jan/2025:18:10:24 -0500] "GET /robots.txt HTTP/1.1" 404 1251 "-" "Mozilla/5.0 (compatible; SemrushBot/7~bl; +http://www.semrush.com/bot.html)"
85.208.96.204 - - [03/Jan/2025:18:10:24 -0500] "GET /music/audios-46-Sindifuna-Kuphweka-by-B-Star HTTP/1.1" 200 1959 "-" "Mozilla/5.0 (compatible; SemrushBot/7~bl; +http://www.semrush.com/bot.html)"
114.119.154.11 - - [03/Jan/2025:18:13:30 -0500] "GET /music/singles/audios-84-Annointed--by-Sean-Morgan HTTP/1.1" 200 8782 "https://www.kwachamusic.com/music/singles/audios-29-Te-Amo-by-Lilboi-Chris-Ft-Airo-x-GamePlan53-&-Glock2Wavey" "Mozilla/5.0 (Linux; Android 7.0;) AppleWebKit/537.36 (KHTML, like Gecko) Mobile Safari/537.36 (compatible; PetalBot;+https://webmaster.petalsearch.com/site/petalbot)"
85.208.96.194 - - [03/Jan/2025:18:14:12 -0500] "GET /robots.txt HTTP/1.1" 404 1251 "-" "Mozilla/5.0 (compatible; SemrushBot/7~bl; +http://www.semrush.com/bot.html)"
85.208.96.205 - - [03/Jan/2025:18:14:12 -0500] "GET /videos/download.php?id=9 HTTP/1.1" 200 691 "-" "Mozilla/5.0 (compatible; SemrushBot/7~bl; +http://www.semrush.com/bot.html)"
85.208.96.210 - - [03/Jan/2025:18:15:20 -0500] "GET /music/stream-5 HTTP/1.1" 200 1576 "-" "Mozilla/5.0 (compatible; SemrushBot/7~bl; +http://www.semrush.com/bot.html)"
4.43.184.114 - - [03/Jan/2025:18:15:50 -0500] "GET / HTTP/1.0" 200 12067 "-" "Mozilla/4.0 (compatible; MSIE 7.0; Windows NT 6.0; Trident/4.0)"
114.119.158.138 - - [03/Jan/2025:18:18:31 -0500] "GET /music/singles/audios-120-Biya-by-Malinga HTTP/1.1" 200 8832 "https://www.kwachamusic.com/music/singles/audios-111-Nditakuona-by-Guazar" "Mozilla/5.0 (Linux; Android 7.0;) AppleWebKit/537.36 (KHTML, like Gecko) Mobile Safari/537.36 (compatible; PetalBot;+https://webmaster.petalsearch.com/site/petalbot)"
85.208.96.197 - - [03/Jan/2025:18:21:56 -0500] "GET /music/stream-37 HTTP/1.1" 200 1611 "-" "Mozilla/5.0 (compatible; SemrushBot/7~bl; +http://www.semrush.com/bot.html)"
114.119.159.236 - - [03/Jan/2025:18:23:34 -0500] "GET /music/singles/artworks/audios-76-Moment-Of-Truth-by-Riffle-Dynamic- HTTP/1.1" 200 8827 "https://www.kwachamusic.com/music/singles/artworks/audios-46-Sindifuna-Kuphweka-by-B-Star" "Mozilla/5.0 (Linux; Android 7.0;) AppleWebKit/537.36 (KHTML, like Gecko) Mobile Safari/537.36 (compatible; PetalBot;+https://webmaster.petalsearch.com/site/petalbot)"
4.43.184.114 - - [03/Jan/2025:18:26:35 -0500] "GET / HTTP/1.0" 200 12067 "-" "Mozilla/5.0 (Windows; U; Windows NT 6.1; en-US; rv:1.9.2.18) Gecko/20110614 Firefox/3.6.18"
114.119.158.138 - - [03/Jan/2025:18:28:31 -0500] "GET /music/singles/artworks/audios-65-Regrets--by-Skipperanking HTTP/1.1" 200 8782 "https://www.kwachamusic.com/music/singles/artworks/audios-46-Sindifuna-Kuphweka-by-B-Star" "Mozilla/5.0 (Linux; Android 7.0;) AppleWebKit/537.36 (KHTML, like Gecko) Mobile Safari/537.36 (compatible; PetalBot;+https://webmaster.petalsearch.com/site/petalbot)"
52.167.144.157 - - [03/Jan/2025:18:32:46 -0500] "GET /home%20files/homefiles/about/music/poetry/music/epfiles/homefiles/home HTTP/1.1" 200 2525 "-" "Mozilla/5.0 AppleWebKit/537.36 (KHTML, like Gecko; compatible; bingbot/2.0; +http://www.bing.com/bingbot.htm) Chrome/116.0.1938.76 Safari/537.36"
114.119.142.72 - - [03/Jan/2025:18:33:34 -0500] "GET /music/singles/artworks/audios-39-Obhowa-by-KelMo-C-ft-Ray-Skillz-x-Akayce HTTP/1.1" 200 8827 "https://www.kwachamusic.com/music/singles/artworks/audios-46-Sindifuna-Kuphweka-by-B-Star" "Mozilla/5.0 (Linux; Android 7.0;) AppleWebKit/537.36 (KHTML, like Gecko) Mobile Safari/537.36 (compatible; PetalBot;+https://webmaster.petalsearch.com/site/petalbot)"
85.208.96.200 - - [03/Jan/2025:18:36:36 -0500] "GET /albumfiles/stream-81-The-Archive HTTP/1.1" 200 1546 "-" "Mozilla/5.0 (compatible; SemrushBot/7~bl; +http://www.semrush.com/bot.html)"
114.119.154.11 - - [03/Jan/2025:18:38:31 -0500] "GET /music/singles/artworks/audios-110-Munthu-by-Guazar-ft-Ken-Matek HTTP/1.1" 200 8877 "https://www.kwachamusic.com/music/singles/artworks/audios-46-Sindifuna-Kuphweka-by-B-Star" "Mozilla/5.0 (Linux; Android 7.0;) AppleWebKit/537.36 (KHTML, like Gecko) Mobile Safari/537.36 (compatible; PetalBot;+https://webmaster.petalsearch.com/site/petalbot)"
185.191.171.12 - - [03/Jan/2025:18:40:48 -0500] "GET /music/audios-65-Regrets--by-Skipperanking HTTP/1.1" 200 1938 "-" "Mozilla/5.0 (compatible; SemrushBot/7~bl; +http://www.semrush.com/bot.html)"
114.119.159.236 - - [03/Jan/2025:18:43:33 -0500] "GET /music/singles/albumfiles/audios-98-WyDoMeSo-by-Onesimus HTTP/1.1" 200 8851 "https://www.kwachamusic.com/music/singles/albumfiles/audios-87-Temptations-by-Alex-Marvel-x-LemRes" "Mozilla/5.0 (Linux; Android 7.0;) AppleWebKit/537.36 (KHTML, like Gecko) Mobile Safari/537.36 (compatible; PetalBot;+https://webmaster.petalsearch.com/site/petalbot)"
85.208.96.201 - - [03/Jan/2025:18:45:29 -0500] "GET /epfiles/ep-zip.php?ep_title=Bachelor-of-arts HTTP/1.1" 302 0 "-" "Mozilla/5.0 (compatible; SemrushBot/7~bl; +http://www.semrush.com/bot.html)"
114.119.154.11 - - [03/Jan/2025:18:48:37 -0500] "GET /music/singles/albumfiles/audios-78-Chidole-by-Cocky HTTP/1.1" 200 8832 "https://www.kwachamusic.com/music/singles/albumfiles/audios-87-Temptations-by-Alex-Marvel-x-LemRes" "Mozilla/5.0 (Linux; Android 7.0;) AppleWebKit/537.36 (KHTML, like Gecko) Mobile Safari/537.36 (compatible; PetalBot;+https://webmaster.petalsearch.com/site/petalbot)"
4.43.184.114 - - [03/Jan/2025:18:51:02 -0500] "GET / HTTP/1.0" 200 12067 "-" "Mozilla/5.0 (compatible; MSIE 9.0; Windows NT 6.1; Win64; x64; Trident/5.0)"
85.208.96.201 - - [03/Jan/2025:18:52:29 -0500] "GET /music/download2.php?id=11 HTTP/1.1" 200 4784128 "-" "Mozilla/5.0 (compatible; SemrushBot/7~bl; +http://www.semrush.com/bot.html)"
114.119.154.11 - - [03/Jan/2025:18:53:35 -0500] "GET /music/singles/albumfiles/audios-50-Beautiful--by-The-Kings HTTP/1.1" 200 8782 "https://www.kwachamusic.com/music/singles/albumfiles/audios-87-Temptations-by-Alex-Marvel-x-LemRes" "Mozilla/5.0 (Linux; Android 7.0;) AppleWebKit/537.36 (KHTML, like Gecko) Mobile Safari/537.36 (compatible; PetalBot;+https://webmaster.petalsearch.com/site/petalbot)"
85.208.96.204 - - [03/Jan/2025:18:57:27 -0500] "GET /epfiles/streams-9-6-Colours HTTP/1.1" 200 1528 "-" "Mozilla/5.0 (compatible; SemrushBot/7~bl; +http://www.semrush.com/bot.html)"
114.119.149.131 - - [03/Jan/2025:18:58:31 -0500] "GET /music/singles/albumfiles/audios-5-Joseph-Kalilani-by-Tay-Grin HTTP/1.1" 200 8832 "https://www.kwachamusic.com/music/singles/albumfiles/audios-98-WyDoMeSo-by-Onesimus" "Mozilla/5.0 (Linux; Android 7.0;) AppleWebKit/537.36 (KHTML, like Gecko) Mobile Safari/537.36 (compatible; PetalBot;+https://webmaster.petalsearch.com/site/petalbot)"
114.119.157.143 - - [03/Jan/2025:19:03:33 -0500] "GET /singles/artworks/IMG_20240113_130803_671.jpg HTTP/1.1" 200 156144 "https://www.kwachamusic.com/music/audios-125-Nkono-by-Kelvin-Sings" "Mozilla/5.0 (Linux; Android 7.0;) AppleWebKit/537.36 (KHTML, like Gecko) Mobile Safari/537.36 (compatible; PetalBot;+https://webmaster.petalsearch.com/site/petalbot)"
85.208.96.212 - - [03/Jan/2025:19:04:38 -0500] "GET /music/audios-35-Dolo-by-Hvrners HTTP/1.1" 200 1941 "-" "Mozilla/5.0 (compatible; SemrushBot/7~bl; +http://www.semrush.com/bot.html)"
40.113.118.83 - - [03/Jan/2025:19:05:57 -0500] "GET / HTTP/1.1" 200 2794 "-" "curl/8.6.0"
114.119.149.131 - - [03/Jan/2025:19:08:32 -0500] "GET /music/stream-6 HTTP/1.1" 200 1553 "https://www.kwachamusic.com/music/stream-6" "Mozilla/5.0 (Linux; Android 7.0;) AppleWebKit/537.36 (KHTML, like Gecko) Mobile Safari/537.36 (compatible; PetalBot;+https://webmaster.petalsearch.com/site/petalbot)"
66.249.65.41 - - [03/Jan/2025:19:10:08 -0500] "GET /?UlZaAFcOAAUABwsd HTTP/1.1" 200 2525 "-" "Mozilla/5.0 (Linux; Android 6.0.1; Nexus 5X Build/MMB29P) AppleWebKit/537.36 (KHTML, like Gecko) Chrome/131.0.6778.139 Mobile Safari/537.36 (compatible; Googlebot/2.1; +http://www.google.com/bot.html)"
66.249.65.40 - - [03/Jan/2025:19:10:15 -0500] "GET /stackpath.bootstrapcdn.com/font-awesome/4.7.0/css/font-awesome.min.css HTTP/1.1" 404 1251 "https://kwachamusic.com/?UlZaAFcOAAUABwsd" "Mozilla/5.0 (Linux; Android 6.0.1; Nexus 5X Build/MMB29P) AppleWebKit/537.36 (KHTML, like Gecko) Chrome/131.0.6778.139 Mobile Safari/537.36 (compatible; Googlebot/2.1; +http://www.google.com/bot.html)"
66.249.65.41 - - [03/Jan/2025:19:10:15 -0500] "GET /js/bootstrap.min.js HTTP/1.1" 200 14764 "https://kwachamusic.com/?UlZaAFcOAAUABwsd" "Mozilla/5.0 (Linux; Android 6.0.1; Nexus 5X Build/MMB29P) AppleWebKit/537.36 (KHTML, like Gecko) Chrome/131.0.6778.139 Mobile Safari/537.36 (compatible; Googlebot/2.1; +http://www.google.com/bot.html)"
66.249.65.41 - - [03/Jan/2025:19:10:15 -0500] "GET /stackpath.bootstrapcdn.com/font-awesome/4.7.0/css/font-awesome.min.css HTTP/1.1" 404 1251 "https://kwachamusic.com/?UlZaAFcOAAUABwsd" "Mozilla/5.0 (Linux; Android 6.0.1; Nexus 5X Build/MMB29P) AppleWebKit/537.36 (KHTML, like Gecko) Chrome/131.0.6778.139 Mobile Safari/537.36 (compatible; Googlebot/2.1; +http://www.google.com/bot.html)"
85.208.96.210 - - [03/Jan/2025:19:12:05 -0500] "GET /robots.txt HTTP/1.1" 404 1251 "-" "Mozilla/5.0 (compatible; SemrushBot/7~bl; +http://www.semrush.com/bot.html)"
85.208.96.201 - - [03/Jan/2025:19:12:05 -0500] "GET /oldies/singles HTTP/1.1" 200 1456 "-" "Mozilla/5.0 (compatible; SemrushBot/7~bl; +http://www.semrush.com/bot.html)"
114.119.158.138 - - [03/Jan/2025:19:13:31 -0500] "GET /music/singles/profiles/audios-95-Adzawapatsa-Chimwemwe-by-Sentala HTTP/1.1" 200 8782 "https://www.kwachamusic.com/music/singles/profiles/audios-5-Joseph-Kalilani-by-Tay-Grin" "Mozilla/5.0 (Linux; Android 7.0;) AppleWebKit/537.36 (KHTML, like Gecko) Mobile Safari/537.36 (compatible; PetalBot;+https://webmaster.petalsearch.com/site/petalbot)"
185.191.171.15 - - [03/Jan/2025:19:15:34 -0500] "GET /music/download2.php?id=8 HTTP/1.1" 200 7437106 "-" "Mozilla/5.0 (compatible; SemrushBot/7~bl; +http://www.semrush.com/bot.html)"
114.119.157.143 - - [03/Jan/2025:19:18:32 -0500] "GET /music/singles/profiles/audios-53-Blessings--by-Ken-Matek HTTP/1.1" 200 8782 "https://www.kwachamusic.com/music/singles/profiles/audios-5-Joseph-Kalilani-by-Tay-Grin" "Mozilla/5.0 (Linux; Android 7.0;) AppleWebKit/537.36 (KHTML, like Gecko) Mobile Safari/537.36 (compatible; PetalBot;+https://webmaster.petalsearch.com/site/petalbot)"
194.38.23.16 - - [03/Jan/2025:19:18:45 -0500] "GET /wp-content/plugins/wp-file-manager/lib/files/ HTTP/1.1" 404 1251 "-" "ALittle Client"
114.119.149.131 - - [03/Jan/2025:19:20:09 -0500] "GET /music/singles/albumfiles/audios-155-Nono-by-Alex-Marvel HTTP/1.1" 200 8782 "https://kwachamusic.com/music/singles/albumfiles/audios-66-Bonnie-&-Clyde--by-Miko" "Mozilla/5.0 (Linux; Android 7.0;) AppleWebKit/537.36 (KHTML, like Gecko) Mobile Safari/537.36 (compatible; PetalBot;+https://webmaster.petalsearch.com/site/petalbot)"
114.119.159.236 - - [03/Jan/2025:19:23:32 -0500] "GET /music/singles/poetry/audios-83-Suka-Remix-by-Ewe-Tha-Spade-ft-Strxxt-Knawlxdge HTTP/1.1" 200 8827 "https://www.kwachamusic.com/music/singles/poetry/audios-66-Bonnie-&-Clyde--by-Miko" "Mozilla/5.0 (Linux; Android 7.0;) AppleWebKit/537.36 (KHTML, like Gecko) Mobile Safari/537.36 (compatible; PetalBot;+https://webmaster.petalsearch.com/site/petalbot)"
185.191.171.14 - - [03/Jan/2025:19:24:52 -0500] "GET /music/stream-70 HTTP/1.1" 200 1560 "-" "Mozilla/5.0 (compatible; SemrushBot/7~bl; +http://www.semrush.com/bot.html)"
114.119.158.138 - - [03/Jan/2025:19:25:04 -0500] "GET /music/singles/albumfiles/audios-145-Yamkulira-by-KelMo-C-Ft-Tn-Mboba-x-Ray-Skillz-&-Buddah HTTP/1.1" 200 8782 "https://kwachamusic.com/music/singles/albumfiles/audios-66-Bonnie-&-Clyde--by-Miko" "Mozilla/5.0 (Linux; Android 7.0;) AppleWebKit/537.36 (KHTML, like Gecko) Mobile Safari/537.36 (compatible; PetalBot;+https://webmaster.petalsearch.com/site/petalbot)"
85.208.96.207 - - [03/Jan/2025:19:25:47 -0500] "GET /music/audios-63-Down-by-Nefter HTTP/1.1" 200 1946 "-" "Mozilla/5.0 (compatible; SemrushBot/7~bl; +http://www.semrush.com/bot.html)"
114.119.128.132 - - [03/Jan/2025:19:28:32 -0500] "GET /music/singles/poetry/audios-72-Space-Run-by-Atrvpx-Thug-lXXl-ft-Rudovicco HTTP/1.1" 200 8782 "https://www.kwachamusic.com/music/singles/poetry/audios-66-Bonnie-&-Clyde--by-Miko" "Mozilla/5.0 (Linux; Android 7.0;) AppleWebKit/537.36 (KHTML, like Gecko) Mobile Safari/537.36 (compatible; PetalBot;+https://webmaster.petalsearch.com/site/petalbot)"
114.119.158.138 - - [03/Jan/2025:19:33:32 -0500] "GET /music/singles/poetry/audios-40-Gu-Gu-Gu-by-Eli-Njuchi HTTP/1.1" 200 8782 "https://www.kwachamusic.com/music/singles/poetry/audios-66-Bonnie-&-Clyde--by-Miko" "Mozilla/5.0 (Linux; Android 7.0;) AppleWebKit/537.36 (KHTML, like Gecko) Mobile Safari/537.36 (compatible; PetalBot;+https://webmaster.petalsearch.com/site/petalbot)"
114.119.149.131 - - [03/Jan/2025:19:38:33 -0500] "GET /music/singles/poetry/audios-19-Kutali-by-Qwenga-x-Fwataki-x-Wandizoh HTTP/1.1" 200 8937 "https://www.kwachamusic.com/music/singles/poetry/audios-66-Bonnie-&-Clyde--by-Miko" "Mozilla/5.0 (Linux; Android 7.0;) AppleWebKit/537.36 (KHTML, like Gecko) Mobile Safari/537.36 (compatible; PetalBot;+https://webmaster.petalsearch.com/site/petalbot)"
85.208.96.194 - - [03/Jan/2025:19:42:27 -0500] "GET /music/download2.php?id=22 HTTP/1.1" 200 7616813 "-" "Mozilla/5.0 (compatible; SemrushBot/7~bl; +http://www.semrush.com/bot.html)"
114.119.142.72 - - [03/Jan/2025:19:43:32 -0500] "GET /music/singles/poetry/audios-133-Ndatsika-za-mchinji-by-Kelmo HTTP/1.1" 200 8827 "https://www.kwachamusic.com/music/singles/poetry/audios-66-Bonnie-&-Clyde--by-Miko" "Mozilla/5.0 (Linux; Android 7.0;) AppleWebKit/537.36 (KHTML, like Gecko) Mobile Safari/537.36 (compatible; PetalBot;+https://webmaster.petalsearch.com/site/petalbot)"
114.119.154.11 - - [03/Jan/2025:19:47:33 -0500] "GET /music/singles/albumfiles/audios-147-Ndizilangiza-by-Guntolah-x-K-Banton HTTP/1.1" 200 8827 "https://kwachamusic.com/music/singles/albumfiles/audios-66-Bonnie-&-Clyde--by-Miko" "Mozilla/5.0 (Linux; Android 7.0;) AppleWebKit/537.36 (KHTML, like Gecko) Mobile Safari/537.36 (compatible; PetalBot;+https://webmaster.petalsearch.com/site/petalbot)"
114.119.150.9 - - [03/Jan/2025:19:48:33 -0500] "GET /music/singles/poetry/audios-128-Tiko-Prod-by-Dj-Zino-by-Alem-Lumbe HTTP/1.1" 200 8886 "https://www.kwachamusic.com/music/singles/poetry/audios-66-Bonnie-&-Clyde--by-Miko" "Mozilla/5.0 (Linux; Android 7.0;) AppleWebKit/537.36 (KHTML, like Gecko) Mobile Safari/537.36 (compatible; PetalBot;+https://webmaster.petalsearch.com/site/petalbot)"
66.249.65.42 - - [03/Jan/2025:19:50:55 -0500] "GET /?Ug0JAQUHC18OAgUn HTTP/1.1" 200 2496 "-" "Mozilla/5.0 (Linux; Android 6.0.1; Nexus 5X Build/MMB29P) AppleWebKit/537.36 (KHTML, like Gecko) Chrome/131.0.6778.139 Mobile Safari/537.36 (compatible; GoogleOther)"
114.119.158.138 - - [03/Jan/2025:19:53:32 -0500] "GET /music/singles/oldies/audios-104-Single-Again-(Reggae-Cover)--by-L-wizzy HTTP/1.1" 200 8824 "https://www.kwachamusic.com/music/singles/oldies/audios-57-Amachoncho-by-KelMo-C" "Mozilla/5.0 (Linux; Android 7.0;) AppleWebKit/537.36 (KHTML, like Gecko) Mobile Safari/537.36 (compatible; PetalBot;+https://webmaster.petalsearch.com/site/petalbot)"
185.191.171.15 - - [03/Jan/2025:19:54:04 -0500] "GET /epfiles/streams-54-Bachelor-of-arts HTTP/1.1" 200 1574 "-" "Mozilla/5.0 (compatible; SemrushBot/7~bl; +http://www.semrush.com/bot.html)"
185.191.171.7 - - [03/Jan/2025:19:54:07 -0500] "GET /music/stream-120 HTTP/1.1" 200 1573 "-" "Mozilla/5.0 (compatible; SemrushBot/7~bl; +http://www.semrush.com/bot.html)"
114.119.154.11 - - [03/Jan/2025:19:58:33 -0500] "GET /music/singles/music/audios-122-Express--by-Spencer HTTP/1.1" 200 8782 "https://www.kwachamusic.com/music/singles/music/audios-48-Pachibale-Pawo-by-Zonke" "Mozilla/5.0 (Linux; Android 7.0;) AppleWebKit/537.36 (KHTML, like Gecko) Mobile Safari/537.36 (compatible; PetalBot;+https://webmaster.petalsearch.com/site/petalbot)"
20.15.133.191 - - [03/Jan/2025:20:00:42 -0500] "GET /albumfiles/download.php?abamu_id=75 HTTP/1.1" 200 8942340 "-" "Mozilla/5.0 AppleWebKit/537.36 (KHTML, like Gecko; compatible; bingbot/2.0; +http://www.bing.com/bingbot.htm) Chrome/116.0.1938.76 Safari/537.36"
85.208.96.206 - - [03/Jan/2025:20:02:19 -0500] "GET /music/stream-88 HTTP/1.1" 200 1555 "-" "Mozilla/5.0 (compatible; SemrushBot/7~bl; +http://www.semrush.com/bot.html)"
114.119.159.236 - - [03/Jan/2025:20:03:35 -0500] "GET /music/singles/epfiles/audios-6-Ndinu-Nokha-by-Alex-Marvel HTTP/1.1" 200 8782 "https://www.kwachamusic.com/music/singles/epfiles/audios-68-Zilibwino--by-Ychriss-" "Mozilla/5.0 (Linux; Android 7.0;) AppleWebKit/537.36 (KHTML, like Gecko) Mobile Safari/537.36 (compatible; PetalBot;+https://webmaster.petalsearch.com/site/petalbot)"
159.223.89.166 - - [03/Jan/2025:20:05:55 -0500] "GET /singles/artworks/IMG_20240425_185101_097.jpg HTTP/1.1" 200 140730 "-" "Mozilla/5.0 (Windows NT 10.0; Win64; x64) AppleWebKit/537.36 (KHTML, like Gecko) Chrome/121.0.0.0 Safari/537.36 Edg/121.0.0.0"
85.208.96.208 - - [03/Jan/2025:20:06:48 -0500] "GET /music/audios-67-Hustle-by-Raphdem-x-Royal-Jax-ft-Jek-gang HTTP/1.1" 200 1950 "-" "Mozilla/5.0 (compatible; SemrushBot/7~bl; +http://www.semrush.com/bot.html)"
114.119.157.143 - - [03/Jan/2025:20:08:36 -0500] "GET /music/singles/epfiles/audios-139-Nfuna-Kudya-by-KelMo-C HTTP/1.1" 200 8782 "https://www.kwachamusic.com/music/singles/epfiles/audios-68-Zilibwino--by-Ychriss-" "Mozilla/5.0 (Linux; Android 7.0;) AppleWebKit/537.36 (KHTML, like Gecko) Mobile Safari/537.36 (compatible; PetalBot;+https://webmaster.petalsearch.com/site/petalbot)"
114.119.159.236 - - [03/Jan/2025:20:13:33 -0500] "GET /music/singles/epfiles/audios-128-Tiko-Prod-by-Dj-Zino-by-Alem-Lumbe HTTP/1.1" 200 8782 "https://www.kwachamusic.com/music/singles/epfiles/audios-68-Zilibwino--by-Ychriss-" "Mozilla/5.0 (Linux; Android 7.0;) AppleWebKit/537.36 (KHTML, like Gecko) Mobile Safari/537.36 (compatible; PetalBot;+https://webmaster.petalsearch.com/site/petalbot)"
114.119.157.143 - - [03/Jan/2025:20:18:33 -0500] "GET /music/singles/epfiles/audios-124-Better-Days-by-Guazar HTTP/1.1" 200 8782 "https://www.kwachamusic.com/music/singles/epfiles/audios-68-Zilibwino--by-Ychriss-" "Mozilla/5.0 (Linux; Android 7.0;) AppleWebKit/537.36 (KHTML, like Gecko) Mobile Safari/537.36 (compatible; PetalBot;+https://webmaster.petalsearch.com/site/petalbot)"
185.191.171.1 - - [03/Jan/2025:20:21:51 -0500] "GET /robots.txt HTTP/1.1" 404 1251 "-" "Mozilla/5.0 (compatible; SemrushBot/7~bl; +http://www.semrush.com/bot.html)"
185.191.171.14 - - [03/Jan/2025:20:21:54 -0500] "GET /epfiles/songs-8-After-the-silence- HTTP/1.1" 200 2189 "-" "Mozilla/5.0 (compatible; SemrushBot/7~bl; +http://www.semrush.com/bot.html)"
185.191.171.8 - - [03/Jan/2025:20:22:57 -0500] "GET /epfiles/download1.php?ep_id=52 HTTP/1.1" 200 2576020 "-" "Mozilla/5.0 (compatible; SemrushBot/7~bl; +http://www.semrush.com/bot.html)"
114.119.159.236 - - [03/Jan/2025:20:23:37 -0500] "GET /music/stream-121 HTTP/1.1" 200 1606 "https://www.kwachamusic.com/music/stream-121" "Mozilla/5.0 (Linux; Android 7.0;) AppleWebKit/537.36 (KHTML, like Gecko) Mobile Safari/537.36 (compatible; PetalBot;+https://webmaster.petalsearch.com/site/petalbot)"
185.191.171.11 - - [03/Jan/2025:20:24:38 -0500] "GET /albumfiles/songs-11-30s HTTP/1.1" 200 2632 "-" "Mozilla/5.0 (compatible; SemrushBot/7~bl; +http://www.semrush.com/bot.html)"
114.119.154.11 - - [03/Jan/2025:20:28:33 -0500] "GET /music/singles/profiles/audios-62-Chi-Clique-cha-ifeyo-by-Nefter HTTP/1.1" 200 8851 "https://www.kwachamusic.com/music/singles/profiles/audios-5-Joseph-Kalilani-by-Tay-Grin" "Mozilla/5.0 (Linux; Android 7.0;) AppleWebKit/537.36 (KHTML, like Gecko) Mobile Safari/537.36 (compatible; PetalBot;+https://webmaster.petalsearch.com/site/petalbot)"
114.119.149.131 - - [03/Jan/2025:20:33:35 -0500] "GET /music/singles/poetry/audios-62-Chi-Clique-cha-ifeyo-by-Nefter HTTP/1.1" 200 8782 "https://www.kwachamusic.com/music/singles/poetry/audios-66-Bonnie-&-Clyde--by-Miko" "Mozilla/5.0 (Linux; Android 7.0;) AppleWebKit/537.36 (KHTML, like Gecko) Mobile Safari/537.36 (compatible; PetalBot;+https://webmaster.petalsearch.com/site/petalbot)"
114.119.128.132 - - [03/Jan/2025:20:38:34 -0500] "GET /music/singles/poetry/audios-51-MOYO-by-Emperor-K HTTP/1.1" 200 8851 "https://www.kwachamusic.com/music/singles/poetry/audios-66-Bonnie-&-Clyde--by-Miko" "Mozilla/5.0 (Linux; Android 7.0;) AppleWebKit/537.36 (KHTML, like Gecko) Mobile Safari/537.36 (compatible; PetalBot;+https://webmaster.petalsearch.com/site/petalbot)"
114.119.159.236 - - [03/Jan/2025:20:43:35 -0500] "GET /music/singles/poetry/audios-35-Dolo-by-Hvrners HTTP/1.1" 200 8863 "https://www.kwachamusic.com/music/singles/poetry/audios-66-Bonnie-&-Clyde--by-Miko" "Mozilla/5.0 (Linux; Android 7.0;) AppleWebKit/537.36 (KHTML, like Gecko) Mobile Safari/537.36 (compatible; PetalBot;+https://webmaster.petalsearch.com/site/petalbot)"
85.208.96.201 - - [03/Jan/2025:20:46:56 -0500] "GET /music/stream-84 HTTP/1.1" 200 1559 "-" "Mozilla/5.0 (compatible; SemrushBot/7~bl; +http://www.semrush.com/bot.html)"
66.249.65.42 - - [03/Jan/2025:20:48:25 -0500] "GET /?ClBdBwQMUwMCUwcr HTTP/1.1" 200 2525 "-" "Mozilla/5.0 (Linux; Android 6.0.1; Nexus 5X Build/MMB29P) AppleWebKit/537.36 (KHTML, like Gecko) Chrome/131.0.6778.139 Mobile Safari/537.36 (compatible; GoogleOther)"
114.119.128.132 - - [03/Jan/2025:20:48:37 -0500] "GET /music/singles/poetry/audios-123-Shepherd--by-Guazar HTTP/1.1" 200 8814 "https://www.kwachamusic.com/music/singles/poetry/audios-66-Bonnie-&-Clyde--by-Miko" "Mozilla/5.0 (Linux; Android 7.0;) AppleWebKit/537.36 (KHTML, like Gecko) Mobile Safari/537.36 (compatible; PetalBot;+https://webmaster.petalsearch.com/site/petalbot)"
85.208.96.212 - - [03/Jan/2025:20:48:41 -0500] "GET /albumfiles/stream-39-30s HTTP/1.1" 200 1531 "-" "Mozilla/5.0 (compatible; SemrushBot/7~bl; +http://www.semrush.com/bot.html)"
114.119.128.132 - - [03/Jan/2025:20:53:35 -0500] "GET /music/singles/oldies/audios-58-Plus-1-by-K-Banton-ft-Lj-Woyee HTTP/1.1" 200 8851 "https://www.kwachamusic.com/music/singles/oldies/audios-57-Amachoncho-by-KelMo-C" "Mozilla/5.0 (Linux; Android 7.0;) AppleWebKit/537.36 (KHTML, like Gecko) Mobile Safari/537.36 (compatible; PetalBot;+https://webmaster.petalsearch.com/site/petalbot)"
114.119.142.72 - - [03/Jan/2025:20:58:35 -0500] "GET /music/singles/music/audios-8-Aye-by-Kelvin-sings HTTP/1.1" 200 8851 "https://www.kwachamusic.com/music/singles/music/audios-48-Pachibale-Pawo-by-Zonke" "Mozilla/5.0 (Linux; Android 7.0;) AppleWebKit/537.36 (KHTML, like Gecko) Mobile Safari/537.36 (compatible; PetalBot;+https://webmaster.petalsearch.com/site/petalbot)"
114.119.154.11 - - [03/Jan/2025:21:01:13 -0500] "GET /music/singles/albumfiles/audios-154-Ndichokwanira-Prod-by-Taycee-by-Isaiah-Livuza-x-Sentala- HTTP/1.1" 200 8782 "https://kwachamusic.com/music/singles/albumfiles/audios-66-Bonnie-&-Clyde--by-Miko" "Mozilla/5.0 (Linux; Android 7.0;) AppleWebKit/537.36 (KHTML, like Gecko) Mobile Safari/537.36 (compatible; PetalBot;+https://webmaster.petalsearch.com/site/petalbot)"
114.119.159.236 - - [03/Jan/2025:21:03:35 -0500] "GET /music/singles/music/audios-70-FadeAway-by-Skipperanking HTTP/1.1" 200 8782 "https://www.kwachamusic.com/music/singles/music/audios-48-Pachibale-Pawo-by-Zonke" "Mozilla/5.0 (Linux; Android 7.0;) AppleWebKit/537.36 (KHTML, like Gecko) Mobile Safari/537.36 (compatible; PetalBot;+https://webmaster.petalsearch.com/site/petalbot)"
35.185.125.84 - - [03/Jan/2025:21:03:47 -0500] "GET /media/system/js/core.js HTTP/1.1" 404 1251 "http://kwachamusic.com/media/system/js/core.js" "Mozilla/5.0 (Macintosh; Intel Mac OS X 10_10_1) AppleWebKit/537.36 (KHTML, like Gecko) Chrome/39.0.2171.95 Safari/537.36"
35.185.125.84 - - [03/Jan/2025:21:03:52 -0500] "GET /wp-includes/js/jquery/jquery.js HTTP/1.1" 404 1251 "http://kwachamusic.com/wp-includes/js/jquery/jquery.js" "Mozilla/5.0 (Macintosh; Intel Mac OS X 10_10_1) AppleWebKit/537.36 (KHTML, like Gecko) Chrome/39.0.2171.95 Safari/537.36"
185.191.171.3 - - [03/Jan/2025:21:08:26 -0500] "GET /music/stream-65 HTTP/1.1" 200 1541 "-" "Mozilla/5.0 (compatible; SemrushBot/7~bl; +http://www.semrush.com/bot.html)"
114.119.158.138 - - [03/Jan/2025:21:08:35 -0500] "GET /music/singles/music/audios-16-Mtima-by-Zali-x-Khili HTTP/1.1" 200 8782 "https://www.kwachamusic.com/music/singles/music/audios-48-Pachibale-Pawo-by-Zonke" "Mozilla/5.0 (Linux; Android 7.0;) AppleWebKit/537.36 (KHTML, like Gecko) Mobile Safari/537.36 (compatible; PetalBot;+https://webmaster.petalsearch.com/site/petalbot)"
85.208.96.207 - - [03/Jan/2025:21:09:03 -0500] "GET /albumfiles/stream-69-Kunja-Ndi-Mkati HTTP/1.1" 200 1560 "-" "Mozilla/5.0 (compatible; SemrushBot/7~bl; +http://www.semrush.com/bot.html)"
85.208.96.208 - - [03/Jan/2025:21:11:42 -0500] "GET /homefiles/stream.php?id=82 HTTP/1.1" 200 1549 "-" "Mozilla/5.0 (compatible; SemrushBot/7~bl; +http://www.semrush.com/bot.html)"
35.95.20.49 - - [03/Jan/2025:21:12:46 -0500] "GET / HTTP/1.1" 200 2794 "-" "Mozilla/5.0 (X11; U; OpenBSD i386; en-US; rv:1.9.1) Gecko/20090702 Firefox/3.5"
35.95.20.49 - - [03/Jan/2025:21:13:14 -0500] "GET /jquery.min.js HTTP/1.1" 404 1251 "-" "Mozilla/5.0 (Windows NT 6.2; ARM; Trident/7.0; Touch; rv:11.0; WPDesktop; NOKIA; Lumia 635) like Gecko"
35.95.20.49 - - [03/Jan/2025:21:13:14 -0500] "GET /main.js HTTP/1.1" 404 1251 "-" "Mozilla/5.0 (iPhone; CPU iPhone OS 10_3_3 like Mac OS X) AppleWebKit/603.3.8 (KHTML, like Gecko) Version/10.0 Mobile/14G60 Safari/602.1"
35.95.20.49 - - [03/Jan/2025:21:13:14 -0500] "GET //static.cloudflareinsights.com/beacon.min.js HTTP/1.1" 404 1251 "-" "Mozilla/5.0 (Linux; Android 9; Z6201V) AppleWebKit/537.36 (KHTML, like Gecko) Chrome/101.0.4951.41 Mobile Safari/537.36"
35.95.20.49 - - [03/Jan/2025:21:13:14 -0500] "GET /popper.js HTTP/1.1" 404 1251 "-" "Mozilla/5.0 (Macintosh; Intel Mac OS X 10_15_7) AppleWebKit/537.36 (KHTML, like Gecko) Chrome/98.0.4758.141 YaBrowser/22.3.3.865 Yowser/2.5 Safari/537.36"
35.95.20.49 - - [03/Jan/2025:21:13:14 -0500] "GET /bootstrap.min.js HTTP/1.1" 404 1251 "-" "Links (2.3pre1; Linux 2.6.38-8-generic x86_64; 170x48)"
35.95.20.49 - - [03/Jan/2025:21:13:40 -0500] "GET /jquery.min.js HTTP/1.1" 404 1251 "-" "Mozilla/5.0 (Macintosh; U; PPC Mac OS X; en) AppleWebKit/125.2 (KHTML, like Gecko) Safari/85.8"
35.95.20.49 - - [03/Jan/2025:21:13:40 -0500] "GET /bootstrap.min.js HTTP/1.1" 404 1251 "-" "Mozilla/5.0 (Windows NT 5.2; rv:10.0.1) Gecko/20100101 Firefox/10.0.1 SeaMonkey/2.7.1"
35.95.20.49 - - [03/Jan/2025:21:13:40 -0500] "GET /popper.js HTTP/1.1" 404 1251 "-" "Mozilla/5.0 (Linux; U; Android 1.5; en-us; T-Mobile G1 Build/CRB43) AppleWebKit/528.5  (KHTML, like Gecko) Version/3.1.2 Mobile Safari 525.20.1"
35.95.20.49 - - [03/Jan/2025:21:13:40 -0500] "GET //static.cloudflareinsights.com/beacon.min.js HTTP/1.1" 404 1251 "-" "Mozilla/5.0 (X11; Linux x86_64) AppleWebKit/537.36 (KHTML, like Gecko) Chrome/96.0.4664.45 Safari/537.36"
35.95.20.49 - - [03/Jan/2025:21:13:42 -0500] "GET /main.js HTTP/1.1" 404 1251 "-" "BlackBerry8300/4.2.2 Profile/MIDP-2.0 Configuration/CLDC-1.1 VendorID/107 UP.Link/6.2.3.15.0"
114.119.159.236 - - [03/Jan/2025:21:13:45 -0500] "GET /music/singles/epfiles/audios-44-Still-Feelmatic-by-Wise-Manson-Ft-Q-Aura HTTP/1.1" 200 8863 "https://www.kwachamusic.com/music/singles/epfiles/audios-68-Zilibwino--by-Ychriss-" "Mozilla/5.0 (Linux; Android 7.0;) AppleWebKit/537.36 (KHTML, like Gecko) Mobile Safari/537.36 (compatible; PetalBot;+https://webmaster.petalsearch.com/site/petalbot)"
185.191.171.7 - - [03/Jan/2025:21:13:58 -0500] "GET /robots.txt HTTP/1.1" 404 1251 "-" "Mozilla/5.0 (compatible; SemrushBot/7~bl; +http://www.semrush.com/bot.html)"
185.191.171.18 - - [03/Jan/2025:21:13:59 -0500] "GET /videos/download.php?id=10 HTTP/1.1" 200 696 "-" "Mozilla/5.0 (compatible; SemrushBot/7~bl; +http://www.semrush.com/bot.html)"
4.43.184.114 - - [03/Jan/2025:21:14:13 -0500] "GET / HTTP/1.0" 200 12067 "-" "Mozilla/4.0 (compatible; MSIE 8.0; Windows NT 6.1)"
35.95.20.49 - - [03/Jan/2025:21:14:15 -0500] "GET /bootstrap.min.js HTTP/1.1" 404 1251 "-" "Mozilla/5.0 (Windows NT 6.1; Win64; x64; rv:25.0) Gecko/20100101 Firefox/29.0"
35.95.20.49 - - [03/Jan/2025:21:14:15 -0500] "GET /jquery.min.js HTTP/1.1" 404 1251 "-" "iTunes/4.2 (Macintosh; U; PPC Mac OS X 10.2)"
35.95.20.49 - - [03/Jan/2025:21:14:15 -0500] "GET /popper.js HTTP/1.1" 404 1251 "-" "Mozilla/5.0 (Windows NT 10.0; Win64; x64) AppleWebKit/537.36 (KHTML, like Gecko) Chrome/100.0.4896.127 Safari/537.36 AtContent/96.5.9594.95"
35.95.20.49 - - [03/Jan/2025:21:14:15 -0500] "GET //static.cloudflareinsights.com/beacon.min.js HTTP/1.1" 404 1251 "-" "Mozilla/5.0 (iPhone; CPU iPhone OS 15_1 like Mac OS X) AppleWebKit/605.1.15 (KHTML, like Gecko) Mobile/15E148 OPT/3.2.13"
35.95.20.49 - - [03/Jan/2025:21:14:17 -0500] "GET /main.js HTTP/1.1" 404 1251 "-" "Mozilla/5.0 (Macintosh; U; PPC Mac OS X; en) AppleWebKit/125.2 (KHTML, like Gecko) Safari/85.8"
185.191.171.10 - - [03/Jan/2025:21:14:27 -0500] "GET /epfiles/download1.php?ep_id=55 HTTP/1.1" 200 2661284 "-" "Mozilla/5.0 (compatible; SemrushBot/7~bl; +http://www.semrush.com/bot.html)"
35.95.20.49 - - [03/Jan/2025:21:14:42 -0500] "GET //static.cloudflareinsights.com/beacon.min.js HTTP/1.1" 404 1251 "-" "Opera/9.80 (S60; SymbOS; Opera Mobi/499; U; ru) Presto/2.4.18 Version/10.00"
35.95.20.49 - - [03/Jan/2025:21:14:42 -0500] "GET /main.js HTTP/1.1" 404 1251 "-" "Mozilla/5.0 (Linux; Android 11; Pixel 2 XL) AppleWebKit/537.36 (KHTML, like Gecko) Chrome/101.0.4951.41 Mobile Safari/537.36"
35.95.20.49 - - [03/Jan/2025:21:14:42 -0500] "GET /jquery.min.js HTTP/1.1" 404 1251 "-" "Mozilla/5.0 (Macintosh; Intel Mac OS X 10_15_6) AppleWebKit/537.36 (KHTML, like Gecko) Chrome/98.0.4758.102 Safari/537.36"
35.95.20.49 - - [03/Jan/2025:21:14:42 -0500] "GET /bootstrap.min.js HTTP/1.1" 404 1251 "-" "Mozilla/5.0 (Windows NT 10.0; Win64; x64) AppleWebKit/537.36 (KHTML, like Gecko) Chrome/100.0.4896.143 Safari/537.36 Edg/100.0.1185.57"
35.95.20.49 - - [03/Jan/2025:21:14:44 -0500] "GET /popper.js HTTP/1.1" 404 1251 "-" "Mozilla/5.0 (Linux; Android 4.4.2; SAMSUNG-SM-G900A Build/KOT49H) AppleWebKit/537.36 (KHTML, like Gecko) Chrome/45.0.2454.94 Mobile Safari/537.36"
35.95.20.49 - - [03/Jan/2025:21:15:20 -0500] "GET /jquery.min.js HTTP/1.1" 404 1251 "-" "Mozilla/5.0 (X11; Linux x86_64; rv:38.0) Gecko/20100101 Firefox/38.0"
35.95.20.49 - - [03/Jan/2025:21:15:20 -0500] "GET //static.cloudflareinsights.com/beacon.min.js HTTP/1.1" 404 1251 "-" "Mozilla/5.0 (Macintosh; Intel Mac OS X 10_15_7) AppleWebKit/537.36 (KHTML, like Gecko) Chrome/103.0.5056.0 Safari/537.36"
35.95.20.49 - - [03/Jan/2025:21:15:20 -0500] "GET /bootstrap.min.js HTTP/1.1" 404 1251 "-" "Mozilla/5.0 (X11; U; Linux i686; en-US) AppleWebKit/532.8 (KHTML, like Gecko) Chrome/4.0.277.0 Safari/532.8"
35.95.20.49 - - [03/Jan/2025:21:15:20 -0500] "GET /main.js HTTP/1.1" 404 1251 "-" "Mozilla/5.0 (Windows NT 6.1; WOW64) AppleWebKit/534.27 (KHTML, like Gecko) Chrome/12.0.712.0 Safari/534.27"
35.95.20.49 - - [03/Jan/2025:21:15:20 -0500] "GET /popper.js HTTP/1.1" 404 1251 "-" "Opera/9.5 (Microsoft Windows; PPC; Opera Mobi; U) SonyEricssonX1i/R2AA Profile/MIDP-2.0 Configuration/CLDC-1.1"
35.95.20.49 - - [03/Jan/2025:21:15:42 -0500] "GET /popper.js HTTP/1.1" 404 1251 "-" "Mozilla/5.0 (Linux; Android 12; SM-G998B) AppleWebKit/537.36 (KHTML, like Gecko) Chrome/101.0.4951.41 Mobile Safari/537.36"
35.95.20.49 - - [03/Jan/2025:21:15:42 -0500] "GET //static.cloudflareinsights.com/beacon.min.js HTTP/1.1" 404 1251 "-" "Mozilla/5.0 (Macintosh; U; PPC Mac OS X; fr-fr) AppleWebKit/312.5 (KHTML, like Gecko) Safari/312.3"
35.95.20.49 - - [03/Jan/2025:21:15:42 -0500] "GET /jquery.min.js HTTP/1.1" 404 1251 "-" "Mozilla/5.0 (Linux; Android 5.1.1; Coolpad 3622A Build/LMY47V) AppleWebKit/537.36 (KHTML, like Gecko) Chrome/58.0.3029.83 Mobile Safari/537.36"
35.95.20.49 - - [03/Jan/2025:21:15:42 -0500] "GET /main.js HTTP/1.1" 404 1251 "-" "Mozilla/5.0 (Windows NT 10.0) AppleWebKit/537.36 (KHTML, like Gecko) Chrome/60.0.3112.91 Safari/537.36 Vivaldi/1.92.917.39"
35.95.20.49 - - [03/Jan/2025:21:15:42 -0500] "GET /bootstrap.min.js HTTP/1.1" 404 1251 "-" "Mozilla/5.0 (Macintosh; Intel Mac OS X 10_15_7) AppleWebKit/537.36 (KHTML, like Gecko) Chrome/98.0.4758.141 YaBrowser/22.3.3.865 Yowser/2.5 Safari/537.36"
114.119.128.132 - - [03/Jan/2025:21:18:35 -0500] "GET /music/singles/epfiles/audios-144-Zowawa-by-Zeze-Kingston- HTTP/1.1" 200 8851 "https://www.kwachamusic.com/music/singles/epfiles/audios-68-Zilibwino--by-Ychriss-" "Mozilla/5.0 (Linux; Android 7.0;) AppleWebKit/537.36 (KHTML, like Gecko) Mobile Safari/537.36 (compatible; PetalBot;+https://webmaster.petalsearch.com/site/petalbot)"
85.208.96.211 - - [03/Jan/2025:21:19:40 -0500] "GET /music/download2.php?id=6 HTTP/1.1" 200 6771374 "-" "Mozilla/5.0 (compatible; SemrushBot/7~bl; +http://www.semrush.com/bot.html)"
114.119.154.11 - - [03/Jan/2025:21:23:39 -0500] "GET /music/singles/audios-88-Bill-yanga-by-Malinga HTTP/1.1" 200 8782 "https://www.kwachamusic.com/music/singles/audios-29-Te-Amo-by-Lilboi-Chris-Ft-Airo-x-GamePlan53-&-Glock2Wavey" "Mozilla/5.0 (Linux; Android 7.0;) AppleWebKit/537.36 (KHTML, like Gecko) Mobile Safari/537.36 (compatible; PetalBot;+https://webmaster.petalsearch.com/site/petalbot)"
156.59.198.135 - - [03/Jan/2025:21:26:50 -0500] "GET /singles/artworks/guazarndalama.jpg HTTP/1.1" 404 1251 "-" "Mozilla/5.0 (Linux; Android 5.0) AppleWebKit/537.36 (KHTML, like Gecko) Mobile Safari/537.36 (compatible; Bytespider; spider-feedback@bytedance.com)"
114.119.157.143 - - [03/Jan/2025:21:28:36 -0500] "GET /music/singles/audios-43-Mantha-by-Game-Plan53- HTTP/1.1" 200 8832 "https://www.kwachamusic.com/music/singles/audios-29-Te-Amo-by-Lilboi-Chris-Ft-Airo-x-GamePlan53-&-Glock2Wavey" "Mozilla/5.0 (Linux; Android 7.0;) AppleWebKit/537.36 (KHTML, like Gecko) Mobile Safari/537.36 (compatible; PetalBot;+https://webmaster.petalsearch.com/site/petalbot)"
185.191.171.12 - - [03/Jan/2025:21:30:50 -0500] "GET /robots.txt HTTP/1.1" 404 1251 "-" "Mozilla/5.0 (compatible; SemrushBot/7~bl; +http://www.semrush.com/bot.html)"
185.191.171.7 - - [03/Jan/2025:21:30:51 -0500] "GET /music/audios-29-Te-Amo-by-Lilboi-Chris-Ft-Airo-x-GamePlan53-&-Glock2Wavey HTTP/1.1" 200 1974 "-" "Mozilla/5.0 (compatible; SemrushBot/7~bl; +http://www.semrush.com/bot.html)"
47.128.22.23 - - [03/Jan/2025:21:30:51 -0500] "GET /robots.txt HTTP/1.1" 404 1251 "-" "Mozilla/5.0 (Linux; Android 5.0) AppleWebKit/537.36 (KHTML, like Gecko) Mobile Safari/537.36 (compatible; Bytespider; spider-feedback@bytedance.com)"
114.119.154.11 - - [03/Jan/2025:21:33:35 -0500] "GET /music/singles/audios-148-Usamalebe-by-Sentala-ft-Arphaxad HTTP/1.1" 200 8782 "https://www.kwachamusic.com/music/singles/audios-29-Te-Amo-by-Lilboi-Chris-Ft-Airo-x-GamePlan53-&-Glock2Wavey" "Mozilla/5.0 (Linux; Android 7.0;) AppleWebKit/537.36 (KHTML, like Gecko) Mobile Safari/537.36 (compatible; PetalBot;+https://webmaster.petalsearch.com/site/petalbot)"
47.128.119.1 - - [03/Jan/2025:21:34:51 -0500] "GET /robots.txt HTTP/1.1" 404 1251 "-" "Mozilla/5.0 (Linux; Android 5.0) AppleWebKit/537.36 (KHTML, like Gecko) Mobile Safari/537.36 (compatible; Bytespider; spider-feedback@bytedance.com)"
4.43.184.114 - - [03/Jan/2025:21:35:21 -0500] "GET / HTTP/1.0" 200 12067 "-" "Mozilla/4.0 (compatible; MSIE 8.0; Windows NT 6.0)"
85.208.96.196 - - [03/Jan/2025:21:37:12 -0500] "GET /epfiles/songs-3-6-Colours HTTP/1.1" 200 2196 "-" "Mozilla/5.0 (compatible; SemrushBot/7~bl; +http://www.semrush.com/bot.html)"
85.208.96.208 - - [03/Jan/2025:21:37:16 -0500] "GET /albumfiles/download.php?abamu_id=15 HTTP/1.1" 200 6520785 "-" "Mozilla/5.0 (compatible; SemrushBot/7~bl; +http://www.semrush.com/bot.html)"
114.119.150.9 - - [03/Jan/2025:21:38:38 -0500] "GET /music/singles/audios-144-Zowawa-by-Zeze-Kingston- HTTP/1.1" 200 8758 "https://www.kwachamusic.com/music/singles/audios-29-Te-Amo-by-Lilboi-Chris-Ft-Airo-x-GamePlan53-&-Glock2Wavey" "Mozilla/5.0 (Linux; Android 7.0;) AppleWebKit/537.36 (KHTML, like Gecko) Mobile Safari/537.36 (compatible; PetalBot;+https://webmaster.petalsearch.com/site/petalbot)"
85.208.96.206 - - [03/Jan/2025:21:38:39 -0500] "GET /music/audios-72-Space-Run-by-Atrvpx-Thug-lXXl-ft-Rudovicco HTTP/1.1" 200 1961 "-" "Mozilla/5.0 (compatible; SemrushBot/7~bl; +http://www.semrush.com/bot.html)"
156.59.198.136 - - [03/Jan/2025:21:38:50 -0500] "GET /singles/artworks/WhyByEliNjuchi.jpg HTTP/1.1" 404 1251 "-" "Mozilla/5.0 (Linux; Android 5.0) AppleWebKit/537.36 (KHTML, like Gecko) Mobile Safari/537.36 (compatible; Bytespider; spider-feedback@bytedance.com)"
43.159.136.201 - - [03/Jan/2025:21:42:25 -0500] "GET / HTTP/1.1" 200 2775 "http://kwachamusic.com" "Mozilla/5.0 (iPhone; CPU iPhone OS 13_2_3 like Mac OS X) AppleWebKit/605.1.15 (KHTML, like Gecko) Version/13.0.3 Mobile/15E148 Safari/604.1"
47.128.113.38 - - [03/Jan/2025:21:42:53 -0500] "GET /robots.txt HTTP/1.1" 404 1251 "-" "Mozilla/5.0 (Linux; Android 5.0) AppleWebKit/537.36 (KHTML, like Gecko) Mobile Safari/537.36 (compatible; Bytespider; spider-feedback@bytedance.com)"
185.191.171.15 - - [03/Jan/2025:21:42:59 -0500] "GET /music/download2.php?id=78 HTTP/1.1" 200 5671820 "-" "Mozilla/5.0 (compatible; SemrushBot/7~bl; +http://www.semrush.com/bot.html)"
114.119.149.131 - - [03/Jan/2025:21:43:41 -0500] "GET /singles/artworks/IMG_20230627_150511_272.jpg HTTP/1.1" 200 164930 "https://www.kwachamusic.com/music/audios-93-Yabaya-by-Eli-Njuchi-x-Yo-Maps" "Mozilla/5.0 (Linux; Android 7.0;) AppleWebKit/537.36 (KHTML, like Gecko) Mobile Safari/537.36 (compatible; PetalBot;+https://webmaster.petalsearch.com/site/petalbot)"
4.43.184.114 - - [03/Jan/2025:21:43:49 -0500] "GET / HTTP/1.0" 200 12067 "-" "Mozilla/5.0 (X11; U; Linux x86_64; en-US) AppleWebKit/533.4 (KHTML, like Gecko) Chrome/5.0.375.53 Safari/533.4"
114.119.138.140 - - [03/Jan/2025:21:46:31 -0500] "GET /robots.txt HTTP/1.1" 404 1251 "-" "Mozilla/5.0 (compatible;PetalBot;+https://webmaster.petalsearch.com/site/petalbot)"
47.128.34.197 - - [03/Jan/2025:21:46:52 -0500] "GET /robots.txt HTTP/1.1" 404 1251 "-" "Mozilla/5.0 (Linux; Android 5.0) AppleWebKit/537.36 (KHTML, like Gecko) Mobile Safari/537.36 (compatible; Bytespider; spider-feedback@bytedance.com)"
114.119.154.11 - - [03/Jan/2025:21:48:36 -0500] "GET /music/stream-15 HTTP/1.1" 200 1558 "https://www.kwachamusic.com/music/audios-15-Epic-by-Alex-Marvel" "Mozilla/5.0 (Linux; Android 7.0;) AppleWebKit/537.36 (KHTML, like Gecko) Mobile Safari/537.36 (compatible; PetalBot;+https://webmaster.petalsearch.com/site/petalbot)"
51.8.102.157 - - [03/Jan/2025:21:50:06 -0500] "GET /robots.txt HTTP/1.1" 404 1251 "-" "Mozilla/5.0 AppleWebKit/537.36 (KHTML, like Gecko); compatible; OAI-SearchBot/1.0; +https://openai.com/searchbot"
51.8.102.157 - - [03/Jan/2025:21:50:07 -0500] "GET /robots.txt HTTP/1.1" 404 1251 "-" "Mozilla/5.0 AppleWebKit/537.36 (KHTML, like Gecko); compatible; OAI-SearchBot/1.0; +https://openai.com/searchbot"
114.119.150.9 - - [03/Jan/2025:21:53:36 -0500] "GET /music/stream-148 HTTP/1.1" 200 1584 "https://www.kwachamusic.com/music/stream-148" "Mozilla/5.0 (Linux; Android 7.0;) AppleWebKit/537.36 (KHTML, like Gecko) Mobile Safari/537.36 (compatible; PetalBot;+https://webmaster.petalsearch.com/site/petalbot)"
199.16.157.181 - - [03/Jan/2025:21:53:38 -0500] "GET /robots.txt HTTP/1.1" 404 1251 "-" "Twitterbot/1.0"
199.16.157.181 - - [03/Jan/2025:21:53:38 -0500] "GET /music/audios-138-Iweyo-Prod-By-Dj-Zino-by-Alem-Lumbe HTTP/1.1" 200 1963 "-" "Twitterbot/1.0"
85.208.96.205 - - [03/Jan/2025:21:54:04 -0500] "GET /epfiles/download1.php?ep_id=54 HTTP/1.1" 200 2976007 "-" "Mozilla/5.0 (compatible; SemrushBot/7~bl; +http://www.semrush.com/bot.html)"
146.19.48.229 - - [03/Jan/2025:21:57:18 -0500] "GET /homefiles/download3.php?id=155%27 HTTP/1.1" 500 0 "http://kwachamusic.com/homefiles/download3.php?id=155%27" "Mozilla/5.0 (Windows NT 10.0; Win64; x64) AppleWebKit/537.36 (KHTML, like Gecko) Chrome/126.0.0.0 Safari/537.36"
114.119.150.9 - - [03/Jan/2025:21:58:37 -0500] "GET /music/singles/profiles/audios-69-Muchibwenzi-Chimenechi-by-Ainno-Busy-x-Mwanache HTTP/1.1" 200 8782 "https://www.kwachamusic.com/music/singles/profiles/audios-5-Joseph-Kalilani-by-Tay-Grin" "Mozilla/5.0 (Linux; Android 7.0;) AppleWebKit/537.36 (KHTML, like Gecko) Mobile Safari/537.36 (compatible; PetalBot;+https://webmaster.petalsearch.com/site/petalbot)"
185.191.171.2 - - [03/Jan/2025:22:03:16 -0500] "GET /music/download2.php?id=88 HTTP/1.1" 200 3521933 "-" "Mozilla/5.0 (compatible; SemrushBot/7~bl; +http://www.semrush.com/bot.html)"
114.119.159.236 - - [03/Jan/2025:22:03:36 -0500] "GET /music/singles/profiles/audios-56-Ainno-Busy-Birthday-Bash-by-Inno-Busy HTTP/1.1" 200 8863 "https://www.kwachamusic.com/music/singles/profiles/audios-5-Joseph-Kalilani-by-Tay-Grin" "Mozilla/5.0 (Linux; Android 7.0;) AppleWebKit/537.36 (KHTML, like Gecko) Mobile Safari/537.36 (compatible; PetalBot;+https://webmaster.petalsearch.com/site/petalbot)"
85.208.96.198 - - [03/Jan/2025:22:07:09 -0500] "GET /albumfiles/stream-7-Dedicated-Mixtape HTTP/1.1" 200 1542 "-" "Mozilla/5.0 (compatible; SemrushBot/7~bl; +http://www.semrush.com/bot.html)"
114.119.158.138 - - [03/Jan/2025:22:08:37 -0500] "GET /music/singles/profiles/audios-33-Kumanda-by-Thino-Masper HTTP/1.1" 200 8782 "https://www.kwachamusic.com/music/singles/profiles/audios-5-Joseph-Kalilani-by-Tay-Grin" "Mozilla/5.0 (Linux; Android 7.0;) AppleWebKit/537.36 (KHTML, like Gecko) Mobile Safari/537.36 (compatible; PetalBot;+https://webmaster.petalsearch.com/site/petalbot)"
85.208.96.203 - - [03/Jan/2025:22:09:24 -0500] "GET /music/stream-49 HTTP/1.1" 200 1570 "-" "Mozilla/5.0 (compatible; SemrushBot/7~bl; +http://www.semrush.com/bot.html)"
185.191.171.4 - - [03/Jan/2025:22:11:56 -0500] "GET /music/stream-8 HTTP/1.1" 200 1576 "-" "Mozilla/5.0 (compatible; SemrushBot/7~bl; +http://www.semrush.com/bot.html)"
114.119.154.11 - - [03/Jan/2025:22:13:41 -0500] "GET /music/singles/profiles/audios-18-Maybe-by-Lilboi-Chris HTTP/1.1" 200 8782 "https://www.kwachamusic.com/music/singles/profiles/audios-5-Joseph-Kalilani-by-Tay-Grin" "Mozilla/5.0 (Linux; Android 7.0;) AppleWebKit/537.36 (KHTML, like Gecko) Mobile Safari/537.36 (compatible; PetalBot;+https://webmaster.petalsearch.com/site/petalbot)"
85.208.96.210 - - [03/Jan/2025:22:16:04 -0500] "GET /music/stream-54 HTTP/1.1" 200 1564 "-" "Mozilla/5.0 (compatible; SemrushBot/7~bl; +http://www.semrush.com/bot.html)"
114.119.150.9 - - [03/Jan/2025:22:18:41 -0500] "GET /music/singles/poetry/audios-119-Sakuyankha-Phone-by-KelMo-C HTTP/1.1" 200 8782 "https://www.kwachamusic.com/music/singles/poetry/audios-66-Bonnie-&-Clyde--by-Miko" "Mozilla/5.0 (Linux; Android 7.0;) AppleWebKit/537.36 (KHTML, like Gecko) Mobile Safari/537.36 (compatible; PetalBot;+https://webmaster.petalsearch.com/site/petalbot)"
85.208.96.211 - - [03/Jan/2025:22:19:31 -0500] "GET /albumfiles/albums HTTP/1.1" 200 2047 "-" "Mozilla/5.0 (compatible; SemrushBot/7~bl; +http://www.semrush.com/bot.html)"
85.208.96.196 - - [03/Jan/2025:22:21:37 -0500] "GET /albumfiles/stream-23-The-Ghetto-Diary HTTP/1.1" 200 1552 "-" "Mozilla/5.0 (compatible; SemrushBot/7~bl; +http://www.semrush.com/bot.html)"
85.208.96.193 - - [03/Jan/2025:22:22:33 -0500] "GET /music/download2.php?id=68 HTTP/1.1" 200 1638400 "-" "Mozilla/5.0 (compatible; SemrushBot/7~bl; +http://www.semrush.com/bot.html)"
114.119.128.132 - - [03/Jan/2025:22:23:37 -0500] "GET /music/singles/oldies/audios-29-Te-Amo-by-Lilboi-Chris-Ft-Airo-x-GamePlan53-&-Glock2Wavey HTTP/1.1" 200 8900 "https://www.kwachamusic.com/music/singles/oldies/audios-57-Amachoncho-by-KelMo-C" "Mozilla/5.0 (Linux; Android 7.0;) AppleWebKit/537.36 (KHTML, like Gecko) Mobile Safari/537.36 (compatible; PetalBot;+https://webmaster.petalsearch.com/site/petalbot)"
114.119.159.236 - - [03/Jan/2025:22:28:37 -0500] "GET /music/singles/artworks/audios-118-Kwanu-by-Alem-Lumbe HTTP/1.1" 200 8782 "https://www.kwachamusic.com/music/singles/artworks/audios-46-Sindifuna-Kuphweka-by-B-Star" "Mozilla/5.0 (Linux; Android 7.0;) AppleWebKit/537.36 (KHTML, like Gecko) Mobile Safari/537.36 (compatible; PetalBot;+https://webmaster.petalsearch.com/site/petalbot)"
52.167.144.238 - - [03/Jan/2025:22:31:08 -0500] "GET /home%20files/homefiles/albumfiles/epfiles/homefiles/videos/poetry/home HTTP/1.1" 200 2496 "-" "Mozilla/5.0 AppleWebKit/537.36 (KHTML, like Gecko; compatible; bingbot/2.0; +http://www.bing.com/bingbot.htm) Chrome/116.0.1938.76 Safari/537.36"
114.119.158.138 - - [03/Jan/2025:22:33:39 -0500] "GET /music/singles/artworks/audios-11-Momo-by-Funga HTTP/1.1" 200 8827 "https://www.kwachamusic.com/music/singles/artworks/audios-46-Sindifuna-Kuphweka-by-B-Star" "Mozilla/5.0 (Linux; Android 7.0;) AppleWebKit/537.36 (KHTML, like Gecko) Mobile Safari/537.36 (compatible; PetalBot;+https://webmaster.petalsearch.com/site/petalbot)"
85.208.96.198 - - [03/Jan/2025:22:33:56 -0500] "GET /robots.txt HTTP/1.1" 404 1251 "-" "Mozilla/5.0 (compatible; SemrushBot/7~bl; +http://www.semrush.com/bot.html)"
85.208.96.195 - - [03/Jan/2025:22:33:56 -0500] "GET /music/stream-60 HTTP/1.1" 200 1556 "-" "Mozilla/5.0 (compatible; SemrushBot/7~bl; +http://www.semrush.com/bot.html)"
114.119.157.143 - - [03/Jan/2025:22:38:40 -0500] "GET /music/singles/albumfiles/audios-67-Hustle-by-Raphdem-x-Royal-Jax-ft-Jek-gang HTTP/1.1" 200 8782 "https://www.kwachamusic.com/music/singles/albumfiles/audios-87-Temptations-by-Alex-Marvel-x-LemRes" "Mozilla/5.0 (Linux; Android 7.0;) AppleWebKit/537.36 (KHTML, like Gecko) Mobile Safari/537.36 (compatible; PetalBot;+https://webmaster.petalsearch.com/site/petalbot)"
4.43.184.114 - - [03/Jan/2025:22:41:00 -0500] "GET / HTTP/1.0" 200 12067 "-" "Mozilla/5.0 (Windows; U; Windows NT 6.1; en-US; rv:1.9.2.7) Gecko/20100713 Firefox/3.6.7"
185.191.171.1 - - [03/Jan/2025:22:42:16 -0500] "GET /epfiles/download1.php?ep_id=56 HTTP/1.1" 200 2924180 "-" "Mozilla/5.0 (compatible; SemrushBot/7~bl; +http://www.semrush.com/bot.html)"
114.119.157.143 - - [03/Jan/2025:22:43:38 -0500] "GET /music/singles/albumfiles/audios-39-Obhowa-by-KelMo-C-ft-Ray-Skillz-x-Akayce HTTP/1.1" 200 8782 "https://www.kwachamusic.com/music/singles/albumfiles/audios-87-Temptations-by-Alex-Marvel-x-LemRes" "Mozilla/5.0 (Linux; Android 7.0;) AppleWebKit/537.36 (KHTML, like Gecko) Mobile Safari/537.36 (compatible; PetalBot;+https://webmaster.petalsearch.com/site/petalbot)"
114.119.159.236 - - [03/Jan/2025:22:48:37 -0500] "GET /music/singles/albumfiles/audios-151-More-than-friends--by-Seanex-ft-Rae-Rich- HTTP/1.1" 200 8782 "https://www.kwachamusic.com/music/singles/albumfiles/audios-87-Temptations-by-Alex-Marvel-x-LemRes" "Mozilla/5.0 (Linux; Android 7.0;) AppleWebKit/537.36 (KHTML, like Gecko) Mobile Safari/537.36 (compatible; PetalBot;+https://webmaster.petalsearch.com/site/petalbot)"
185.191.171.12 - - [03/Jan/2025:22:50:37 -0500] "GET /albumfiles/stream-76-The-Archive HTTP/1.1" 200 1542 "-" "Mozilla/5.0 (compatible; SemrushBot/7~bl; +http://www.semrush.com/bot.html)"
18.141.147.133 - - [03/Jan/2025:22:52:14 -0500] "GET / HTTP/1.1" 200 2794 "-" "Mozilla/5.0 (X11; U; Linux x86_64; en-gb) AppleWebKit/534.35 (KHTML, like Gecko) Chrome/11.0.696.65 Safari/534.35 Puffin/2.9174AP"
18.141.147.133 - - [03/Jan/2025:22:52:38 -0500] "GET /jquery.min.js HTTP/1.1" 404 1251 "-" "Mozilla/5.0 (Linux; Android 12; Pixel 6) AppleWebKit/537.36 (KHTML, like Gecko) Chrome/101.0.4951.41 Mobile Safari/537.36"
18.141.147.133 - - [03/Jan/2025:22:52:38 -0500] "GET /bootstrap.min.js HTTP/1.1" 404 1251 "-" "Mozilla/5.0 (Linux; Android 12; SM-G991U) AppleWebKit/537.36 (KHTML, like Gecko) Chrome/101.0.4951.41 Mobile Safari/537.36"
18.141.147.133 - - [03/Jan/2025:22:52:38 -0500] "GET //static.cloudflareinsights.com/beacon.min.js HTTP/1.1" 404 1251 "-" "Opera/9.80 (J2ME/MIDP; Opera Mini/5.0.16823/1428; U; en) Presto/2.2.0"
