18.141.147.133 - - [03/Jan/2025:22:52:39 -0500] "GET /popper.js HTTP/1.1" 404 1251 "-" "Opera/9.80 (X11; Linux i686; U; en) Presto/2.2.15 Version/10.10"
18.141.147.133 - - [03/Jan/2025:22:52:39 -0500] "GET /main.js HTTP/1.1" 404 1251 "-" "Mozilla/1.22 (compatible; MSIE 5.01; PalmOS 3.0) EudoraWeb 2.1"
18.141.147.133 - - [03/Jan/2025:22:53:01 -0500] "GET /main.js HTTP/1.1" 404 1251 "-" "Mozilla/5.0 (X11; Linux i686) AppleWebKit/537.36 (KHTML, like Gecko) Chrome/53.0.2785.101 Safari/537.36 OPR/40.0.2308.62"
18.141.147.133 - - [03/Jan/2025:22:53:01 -0500] "GET /bootstrap.min.js HTTP/1.1" 404 1251 "-" "Mozilla/5.0 (X11; Linux x86_64) AppleWebKit/537.36 (KHTML, like Gecko) Chrome/98.0.4758.80 Safari/537.36"
18.141.147.133 - - [03/Jan/2025:22:53:01 -0500] "GET /popper.js HTTP/1.1" 404 1251 "-" "LG-GC900/V10a Obigo/WAP2.0 Profile/MIDP-2.1 Configuration/CLDC-1.1"
18.141.147.133 - - [03/Jan/2025:22:53:01 -0500] "GET /jquery.min.js HTTP/1.1" 404 1251 "-" "Mozilla/5.0 (SymbianOS/9.2; U; Series60/3.1 NokiaE90-1/07.24.0.3; Profile/MIDP-2.0 Configuration/CLDC-1.1 ) AppleWebKit/413 (KHTML, like Gecko) Safari/413 UP.Link/6.2.3.18.0"
18.141.147.133 - - [03/Jan/2025:22:53:01 -0500] "GET //static.cloudflareinsights.com/beacon.min.js HTTP/1.1" 404 1251 "-" "Mozilla/5.0 (X11; U; OpenBSD arm; en-us) AppleWebKit/531.2  (KHTML, like Gecko) Safari/531.2  Epiphany/2.30.0"
18.141.147.133 - - [03/Jan/2025:22:53:28 -0500] "GET /popper.js HTTP/1.1" 404 1251 "-" "Mozilla/5.0 (Linux; Android 8.0; Pixel 2 Build/OPD3.170816.012) AppleWebKit/537.36 (KHTML, like Gecko) Chrome/75.0.3765.0 Mobile Safari/537.36"
18.141.147.133 - - [03/Jan/2025:22:53:29 -0500] "GET //static.cloudflareinsights.com/beacon.min.js HTTP/1.1" 404 1251 "-" "Mozilla/5.0 (Macintosh; Intel Mac OS X 10_12_6) AppleWebKit/537.36 (KHTML, like Gecko) Chrome/100.0.4896.127 Safari/537.36"
18.141.147.133 - - [03/Jan/2025:22:53:29 -0500] "GET /main.js HTTP/1.1" 404 1251 "-" "Mozilla/5.0 (Linux; Android 5.1.1; Coolpad 3622A Build/LMY47V) AppleWebKit/537.36 (KHTML, like Gecko) Chrome/58.0.3029.83 Mobile Safari/537.36"
18.141.147.133 - - [03/Jan/2025:22:53:29 -0500] "GET /bootstrap.min.js HTTP/1.1" 404 1251 "-" "Mozilla/5.0 (Linux; Android 9; ZTE Blade A7 2020) AppleWebKit/537.36 (KHTML, like Gecko) Chrome/96.0.4664.45 Mobile Safari/537.36"
18.141.147.133 - - [03/Jan/2025:22:53:29 -0500] "GET /jquery.min.js HTTP/1.1" 404 1251 "-" "Mozilla/5.0 (Windows NT 5.1; rv:31.0) Gecko/20100101 Firefox/31.0"
114.119.154.11 - - [03/Jan/2025:22:53:37 -0500] "GET /music/singles/albumfiles/audios-144-Zowawa-by-Zeze-Kingston- HTTP/1.1" 200 8863 "https://www.kwachamusic.com/music/singles/albumfiles/audios-87-Temptations-by-Alex-Marvel-x-LemRes" "Mozilla/5.0 (Linux; Android 7.0;) AppleWebKit/537.36 (KHTML, like Gecko) Mobile Safari/537.36 (compatible; PetalBot;+https://webmaster.petalsearch.com/site/petalbot)"
18.141.147.133 - - [03/Jan/2025:22:53:54 -0500] "GET //static.cloudflareinsights.com/beacon.min.js HTTP/1.1" 404 1251 "-" "Mozilla/5.0 (Linux; Android 11; Pixel 2 XL) AppleWebKit/537.36 (KHTML, like Gecko) Chrome/101.0.4951.41 Mobile Safari/537.36"
18.141.147.133 - - [03/Jan/2025:22:53:54 -0500] "GET /jquery.min.js HTTP/1.1" 404 1251 "-" "Mozilla/5.0 (Linux; Android 7.0; LGUS997 Build/NRD90U) AppleWebKit/537.36 (KHTML, like Gecko) Chrome/59.0.3071.125 Mobile Safari/537.36"
18.141.147.133 - - [03/Jan/2025:22:53:54 -0500] "GET /main.js HTTP/1.1" 404 1251 "-" "Nokia6230i/2.0 (03.80) Profile/MIDP-2.0 Configuration/CLDC-1.1"
18.141.147.133 - - [03/Jan/2025:22:53:54 -0500] "GET /bootstrap.min.js HTTP/1.1" 404 1251 "-" "Opera/8.01 (J2ME/MIDP; Opera Mini/1.0.1479/HiFi; SonyEricsson P900; no; U; ssr)"
18.141.147.133 - - [03/Jan/2025:22:53:54 -0500] "GET /popper.js HTTP/1.1" 404 1251 "-" "Mozilla/5.0 (Windows Phone 8.1; ARM; Trident/7.0; Touch; rv:11.0; IEMobile/11.0; NOKIA; Lumia 630) like Gecko"
18.141.147.133 - - [03/Jan/2025:22:54:20 -0500] "GET /popper.js HTTP/1.1" 404 1251 "-" "Mozilla/5.0 (X11; U; Linux x86_64; en-US) AppleWebKit/532.9 (KHTML, like Gecko) Chrome/5.0.309.0 Safari/532.9"
18.141.147.133 - - [03/Jan/2025:22:54:20 -0500] "GET //static.cloudflareinsights.com/beacon.min.js HTTP/1.1" 404 1251 "-" "Mozilla/5.0 (Linux; Android 12; Pixel 4a) AppleWebKit/537.36 (KHTML, like Gecko) Chrome/101.0.4951.41 Mobile Safari/537.36"
18.141.147.133 - - [03/Jan/2025:22:54:20 -0500] "GET /bootstrap.min.js HTTP/1.1" 404 1251 "-" "Mozilla/5.0 (X11; Linux x86_64) AppleWebKit/537.36 (KHTML, like Gecko) Chrome/99.0.4844.84 Safari/537.36"
18.141.147.133 - - [03/Jan/2025:22:54:20 -0500] "GET /main.js HTTP/1.1" 404 1251 "-" "Mozilla/5.0 (Windows NT 6.1) AppleWebKit/537.71 (KHTML like Gecko) WebVideo/1.0.1.10 Version/7.0 Safari/537.71"
18.141.147.133 - - [03/Jan/2025:22:54:20 -0500] "GET /jquery.min.js HTTP/1.1" 404 1251 "-" "Mozilla/5.0 (iPhone; CPU iPhone OS 14_6 like Mac OS X) AppleWebKit/605.1.15 (KHTML, like Gecko) CriOS/101.0.4951.58 Mobile/15E148 Safari/604.1"
18.141.147.133 - - [03/Jan/2025:22:54:45 -0500] "GET //static.cloudflareinsights.com/beacon.min.js HTTP/1.1" 404 1251 "-" "Opera/7.50 (Windows ME; U) [en]"
18.141.147.133 - - [03/Jan/2025:22:54:45 -0500] "GET /popper.js HTTP/1.1" 404 1251 "-" "Mozilla/5.0 (iPhone; CPU iPhone OS 15_4 like Mac OS X) AppleWebKit/605.1.15 (KHTML, like Gecko) GSA/209.1.445234187 Mobile/15E148 Safari/604.1"
18.141.147.133 - - [03/Jan/2025:22:54:45 -0500] "GET /jquery.min.js HTTP/1.1" 404 1251 "-" "Mozilla/4.0 (compatible; MSIE 6.0; Windows CE; IEMobile 7.11) Sprint:PPC6800"
18.141.147.133 - - [03/Jan/2025:22:54:45 -0500] "GET /main.js HTTP/1.1" 404 1251 "-" "Mozilla/5.0 (X11; Linux x86_64) AppleWebKit/537.36 (KHTML, like Gecko) Chrome/41.0.2227.0 Safari/537.36"
18.141.147.133 - - [03/Jan/2025:22:54:45 -0500] "GET /bootstrap.min.js HTTP/1.1" 404 1251 "-" "Mozilla/5.0 (Linux; Android 10; Redmi Note 7) AppleWebKit/537.36 (KHTML, like Gecko) Chrome/83.0.4103.101 Mobile Safari/537.36"
114.119.142.72 - - [03/Jan/2025:22:58:39 -0500] "GET /music/singles/albumfiles/audios-133-Ndatsika-za-mchinji-by-Kelmo HTTP/1.1" 200 8782 "https://www.kwachamusic.com/music/singles/albumfiles/audios-87-Temptations-by-Alex-Marvel-x-LemRes" "Mozilla/5.0 (Linux; Android 7.0;) AppleWebKit/537.36 (KHTML, like Gecko) Mobile Safari/537.36 (compatible; PetalBot;+https://webmaster.petalsearch.com/site/petalbot)"
221.229.106.25 - - [03/Jan/2025:23:03:00 -0500] "GET / HTTP/1.1" 200 2775 "http://www.kwachamusic.com" "Mozilla/5.0 (iPhone; CPU iPhone OS 13_2_3 like Mac OS X) AppleWebKit/605.1.15 (KHTML, like Gecko) Version/13.0.3 Mobile/15E148 Safari/604.1"
114.119.159.236 - - [03/Jan/2025:23:03:38 -0500] "GET /music/singles/videos/audios-149-Chiko-Prod-by-DJ-Zino-by-Alem-Lumbe HTTP/1.1" 200 8782 "https://www.kwachamusic.com/music/singles/videos/audios-104-Single-Again-(Reggae-Cover)--by-L-wizzy" "Mozilla/5.0 (Linux; Android 7.0;) AppleWebKit/537.36 (KHTML, like Gecko) Mobile Safari/537.36 (compatible; PetalBot;+https://webmaster.petalsearch.com/site/petalbot)"
185.191.171.13 - - [03/Jan/2025:23:05:46 -0500] "GET /music/download2.php?id=24 HTTP/1.1" 200 3862032 "-" "Mozilla/5.0 (compatible; SemrushBot/7~bl; +http://www.semrush.com/bot.html)"
114.119.158.138 - - [03/Jan/2025:23:08:38 -0500] "GET /music/singles/epfiles/audios-35-Dolo-by-Hvrners HTTP/1.1" 200 8827 "https://www.kwachamusic.com/music/singles/epfiles/audios-68-Zilibwino--by-Ychriss-" "Mozilla/5.0 (Linux; Android 7.0;) AppleWebKit/537.36 (KHTML, like Gecko) Mobile Safari/537.36 (compatible; PetalBot;+https://webmaster.petalsearch.com/site/petalbot)"
114.119.142.72 - - [03/Jan/2025:23:13:38 -0500] "GET /music/singles/artworks/audios-55-Sasintha-by-Alex-Marvel HTTP/1.1" 200 8827 "https://www.kwachamusic.com/music/singles/artworks/audios-46-Sindifuna-Kuphweka-by-B-Star" "Mozilla/5.0 (Linux; Android 7.0;) AppleWebKit/537.36 (KHTML, like Gecko) Mobile Safari/537.36 (compatible; PetalBot;+https://webmaster.petalsearch.com/site/petalbot)"
114.119.150.9 - - [03/Jan/2025:23:18:42 -0500] "GET /music/singles/albumfiles/audios-132-Ambuye-Chikondu-by-Guazar HTTP/1.1" 200 8782 "https://www.kwachamusic.com/music/singles/albumfiles/audios-87-Temptations-by-Alex-Marvel-x-LemRes" "Mozilla/5.0 (Linux; Android 7.0;) AppleWebKit/537.36 (KHTML, like Gecko) Mobile Safari/537.36 (compatible; PetalBot;+https://webmaster.petalsearch.com/site/petalbot)"
105.234.166.1 - - [03/Jan/2025:23:19:27 -0500] "GET /music/audios-138-Iweyo-Prod-By-Dj-Zino-by-Alem-Lumbe HTTP/1.1" 200 1699 "-" "Mozilla/5.0 (Linux; Android 10; K) AppleWebKit/537.36 (KHTML, like Gecko) Chrome/131.0.0.0 Mobile Safari/537.36"
105.234.166.1 - - [03/Jan/2025:23:19:27 -0500] "GET /stackpath.bootstrapcdn.com/font-awesome/4.7.0/css/font-awesome.min.css HTTP/1.1" 404 1251 "https://www.kwachamusic.com/music/audios-138-Iweyo-Prod-By-Dj-Zino-by-Alem-Lumbe" "Mozilla/5.0 (Linux; Android 10; K) AppleWebKit/537.36 (KHTML, like Gecko) Chrome/131.0.0.0 Mobile Safari/537.36"
105.234.166.1 - - [03/Jan/2025:23:19:28 -0500] "POST /cdn-cgi/rum? HTTP/1.1" 404 1251 "https://www.kwachamusic.com/music/audios-138-Iweyo-Prod-By-Dj-Zino-by-Alem-Lumbe" "Mozilla/5.0 (Linux; Android 10; K) AppleWebKit/537.36 (KHTML, like Gecko) Chrome/131.0.0.0 Mobile Safari/537.36"
105.234.166.1 - - [03/Jan/2025:23:19:33 -0500] "POST /cdn-cgi/rum? HTTP/1.1" 404 1251 "https://www.kwachamusic.com/music/audios-138-Iweyo-Prod-By-Dj-Zino-by-Alem-Lumbe" "Mozilla/5.0 (Linux; Android 10; K) AppleWebKit/537.36 (KHTML, like Gecko) Chrome/131.0.0.0 Mobile Safari/537.36"
185.191.171.19 - - [03/Jan/2025:23:20:18 -0500] "GET /epfiles/songs-6-For-the-streets- HTTP/1.1" 200 2361 "-" "Mozilla/5.0 (compatible; SemrushBot/7~bl; +http://www.semrush.com/bot.html)"
185.191.171.16 - - [03/Jan/2025:23:22:24 -0500] "GET /music/download2.php?id=87 HTTP/1.1" 200 6978566 "-" "Mozilla/5.0 (compatible; SemrushBot/7~bl; +http://www.semrush.com/bot.html)"
114.119.159.236 - - [03/Jan/2025:23:23:39 -0500] "GET /music/singles/albumfiles/audios-120-Biya-by-Malinga HTTP/1.1" 200 8782 "https://www.kwachamusic.com/music/singles/albumfiles/audios-87-Temptations-by-Alex-Marvel-x-LemRes" "Mozilla/5.0 (Linux; Android 7.0;) AppleWebKit/537.36 (KHTML, like Gecko) Mobile Safari/537.36 (compatible; PetalBot;+https://webmaster.petalsearch.com/site/petalbot)"
85.208.96.193 - - [03/Jan/2025:23:28:22 -0500] "GET /albumfiles/stream-27-The-Ghetto-Diary HTTP/1.1" 200 1559 "-" "Mozilla/5.0 (compatible; SemrushBot/7~bl; +http://www.semrush.com/bot.html)"
114.119.149.131 - - [03/Jan/2025:23:28:39 -0500] "GET /music/singles/albumfiles/audios-100-Samagona-by-Bucci-feat-Temwah HTTP/1.1" 200 8782 "https://www.kwachamusic.com/music/singles/albumfiles/audios-87-Temptations-by-Alex-Marvel-x-LemRes" "Mozilla/5.0 (Linux; Android 7.0;) AppleWebKit/537.36 (KHTML, like Gecko) Mobile Safari/537.36 (compatible; PetalBot;+https://webmaster.petalsearch.com/site/petalbot)"
185.191.171.6 - - [03/Jan/2025:23:28:46 -0500] "GET /music/download2.php?id=42 HTTP/1.1" 200 7502483 "-" "Mozilla/5.0 (compatible; SemrushBot/7~bl; +http://www.semrush.com/bot.html)"
31.13.103.2 - - [03/Jan/2025:23:30:39 -0500] "GET /singles/artworks/IMG-20221114-WA0001.jpg HTTP/1.1" 200 57383 "-" "facebookexternalhit/1.1 (+http://www.facebook.com/externalhit_uatext.php)"
69.171.249.114 - - [03/Jan/2025:23:30:44 -0500] "GET /music/audios?id=68 HTTP/1.1" 404 1251 "-" "facebookexternalhit/1.1 (+http://www.facebook.com/externalhit_uatext.php)"
105.9.240.197 - - [03/Jan/2025:23:30:47 -0500] "GET /music/audios?id=68&fbclid=IwY2xjawHlmMZleHRuA2FlbQIxMQABHaOLlOoV3Y1X03Og7fP9bWLthSNUlFmWxCwqrpYZpIaW6-hy9mGGgKn9uQ_aem_flWiXyOM09wfiEYlqf15tA HTTP/1.1" 404 1251 "https://lm.facebook.com/" "Mozilla/5.0 (Linux; Android 11; TECNO KF6j Build/RP1A.200720.011; wv) AppleWebKit/537.36 (KHTML, like Gecko) Version/4.0 Chrome/122.0.6261.119 Mobile Safari/537.36 [FB_IAB/FB4A;FBAV/491.0.0.58.78;]"
105.9.240.197 - - [03/Jan/2025:23:30:48 -0500] "GET /favicon.ico HTTP/1.1" 404 1251 "https://www.kwachamusic.com/music/audios?id=68&fbclid=IwY2xjawHlmMZleHRuA2FlbQIxMQABHaOLlOoV3Y1X03Og7fP9bWLthSNUlFmWxCwqrpYZpIaW6-hy9mGGgKn9uQ_aem_flWiXyOM09wfiEYlqf15tA" "Mozilla/5.0 (Linux; Android 11; TECNO KF6j Build/RP1A.200720.011; wv) AppleWebKit/537.36 (KHTML, like Gecko) Version/4.0 Chrome/122.0.6261.119 Mobile Safari/537.36 [FB_IAB/FB4A;FBAV/491.0.0.58.78;]"
105.9.240.197 - - [03/Jan/2025:23:30:58 -0500] "GET /music/audios?id=68&fbclid=IwY2xjawHlmNBleHRuA2FlbQIxMQABHQUgGaDvu3hAsiBoueluiaCnkj5STXHNGSUNn2zCU1fMcxstTEFJV9PiUg_aem_TGqepH-Zgig3N0aAr8IpOw HTTP/1.1" 404 1251 "https://lm.facebook.com/" "Mozilla/5.0 (Linux; Android 11; TECNO KF6j Build/RP1A.200720.011; wv) AppleWebKit/537.36 (KHTML, like Gecko) Version/4.0 Chrome/122.0.6261.119 Mobile Safari/537.36 [FB_IAB/FB4A;FBAV/491.0.0.58.78;]"
105.9.240.197 - - [03/Jan/2025:23:30:58 -0500] "GET /favicon.ico HTTP/1.1" 404 1251 "https://www.kwachamusic.com/music/audios?id=68&fbclid=IwY2xjawHlmNBleHRuA2FlbQIxMQABHQUgGaDvu3hAsiBoueluiaCnkj5STXHNGSUNn2zCU1fMcxstTEFJV9PiUg_aem_TGqepH-Zgig3N0aAr8IpOw" "Mozilla/5.0 (Linux; Android 11; TECNO KF6j Build/RP1A.200720.011; wv) AppleWebKit/537.36 (KHTML, like Gecko) Version/4.0 Chrome/122.0.6261.119 Mobile Safari/537.36 [FB_IAB/FB4A;FBAV/491.0.0.58.78;]"
114.119.159.236 - - [03/Jan/2025:23:33:39 -0500] "GET /music/singles/about/search HTTP/1.1" 200 8827 "https://www.kwachamusic.com/music/singles/videos/audios-104-Single-Again-(Reggae-Cover)--by-L-wizzy" "Mozilla/5.0 (Linux; Android 7.0;) AppleWebKit/537.36 (KHTML, like Gecko) Mobile Safari/537.36 (compatible; PetalBot;+https://webmaster.petalsearch.com/site/petalbot)"
31.13.115.7 - - [03/Jan/2025:23:33:55 -0500] "GET /albums/artworks/skip.jpg HTTP/1.1" 200 136171 "-" "facebookexternalhit/1.1 (+http://www.facebook.com/externalhit_uatext.php)"
114.119.128.132 - - [03/Jan/2025:23:38:38 -0500] "GET /music/singles/about/audios-83-Suka-Remix-by-Ewe-Tha-Spade-ft-Strxxt-Knawlxdge HTTP/1.1" 200 8782 "https://www.kwachamusic.com/music/singles/about/audios-86-Mpanda-by-Quest-feat-Spyral,-Mellz,-Blakjak-&-Guntolah-" "Mozilla/5.0 (Linux; Android 7.0;) AppleWebKit/537.36 (KHTML, like Gecko) Mobile Safari/537.36 (compatible; PetalBot;+https://webmaster.petalsearch.com/site/petalbot)"
185.191.171.6 - - [03/Jan/2025:23:40:33 -0500] "GET /robots.txt HTTP/1.1" 404 1251 "-" "Mozilla/5.0 (compatible; SemrushBot/7~bl; +http://www.semrush.com/bot.html)"
185.191.171.6 - - [03/Jan/2025:23:40:34 -0500] "GET /music/download2.php?id=9 HTTP/1.1" 200 7502430 "-" "Mozilla/5.0 (compatible; SemrushBot/7~bl; +http://www.semrush.com/bot.html)"
31.13.127.3 - - [03/Jan/2025:23:43:03 -0500] "GET /singles/artworks/IMG-20221114-WA0001.jpg HTTP/1.1" 200 57383 "-" "facebookexternalhit/1.1 (+http://www.facebook.com/externalhit_uatext.php)"
114.119.158.138 - - [03/Jan/2025:23:43:40 -0500] "GET /music/singles/about/audios-73-Pano--by-Driemo HTTP/1.1" 200 8782 "https://www.kwachamusic.com/music/singles/about/audios-86-Mpanda-by-Quest-feat-Spyral,-Mellz,-Blakjak-&-Guntolah-" "Mozilla/5.0 (Linux; Android 7.0;) AppleWebKit/537.36 (KHTML, like Gecko) Mobile Safari/537.36 (compatible; PetalBot;+https://webmaster.petalsearch.com/site/petalbot)"
137.196.0.24 - - [03/Jan/2025:23:44:29 -0500] "GET /music/audios-126-Weekend--by-Trappybeats-X-Fada-Moti HTTP/1.1" 200 1709 "https://www.google.com/" "Mozilla/5.0 (Linux; U; Android 10; en-us; itel L6006 Build/QP1A.190711.020) AppleWebKit/537.36 (KHTML, like Gecko) Chrome/127.0.6533.103 Mobile Safari/537.36 PHX/17.3"
137.196.0.24 - - [03/Jan/2025:23:44:30 -0500] "GET /stackpath.bootstrapcdn.com/font-awesome/4.7.0/css/font-awesome.min.css HTTP/1.1" 404 1251 "https://kwachamusic.com/music/audios-126-Weekend--by-Trappybeats-X-Fada-Moti" "Mozilla/5.0 (Linux; U; Android 10; en-us; itel L6006 Build/QP1A.190711.020) AppleWebKit/537.36 (KHTML, like Gecko) Chrome/127.0.6533.103 Mobile Safari/537.36 PHX/17.3"
137.196.0.24 - - [03/Jan/2025:23:44:30 -0500] "GET /kwacha.png HTTP/1.1" 200 109438 "https://kwachamusic.com/music/audios-126-Weekend--by-Trappybeats-X-Fada-Moti" "Mozilla/5.0 (Linux; U; Android 10; en-us; itel L6006 Build/QP1A.190711.020) AppleWebKit/537.36 (KHTML, like Gecko) Chrome/127.0.6533.103 Mobile Safari/537.36 PHX/17.3"
137.196.0.24 - - [03/Jan/2025:23:44:30 -0500] "GET /css/fontawesome/css/all.css HTTP/1.1" 200 12753 "https://kwachamusic.com/music/audios-126-Weekend--by-Trappybeats-X-Fada-Moti" "Mozilla/5.0 (Linux; U; Android 10; en-us; itel L6006 Build/QP1A.190711.020) AppleWebKit/537.36 (KHTML, like Gecko) Chrome/127.0.6533.103 Mobile Safari/537.36 PHX/17.3"
137.196.0.24 - - [03/Jan/2025:23:44:30 -0500] "GET /style.css HTTP/1.1" 200 3094 "https://kwachamusic.com/music/audios-126-Weekend--by-Trappybeats-X-Fada-Moti" "Mozilla/5.0 (Linux; U; Android 10; en-us; itel L6006 Build/QP1A.190711.020) AppleWebKit/537.36 (KHTML, like Gecko) Chrome/127.0.6533.103 Mobile Safari/537.36 PHX/17.3"
137.196.0.24 - - [03/Jan/2025:23:44:30 -0500] "GET /js/jquery.min.js HTTP/1.1" 200 30045 "https://kwachamusic.com/music/audios-126-Weekend--by-Trappybeats-X-Fada-Moti" "Mozilla/5.0 (Linux; U; Android 10; en-us; itel L6006 Build/QP1A.190711.020) AppleWebKit/537.36 (KHTML, like Gecko) Chrome/127.0.6533.103 Mobile Safari/537.36 PHX/17.3"
137.196.0.24 - - [03/Jan/2025:23:44:30 -0500] "GET /js/popper.js HTTP/1.1" 200 7174 "https://kwachamusic.com/music/audios-126-Weekend--by-Trappybeats-X-Fada-Moti" "Mozilla/5.0 (Linux; U; Android 10; en-us; itel L6006 Build/QP1A.190711.020) AppleWebKit/537.36 (KHTML, like Gecko) Chrome/127.0.6533.103 Mobile Safari/537.36 PHX/17.3"
137.196.0.24 - - [03/Jan/2025:23:44:30 -0500] "GET /css/style3.css HTTP/1.1" 200 25880 "https://kwachamusic.com/music/audios-126-Weekend--by-Trappybeats-X-Fada-Moti" "Mozilla/5.0 (Linux; U; Android 10; en-us; itel L6006 Build/QP1A.190711.020) AppleWebKit/537.36 (KHTML, like Gecko) Chrome/127.0.6533.103 Mobile Safari/537.36 PHX/17.3"
137.196.0.24 - - [03/Jan/2025:23:44:31 -0500] "GET /js/main.js HTTP/1.1" 200 159 "https://kwachamusic.com/music/audios-126-Weekend--by-Trappybeats-X-Fada-Moti" "Mozilla/5.0 (Linux; U; Android 10; en-us; itel L6006 Build/QP1A.190711.020) AppleWebKit/537.36 (KHTML, like Gecko) Chrome/127.0.6533.103 Mobile Safari/537.36 PHX/17.3"
137.196.0.24 - - [03/Jan/2025:23:44:31 -0500] "GET /js/bootstrap.min.js HTTP/1.1" 200 14764 "https://kwachamusic.com/music/audios-126-Weekend--by-Trappybeats-X-Fada-Moti" "Mozilla/5.0 (Linux; U; Android 10; en-us; itel L6006 Build/QP1A.190711.020) AppleWebKit/537.36 (KHTML, like Gecko) Chrome/127.0.6533.103 Mobile Safari/537.36 PHX/17.3"
137.196.0.24 - - [03/Jan/2025:23:44:31 -0500] "GET /singles/artworks/IMG_20240113_131214_764.jpg HTTP/1.1" 200 148103 "https://kwachamusic.com/music/audios-126-Weekend--by-Trappybeats-X-Fada-Moti" "Mozilla/5.0 (Linux; U; Android 10; en-us; itel L6006 Build/QP1A.190711.020) AppleWebKit/537.36 (KHTML, like Gecko) Chrome/127.0.6533.103 Mobile Safari/537.36 PHX/17.3"
137.196.0.24 - - [03/Jan/2025:23:44:32 -0500] "GET /css/fontawesome/webfonts/fa-solid-900.woff2 HTTP/1.1" 200 78268 "https://kwachamusic.com/css/fontawesome/css/all.css" "Mozilla/5.0 (Linux; U; Android 10; en-us; itel L6006 Build/QP1A.190711.020) AppleWebKit/537.36 (KHTML, like Gecko) Chrome/127.0.6533.103 Mobile Safari/537.36 PHX/17.3"
137.196.0.24 - - [03/Jan/2025:23:44:32 -0500] "GET /sun.ico HTTP/1.1" 200 7012 "-" "okhttp/4.10.0"
137.196.0.24 - - [03/Jan/2025:23:44:34 -0500] "GET /sun.ico HTTP/1.1" 200 7012 "https://kwachamusic.com/music/audios-126-Weekend--by-Trappybeats-X-Fada-Moti" "Mozilla/5.0 (Linux; U; Android 10; en-us; itel L6006 Build/QP1A.190711.020) AppleWebKit/537.36 (KHTML, like Gecko) Chrome/127.0.6533.103 Mobile Safari/537.36 PHX/17.3"
137.196.0.24 - - [03/Jan/2025:23:44:37 -0500] "GET /music/download2.php?id=126 HTTP/1.1" 200 7138548 "https://kwachamusic.com/music/audios-126-Weekend--by-Trappybeats-X-Fada-Moti" "Mozilla/5.0 (Linux; U; Android 10; en-us; itel L6006 Build/QP1A.190711.020) AppleWebKit/537.36 (KHTML, like Gecko) Chrome/127.0.6533.103 Mobile Safari/537.36 PHX/17.3"
137.196.0.24 - - [03/Jan/2025:23:44:43 -0500] "GET /music/download2.php?id=126 HTTP/1.1" 200 9624282 "https://kwachamusic.com/music/audios-126-Weekend--by-Trappybeats-X-Fada-Moti" "Mozilla/5.0 (Linux; U; Android 10; en-us; itel L6006 Build/QP1A.190711.020) AppleWebKit/537.36 (KHTML, like Gecko) Chrome/127.0.6533.103 Mobile Safari/537.36 PHX/17.3"
137.196.0.24 - - [03/Jan/2025:23:44:46 -0500] "GET /music/download2.php?id=126 HTTP/1.1" 200 9624282 "https://kwachamusic.com/music/audios-126-Weekend--by-Trappybeats-X-Fada-Moti" "Mozilla/5.0 (Linux; U; Android 10; en-us; itel L6006 Build/QP1A.190711.020) AppleWebKit/537.36 (KHTML, like Gecko) Chrome/127.0.6533.103 Mobile Safari/537.36 PHX/17.3"
114.119.150.9 - - [03/Jan/2025:23:46:03 -0500] "GET /albumfiles/album-zip.php?album=From-Experience-Mixtape- HTTP/1.1" 302 0 "https://www.kwachamusic.com/albumfiles/songs-16-From-Experience-Mixtape-" "Mozilla/5.0 (Linux; Android 7.0;) AppleWebKit/537.36 (KHTML, like Gecko) Mobile Safari/537.36 (compatible; PetalBot;+https://webmaster.petalsearch.com/site/petalbot)"
114.119.150.9 - - [03/Jan/2025:23:46:04 -0500] "GET /albums/From-Experience-Mixtape-.zip HTTP/1.1" 200 50420400 "https://www.kwachamusic.com/albumfiles/songs-16-From-Experience-Mixtape-" "Mozilla/5.0 (Linux; Android 7.0;) AppleWebKit/537.36 (KHTML, like Gecko) Mobile Safari/537.36 (compatible; PetalBot;+https://webmaster.petalsearch.com/site/petalbot)"
4.43.184.114 - - [03/Jan/2025:23:46:55 -0500] "GET / HTTP/1.0" 200 12067 "-" "Mozilla/5.0 (Windows NT 5.1) AppleWebKit/534.30 (KHTML, like Gecko) Chrome/12.0.742.91 Safari/534.30"
137.196.0.12 - - [03/Jan/2025:23:47:40 -0500] "GET /music/audios-126-Weekend--by-Trappybeats-X-Fada-Moti HTTP/1.1" 200 1709 "https://www.google.com/" "Mozilla/5.0 (Linux; Android 10; K) AppleWebKit/537.36 (KHTML, like Gecko) Chrome/127.0.0.0 Safari/537.36"
137.196.0.12 - - [03/Jan/2025:23:47:41 -0500] "GET /style.css HTTP/1.1" 200 3094 "https://kwachamusic.com/music/audios-126-Weekend--by-Trappybeats-X-Fada-Moti" "Mozilla/5.0 (Linux; Android 10; K) AppleWebKit/537.36 (KHTML, like Gecko) Chrome/127.0.0.0 Safari/537.36"
137.196.0.12 - - [03/Jan/2025:23:47:41 -0500] "GET /css/fontawesome/css/all.css HTTP/1.1" 200 12753 "https://kwachamusic.com/music/audios-126-Weekend--by-Trappybeats-X-Fada-Moti" "Mozilla/5.0 (Linux; Android 10; K) AppleWebKit/537.36 (KHTML, like Gecko) Chrome/127.0.0.0 Safari/537.36"
137.196.0.12 - - [03/Jan/2025:23:47:41 -0500] "GET /kwacha.png HTTP/1.1" 200 109438 "https://kwachamusic.com/music/audios-126-Weekend--by-Trappybeats-X-Fada-Moti" "Mozilla/5.0 (Linux; Android 10; K) AppleWebKit/537.36 (KHTML, like Gecko) Chrome/127.0.0.0 Safari/537.36"
137.196.0.12 - - [03/Jan/2025:23:47:41 -0500] "GET /stackpath.bootstrapcdn.com/font-awesome/4.7.0/css/font-awesome.min.css HTTP/1.1" 404 1251 "https://kwachamusic.com/music/audios-126-Weekend--by-Trappybeats-X-Fada-Moti" "Mozilla/5.0 (Linux; Android 10; K) AppleWebKit/537.36 (KHTML, like Gecko) Chrome/127.0.0.0 Safari/537.36"
137.196.0.12 - - [03/Jan/2025:23:47:41 -0500] "GET /js/popper.js HTTP/1.1" 200 7174 "https://kwachamusic.com/music/audios-126-Weekend--by-Trappybeats-X-Fada-Moti" "Mozilla/5.0 (Linux; Android 10; K) AppleWebKit/537.36 (KHTML, like Gecko) Chrome/127.0.0.0 Safari/537.36"
137.196.0.12 - - [03/Jan/2025:23:47:41 -0500] "GET /js/jquery.min.js HTTP/1.1" 200 30045 "https://kwachamusic.com/music/audios-126-Weekend--by-Trappybeats-X-Fada-Moti" "Mozilla/5.0 (Linux; Android 10; K) AppleWebKit/537.36 (KHTML, like Gecko) Chrome/127.0.0.0 Safari/537.36"
137.196.0.12 - - [03/Jan/2025:23:47:41 -0500] "GET /css/style3.css HTTP/1.1" 200 25880 "https://kwachamusic.com/music/audios-126-Weekend--by-Trappybeats-X-Fada-Moti" "Mozilla/5.0 (Linux; Android 10; K) AppleWebKit/537.36 (KHTML, like Gecko) Chrome/127.0.0.0 Safari/537.36"
137.196.0.12 - - [03/Jan/2025:23:47:41 -0500] "GET /js/main.js HTTP/1.1" 200 159 "https://kwachamusic.com/music/audios-126-Weekend--by-Trappybeats-X-Fada-Moti" "Mozilla/5.0 (Linux; Android 10; K) AppleWebKit/537.36 (KHTML, like Gecko) Chrome/127.0.0.0 Safari/537.36"
137.196.0.12 - - [03/Jan/2025:23:47:41 -0500] "GET /js/bootstrap.min.js HTTP/1.1" 200 14764 "https://kwachamusic.com/music/audios-126-Weekend--by-Trappybeats-X-Fada-Moti" "Mozilla/5.0 (Linux; Android 10; K) AppleWebKit/537.36 (KHTML, like Gecko) Chrome/127.0.0.0 Safari/537.36"
137.196.0.12 - - [03/Jan/2025:23:47:41 -0500] "GET /singles/artworks/IMG_20240113_131214_764.jpg HTTP/1.1" 200 148103 "https://kwachamusic.com/music/audios-126-Weekend--by-Trappybeats-X-Fada-Moti" "Mozilla/5.0 (Linux; Android 10; K) AppleWebKit/537.36 (KHTML, like Gecko) Chrome/127.0.0.0 Safari/537.36"
137.196.0.12 - - [03/Jan/2025:23:47:42 -0500] "GET /css/fontawesome/webfonts/fa-solid-900.woff2 HTTP/1.1" 200 78268 "https://kwachamusic.com/css/fontawesome/css/all.css" "Mozilla/5.0 (Linux; Android 10; K) AppleWebKit/537.36 (KHTML, like Gecko) Chrome/127.0.0.0 Safari/537.36"
137.196.0.12 - - [03/Jan/2025:23:47:44 -0500] "POST /cdn-cgi/rum? HTTP/1.1" 404 1251 "https://kwachamusic.com/music/audios-126-Weekend--by-Trappybeats-X-Fada-Moti" "Mozilla/5.0 (Linux; Android 10; K) AppleWebKit/537.36 (KHTML, like Gecko) Chrome/127.0.0.0 Safari/537.36"
137.196.0.12 - - [03/Jan/2025:23:47:44 -0500] "GET /sun.ico HTTP/1.1" 200 7012 "https://kwachamusic.com/music/audios-126-Weekend--by-Trappybeats-X-Fada-Moti" "Mozilla/5.0 (Linux; Android 10; K) AppleWebKit/537.36 (KHTML, like Gecko) Chrome/127.0.0.0 Safari/537.36"
137.196.0.12 - - [03/Jan/2025:23:47:46 -0500] "GET /music/download2.php?id=126 HTTP/1.1" 200 9624282 "https://kwachamusic.com/music/audios-126-Weekend--by-Trappybeats-X-Fada-Moti" "Mozilla/5.0 (Linux; Android 10; K) AppleWebKit/537.36 (KHTML, like Gecko) Chrome/127.0.0.0 Safari/537.36"
114.119.149.131 - - [03/Jan/2025:23:48:39 -0500] "GET /music/singles/about/audios-68-Zilibwino--by-Ychriss- HTTP/1.1" 200 8782 "https://www.kwachamusic.com/music/singles/about/audios-86-Mpanda-by-Quest-feat-Spyral,-Mellz,-Blakjak-&-Guntolah-" "Mozilla/5.0 (Linux; Android 7.0;) AppleWebKit/537.36 (KHTML, like Gecko) Mobile Safari/537.36 (compatible; PetalBot;+https://webmaster.petalsearch.com/site/petalbot)"
185.191.171.12 - - [03/Jan/2025:23:50:20 -0500] "GET /albumfiles/stream-34-THE-FULL-MOON HTTP/1.1" 200 1569 "-" "Mozilla/5.0 (compatible; SemrushBot/7~bl; +http://www.semrush.com/bot.html)"
114.119.154.11 - - [03/Jan/2025:23:53:48 -0500] "GET /music/singles/about/audios-41-Open-Your-Heart-by-Onesimus- HTTP/1.1" 200 8782 "https://www.kwachamusic.com/music/singles/about/audios-86-Mpanda-by-Quest-feat-Spyral,-Mellz,-Blakjak-&-Guntolah-" "Mozilla/5.0 (Linux; Android 7.0;) AppleWebKit/537.36 (KHTML, like Gecko) Mobile Safari/537.36 (compatible; PetalBot;+https://webmaster.petalsearch.com/site/petalbot)"
185.191.171.12 - - [03/Jan/2025:23:53:57 -0500] "GET /music/audios-60-Ona-by-Cocky HTTP/1.1" 200 1939 "-" "Mozilla/5.0 (compatible; SemrushBot/7~bl; +http://www.semrush.com/bot.html)"
102.70.2.69 - - [03/Jan/2025:23:54:21 -0500] "GET /music/audios-126-Weekend--by-Trappybeats-X-Fada-Moti HTTP/1.1" 200 1709 "https://www.google.com/" "Mozilla/5.0 (Linux; Android 10; K) AppleWebKit/537.36 (KHTML, like Gecko) Chrome/131.0.0.0 Mobile Safari/537.36"
102.70.2.69 - - [03/Jan/2025:23:54:23 -0500] "GET /style.css HTTP/1.1" 200 3094 "https://kwachamusic.com/music/audios-126-Weekend--by-Trappybeats-X-Fada-Moti" "Mozilla/5.0 (Linux; Android 10; K) AppleWebKit/537.36 (KHTML, like Gecko) Chrome/131.0.0.0 Mobile Safari/537.36"
102.70.2.69 - - [03/Jan/2025:23:54:23 -0500] "GET /css/fontawesome/css/all.css HTTP/1.1" 200 12753 "https://kwachamusic.com/music/audios-126-Weekend--by-Trappybeats-X-Fada-Moti" "Mozilla/5.0 (Linux; Android 10; K) AppleWebKit/537.36 (KHTML, like Gecko) Chrome/131.0.0.0 Mobile Safari/537.36"
102.70.2.69 - - [03/Jan/2025:23:54:23 -0500] "GET /kwacha.png HTTP/1.1" 200 109438 "https://kwachamusic.com/music/audios-126-Weekend--by-Trappybeats-X-Fada-Moti" "Mozilla/5.0 (Linux; Android 10; K) AppleWebKit/537.36 (KHTML, like Gecko) Chrome/131.0.0.0 Mobile Safari/537.36"
102.70.2.69 - - [03/Jan/2025:23:54:24 -0500] "GET /stackpath.bootstrapcdn.com/font-awesome/4.7.0/css/font-awesome.min.css HTTP/1.1" 404 1251 "https://kwachamusic.com/music/audios-126-Weekend--by-Trappybeats-X-Fada-Moti" "Mozilla/5.0 (Linux; Android 10; K) AppleWebKit/537.36 (KHTML, like Gecko) Chrome/131.0.0.0 Mobile Safari/537.36"
102.70.2.69 - - [03/Jan/2025:23:54:24 -0500] "GET /js/jquery.min.js HTTP/1.1" 200 30045 "https://kwachamusic.com/music/audios-126-Weekend--by-Trappybeats-X-Fada-Moti" "Mozilla/5.0 (Linux; Android 10; K) AppleWebKit/537.36 (KHTML, like Gecko) Chrome/131.0.0.0 Mobile Safari/537.36"
102.70.2.69 - - [03/Jan/2025:23:54:24 -0500] "GET /css/style3.css HTTP/1.1" 200 25880 "https://kwachamusic.com/music/audios-126-Weekend--by-Trappybeats-X-Fada-Moti" "Mozilla/5.0 (Linux; Android 10; K) AppleWebKit/537.36 (KHTML, like Gecko) Chrome/131.0.0.0 Mobile Safari/537.36"
102.70.2.69 - - [03/Jan/2025:23:54:24 -0500] "GET /js/popper.js HTTP/1.1" 200 7174 "https://kwachamusic.com/music/audios-126-Weekend--by-Trappybeats-X-Fada-Moti" "Mozilla/5.0 (Linux; Android 10; K) AppleWebKit/537.36 (KHTML, like Gecko) Chrome/131.0.0.0 Mobile Safari/537.36"
102.70.2.69 - - [03/Jan/2025:23:54:24 -0500] "GET /js/bootstrap.min.js HTTP/1.1" 200 14764 "https://kwachamusic.com/music/audios-126-Weekend--by-Trappybeats-X-Fada-Moti" "Mozilla/5.0 (Linux; Android 10; K) AppleWebKit/537.36 (KHTML, like Gecko) Chrome/131.0.0.0 Mobile Safari/537.36"
102.70.2.69 - - [03/Jan/2025:23:54:24 -0500] "GET /js/main.js HTTP/1.1" 200 159 "https://kwachamusic.com/music/audios-126-Weekend--by-Trappybeats-X-Fada-Moti" "Mozilla/5.0 (Linux; Android 10; K) AppleWebKit/537.36 (KHTML, like Gecko) Chrome/131.0.0.0 Mobile Safari/537.36"
102.70.2.69 - - [03/Jan/2025:23:54:25 -0500] "GET /singles/artworks/IMG_20240113_131214_764.jpg HTTP/1.1" 200 148103 "https://kwachamusic.com/music/audios-126-Weekend--by-Trappybeats-X-Fada-Moti" "Mozilla/5.0 (Linux; Android 10; K) AppleWebKit/537.36 (KHTML, like Gecko) Chrome/131.0.0.0 Mobile Safari/537.36"
102.70.2.69 - - [03/Jan/2025:23:54:25 -0500] "GET /css/fontawesome/webfonts/fa-solid-900.woff2 HTTP/1.1" 200 78268 "https://kwachamusic.com/css/fontawesome/css/all.css" "Mozilla/5.0 (Linux; Android 10; K) AppleWebKit/537.36 (KHTML, like Gecko) Chrome/131.0.0.0 Mobile Safari/537.36"
102.70.2.69 - - [03/Jan/2025:23:54:28 -0500] "POST /cdn-cgi/rum? HTTP/1.1" 404 1251 "https://kwachamusic.com/music/audios-126-Weekend--by-Trappybeats-X-Fada-Moti" "Mozilla/5.0 (Linux; Android 10; K) AppleWebKit/537.36 (KHTML, like Gecko) Chrome/131.0.0.0 Mobile Safari/537.36"
102.70.2.69 - - [03/Jan/2025:23:54:28 -0500] "GET /sun.ico HTTP/1.1" 200 7012 "https://kwachamusic.com/music/audios-126-Weekend--by-Trappybeats-X-Fada-Moti" "Mozilla/5.0 (Linux; Android 10; K) AppleWebKit/537.36 (KHTML, like Gecko) Chrome/131.0.0.0 Mobile Safari/537.36"
102.70.2.69 - - [03/Jan/2025:23:54:32 -0500] "GET /music/download2.php?id=126 HTTP/1.1" 200 9624282 "https://kwachamusic.com/music/audios-126-Weekend--by-Trappybeats-X-Fada-Moti" "Mozilla/5.0 (Linux; Android 10; K) AppleWebKit/537.36 (KHTML, like Gecko) Chrome/131.0.0.0 Mobile Safari/537.36"
102.70.2.69 - - [03/Jan/2025:23:55:26 -0500] "POST /cdn-cgi/rum? HTTP/1.1" 404 1251 "https://kwachamusic.com/music/audios-126-Weekend--by-Trappybeats-X-Fada-Moti" "Mozilla/5.0 (Linux; Android 10; K) AppleWebKit/537.36 (KHTML, like Gecko) Chrome/131.0.0.0 Mobile Safari/537.36"
114.119.157.143 - - [03/Jan/2025:23:58:39 -0500] "GET /music/singles/about/audios-28-Inu-by-Zali HTTP/1.1" 200 8782 "https://www.kwachamusic.com/music/singles/about/audios-86-Mpanda-by-Quest-feat-Spyral,-Mellz,-Blakjak-&-Guntolah-" "Mozilla/5.0 (Linux; Android 7.0;) AppleWebKit/537.36 (KHTML, like Gecko) Mobile Safari/537.36 (compatible; PetalBot;+https://webmaster.petalsearch.com/site/petalbot)"
85.208.96.198 - - [04/Jan/2025:00:02:36 -0500] "GET /epfiles/streams-56-Bachelor-of-arts HTTP/1.1" 200 1590 "-" "Mozilla/5.0 (compatible; SemrushBot/7~bl; +http://www.semrush.com/bot.html)"
114.119.142.72 - - [04/Jan/2025:00:03:39 -0500] "GET /music/singles/about/audios-140-Mulengi-by-Sentala-ft-Alexia- HTTP/1.1" 200 8782 "https://www.kwachamusic.com/music/singles/about/audios-18-Maybe-by-Lilboi-Chris" "Mozilla/5.0 (Linux; Android 7.0;) AppleWebKit/537.36 (KHTML, like Gecko) Mobile Safari/537.36 (compatible; PetalBot;+https://webmaster.petalsearch.com/site/petalbot)"
4.43.184.114 - - [04/Jan/2025:00:05:05 -0500] "GET / HTTP/1.0" 200 12067 "-" "Mozilla/4.0 (compatible; MSIE 7.0; Windows NT 5.2)"
114.119.128.132 - - [04/Jan/2025:00:08:43 -0500] "GET /music/singles/about/audios-113-Muchedwa-by-Kell-Kay HTTP/1.1" 200 8782 "https://www.kwachamusic.com/music/singles/about/audios-86-Mpanda-by-Quest-feat-Spyral,-Mellz,-Blakjak-&-Guntolah-" "Mozilla/5.0 (Linux; Android 7.0;) AppleWebKit/537.36 (KHTML, like Gecko) Mobile Safari/537.36 (compatible; PetalBot;+https://webmaster.petalsearch.com/site/petalbot)"
85.208.96.198 - - [04/Jan/2025:00:10:14 -0500] "GET /albumfiles/stream-9-Dedicated-Mixtape HTTP/1.1" 200 1555 "-" "Mozilla/5.0 (compatible; SemrushBot/7~bl; +http://www.semrush.com/bot.html)"
173.252.107.15 - - [04/Jan/2025:00:10:28 -0500] "GET /singles/artworks/IMG-20221114-WA0001.jpg HTTP/1.1" 200 57383 "-" "facebookexternalhit/1.1 (+http://www.facebook.com/externalhit_uatext.php)"
114.119.128.132 - - [04/Jan/2025:00:13:41 -0500] "GET /music/singles/about/audios-104-Single-Again-(Reggae-Cover)--by-L-wizzy HTTP/1.1" 200 8827 "https://www.kwachamusic.com/music/singles/about/audios-18-Maybe-by-Lilboi-Chris" "Mozilla/5.0 (Linux; Android 7.0;) AppleWebKit/537.36 (KHTML, like Gecko) Mobile Safari/537.36 (compatible; PetalBot;+https://webmaster.petalsearch.com/site/petalbot)"
114.119.154.11 - - [04/Jan/2025:00:18:41 -0500] "GET /music/download2.php?id=64 HTTP/1.1" 200 8327772 "https://www.kwachamusic.com/music/audios-64-Umandinyasa-by-Nefter-x-TwentyFourSeven-&-Strxxt-Knawlxdge-" "Mozilla/5.0 (Linux; Android 7.0;) AppleWebKit/537.36 (KHTML, like Gecko) Mobile Safari/537.36 (compatible; PetalBot;+https://webmaster.petalsearch.com/site/petalbot)"
114.119.149.131 - - [04/Jan/2025:00:23:42 -0500] "GET /music/download2.php?id=6 HTTP/1.1" 200 6771374 "https://www.kwachamusic.com/music/audios-6-Ndinu-Nokha-by-Alex-Marvel" "Mozilla/5.0 (Linux; Android 7.0;) AppleWebKit/537.36 (KHTML, like Gecko) Mobile Safari/537.36 (compatible; PetalBot;+https://webmaster.petalsearch.com/site/petalbot)"
4.43.184.114 - - [04/Jan/2025:00:25:12 -0500] "GET / HTTP/1.0" 200 12067 "-" "Mozilla/5.0 (Windows; U; Windows NT 6.1; en-US) AppleWebKit/534.16 (KHTML, like Gecko) Chrome/10.0.648.133 Safari/534.16"
185.191.171.1 - - [04/Jan/2025:00:26:30 -0500] "GET /homefiles/stream.php?id=73 HTTP/1.1" 200 1576 "-" "Mozilla/5.0 (compatible; SemrushBot/7~bl; +http://www.semrush.com/bot.html)"
114.119.150.9 - - [04/Jan/2025:00:28:39 -0500] "GET /music/download2.php?id=56 HTTP/1.1" 200 4993344 "https://www.kwachamusic.com/music/audios-56-Ainno-Busy-Birthday-Bash-by-Inno-Busy" "Mozilla/5.0 (Linux; Android 7.0;) AppleWebKit/537.36 (KHTML, like Gecko) Mobile Safari/537.36 (compatible; PetalBot;+https://webmaster.petalsearch.com/site/petalbot)"
185.191.171.6 - - [04/Jan/2025:00:33:30 -0500] "GET /homefiles/stream.php?id=80 HTTP/1.1" 200 1625 "-" "Mozilla/5.0 (compatible; SemrushBot/7~bl; +http://www.semrush.com/bot.html)"
114.119.159.236 - - [04/Jan/2025:00:33:40 -0500] "GET /music/download2.php?id=48 HTTP/1.1" 200 2180304 "https://www.kwachamusic.com/music/audios-48-Pachibale-Pawo-by-Zonke" "Mozilla/5.0 (Linux; Android 7.0;) AppleWebKit/537.36 (KHTML, like Gecko) Mobile Safari/537.36 (compatible; PetalBot;+https://webmaster.petalsearch.com/site/petalbot)"
185.191.171.6 - - [04/Jan/2025:00:33:46 -0500] "GET /music/stream-42 HTTP/1.1" 200 1570 "-" "Mozilla/5.0 (compatible; SemrushBot/7~bl; +http://www.semrush.com/bot.html)"
85.208.96.198 - - [04/Jan/2025:00:36:41 -0500] "GET /music/download2.php?id=28 HTTP/1.1" 200 4535460 "-" "Mozilla/5.0 (compatible; SemrushBot/7~bl; +http://www.semrush.com/bot.html)"
114.119.158.138 - - [04/Jan/2025:00:38:40 -0500] "GET /music/download2.php?id=22 HTTP/1.1" 200 7616813 "https://www.kwachamusic.com/music/audios-22-Why-by-Eli-Njuchi" "Mozilla/5.0 (Linux; Android 7.0;) AppleWebKit/537.36 (KHTML, like Gecko) Mobile Safari/537.36 (compatible; PetalBot;+https://webmaster.petalsearch.com/site/petalbot)"
85.208.96.211 - - [04/Jan/2025:00:42:08 -0500] "GET /robots.txt HTTP/1.1" 404 1251 "-" "Mozilla/5.0 (compatible; SemrushBot/7~bl; +http://www.semrush.com/bot.html)"
185.191.171.5 - - [04/Jan/2025:00:42:09 -0500] "GET /music/download2.php?id=69 HTTP/1.1" 200 6131368 "-" "Mozilla/5.0 (compatible; SemrushBot/7~bl; +http://www.semrush.com/bot.html)"
85.208.96.203 - - [04/Jan/2025:00:43:35 -0500] "GET /music/audios-38-Mkazi-wa-boh-by-KelMoc HTTP/1.1" 200 1951 "-" "Mozilla/5.0 (compatible; SemrushBot/7~bl; +http://www.semrush.com/bot.html)"
114.119.154.11 - - [04/Jan/2025:00:43:41 -0500] "GET /music/download2.php?id=155 HTTP/1.1" 200 6452964 "https://www.kwachamusic.com/music/audios-155-Nono-by-Alex-Marvel" "Mozilla/5.0 (Linux; Android 7.0;) AppleWebKit/537.36 (KHTML, like Gecko) Mobile Safari/537.36 (compatible; PetalBot;+https://webmaster.petalsearch.com/site/petalbot)"
85.208.96.206 - - [04/Jan/2025:00:47:58 -0500] "GET /albumfiles/download.php?abamu_id=17 HTTP/1.1" 200 7708634 "-" "Mozilla/5.0 (compatible; SemrushBot/7~bl; +http://www.semrush.com/bot.html)"
114.119.142.72 - - [04/Jan/2025:00:48:47 -0500] "GET /music/download2.php?id=151 HTTP/1.1" 200 7021472 "https://www.kwachamusic.com/music/audios-151-More-than-friends--by-Seanex-ft-Rae-Rich-" "Mozilla/5.0 (Linux; Android 7.0;) AppleWebKit/537.36 (KHTML, like Gecko) Mobile Safari/537.36 (compatible; PetalBot;+https://webmaster.petalsearch.com/site/petalbot)"
185.191.171.19 - - [04/Jan/2025:00:51:29 -0500] "GET /music/audios-40-Gu-Gu-Gu-by-Eli-Njuchi HTTP/1.1" 200 1947 "-" "Mozilla/5.0 (compatible; SemrushBot/7~bl; +http://www.semrush.com/bot.html)"
85.208.96.210 - - [04/Jan/2025:00:51:32 -0500] "GET /music/stream- HTTP/1.1" 404 1251 "-" "Mozilla/5.0 (compatible; SemrushBot/7~bl; +http://www.semrush.com/bot.html)"
114.119.157.143 - - [04/Jan/2025:00:53:39 -0500] "GET /music/download2.php?id=138 HTTP/1.1" 200 7788221 "https://www.kwachamusic.com/music/audios-138-Iweyo-Prod-By-Dj-Zino-by-Alem-Lumbe" "Mozilla/5.0 (Linux; Android 7.0;) AppleWebKit/537.36 (KHTML, like Gecko) Mobile Safari/537.36 (compatible; PetalBot;+https://webmaster.petalsearch.com/site/petalbot)"
114.119.149.131 - - [04/Jan/2025:00:58:40 -0500] "GET /music/download2.php?id=11 HTTP/1.1" 200 7245241 "https://www.kwachamusic.com/music/audios-11-Momo-by-Funga" "Mozilla/5.0 (Linux; Android 7.0;) AppleWebKit/537.36 (KHTML, like Gecko) Mobile Safari/537.36 (compatible; PetalBot;+https://webmaster.petalsearch.com/site/petalbot)"
85.208.96.210 - - [04/Jan/2025:01:00:34 -0500] "GET /albumfiles/stream-60-Kunja-Ndi-Mkati HTTP/1.1" 200 1548 "-" "Mozilla/5.0 (compatible; SemrushBot/7~bl; +http://www.semrush.com/bot.html)"
114.119.142.72 - - [04/Jan/2025:01:03:40 -0500] "GET /music/audios-78-Chidole-by-Cocky HTTP/1.1" 200 1942 "https://www.kwachamusic.com/music/audios-78-Chidole-by-Cocky" "Mozilla/5.0 (Linux; Android 7.0;) AppleWebKit/537.36 (KHTML, like Gecko) Mobile Safari/537.36 (compatible; PetalBot;+https://webmaster.petalsearch.com/site/petalbot)"
114.119.150.9 - - [04/Jan/2025:01:08:40 -0500] "GET /music/audios-56-Ainno-Busy-Birthday-Bash-by-Inno-Busy HTTP/1.1" 200 1959 "https://www.kwachamusic.com/music/audios-56-Ainno-Busy-Birthday-Bash-by-Inno-Busy" "Mozilla/5.0 (Linux; Android 7.0;) AppleWebKit/537.36 (KHTML, like Gecko) Mobile Safari/537.36 (compatible; PetalBot;+https://webmaster.petalsearch.com/site/petalbot)"
114.119.149.131 - - [04/Jan/2025:01:13:41 -0500] "GET /music/audios-49-No-Matter-What-by-WanaMpotah HTTP/1.1" 200 1959 "https://www.kwachamusic.com/music/audios-49-No-Matter-What-by-WanaMpotah" "Mozilla/5.0 (Linux; Android 7.0;) AppleWebKit/537.36 (KHTML, like Gecko) Mobile Safari/537.36 (compatible; PetalBot;+https://webmaster.petalsearch.com/site/petalbot)"
144.217.135.167 - - [04/Jan/2025:01:16:21 -0500] "GET / HTTP/1.1" 200 12067 "-" "Mozilla/5.0 (compatible; Dataprovider.com)"
144.217.135.167 - - [04/Jan/2025:01:16:22 -0500] "GET /robots.txt HTTP/1.1" 404 1251 "-" "Mozilla/5.0 (compatible; Dataprovider.com)"
144.217.135.167 - - [04/Jan/2025:01:16:22 -0500] "GET /sitemap.xml HTTP/1.1" 200 42516 "-" "Mozilla/5.0 (compatible; Dataprovider.com)"
144.217.135.167 - - [04/Jan/2025:01:16:23 -0500] "GET / HTTP/1.1" 200 12067 "-" "Mozilla/5.0 (compatible; Dataprovider.com)"
144.217.135.167 - - [04/Jan/2025:01:16:23 -0500] "GET /home HTTP/1.1" 200 12067 "-" "Mozilla/5.0 (compatible; Dataprovider.com)"
144.217.135.167 - - [04/Jan/2025:01:16:24 -0500] "GET /oldies/singles HTTP/1.1" 200 3738 "-" "Mozilla/5.0 (compatible; Dataprovider.com)"
144.217.135.167 - - [04/Jan/2025:01:16:25 -0500] "GET /oldies/album.php HTTP/1.1" 200 3815 "-" "Mozilla/5.0 (compatible; Dataprovider.com)"
144.217.135.167 - - [04/Jan/2025:01:16:26 -0500] "GET /music/singles HTTP/1.1" 200 52508 "-" "Mozilla/5.0 (compatible; Dataprovider.com)"
144.217.135.167 - - [04/Jan/2025:01:16:27 -0500] "GET /albumfiles/albums HTTP/1.1" 200 7804 "-" "Mozilla/5.0 (compatible; Dataprovider.com)"
144.217.135.167 - - [04/Jan/2025:01:16:28 -0500] "GET /epfiles/eps HTTP/1.1" 200 6186 "-" "Mozilla/5.0 (compatible; Dataprovider.com)"
144.217.135.167 - - [04/Jan/2025:01:16:29 -0500] "GET /poetry/poetry HTTP/1.1" 200 4009 "-" "Mozilla/5.0 (compatible; Dataprovider.com)"
144.217.135.167 - - [04/Jan/2025:01:16:30 -0500] "GET /videos/videos HTTP/1.1" 200 7171 "-" "Mozilla/5.0 (compatible; Dataprovider.com)"
144.217.135.167 - - [04/Jan/2025:01:16:31 -0500] "GET /profiles/profiles HTTP/1.1" 200 5844 "-" "Mozilla/5.0 (compatible; Dataprovider.com)"
144.217.135.167 - - [04/Jan/2025:01:16:32 -0500] "GET /about/info HTTP/1.1" 200 6049 "-" "Mozilla/5.0 (compatible; Dataprovider.com)"
144.217.135.167 - - [04/Jan/2025:01:16:33 -0500] "GET /about/login.php HTTP/1.1" 200 2601 "-" "Mozilla/5.0 (compatible; Dataprovider.com)"
144.217.135.167 - - [04/Jan/2025:01:16:34 -0500] "GET /about/search HTTP/1.1" 200 4086 "-" "Mozilla/5.0 (compatible; Dataprovider.com)"
144.217.135.167 - - [04/Jan/2025:01:16:35 -0500] "GET /homefiles/download3.php?id=155 HTTP/1.1" 200 6452964 "-" "Mozilla/5.0 (compatible; Dataprovider.com)"
144.217.135.167 - - [04/Jan/2025:01:16:36 -0500] "GET /homefiles/stream.php?id=155 HTTP/1.1" 200 3977 "-" "Mozilla/5.0 (compatible; Dataprovider.com)"
144.217.135.167 - - [04/Jan/2025:01:16:37 -0500] "GET / HTTP/1.1" 200 12067 "-" "Mozilla/5.0 (Linux; Android 10; SM-G981B) AppleWebKit/537.36 (KHTML, like Gecko) Chrome/80.0.3987.162 Mobile Safari/537.36"
144.217.135.167 - - [04/Jan/2025:01:16:37 -0500] "GET /humans.txt HTTP/1.1" 404 1251 "http://www.kwachamusic.com/humans.txt" "Mozilla/5.0 (compatible; Dataprovider.com)"
144.217.135.167 - - [04/Jan/2025:01:16:38 -0500] "GET /security.txt HTTP/1.1" 404 1251 "http://www.kwachamusic.com/security.txt" "Mozilla/5.0 (compatible; Dataprovider.com)"
144.217.135.167 - - [04/Jan/2025:01:16:38 -0500] "GET /.well-known/security.txt HTTP/1.1" 404 1251 "http://www.kwachamusic.com/.well-known/security.txt" "Mozilla/5.0 (compatible; Dataprovider.com)"
144.217.135.167 - - [04/Jan/2025:01:16:38 -0500] "GET /ads.txt HTTP/1.1" 404 1251 "http://www.kwachamusic.com/ads.txt" "Mozilla/5.0 (compatible; Dataprovider.com)"
149.56.150.15 - - [04/Jan/2025:01:17:00 -0500] "GET / HTTP/1.1" 200 2496 "-" "Mozilla/5.0 (compatible; Dataprovider.com)"
149.56.150.15 - - [04/Jan/2025:01:17:00 -0500] "GET /style.css HTTP/1.1" 200 3094 "https://www.kwachamusic.com/" "Mozilla/5.0 (compatible; Dataprovider.com)"
149.56.150.15 - - [04/Jan/2025:01:17:00 -0500] "GET /stackpath.bootstrapcdn.com/font-awesome/4.7.0/css/font-awesome.min.css HTTP/1.1" 404 1251 "https://www.kwachamusic.com/" "Mozilla/5.0 (compatible; Dataprovider.com)"
149.56.150.15 - - [04/Jan/2025:01:17:00 -0500] "GET /js/popper.js HTTP/1.1" 200 7174 "https://www.kwachamusic.com/" "Mozilla/5.0 (compatible; Dataprovider.com)"
149.56.150.15 - - [04/Jan/2025:01:17:00 -0500] "GET /css/font/flaticon.css HTTP/1.1" 200 698 "https://www.kwachamusic.com/" "Mozilla/5.0 (compatible; Dataprovider.com)"
149.56.150.15 - - [04/Jan/2025:01:17:00 -0500] "GET /css/style3.css HTTP/1.1" 200 25880 "https://www.kwachamusic.com/" "Mozilla/5.0 (compatible; Dataprovider.com)"
149.56.150.15 - - [04/Jan/2025:01:17:00 -0500] "GET /css/fontawesome/css/all.css HTTP/1.1" 200 12753 "https://www.kwachamusic.com/" "Mozilla/5.0 (compatible; Dataprovider.com)"
149.56.150.15 - - [04/Jan/2025:01:17:00 -0500] "GET /js/jquery.min.js HTTP/1.1" 200 30045 "https://www.kwachamusic.com/" "Mozilla/5.0 (compatible; Dataprovider.com)"
149.56.150.15 - - [04/Jan/2025:01:17:00 -0500] "GET /js/bootstrap.min.js HTTP/1.1" 200 14764 "https://www.kwachamusic.com/" "Mozilla/5.0 (compatible; Dataprovider.com)"
149.56.150.15 - - [04/Jan/2025:01:17:00 -0500] "GET /js/main.js HTTP/1.1" 200 159 "https://www.kwachamusic.com/" "Mozilla/5.0 (compatible; Dataprovider.com)"
149.56.150.15 - - [04/Jan/2025:01:17:00 -0500] "GET /kwacha.png HTTP/1.1" 200 109438 "https://www.kwachamusic.com/" "Mozilla/5.0 (compatible; Dataprovider.com)"
149.56.150.15 - - [04/Jan/2025:01:17:00 -0500] "GET /singles/artworks/IMG_20240425_183213_786.jpg HTTP/1.1" 200 125438 "https://www.kwachamusic.com/" "Mozilla/5.0 (compatible; Dataprovider.com)"
149.56.150.15 - - [04/Jan/2025:01:17:00 -0500] "GET /singles/artworks/IMG_20240425_185101_097.jpg HTTP/1.1" 200 140730 "https://www.kwachamusic.com/" "Mozilla/5.0 (compatible; Dataprovider.com)"
149.56.150.15 - - [04/Jan/2025:01:17:00 -0500] "GET /singles/artworks/Toast-Ft.-Sean-Morgan-Everything-Nice-Mp3.jpeg HTTP/1.1" 200 115844 "https://www.kwachamusic.com/" "Mozilla/5.0 (compatible; Dataprovider.com)"
149.56.150.15 - - [04/Jan/2025:01:17:00 -0500] "GET /singles/artworks/IMG_20240113_130803_671.jpg HTTP/1.1" 200 156144 "https://www.kwachamusic.com/" "Mozilla/5.0 (compatible; Dataprovider.com)"
149.56.150.15 - - [04/Jan/2025:01:17:00 -0500] "GET /singles/artworks/IMG-20240521-WA0000.jpg HTTP/1.1" 200 290715 "https://www.kwachamusic.com/" "Mozilla/5.0 (compatible; Dataprovider.com)"
149.56.150.15 - - [04/Jan/2025:01:17:00 -0500] "GET /singles/artworks/IMG_20240527_223120.jpg HTTP/1.1" 200 371273 "https://www.kwachamusic.com/" "Mozilla/5.0 (compatible; Dataprovider.com)"
149.56.150.15 - - [04/Jan/2025:01:17:00 -0500] "GET /singles/artworks/FB_IMG_17113626026554426.jpg HTTP/1.1" 200 566362 "https://www.kwachamusic.com/" "Mozilla/5.0 (compatible; Dataprovider.com)"
149.56.150.15 - - [04/Jan/2025:01:17:00 -0500] "GET /singles/artworks/FB_IMG_17067205891847333.jpg HTTP/1.1" 200 713806 "https://www.kwachamusic.com/" "Mozilla/5.0 (compatible; Dataprovider.com)"
149.56.150.15 - - [04/Jan/2025:01:17:00 -0500] "GET /singles/artworks/FB_IMG_17037420636088211.jpg HTTP/1.1" 200 656970 "https://www.kwachamusic.com/" "Mozilla/5.0 (compatible; Dataprovider.com)"
149.56.150.15 - - [04/Jan/2025:01:17:00 -0500] "GET /singles/artworks/FB_IMG_17021192664463201.jpg HTTP/1.1" 200 1054562 "https://www.kwachamusic.com/" "Mozilla/5.0 (compatible; Dataprovider.com)"
149.56.150.15 - - [04/Jan/2025:01:17:00 -0500] "GET /singles/artworks/Nthawi-zina.jpg HTTP/1.1" 200 2771783 "https://www.kwachamusic.com/" "Mozilla/5.0 (compatible; Dataprovider.com)"
149.56.150.15 - - [04/Jan/2025:01:17:00 -0500] "GET /singles/artworks/NONO%20Alex%20Marvel.jpg HTTP/1.1" 200 5898415 "https://www.kwachamusic.com/" "Mozilla/5.0 (compatible; Dataprovider.com)"
149.56.150.15 - - [04/Jan/2025:01:17:00 -0500] "GET /css/fontawesome/webfonts/fa-solid-900.woff2 HTTP/1.1" 200 78268 "https://www.kwachamusic.com/css/fontawesome/css/all.css" "Mozilla/5.0 (compatible; Dataprovider.com)"
149.56.150.15 - - [04/Jan/2025:01:17:02 -0500] "POST /cdn-cgi/rum? HTTP/1.1" 404 1251 "https://www.kwachamusic.com/" "Mozilla/5.0 (compatible; Dataprovider.com)"
185.191.171.19 - - [04/Jan/2025:01:17:31 -0500] "GET /albumfiles/songs-9-The-Ghetto-Diary HTTP/1.1" 200 2213 "-" "Mozilla/5.0 (compatible; SemrushBot/7~bl; +http://www.semrush.com/bot.html)"
114.119.128.132 - - [04/Jan/2025:01:18:40 -0500] "GET /music/audios-47-Mwaswera-by-K-Banton- HTTP/1.1" 200 1941 "https://www.kwachamusic.com/music/audios-47-Mwaswera-by-K-Banton-" "Mozilla/5.0 (Linux; Android 7.0;) AppleWebKit/537.36 (KHTML, like Gecko) Mobile Safari/537.36 (compatible; PetalBot;+https://webmaster.petalsearch.com/site/petalbot)"
114.119.157.143 - - [04/Jan/2025:01:23:41 -0500] "GET /music/audios-42-Kwidu-by-2Bluezz-x-Uche HTTP/1.1" 200 1949 "https://www.kwachamusic.com/music/audios-42-Kwidu-by-2Bluezz-x-Uche" "Mozilla/5.0 (Linux; Android 7.0;) AppleWebKit/537.36 (KHTML, like Gecko) Mobile Safari/537.36 (compatible; PetalBot;+https://webmaster.petalsearch.com/site/petalbot)"
40.113.118.83 - - [04/Jan/2025:01:25:31 -0500] "GET / HTTP/1.1" 200 2794 "-" "curl/8.6.0"
185.191.171.10 - - [04/Jan/2025:01:26:41 -0500] "GET /music/stream-59 HTTP/1.1" 200 1551 "-" "Mozilla/5.0 (compatible; SemrushBot/7~bl; +http://www.semrush.com/bot.html)"
138.246.253.24 - - [04/Jan/2025:01:27:08 -0500] "GET /robots.txt HTTP/1.1" 404 1251 "-" "Mozilla/5.0 (Windows NT 10.0; Win64; x64) AppleWebKit/537.36 (KHTML, like Gecko) Chrome/103.0.5060.134 Safari/537.36"
114.119.158.138 - - [04/Jan/2025:01:28:42 -0500] "GET /music/audios-136-Siya-Prod-By-Sushizzo-by-Fukez-HL- HTTP/1.1" 200 1964 "https://www.kwachamusic.com/music/audios-136-Siya-Prod-By-Sushizzo-by-Fukez-HL-" "Mozilla/5.0 (Linux; Android 7.0;) AppleWebKit/537.36 (KHTML, like Gecko) Mobile Safari/537.36 (compatible; PetalBot;+https://webmaster.petalsearch.com/site/petalbot)"
